Jun 25 17:39:25 devstack cinder-volume[93824]: DEBUG oslo_concurrency.lockutils [None req-fa163b4c-a15c-4019-8d93-ab395b124847 tempest-DeleteServersTestJSON-752551035 None] Acquiring lock "quobyte_ensure" by "cinder.volume.drivers.quobyte.QuobyteDriver._ensure_shares_mounted" {{(pid=93824) inner /opt/stack/data/venv/lib/python3.12/site-packages/oslo_concurrency/lockutils.py:511}}
Jun 25 17:39:25 devstack cinder-volume[93824]: DEBUG oslo_concurrency.lockutils [None req-fa163b4c-a15c-4019-8d93-ab395b124847 tempest-DeleteServersTestJSON-752551035 None] Lock "quobyte_ensure" acquired by "cinder.volume.drivers.quobyte.QuobyteDriver._ensure_shares_mounted" :: waited 0.001s {{(pid=93824) inner /opt/stack/data/venv/lib/python3.12/site-packages/oslo_concurrency/lockutils.py:524}}
Jun 25 17:39:25 devstack cinder-volume[93824]: DEBUG cinder.volume.drivers.quobyte [None req-fa163b4c-a15c-4019-8d93-ab395b124847 tempest-DeleteServersTestJSON-752551035 None] Quobyte Volume URL set to: {'osci02.corp.quobyte.com/cinder-vol-8135d7e2-1676-4c9f-925c-cf1ebee749db': None} {{(pid=93824) _load_shares_config /opt/stack/cinder/cinder/volume/drivers/quobyte.py:617}}
Jun 25 17:39:25 devstack cinder-volume[93824]: DEBUG cinder.volume.drivers.quobyte [None req-fa163b4c-a15c-4019-8d93-ab395b124847 tempest-DeleteServersTestJSON-752551035 None] Available shares ['osci02.corp.quobyte.com/cinder-vol-8135d7e2-1676-4c9f-925c-cf1ebee749db'] {{(pid=93824) _ensure_shares_mounted /opt/stack/cinder/cinder/volume/drivers/quobyte.py:647}}
Jun 25 17:39:25 devstack cinder-volume[93824]: DEBUG oslo_concurrency.lockutils [None req-fa163b4c-a15c-4019-8d93-ab395b124847 tempest-DeleteServersTestJSON-752551035 None] Lock "quobyte_ensure" "released" by "cinder.volume.drivers.quobyte.QuobyteDriver._ensure_shares_mounted" :: held 0.011s {{(pid=93824) inner /opt/stack/data/venv/lib/python3.12/site-packages/oslo_concurrency/lockutils.py:543}}
Jun 25 17:39:25 devstack cinder-volume[93824]: DEBUG oslo_concurrency.processutils [None req-fa163b4c-a15c-4019-8d93-ab395b124847 tempest-DeleteServersTestJSON-752551035 None] Running cmd (subprocess): sudo cinder-rootwrap /etc/cinder/rootwrap.conf df --portability --block-size 1 /opt/stack/data/cinder/mnt/1724639d7d9d2a5b0790e4fa30cd26f7 {{(pid=93824) execute /opt/stack/data/venv/lib/python3.12/site-packages/oslo_concurrency/processutils.py:440}}
Jun 25 17:39:25 devstack sudo[96583]: quobyte : PWD=/ ; USER=root ; COMMAND=/opt/stack/data/venv/bin/cinder-rootwrap /etc/cinder/rootwrap.conf df --portability --block-size 1 /opt/stack/data/cinder/mnt/1724639d7d9d2a5b0790e4fa30cd26f7
Jun 25 17:39:25 devstack sudo[96583]: pam_unix(sudo:session): session opened for user root(uid=0) by (uid=1000)
Jun 25 17:39:25 devstack sudo[96583]: pam_unix(sudo:session): session closed for user root
Jun 25 17:39:25 devstack cinder-volume[93824]: DEBUG oslo_concurrency.processutils [None req-fa163b4c-a15c-4019-8d93-ab395b124847 tempest-DeleteServersTestJSON-752551035 None] CMD "sudo cinder-rootwrap /etc/cinder/rootwrap.conf df --portability --block-size 1 /opt/stack/data/cinder/mnt/1724639d7d9d2a5b0790e4fa30cd26f7" returned: 0 in 0.709s {{(pid=93824) execute /opt/stack/data/venv/lib/python3.12/site-packages/oslo_concurrency/processutils.py:468}}
Jun 25 17:39:25 devstack cinder-volume[93824]: DEBUG cinder.manager [None req-fa163b4c-a15c-4019-8d93-ab395b124847 tempest-DeleteServersTestJSON-752551035 None] Notifying Schedulers of capabilities ... {{(pid=93824) _publish_service_capabilities /opt/stack/cinder/cinder/manager.py:219}}
Jun 25 17:39:25 devstack cinder-volume[93824]: INFO cinder.volume.manager [None req-fa163b4c-a15c-4019-8d93-ab395b124847 tempest-DeleteServersTestJSON-752551035 None] Deleted volume successfully.
Jun 25 17:39:25 devstack cinder-volume[93824]: DEBUG cinder.coordination [None req-fa163b4c-a15c-4019-8d93-ab395b124847 tempest-DeleteServersTestJSON-752551035 None] Lock "cinder-4c6b2c1c-50e0-489f-9137-3aa002bad384-delete_volume" released by "delete_volume" :: held 2.769s {{(pid=93824) __release /opt/stack/cinder/cinder/coordination.py:152}}
Jun 25 17:39:26 devstack cinder-volume[93824]: DEBUG oslo_concurrency.lockutils [None req-c1422755-db9a-4b6c-8b92-221f1ef3f43f tempest-SnapshotsActionsTest-325460392 None] Acquiring lock "quobyte" by "cinder.volume.drivers.quobyte.QuobyteDriver.create_snapshot" {{(pid=93824) inner /opt/stack/data/venv/lib/python3.12/site-packages/oslo_concurrency/lockutils.py:511}}
Jun 25 17:39:26 devstack cinder-volume[93824]: DEBUG oslo_concurrency.lockutils [None req-c1422755-db9a-4b6c-8b92-221f1ef3f43f tempest-SnapshotsActionsTest-325460392 None] Lock "quobyte" acquired by "cinder.volume.drivers.quobyte.QuobyteDriver.create_snapshot" :: waited 0.001s {{(pid=93824) inner /opt/stack/data/venv/lib/python3.12/site-packages/oslo_concurrency/lockutils.py:524}}
Jun 25 17:39:26 devstack cinder-volume[93824]: DEBUG cinder.volume.drivers.remotefs [None req-c1422755-db9a-4b6c-8b92-221f1ef3f43f tempest-SnapshotsActionsTest-325460392 None] Creating offline snapshot 8fdb7ed8-4f2c-459d-ad2f-050e41b77265 of volume ba504d63-18e2-4fc0-95a1-655b301edc98 {{(pid=93824) _create_snapshot /opt/stack/cinder/cinder/volume/drivers/remotefs.py:1816}}
Jun 25 17:39:26 devstack cinder-volume[93824]: DEBUG oslo.privsep.daemon [-] privsep: reply[130bc54e-af55-4f8b-8702-df0be0a308be]: (4, 'qcow2') {{(pid=94759) _call_back /opt/stack/data/venv/lib/python3.12/site-packages/oslo_privsep/daemon.py:580}}
Jun 25 17:39:26 devstack cinder-volume[93824]: DEBUG oslo_concurrency.processutils [None req-c1422755-db9a-4b6c-8b92-221f1ef3f43f tempest-SnapshotsActionsTest-325460392 None] Running cmd (subprocess): /opt/stack/data/venv/bin/python3.12 -m oslo_concurrency.prlimit --as=1073741824 --cpu=60 -- sudo cinder-rootwrap /etc/cinder/rootwrap.conf env LC_ALL=C qemu-img info -f qcow2 --output=json --force-share /opt/stack/data/cinder/mnt/1724639d7d9d2a5b0790e4fa30cd26f7/volume-ba504d63-18e2-4fc0-95a1-655b301edc98 {{(pid=93824) execute /opt/stack/data/venv/lib/python3.12/site-packages/oslo_concurrency/processutils.py:440}}
Jun 25 17:39:26 devstack sudo[96586]: quobyte : PWD=/ ; USER=root ; COMMAND=/opt/stack/data/venv/bin/cinder-rootwrap /etc/cinder/rootwrap.conf env LC_ALL=C qemu-img info -f qcow2 --output=json --force-share /opt/stack/data/cinder/mnt/1724639d7d9d2a5b0790e4fa30cd26f7/volume-ba504d63-18e2-4fc0-95a1-655b301edc98
Jun 25 17:39:26 devstack sudo[96586]: pam_unix(sudo:session): session opened for user root(uid=0) by (uid=1000)
Jun 25 17:39:27 devstack sudo[96586]: pam_unix(sudo:session): session closed for user root
Jun 25 17:39:27 devstack cinder-volume[93824]: DEBUG oslo_concurrency.processutils [None req-c1422755-db9a-4b6c-8b92-221f1ef3f43f tempest-SnapshotsActionsTest-325460392 None] CMD "/opt/stack/data/venv/bin/python3.12 -m oslo_concurrency.prlimit --as=1073741824 --cpu=60 -- sudo cinder-rootwrap /etc/cinder/rootwrap.conf env LC_ALL=C qemu-img info -f qcow2 --output=json --force-share /opt/stack/data/cinder/mnt/1724639d7d9d2a5b0790e4fa30cd26f7/volume-ba504d63-18e2-4fc0-95a1-655b301edc98" returned: 0 in 1.038s {{(pid=93824) execute /opt/stack/data/venv/lib/python3.12/site-packages/oslo_concurrency/processutils.py:468}}
Jun 25 17:39:27 devstack cinder-volume[93824]: DEBUG oslo_concurrency.processutils [None req-c1422755-db9a-4b6c-8b92-221f1ef3f43f tempest-SnapshotsActionsTest-325460392 None] Running cmd (subprocess): sudo cinder-rootwrap /etc/cinder/rootwrap.conf qemu-img create -f qcow2 -o backing_file=/opt/stack/data/cinder/mnt/1724639d7d9d2a5b0790e4fa30cd26f7/volume-ba504d63-18e2-4fc0-95a1-655b301edc98,backing_fmt=qcow2 /opt/stack/data/cinder/mnt/1724639d7d9d2a5b0790e4fa30cd26f7/volume-ba504d63-18e2-4fc0-95a1-655b301edc98.8fdb7ed8-4f2c-459d-ad2f-050e41b77265 1G {{(pid=93824) execute /opt/stack/data/venv/lib/python3.12/site-packages/oslo_concurrency/processutils.py:440}}
Jun 25 17:39:27 devstack sudo[96593]: quobyte : PWD=/ ; USER=root ; COMMAND=/opt/stack/data/venv/bin/cinder-rootwrap /etc/cinder/rootwrap.conf qemu-img create -f qcow2 -o backing_file=/opt/stack/data/cinder/mnt/1724639d7d9d2a5b0790e4fa30cd26f7/volume-ba504d63-18e2-4fc0-95a1-655b301edc98,backing_fmt=qcow2 /opt/stack/data/cinder/mnt/1724639d7d9d2a5b0790e4fa30cd26f7/volume-ba504d63-18e2-4fc0-95a1-655b301edc98.8fdb7ed8-4f2c-459d-ad2f-050e41b77265 1G
Jun 25 17:39:27 devstack sudo[96593]: pam_unix(sudo:session): session opened for user root(uid=0) by (uid=1000)
Jun 25 17:39:28 devstack sudo[96593]: pam_unix(sudo:session): session closed for user root
Jun 25 17:39:28 devstack cinder-volume[93824]: DEBUG oslo_concurrency.processutils [None req-c1422755-db9a-4b6c-8b92-221f1ef3f43f tempest-SnapshotsActionsTest-325460392 None] CMD "sudo cinder-rootwrap /etc/cinder/rootwrap.conf qemu-img create -f qcow2 -o backing_file=/opt/stack/data/cinder/mnt/1724639d7d9d2a5b0790e4fa30cd26f7/volume-ba504d63-18e2-4fc0-95a1-655b301edc98,backing_fmt=qcow2 /opt/stack/data/cinder/mnt/1724639d7d9d2a5b0790e4fa30cd26f7/volume-ba504d63-18e2-4fc0-95a1-655b301edc98.8fdb7ed8-4f2c-459d-ad2f-050e41b77265 1G" returned: 0 in 1.208s {{(pid=93824) execute /opt/stack/data/venv/lib/python3.12/site-packages/oslo_concurrency/processutils.py:468}}
Jun 25 17:39:28 devstack cinder-volume[93824]: DEBUG oslo_concurrency.processutils [None req-c1422755-db9a-4b6c-8b92-221f1ef3f43f tempest-SnapshotsActionsTest-325460392 None] Running cmd (subprocess): sudo cinder-rootwrap /etc/cinder/rootwrap.conf qemu-img rebase -u -b volume-ba504d63-18e2-4fc0-95a1-655b301edc98 -F qcow2 /opt/stack/data/cinder/mnt/1724639d7d9d2a5b0790e4fa30cd26f7/volume-ba504d63-18e2-4fc0-95a1-655b301edc98.8fdb7ed8-4f2c-459d-ad2f-050e41b77265 {{(pid=93824) execute /opt/stack/data/venv/lib/python3.12/site-packages/oslo_concurrency/processutils.py:440}}
Jun 25 17:39:28 devstack sudo[96599]: quobyte : PWD=/ ; USER=root ; COMMAND=/opt/stack/data/venv/bin/cinder-rootwrap /etc/cinder/rootwrap.conf qemu-img rebase -u -b volume-ba504d63-18e2-4fc0-95a1-655b301edc98 -F qcow2 /opt/stack/data/cinder/mnt/1724639d7d9d2a5b0790e4fa30cd26f7/volume-ba504d63-18e2-4fc0-95a1-655b301edc98.8fdb7ed8-4f2c-459d-ad2f-050e41b77265
Jun 25 17:39:28 devstack sudo[96599]: pam_unix(sudo:session): session opened for user root(uid=0) by (uid=1000)
Jun 25 17:39:30 devstack sudo[96599]: pam_unix(sudo:session): session closed for user root
Jun 25 17:39:30 devstack cinder-volume[93824]: DEBUG oslo_concurrency.processutils [None req-c1422755-db9a-4b6c-8b92-221f1ef3f43f tempest-SnapshotsActionsTest-325460392 None] CMD "sudo cinder-rootwrap /etc/cinder/rootwrap.conf qemu-img rebase -u -b volume-ba504d63-18e2-4fc0-95a1-655b301edc98 -F qcow2 /opt/stack/data/cinder/mnt/1724639d7d9d2a5b0790e4fa30cd26f7/volume-ba504d63-18e2-4fc0-95a1-655b301edc98.8fdb7ed8-4f2c-459d-ad2f-050e41b77265" returned: 0 in 1.318s {{(pid=93824) execute /opt/stack/data/venv/lib/python3.12/site-packages/oslo_concurrency/processutils.py:468}}
Jun 25 17:39:30 devstack cinder-volume[93824]: WARNING cinder.volume.drivers.remotefs [None req-c1422755-db9a-4b6c-8b92-221f1ef3f43f tempest-SnapshotsActionsTest-325460392 None] /opt/stack/data/cinder/mnt/1724639d7d9d2a5b0790e4fa30cd26f7/volume-ba504d63-18e2-4fc0-95a1-655b301edc98.8fdb7ed8-4f2c-459d-ad2f-050e41b77265 is being set with open permissions: ugo+rw
Jun 25 17:39:30 devstack cinder-volume[93824]: DEBUG oslo_concurrency.processutils [None req-c1422755-db9a-4b6c-8b92-221f1ef3f43f tempest-SnapshotsActionsTest-325460392 None] Running cmd (subprocess): sudo cinder-rootwrap /etc/cinder/rootwrap.conf chmod ugo+rw /opt/stack/data/cinder/mnt/1724639d7d9d2a5b0790e4fa30cd26f7/volume-ba504d63-18e2-4fc0-95a1-655b301edc98.8fdb7ed8-4f2c-459d-ad2f-050e41b77265 {{(pid=93824) execute /opt/stack/data/venv/lib/python3.12/site-packages/oslo_concurrency/processutils.py:440}}
Jun 25 17:39:30 devstack sudo[96633]: quobyte : PWD=/ ; USER=root ; COMMAND=/opt/stack/data/venv/bin/cinder-rootwrap /etc/cinder/rootwrap.conf chmod ugo+rw /opt/stack/data/cinder/mnt/1724639d7d9d2a5b0790e4fa30cd26f7/volume-ba504d63-18e2-4fc0-95a1-655b301edc98.8fdb7ed8-4f2c-459d-ad2f-050e41b77265
Jun 25 17:39:30 devstack sudo[96633]: pam_unix(sudo:session): session opened for user root(uid=0) by (uid=1000)
Jun 25 17:39:30 devstack sudo[96633]: pam_unix(sudo:session): session closed for user root
Jun 25 17:39:30 devstack cinder-volume[93824]: DEBUG oslo_concurrency.processutils [None req-c1422755-db9a-4b6c-8b92-221f1ef3f43f tempest-SnapshotsActionsTest-325460392 None] CMD "sudo cinder-rootwrap /etc/cinder/rootwrap.conf chmod ugo+rw /opt/stack/data/cinder/mnt/1724639d7d9d2a5b0790e4fa30cd26f7/volume-ba504d63-18e2-4fc0-95a1-655b301edc98.8fdb7ed8-4f2c-459d-ad2f-050e41b77265" returned: 0 in 0.814s {{(pid=93824) execute /opt/stack/data/venv/lib/python3.12/site-packages/oslo_concurrency/processutils.py:468}}
Jun 25 17:39:30 devstack cinder-volume[93824]: DEBUG oslo_concurrency.processutils [None req-c1422755-db9a-4b6c-8b92-221f1ef3f43f tempest-SnapshotsActionsTest-325460392 None] Running cmd (subprocess): sudo cinder-rootwrap /etc/cinder/rootwrap.conf truncate -s0 /opt/stack/data/cinder/mnt/1724639d7d9d2a5b0790e4fa30cd26f7/volume-ba504d63-18e2-4fc0-95a1-655b301edc98.info {{(pid=93824) execute /opt/stack/data/venv/lib/python3.12/site-packages/oslo_concurrency/processutils.py:440}}
Jun 25 17:39:30 devstack sudo[96643]: quobyte : PWD=/ ; USER=root ; COMMAND=/opt/stack/data/venv/bin/cinder-rootwrap /etc/cinder/rootwrap.conf truncate -s0 /opt/stack/data/cinder/mnt/1724639d7d9d2a5b0790e4fa30cd26f7/volume-ba504d63-18e2-4fc0-95a1-655b301edc98.info
Jun 25 17:39:30 devstack sudo[96643]: pam_unix(sudo:session): session opened for user root(uid=0) by (uid=1000)
Jun 25 17:39:31 devstack sudo[96643]: pam_unix(sudo:session): session closed for user root
Jun 25 17:39:31 devstack cinder-volume[93824]: DEBUG oslo_concurrency.processutils [None req-c1422755-db9a-4b6c-8b92-221f1ef3f43f tempest-SnapshotsActionsTest-325460392 None] CMD "sudo cinder-rootwrap /etc/cinder/rootwrap.conf truncate -s0 /opt/stack/data/cinder/mnt/1724639d7d9d2a5b0790e4fa30cd26f7/volume-ba504d63-18e2-4fc0-95a1-655b301edc98.info" returned: 0 in 0.961s {{(pid=93824) execute /opt/stack/data/venv/lib/python3.12/site-packages/oslo_concurrency/processutils.py:468}}
Jun 25 17:39:31 devstack cinder-volume[93824]: WARNING cinder.volume.drivers.remotefs [None req-c1422755-db9a-4b6c-8b92-221f1ef3f43f tempest-SnapshotsActionsTest-325460392 None] /opt/stack/data/cinder/mnt/1724639d7d9d2a5b0790e4fa30cd26f7/volume-ba504d63-18e2-4fc0-95a1-655b301edc98.info is being set with open permissions: ugo+rw
Jun 25 17:39:31 devstack cinder-volume[93824]: DEBUG oslo_concurrency.processutils [None req-c1422755-db9a-4b6c-8b92-221f1ef3f43f tempest-SnapshotsActionsTest-325460392 None] Running cmd (subprocess): sudo cinder-rootwrap /etc/cinder/rootwrap.conf chmod ugo+rw /opt/stack/data/cinder/mnt/1724639d7d9d2a5b0790e4fa30cd26f7/volume-ba504d63-18e2-4fc0-95a1-655b301edc98.info {{(pid=93824) execute /opt/stack/data/venv/lib/python3.12/site-packages/oslo_concurrency/processutils.py:440}}
Jun 25 17:39:31 devstack sudo[96648]: quobyte : PWD=/ ; USER=root ; COMMAND=/opt/stack/data/venv/bin/cinder-rootwrap /etc/cinder/rootwrap.conf chmod ugo+rw /opt/stack/data/cinder/mnt/1724639d7d9d2a5b0790e4fa30cd26f7/volume-ba504d63-18e2-4fc0-95a1-655b301edc98.info
Jun 25 17:39:31 devstack sudo[96648]: pam_unix(sudo:session): session opened for user root(uid=0) by (uid=1000)
Jun 25 17:39:32 devstack sudo[96648]: pam_unix(sudo:session): session closed for user root
Jun 25 17:39:32 devstack cinder-volume[93824]: DEBUG oslo_concurrency.processutils [None req-c1422755-db9a-4b6c-8b92-221f1ef3f43f tempest-SnapshotsActionsTest-325460392 None] CMD "sudo cinder-rootwrap /etc/cinder/rootwrap.conf chmod ugo+rw /opt/stack/data/cinder/mnt/1724639d7d9d2a5b0790e4fa30cd26f7/volume-ba504d63-18e2-4fc0-95a1-655b301edc98.info" returned: 0 in 0.788s {{(pid=93824) execute /opt/stack/data/venv/lib/python3.12/site-packages/oslo_concurrency/processutils.py:468}}
Jun 25 17:39:32 devstack cinder-volume[93824]: DEBUG oslo_concurrency.lockutils [None req-c1422755-db9a-4b6c-8b92-221f1ef3f43f tempest-SnapshotsActionsTest-325460392 None] Lock "quobyte" "released" by "cinder.volume.drivers.quobyte.QuobyteDriver.create_snapshot" :: held 6.245s {{(pid=93824) inner /opt/stack/data/venv/lib/python3.12/site-packages/oslo_concurrency/lockutils.py:543}}
Jun 25 17:39:32 devstack cinder-volume[93824]: INFO cinder.volume.manager [None req-c1422755-db9a-4b6c-8b92-221f1ef3f43f tempest-SnapshotsActionsTest-325460392 None] Create snapshot completed successfully
Jun 25 17:39:33 devstack cinder-volume[93824]: DEBUG oslo_concurrency.lockutils [None req-9eb43370-21f8-462f-811b-9c7087572eea tempest-SnapshotsActionsTest-325460392 None] Acquiring lock "quobyte" by "cinder.volume.drivers.quobyte.QuobyteDriver.create_snapshot" {{(pid=93824) inner /opt/stack/data/venv/lib/python3.12/site-packages/oslo_concurrency/lockutils.py:511}}
Jun 25 17:39:33 devstack cinder-volume[93824]: DEBUG oslo_concurrency.lockutils [None req-9eb43370-21f8-462f-811b-9c7087572eea tempest-SnapshotsActionsTest-325460392 None] Lock "quobyte" acquired by "cinder.volume.drivers.quobyte.QuobyteDriver.create_snapshot" :: waited 0.001s {{(pid=93824) inner /opt/stack/data/venv/lib/python3.12/site-packages/oslo_concurrency/lockutils.py:524}}
Jun 25 17:39:33 devstack cinder-volume[93824]: DEBUG cinder.volume.drivers.remotefs [None req-9eb43370-21f8-462f-811b-9c7087572eea tempest-SnapshotsActionsTest-325460392 None] Creating offline snapshot f7ace430-2a34-49b2-8958-b85259dcb582 of volume ba504d63-18e2-4fc0-95a1-655b301edc98 {{(pid=93824) _create_snapshot /opt/stack/cinder/cinder/volume/drivers/remotefs.py:1816}}
Jun 25 17:39:33 devstack cinder-volume[93824]: DEBUG oslo.privsep.daemon [-] privsep: reply[55175eb2-5afa-4f14-a1cf-69fe4089a2fb]: (4, 'qcow2') {{(pid=94759) _call_back /opt/stack/data/venv/lib/python3.12/site-packages/oslo_privsep/daemon.py:580}}
Jun 25 17:39:33 devstack cinder-volume[93824]: DEBUG oslo_concurrency.processutils [None req-9eb43370-21f8-462f-811b-9c7087572eea tempest-SnapshotsActionsTest-325460392 None] Running cmd (subprocess): /opt/stack/data/venv/bin/python3.12 -m oslo_concurrency.prlimit --as=1073741824 --cpu=60 -- sudo cinder-rootwrap /etc/cinder/rootwrap.conf env LC_ALL=C qemu-img info -f qcow2 --output=json --force-share /opt/stack/data/cinder/mnt/1724639d7d9d2a5b0790e4fa30cd26f7/volume-ba504d63-18e2-4fc0-95a1-655b301edc98.8fdb7ed8-4f2c-459d-ad2f-050e41b77265 {{(pid=93824) execute /opt/stack/data/venv/lib/python3.12/site-packages/oslo_concurrency/processutils.py:440}}
Jun 25 17:39:33 devstack sudo[96655]: quobyte : PWD=/ ; USER=root ; COMMAND=/opt/stack/data/venv/bin/cinder-rootwrap /etc/cinder/rootwrap.conf env LC_ALL=C qemu-img info -f qcow2 --output=json --force-share /opt/stack/data/cinder/mnt/1724639d7d9d2a5b0790e4fa30cd26f7/volume-ba504d63-18e2-4fc0-95a1-655b301edc98.8fdb7ed8-4f2c-459d-ad2f-050e41b77265
Jun 25 17:39:33 devstack sudo[96655]: pam_unix(sudo:session): session opened for user root(uid=0) by (uid=1000)
Jun 25 17:39:34 devstack cinder-volume[93824]: INFO cinder.volume.manager [req-9835db5d-efc9-4069-b525-5674d3ce88b7 req-5d3a4038-9a3d-4c6f-99d8-a1525345474f tempest-AttachVolumeTestJSON-816218019 None] Terminate volume connection completed successfully.
Jun 25 17:39:34 devstack cinder-volume[93824]: DEBUG cinder.volume.manager [req-9835db5d-efc9-4069-b525-5674d3ce88b7 req-5d3a4038-9a3d-4c6f-99d8-a1525345474f tempest-AttachVolumeTestJSON-816218019 None] Deleting attachment e156a4f3-22cb-45ef-a300-91eb3ffaeb3b. {{(pid=93824) attachment_delete /opt/stack/cinder/cinder/volume/manager.py:5055}}
Jun 25 17:39:34 devstack sudo[96655]: pam_unix(sudo:session): session closed for user root
Jun 25 17:39:34 devstack cinder-volume[93824]: DEBUG oslo_concurrency.processutils [None req-9eb43370-21f8-462f-811b-9c7087572eea tempest-SnapshotsActionsTest-325460392 None] CMD "/opt/stack/data/venv/bin/python3.12 -m oslo_concurrency.prlimit --as=1073741824 --cpu=60 -- sudo cinder-rootwrap /etc/cinder/rootwrap.conf env LC_ALL=C qemu-img info -f qcow2 --output=json --force-share /opt/stack/data/cinder/mnt/1724639d7d9d2a5b0790e4fa30cd26f7/volume-ba504d63-18e2-4fc0-95a1-655b301edc98.8fdb7ed8-4f2c-459d-ad2f-050e41b77265" returned: 0 in 0.959s {{(pid=93824) execute /opt/stack/data/venv/lib/python3.12/site-packages/oslo_concurrency/processutils.py:468}}
Jun 25 17:39:34 devstack cinder-volume[93824]: DEBUG cinder.volume.drivers.remotefs [None req-9eb43370-21f8-462f-811b-9c7087572eea tempest-SnapshotsActionsTest-325460392 None] Fetching qemu-img info with special backing_file_template: (/opt/stack/data/cinder/mnt/[0-9a-f]+/)?(volume-ba504d63-18e2-4fc0-95a1-655b301edc98(.(tmp-snap-)?[0-9a-f-]+)?|volume_from_snapshot_cache/(tmp-snap-)?[0-9a-f-]+(.(child-|parent-)[0-9a-f-]+)?)$ {{(pid=93824) _qemu_img_info_base /opt/stack/cinder/cinder/volume/drivers/remotefs.py:896}}
Jun 25 17:39:34 devstack cinder-volume[93824]: DEBUG oslo_concurrency.processutils [None req-9eb43370-21f8-462f-811b-9c7087572eea tempest-SnapshotsActionsTest-325460392 None] Running cmd (subprocess): sudo cinder-rootwrap /etc/cinder/rootwrap.conf qemu-img create -f qcow2 -o backing_file=/opt/stack/data/cinder/mnt/1724639d7d9d2a5b0790e4fa30cd26f7/volume-ba504d63-18e2-4fc0-95a1-655b301edc98.8fdb7ed8-4f2c-459d-ad2f-050e41b77265,backing_fmt=qcow2 /opt/stack/data/cinder/mnt/1724639d7d9d2a5b0790e4fa30cd26f7/volume-ba504d63-18e2-4fc0-95a1-655b301edc98.f7ace430-2a34-49b2-8958-b85259dcb582 1G {{(pid=93824) execute /opt/stack/data/venv/lib/python3.12/site-packages/oslo_concurrency/processutils.py:440}}
Jun 25 17:39:34 devstack sudo[96671]: quobyte : PWD=/ ; USER=root ; COMMAND=/opt/stack/data/venv/bin/cinder-rootwrap /etc/cinder/rootwrap.conf qemu-img create -f qcow2 -o backing_file=/opt/stack/data/cinder/mnt/1724639d7d9d2a5b0790e4fa30cd26f7/volume-ba504d63-18e2-4fc0-95a1-655b301edc98.8fdb7ed8-4f2c-459d-ad2f-050e41b77265,backing_fmt=qcow2 /opt/stack/data/cinder/mnt/1724639d7d9d2a5b0790e4fa30cd26f7/volume-ba504d63-18e2-4fc0-95a1-655b301edc98.f7ace430-2a34-49b2-8958-b85259dcb582 1G
Jun 25 17:39:34 devstack sudo[96671]: pam_unix(sudo:session): session opened for user root(uid=0) by (uid=1000)
Jun 25 17:39:35 devstack sudo[96671]: pam_unix(sudo:session): session closed for user root
Jun 25 17:39:35 devstack cinder-volume[93824]: DEBUG oslo_concurrency.processutils [None req-9eb43370-21f8-462f-811b-9c7087572eea tempest-SnapshotsActionsTest-325460392 None] CMD "sudo cinder-rootwrap /etc/cinder/rootwrap.conf qemu-img create -f qcow2 -o backing_file=/opt/stack/data/cinder/mnt/1724639d7d9d2a5b0790e4fa30cd26f7/volume-ba504d63-18e2-4fc0-95a1-655b301edc98.8fdb7ed8-4f2c-459d-ad2f-050e41b77265,backing_fmt=qcow2 /opt/stack/data/cinder/mnt/1724639d7d9d2a5b0790e4fa30cd26f7/volume-ba504d63-18e2-4fc0-95a1-655b301edc98.f7ace430-2a34-49b2-8958-b85259dcb582 1G" returned: 0 in 0.933s {{(pid=93824) execute /opt/stack/data/venv/lib/python3.12/site-packages/oslo_concurrency/processutils.py:468}}
Jun 25 17:39:35 devstack cinder-volume[93824]: DEBUG oslo_concurrency.processutils [None req-9eb43370-21f8-462f-811b-9c7087572eea tempest-SnapshotsActionsTest-325460392 None] Running cmd (subprocess): sudo cinder-rootwrap /etc/cinder/rootwrap.conf qemu-img rebase -u -b volume-ba504d63-18e2-4fc0-95a1-655b301edc98.8fdb7ed8-4f2c-459d-ad2f-050e41b77265 -F qcow2 /opt/stack/data/cinder/mnt/1724639d7d9d2a5b0790e4fa30cd26f7/volume-ba504d63-18e2-4fc0-95a1-655b301edc98.f7ace430-2a34-49b2-8958-b85259dcb582 {{(pid=93824) execute /opt/stack/data/venv/lib/python3.12/site-packages/oslo_concurrency/processutils.py:440}}
Jun 25 17:39:35 devstack sudo[96685]: quobyte : PWD=/ ; USER=root ; COMMAND=/opt/stack/data/venv/bin/cinder-rootwrap /etc/cinder/rootwrap.conf qemu-img rebase -u -b volume-ba504d63-18e2-4fc0-95a1-655b301edc98.8fdb7ed8-4f2c-459d-ad2f-050e41b77265 -F qcow2 /opt/stack/data/cinder/mnt/1724639d7d9d2a5b0790e4fa30cd26f7/volume-ba504d63-18e2-4fc0-95a1-655b301edc98.f7ace430-2a34-49b2-8958-b85259dcb582
Jun 25 17:39:35 devstack sudo[96685]: pam_unix(sudo:session): session opened for user root(uid=0) by (uid=1000)
Jun 25 17:39:36 devstack sudo[96685]: pam_unix(sudo:session): session closed for user root
Jun 25 17:39:36 devstack cinder-volume[93824]: DEBUG oslo_concurrency.processutils [None req-9eb43370-21f8-462f-811b-9c7087572eea tempest-SnapshotsActionsTest-325460392 None] CMD "sudo cinder-rootwrap /etc/cinder/rootwrap.conf qemu-img rebase -u -b volume-ba504d63-18e2-4fc0-95a1-655b301edc98.8fdb7ed8-4f2c-459d-ad2f-050e41b77265 -F qcow2 /opt/stack/data/cinder/mnt/1724639d7d9d2a5b0790e4fa30cd26f7/volume-ba504d63-18e2-4fc0-95a1-655b301edc98.f7ace430-2a34-49b2-8958-b85259dcb582" returned: 0 in 1.260s {{(pid=93824) execute /opt/stack/data/venv/lib/python3.12/site-packages/oslo_concurrency/processutils.py:468}}
Jun 25 17:39:36 devstack cinder-volume[93824]: WARNING cinder.volume.drivers.remotefs [None req-9eb43370-21f8-462f-811b-9c7087572eea tempest-SnapshotsActionsTest-325460392 None] /opt/stack/data/cinder/mnt/1724639d7d9d2a5b0790e4fa30cd26f7/volume-ba504d63-18e2-4fc0-95a1-655b301edc98.f7ace430-2a34-49b2-8958-b85259dcb582 is being set with open permissions: ugo+rw
Jun 25 17:39:36 devstack cinder-volume[93824]: DEBUG oslo_concurrency.processutils [None req-9eb43370-21f8-462f-811b-9c7087572eea tempest-SnapshotsActionsTest-325460392 None] Running cmd (subprocess): sudo cinder-rootwrap /etc/cinder/rootwrap.conf chmod ugo+rw /opt/stack/data/cinder/mnt/1724639d7d9d2a5b0790e4fa30cd26f7/volume-ba504d63-18e2-4fc0-95a1-655b301edc98.f7ace430-2a34-49b2-8958-b85259dcb582 {{(pid=93824) execute /opt/stack/data/venv/lib/python3.12/site-packages/oslo_concurrency/processutils.py:440}}
Jun 25 17:39:36 devstack sudo[96725]: quobyte : PWD=/ ; USER=root ; COMMAND=/opt/stack/data/venv/bin/cinder-rootwrap /etc/cinder/rootwrap.conf chmod ugo+rw /opt/stack/data/cinder/mnt/1724639d7d9d2a5b0790e4fa30cd26f7/volume-ba504d63-18e2-4fc0-95a1-655b301edc98.f7ace430-2a34-49b2-8958-b85259dcb582
Jun 25 17:39:36 devstack sudo[96725]: pam_unix(sudo:session): session opened for user root(uid=0) by (uid=1000)
Jun 25 17:39:38 devstack sudo[96725]: pam_unix(sudo:session): session closed for user root
Jun 25 17:39:38 devstack cinder-volume[93824]: DEBUG oslo_concurrency.processutils [None req-9eb43370-21f8-462f-811b-9c7087572eea tempest-SnapshotsActionsTest-325460392 None] CMD "sudo cinder-rootwrap /etc/cinder/rootwrap.conf chmod ugo+rw /opt/stack/data/cinder/mnt/1724639d7d9d2a5b0790e4fa30cd26f7/volume-ba504d63-18e2-4fc0-95a1-655b301edc98.f7ace430-2a34-49b2-8958-b85259dcb582" returned: 0 in 1.249s {{(pid=93824) execute /opt/stack/data/venv/lib/python3.12/site-packages/oslo_concurrency/processutils.py:468}}
Jun 25 17:39:38 devstack cinder-volume[93824]: DEBUG oslo_concurrency.lockutils [None req-9eb43370-21f8-462f-811b-9c7087572eea tempest-SnapshotsActionsTest-325460392 None] Lock "quobyte" "released" by "cinder.volume.drivers.quobyte.QuobyteDriver.create_snapshot" :: held 4.573s {{(pid=93824) inner /opt/stack/data/venv/lib/python3.12/site-packages/oslo_concurrency/lockutils.py:543}}
Jun 25 17:39:38 devstack cinder-volume[93824]: INFO cinder.volume.manager [None req-9eb43370-21f8-462f-811b-9c7087572eea tempest-SnapshotsActionsTest-325460392 None] Create snapshot completed successfully
Jun 25 17:39:39 devstack cinder-volume[93824]: DEBUG cinder.coordination [None req-18a9a244-835d-40e9-84a1-9d08079e1776 tempest-SnapshotsActionsTest-31691221 None] Acquiring lock "cinder-f7ace430-2a34-49b2-8958-b85259dcb582-delete_snapshot" by "delete_snapshot" {{(pid=93824) __acquire /opt/stack/cinder/cinder/coordination.py:138}}
Jun 25 17:39:39 devstack cinder-volume[93824]: DEBUG cinder.coordination [None req-18a9a244-835d-40e9-84a1-9d08079e1776 tempest-SnapshotsActionsTest-31691221 None] Lock "cinder-f7ace430-2a34-49b2-8958-b85259dcb582-delete_snapshot" acquired by "delete_snapshot" :: waited 0.041s {{(pid=93824) __acquire /opt/stack/cinder/cinder/coordination.py:141}}
Jun 25 17:39:39 devstack cinder-volume[93824]: DEBUG cinder.coordination [None req-18a9a244-835d-40e9-84a1-9d08079e1776 tempest-SnapshotsActionsTest-31691221 None] Acquiring lock "cinder-quobyte-ba504d63-18e2-4fc0-95a1-655b301edc98" by "delete_snapshot" {{(pid=93824) __acquire /opt/stack/cinder/cinder/coordination.py:138}}
Jun 25 17:39:39 devstack cinder-volume[93824]: DEBUG cinder.coordination [None req-18a9a244-835d-40e9-84a1-9d08079e1776 tempest-SnapshotsActionsTest-31691221 None] Lock "cinder-quobyte-ba504d63-18e2-4fc0-95a1-655b301edc98" acquired by "delete_snapshot" :: waited 0.036s {{(pid=93824) __acquire /opt/stack/cinder/cinder/coordination.py:141}}
Jun 25 17:39:39 devstack cinder-volume[93824]: DEBUG cinder.coordination [None req-18a9a244-835d-40e9-84a1-9d08079e1776 tempest-SnapshotsActionsTest-31691221 None] Acquiring lock "cinder-quobyte-f7ace430-2a34-49b2-8958-b85259dcb582" by "_delete_snapshot" {{(pid=93824) __acquire /opt/stack/cinder/cinder/coordination.py:138}}
Jun 25 17:39:39 devstack cinder-volume[93824]: DEBUG cinder.coordination [None req-18a9a244-835d-40e9-84a1-9d08079e1776 tempest-SnapshotsActionsTest-31691221 None] Lock "cinder-quobyte-f7ace430-2a34-49b2-8958-b85259dcb582" acquired by "_delete_snapshot" :: waited 0.042s {{(pid=93824) __acquire /opt/stack/cinder/cinder/coordination.py:141}}
Jun 25 17:39:39 devstack cinder-volume[93824]: DEBUG cinder.volume.drivers.remotefs [None req-18a9a244-835d-40e9-84a1-9d08079e1776 tempest-SnapshotsActionsTest-31691221 None] Deleting offline snapshot f7ace430-2a34-49b2-8958-b85259dcb582 of volume ba504d63-18e2-4fc0-95a1-655b301edc98 {{(pid=93824) _delete_snapshot /opt/stack/cinder/cinder/volume/drivers/remotefs.py:1288}}
Jun 25 17:39:39 devstack cinder-volume[93824]: DEBUG cinder.volume.drivers.remotefs [None req-18a9a244-835d-40e9-84a1-9d08079e1776 tempest-SnapshotsActionsTest-31691221 None] snapshot_file for this snap is: volume-ba504d63-18e2-4fc0-95a1-655b301edc98.f7ace430-2a34-49b2-8958-b85259dcb582 {{(pid=93824) _delete_snapshot /opt/stack/cinder/cinder/volume/drivers/remotefs.py:1317}}
Jun 25 17:39:39 devstack cinder-volume[93824]: DEBUG oslo.privsep.daemon [-] privsep: reply[28828666-8c98-4256-bdde-a62fe879b8d6]: (4, 'qcow2') {{(pid=94759) _call_back /opt/stack/data/venv/lib/python3.12/site-packages/oslo_privsep/daemon.py:580}}
Jun 25 17:39:39 devstack cinder-volume[93824]: DEBUG oslo_concurrency.processutils [None req-18a9a244-835d-40e9-84a1-9d08079e1776 tempest-SnapshotsActionsTest-31691221 None] Running cmd (subprocess): /opt/stack/data/venv/bin/python3.12 -m oslo_concurrency.prlimit --as=1073741824 --cpu=60 -- sudo cinder-rootwrap /etc/cinder/rootwrap.conf env LC_ALL=C qemu-img info -f qcow2 --output=json --force-share /opt/stack/data/cinder/mnt/1724639d7d9d2a5b0790e4fa30cd26f7/volume-ba504d63-18e2-4fc0-95a1-655b301edc98.f7ace430-2a34-49b2-8958-b85259dcb582 {{(pid=93824) execute /opt/stack/data/venv/lib/python3.12/site-packages/oslo_concurrency/processutils.py:440}}
Jun 25 17:39:39 devstack sudo[96792]: quobyte : PWD=/ ; USER=root ; COMMAND=/opt/stack/data/venv/bin/cinder-rootwrap /etc/cinder/rootwrap.conf env LC_ALL=C qemu-img info -f qcow2 --output=json --force-share /opt/stack/data/cinder/mnt/1724639d7d9d2a5b0790e4fa30cd26f7/volume-ba504d63-18e2-4fc0-95a1-655b301edc98.f7ace430-2a34-49b2-8958-b85259dcb582
Jun 25 17:39:39 devstack sudo[96792]: pam_unix(sudo:session): session opened for user root(uid=0) by (uid=1000)
Jun 25 17:39:41 devstack cinder-volume[93824]: DEBUG oslo_concurrency.processutils [None req-18a9a244-835d-40e9-84a1-9d08079e1776 tempest-SnapshotsActionsTest-31691221 None] CMD "/opt/stack/data/venv/bin/python3.12 -m oslo_concurrency.prlimit --as=1073741824 --cpu=60 -- sudo cinder-rootwrap /etc/cinder/rootwrap.conf env LC_ALL=C qemu-img info -f qcow2 --output=json --force-share /opt/stack/data/cinder/mnt/1724639d7d9d2a5b0790e4fa30cd26f7/volume-ba504d63-18e2-4fc0-95a1-655b301edc98.f7ace430-2a34-49b2-8958-b85259dcb582" returned: 0 in 1.732s {{(pid=93824) execute /opt/stack/data/venv/lib/python3.12/site-packages/oslo_concurrency/processutils.py:468}}
Jun 25 17:39:41 devstack cinder-volume[93824]: DEBUG cinder.volume.drivers.remotefs [None req-18a9a244-835d-40e9-84a1-9d08079e1776 tempest-SnapshotsActionsTest-31691221 None] Fetching qemu-img info with special backing_file_template: (/opt/stack/data/cinder/mnt/[0-9a-f]+/)?(volume-ba504d63-18e2-4fc0-95a1-655b301edc98(.(tmp-snap-)?[0-9a-f-]+)?|volume_from_snapshot_cache/(tmp-snap-)?[0-9a-f-]+(.(child-|parent-)[0-9a-f-]+)?)$ {{(pid=93824) _qemu_img_info_base /opt/stack/cinder/cinder/volume/drivers/remotefs.py:896}}
Jun 25 17:39:41 devstack sudo[96792]: pam_unix(sudo:session): session closed for user root
Jun 25 17:39:41 devstack cinder-volume[93824]: DEBUG oslo.privsep.daemon [-] privsep: reply[5dd648b1-11e0-424b-a006-cd607e48432c]: (4, 'qcow2') {{(pid=94759) _call_back /opt/stack/data/venv/lib/python3.12/site-packages/oslo_privsep/daemon.py:580}}
Jun 25 17:39:41 devstack cinder-volume[93824]: DEBUG oslo_concurrency.processutils [None req-18a9a244-835d-40e9-84a1-9d08079e1776 tempest-SnapshotsActionsTest-31691221 None] Running cmd (subprocess): /opt/stack/data/venv/bin/python3.12 -m oslo_concurrency.prlimit --as=1073741824 --cpu=60 -- sudo cinder-rootwrap /etc/cinder/rootwrap.conf env LC_ALL=C qemu-img info -f qcow2 --output=json --force-share /opt/stack/data/cinder/mnt/1724639d7d9d2a5b0790e4fa30cd26f7/volume-ba504d63-18e2-4fc0-95a1-655b301edc98.8fdb7ed8-4f2c-459d-ad2f-050e41b77265 {{(pid=93824) execute /opt/stack/data/venv/lib/python3.12/site-packages/oslo_concurrency/processutils.py:440}}
Jun 25 17:39:41 devstack sudo[96805]: quobyte : PWD=/ ; USER=root ; COMMAND=/opt/stack/data/venv/bin/cinder-rootwrap /etc/cinder/rootwrap.conf env LC_ALL=C qemu-img info -f qcow2 --output=json --force-share /opt/stack/data/cinder/mnt/1724639d7d9d2a5b0790e4fa30cd26f7/volume-ba504d63-18e2-4fc0-95a1-655b301edc98.8fdb7ed8-4f2c-459d-ad2f-050e41b77265
Jun 25 17:39:41 devstack sudo[96805]: pam_unix(sudo:session): session opened for user root(uid=0) by (uid=1000)
Jun 25 17:39:42 devstack sudo[96805]: pam_unix(sudo:session): session closed for user root
Jun 25 17:39:42 devstack cinder-volume[93824]: DEBUG oslo_concurrency.processutils [None req-18a9a244-835d-40e9-84a1-9d08079e1776 tempest-SnapshotsActionsTest-31691221 None] CMD "/opt/stack/data/venv/bin/python3.12 -m oslo_concurrency.prlimit --as=1073741824 --cpu=60 -- sudo cinder-rootwrap /etc/cinder/rootwrap.conf env LC_ALL=C qemu-img info -f qcow2 --output=json --force-share /opt/stack/data/cinder/mnt/1724639d7d9d2a5b0790e4fa30cd26f7/volume-ba504d63-18e2-4fc0-95a1-655b301edc98.8fdb7ed8-4f2c-459d-ad2f-050e41b77265" returned: 0 in 1.261s {{(pid=93824) execute /opt/stack/data/venv/lib/python3.12/site-packages/oslo_concurrency/processutils.py:468}}
Jun 25 17:39:42 devstack cinder-volume[93824]: DEBUG cinder.volume.drivers.remotefs [None req-18a9a244-835d-40e9-84a1-9d08079e1776 tempest-SnapshotsActionsTest-31691221 None] Fetching qemu-img info with special backing_file_template: (/opt/stack/data/cinder/mnt/[0-9a-f]+/)?(volume-ba504d63-18e2-4fc0-95a1-655b301edc98(.(tmp-snap-)?[0-9a-f-]+)?|volume_from_snapshot_cache/(tmp-snap-)?[0-9a-f-]+(.(child-|parent-)[0-9a-f-]+)?)$ {{(pid=93824) _qemu_img_info_base /opt/stack/cinder/cinder/volume/drivers/remotefs.py:896}}
Jun 25 17:39:42 devstack cinder-volume[93824]: DEBUG oslo_concurrency.processutils [None req-18a9a244-835d-40e9-84a1-9d08079e1776 tempest-SnapshotsActionsTest-31691221 None] Running cmd (subprocess): sudo cinder-rootwrap /etc/cinder/rootwrap.conf qemu-img commit -d /opt/stack/data/cinder/mnt/1724639d7d9d2a5b0790e4fa30cd26f7/volume-ba504d63-18e2-4fc0-95a1-655b301edc98.f7ace430-2a34-49b2-8958-b85259dcb582 {{(pid=93824) execute /opt/stack/data/venv/lib/python3.12/site-packages/oslo_concurrency/processutils.py:440}}
Jun 25 17:39:42 devstack sudo[96858]: quobyte : PWD=/ ; USER=root ; COMMAND=/opt/stack/data/venv/bin/cinder-rootwrap /etc/cinder/rootwrap.conf qemu-img commit -d /opt/stack/data/cinder/mnt/1724639d7d9d2a5b0790e4fa30cd26f7/volume-ba504d63-18e2-4fc0-95a1-655b301edc98.f7ace430-2a34-49b2-8958-b85259dcb582
Jun 25 17:39:42 devstack sudo[96858]: pam_unix(sudo:session): session opened for user root(uid=0) by (uid=1000)
Jun 25 17:39:43 devstack sudo[96858]: pam_unix(sudo:session): session closed for user root
Jun 25 17:39:43 devstack cinder-volume[93824]: DEBUG oslo_concurrency.processutils [None req-18a9a244-835d-40e9-84a1-9d08079e1776 tempest-SnapshotsActionsTest-31691221 None] CMD "sudo cinder-rootwrap /etc/cinder/rootwrap.conf qemu-img commit -d /opt/stack/data/cinder/mnt/1724639d7d9d2a5b0790e4fa30cd26f7/volume-ba504d63-18e2-4fc0-95a1-655b301edc98.f7ace430-2a34-49b2-8958-b85259dcb582" returned: 0 in 0.978s {{(pid=93824) execute /opt/stack/data/venv/lib/python3.12/site-packages/oslo_concurrency/processutils.py:468}}
Jun 25 17:39:43 devstack cinder-volume[93824]: DEBUG oslo_concurrency.processutils [None req-18a9a244-835d-40e9-84a1-9d08079e1776 tempest-SnapshotsActionsTest-31691221 None] Running cmd (subprocess): sudo cinder-rootwrap /etc/cinder/rootwrap.conf rm -f /opt/stack/data/cinder/mnt/1724639d7d9d2a5b0790e4fa30cd26f7/volume-ba504d63-18e2-4fc0-95a1-655b301edc98.f7ace430-2a34-49b2-8958-b85259dcb582 {{(pid=93824) execute /opt/stack/data/venv/lib/python3.12/site-packages/oslo_concurrency/processutils.py:440}}
Jun 25 17:39:43 devstack sudo[96869]: quobyte : PWD=/ ; USER=root ; COMMAND=/opt/stack/data/venv/bin/cinder-rootwrap /etc/cinder/rootwrap.conf rm -f /opt/stack/data/cinder/mnt/1724639d7d9d2a5b0790e4fa30cd26f7/volume-ba504d63-18e2-4fc0-95a1-655b301edc98.f7ace430-2a34-49b2-8958-b85259dcb582
Jun 25 17:39:43 devstack sudo[96869]: pam_unix(sudo:session): session opened for user root(uid=0) by (uid=1000)
Jun 25 17:39:44 devstack sudo[96869]: pam_unix(sudo:session): session closed for user root
Jun 25 17:39:44 devstack cinder-volume[93824]: DEBUG oslo_concurrency.processutils [None req-18a9a244-835d-40e9-84a1-9d08079e1776 tempest-SnapshotsActionsTest-31691221 None] CMD "sudo cinder-rootwrap /etc/cinder/rootwrap.conf rm -f /opt/stack/data/cinder/mnt/1724639d7d9d2a5b0790e4fa30cd26f7/volume-ba504d63-18e2-4fc0-95a1-655b301edc98.f7ace430-2a34-49b2-8958-b85259dcb582" returned: 0 in 0.880s {{(pid=93824) execute /opt/stack/data/venv/lib/python3.12/site-packages/oslo_concurrency/processutils.py:468}}
Jun 25 17:39:44 devstack cinder-volume[93824]: DEBUG cinder.coordination [None req-18a9a244-835d-40e9-84a1-9d08079e1776 tempest-SnapshotsActionsTest-31691221 None] Lock "cinder-quobyte-f7ace430-2a34-49b2-8958-b85259dcb582" released by "_delete_snapshot" :: held 5.121s {{(pid=93824) __release /opt/stack/cinder/cinder/coordination.py:152}}
Jun 25 17:39:44 devstack cinder-volume[93824]: DEBUG cinder.coordination [None req-18a9a244-835d-40e9-84a1-9d08079e1776 tempest-SnapshotsActionsTest-31691221 None] Lock "cinder-quobyte-ba504d63-18e2-4fc0-95a1-655b301edc98" released by "delete_snapshot" :: held 5.174s {{(pid=93824) __release /opt/stack/cinder/cinder/coordination.py:152}}
Jun 25 17:39:44 devstack cinder-volume[93824]: WARNING cinder.quota [None req-18a9a244-835d-40e9-84a1-9d08079e1776 tempest-SnapshotsActionsTest-31691221 None] Deprecated: Default quota for resource: snapshots_QuobyteHD is set by the default quota flag: quota_snapshots_QuobyteHD, it is now deprecated. Please use the default quota class for default quota.
Jun 25 17:39:44 devstack cinder-volume[93824]: DEBUG cinder.quota [None req-18a9a244-835d-40e9-84a1-9d08079e1776 tempest-SnapshotsActionsTest-31691221 None] Created reservations ['76f91886-b0d5-4d15-926b-366f076dd837', 'a7601e58-d8aa-48bc-8b47-767031e7db52', 'eb5c0e58-e9a8-4d86-8cc8-d7c9116f6081', '1de28e19-b50b-414e-a8c2-2ba6599f95f0'] {{(pid=93824) reserve /opt/stack/cinder/cinder/quota.py:752}}
Jun 25 17:39:44 devstack cinder-volume[93824]: INFO cinder.volume.manager [None req-18a9a244-835d-40e9-84a1-9d08079e1776 tempest-SnapshotsActionsTest-31691221 None] Delete snapshot completed successfully.
Jun 25 17:39:44 devstack cinder-volume[93824]: DEBUG cinder.coordination [None req-18a9a244-835d-40e9-84a1-9d08079e1776 tempest-SnapshotsActionsTest-31691221 None] Lock "cinder-f7ace430-2a34-49b2-8958-b85259dcb582-delete_snapshot" released by "delete_snapshot" :: held 5.464s {{(pid=93824) __release /opt/stack/cinder/cinder/coordination.py:152}}
Jun 25 17:39:46 devstack cinder-volume[93824]: DEBUG oslo_concurrency.lockutils [None req-591a2aee-937f-4148-b745-2236a2fe146e tempest-SnapshotsActionsTest-325460392 None] Acquiring lock "quobyte" by "cinder.volume.drivers.quobyte.QuobyteDriver.create_snapshot" {{(pid=93824) inner /opt/stack/data/venv/lib/python3.12/site-packages/oslo_concurrency/lockutils.py:511}}
Jun 25 17:39:46 devstack cinder-volume[93824]: DEBUG oslo_concurrency.lockutils [None req-591a2aee-937f-4148-b745-2236a2fe146e tempest-SnapshotsActionsTest-325460392 None] Lock "quobyte" acquired by "cinder.volume.drivers.quobyte.QuobyteDriver.create_snapshot" :: waited 0.001s {{(pid=93824) inner /opt/stack/data/venv/lib/python3.12/site-packages/oslo_concurrency/lockutils.py:524}}
Jun 25 17:39:46 devstack cinder-volume[93824]: DEBUG cinder.volume.drivers.remotefs [None req-591a2aee-937f-4148-b745-2236a2fe146e tempest-SnapshotsActionsTest-325460392 None] Creating offline snapshot 01dafdee-9fa9-4448-98ba-150f75dcbf73 of volume ba504d63-18e2-4fc0-95a1-655b301edc98 {{(pid=93824) _create_snapshot /opt/stack/cinder/cinder/volume/drivers/remotefs.py:1816}}
Jun 25 17:39:46 devstack cinder-volume[93824]: DEBUG oslo.privsep.daemon [-] privsep: reply[0647301f-8457-44c9-a8e7-c0a288ff3f87]: (4, 'qcow2') {{(pid=94759) _call_back /opt/stack/data/venv/lib/python3.12/site-packages/oslo_privsep/daemon.py:580}}
Jun 25 17:39:46 devstack cinder-volume[93824]: DEBUG oslo_concurrency.processutils [None req-591a2aee-937f-4148-b745-2236a2fe146e tempest-SnapshotsActionsTest-325460392 None] Running cmd (subprocess): /opt/stack/data/venv/bin/python3.12 -m oslo_concurrency.prlimit --as=1073741824 --cpu=60 -- sudo cinder-rootwrap /etc/cinder/rootwrap.conf env LC_ALL=C qemu-img info -f qcow2 --output=json --force-share /opt/stack/data/cinder/mnt/1724639d7d9d2a5b0790e4fa30cd26f7/volume-ba504d63-18e2-4fc0-95a1-655b301edc98.8fdb7ed8-4f2c-459d-ad2f-050e41b77265 {{(pid=93824) execute /opt/stack/data/venv/lib/python3.12/site-packages/oslo_concurrency/processutils.py:440}}
Jun 25 17:39:46 devstack sudo[96875]: quobyte : PWD=/ ; USER=root ; COMMAND=/opt/stack/data/venv/bin/cinder-rootwrap /etc/cinder/rootwrap.conf env LC_ALL=C qemu-img info -f qcow2 --output=json --force-share /opt/stack/data/cinder/mnt/1724639d7d9d2a5b0790e4fa30cd26f7/volume-ba504d63-18e2-4fc0-95a1-655b301edc98.8fdb7ed8-4f2c-459d-ad2f-050e41b77265
Jun 25 17:39:46 devstack sudo[96875]: pam_unix(sudo:session): session opened for user root(uid=0) by (uid=1000)
Jun 25 17:39:47 devstack sudo[96875]: pam_unix(sudo:session): session closed for user root
Jun 25 17:39:47 devstack cinder-volume[93824]: DEBUG oslo_concurrency.processutils [None req-591a2aee-937f-4148-b745-2236a2fe146e tempest-SnapshotsActionsTest-325460392 None] CMD "/opt/stack/data/venv/bin/python3.12 -m oslo_concurrency.prlimit --as=1073741824 --cpu=60 -- sudo cinder-rootwrap /etc/cinder/rootwrap.conf env LC_ALL=C qemu-img info -f qcow2 --output=json --force-share /opt/stack/data/cinder/mnt/1724639d7d9d2a5b0790e4fa30cd26f7/volume-ba504d63-18e2-4fc0-95a1-655b301edc98.8fdb7ed8-4f2c-459d-ad2f-050e41b77265" returned: 0 in 0.942s {{(pid=93824) execute /opt/stack/data/venv/lib/python3.12/site-packages/oslo_concurrency/processutils.py:468}}
Jun 25 17:39:47 devstack cinder-volume[93824]: DEBUG cinder.volume.drivers.remotefs [None req-591a2aee-937f-4148-b745-2236a2fe146e tempest-SnapshotsActionsTest-325460392 None] Fetching qemu-img info with special backing_file_template: (/opt/stack/data/cinder/mnt/[0-9a-f]+/)?(volume-ba504d63-18e2-4fc0-95a1-655b301edc98(.(tmp-snap-)?[0-9a-f-]+)?|volume_from_snapshot_cache/(tmp-snap-)?[0-9a-f-]+(.(child-|parent-)[0-9a-f-]+)?)$ {{(pid=93824) _qemu_img_info_base /opt/stack/cinder/cinder/volume/drivers/remotefs.py:896}}
Jun 25 17:39:47 devstack cinder-volume[93824]: DEBUG oslo_concurrency.processutils [None req-591a2aee-937f-4148-b745-2236a2fe146e tempest-SnapshotsActionsTest-325460392 None] Running cmd (subprocess): sudo cinder-rootwrap /etc/cinder/rootwrap.conf qemu-img create -f qcow2 -o backing_file=/opt/stack/data/cinder/mnt/1724639d7d9d2a5b0790e4fa30cd26f7/volume-ba504d63-18e2-4fc0-95a1-655b301edc98.8fdb7ed8-4f2c-459d-ad2f-050e41b77265,backing_fmt=qcow2 /opt/stack/data/cinder/mnt/1724639d7d9d2a5b0790e4fa30cd26f7/volume-ba504d63-18e2-4fc0-95a1-655b301edc98.01dafdee-9fa9-4448-98ba-150f75dcbf73 1G {{(pid=93824) execute /opt/stack/data/venv/lib/python3.12/site-packages/oslo_concurrency/processutils.py:440}}
Jun 25 17:39:47 devstack sudo[96887]: quobyte : PWD=/ ; USER=root ; COMMAND=/opt/stack/data/venv/bin/cinder-rootwrap /etc/cinder/rootwrap.conf qemu-img create -f qcow2 -o backing_file=/opt/stack/data/cinder/mnt/1724639d7d9d2a5b0790e4fa30cd26f7/volume-ba504d63-18e2-4fc0-95a1-655b301edc98.8fdb7ed8-4f2c-459d-ad2f-050e41b77265,backing_fmt=qcow2 /opt/stack/data/cinder/mnt/1724639d7d9d2a5b0790e4fa30cd26f7/volume-ba504d63-18e2-4fc0-95a1-655b301edc98.01dafdee-9fa9-4448-98ba-150f75dcbf73 1G
Jun 25 17:39:47 devstack sudo[96887]: pam_unix(sudo:session): session opened for user root(uid=0) by (uid=1000)
Jun 25 17:39:48 devstack sudo[96887]: pam_unix(sudo:session): session closed for user root
Jun 25 17:39:48 devstack cinder-volume[93824]: DEBUG oslo_concurrency.processutils [None req-591a2aee-937f-4148-b745-2236a2fe146e tempest-SnapshotsActionsTest-325460392 None] CMD "sudo cinder-rootwrap /etc/cinder/rootwrap.conf qemu-img create -f qcow2 -o backing_file=/opt/stack/data/cinder/mnt/1724639d7d9d2a5b0790e4fa30cd26f7/volume-ba504d63-18e2-4fc0-95a1-655b301edc98.8fdb7ed8-4f2c-459d-ad2f-050e41b77265,backing_fmt=qcow2 /opt/stack/data/cinder/mnt/1724639d7d9d2a5b0790e4fa30cd26f7/volume-ba504d63-18e2-4fc0-95a1-655b301edc98.01dafdee-9fa9-4448-98ba-150f75dcbf73 1G" returned: 0 in 1.109s {{(pid=93824) execute /opt/stack/data/venv/lib/python3.12/site-packages/oslo_concurrency/processutils.py:468}}
Jun 25 17:39:48 devstack cinder-volume[93824]: DEBUG oslo_concurrency.processutils [None req-591a2aee-937f-4148-b745-2236a2fe146e tempest-SnapshotsActionsTest-325460392 None] Running cmd (subprocess): sudo cinder-rootwrap /etc/cinder/rootwrap.conf qemu-img rebase -u -b volume-ba504d63-18e2-4fc0-95a1-655b301edc98.8fdb7ed8-4f2c-459d-ad2f-050e41b77265 -F qcow2 /opt/stack/data/cinder/mnt/1724639d7d9d2a5b0790e4fa30cd26f7/volume-ba504d63-18e2-4fc0-95a1-655b301edc98.01dafdee-9fa9-4448-98ba-150f75dcbf73 {{(pid=93824) execute /opt/stack/data/venv/lib/python3.12/site-packages/oslo_concurrency/processutils.py:440}}
Jun 25 17:39:48 devstack sudo[96902]: quobyte : PWD=/ ; USER=root ; COMMAND=/opt/stack/data/venv/bin/cinder-rootwrap /etc/cinder/rootwrap.conf qemu-img rebase -u -b volume-ba504d63-18e2-4fc0-95a1-655b301edc98.8fdb7ed8-4f2c-459d-ad2f-050e41b77265 -F qcow2 /opt/stack/data/cinder/mnt/1724639d7d9d2a5b0790e4fa30cd26f7/volume-ba504d63-18e2-4fc0-95a1-655b301edc98.01dafdee-9fa9-4448-98ba-150f75dcbf73
Jun 25 17:39:48 devstack sudo[96902]: pam_unix(sudo:session): session opened for user root(uid=0) by (uid=1000)
Jun 25 17:39:49 devstack cinder-volume[93824]: DEBUG cinder.volume.flows.manager.create_volume [None req-5675f37b-7760-4179-8936-d7b6f99d4e35 tempest-ServersNegativeTestJSON-401021186 None] Volume reschedule parameters: True retry: {'num_attempts': 1, 'backends': ['devstack@QuobyteHD#QuobyteHD'], 'hosts': ['devstack@QuobyteHD#QuobyteHD']} {{(pid=93824) get_flow /opt/stack/cinder/cinder/volume/flows/manager/create_volume.py:1397}}
Jun 25 17:39:49 devstack cinder-volume[93824]: DEBUG cinder.volume.manager [None req-5675f37b-7760-4179-8936-d7b6f99d4e35 tempest-ServersNegativeTestJSON-401021186 None] Flow 'volume_create_manager' (0db45ad7-585e-4af8-97ff-bad41227611e) transitioned into state 'RUNNING' from state 'PENDING' {{(pid=93824) _flow_receiver /opt/stack/data/venv/lib/python3.12/site-packages/taskflow/listeners/logging.py:160}}
Jun 25 17:39:49 devstack sudo[96902]: pam_unix(sudo:session): session closed for user root
Jun 25 17:39:49 devstack cinder-volume[93824]: DEBUG cinder.volume.manager [None req-5675f37b-7760-4179-8936-d7b6f99d4e35 tempest-ServersNegativeTestJSON-401021186 None] Task 'cinder.volume.flows.manager.create_volume.ExtractVolumeRefTask;volume:create' (43d478c5-b1f5-4a58-835b-c9653fe299a2) transitioned into state 'RUNNING' from state 'PENDING' {{(pid=93824) _task_receiver /opt/stack/data/venv/lib/python3.12/site-packages/taskflow/listeners/logging.py:242}}
Jun 25 17:39:49 devstack cinder-volume[93824]: DEBUG oslo_concurrency.processutils [None req-591a2aee-937f-4148-b745-2236a2fe146e tempest-SnapshotsActionsTest-325460392 None] CMD "sudo cinder-rootwrap /etc/cinder/rootwrap.conf qemu-img rebase -u -b volume-ba504d63-18e2-4fc0-95a1-655b301edc98.8fdb7ed8-4f2c-459d-ad2f-050e41b77265 -F qcow2 /opt/stack/data/cinder/mnt/1724639d7d9d2a5b0790e4fa30cd26f7/volume-ba504d63-18e2-4fc0-95a1-655b301edc98.01dafdee-9fa9-4448-98ba-150f75dcbf73" returned: 0 in 1.264s {{(pid=93824) execute /opt/stack/data/venv/lib/python3.12/site-packages/oslo_concurrency/processutils.py:468}}
Jun 25 17:39:49 devstack cinder-volume[93824]: WARNING cinder.volume.drivers.remotefs [None req-591a2aee-937f-4148-b745-2236a2fe146e tempest-SnapshotsActionsTest-325460392 None] /opt/stack/data/cinder/mnt/1724639d7d9d2a5b0790e4fa30cd26f7/volume-ba504d63-18e2-4fc0-95a1-655b301edc98.01dafdee-9fa9-4448-98ba-150f75dcbf73 is being set with open permissions: ugo+rw
