Apr 16 22:18:05 devstack cinder-volume[82650]: DEBUG oslo.privsep.daemon [-] privsep: reply[27c1457a-ded7-432e-b55c-feceba32f169]: (4, 'qcow2') {{(pid=83570) _call_back /opt/stack/data/venv/lib/python3.10/site-packages/oslo_privsep/daemon.py:573}}
Apr 16 22:18:05 devstack cinder-volume[82650]: DEBUG oslo_concurrency.processutils [None req-4882cdb2-2970-4d72-a4c7-15786bba0349 tempest-GroupSnapshotsTest-433072095 None] Running cmd (subprocess): /opt/stack/data/venv/bin/python3.10 -m oslo_concurrency.prlimit --as=1073741824 --cpu=60 -- sudo cinder-rootwrap /etc/cinder/rootwrap.conf env LC_ALL=C qemu-img info -f qcow2 --output=json --force-share /opt/stack/data/cinder/mnt/1a0a52e3a4a2bf55929ff634667dbc9c/volume-276a6f1f-e965-428f-9117-100627753504 {{(pid=82650) execute /opt/stack/data/venv/lib/python3.10/site-packages/oslo_concurrency/processutils.py:440}}
Apr 16 22:18:05 devstack sudo[86326]: quobyte : PWD=/ ; USER=root ; COMMAND=/opt/stack/data/venv/bin/cinder-rootwrap /etc/cinder/rootwrap.conf env LC_ALL=C qemu-img info -f qcow2 --output=json --force-share /opt/stack/data/cinder/mnt/1a0a52e3a4a2bf55929ff634667dbc9c/volume-276a6f1f-e965-428f-9117-100627753504
Apr 16 22:18:05 devstack sudo[86326]: pam_unix(sudo:session): session opened for user root(uid=0) by (uid=1000)
Apr 16 22:18:06 devstack sudo[86326]: pam_unix(sudo:session): session closed for user root
Apr 16 22:18:06 devstack cinder-volume[82650]: DEBUG oslo_concurrency.processutils [None req-4882cdb2-2970-4d72-a4c7-15786bba0349 tempest-GroupSnapshotsTest-433072095 None] CMD "/opt/stack/data/venv/bin/python3.10 -m oslo_concurrency.prlimit --as=1073741824 --cpu=60 -- sudo cinder-rootwrap /etc/cinder/rootwrap.conf env LC_ALL=C qemu-img info -f qcow2 --output=json --force-share /opt/stack/data/cinder/mnt/1a0a52e3a4a2bf55929ff634667dbc9c/volume-276a6f1f-e965-428f-9117-100627753504" returned: 0 in 0.976s {{(pid=82650) execute /opt/stack/data/venv/lib/python3.10/site-packages/oslo_concurrency/processutils.py:468}}
Apr 16 22:18:06 devstack cinder-volume[82650]: DEBUG oslo_concurrency.processutils [None req-4882cdb2-2970-4d72-a4c7-15786bba0349 tempest-GroupSnapshotsTest-433072095 None] Running cmd (subprocess): sudo cinder-rootwrap /etc/cinder/rootwrap.conf qemu-img create -f qcow2 -o backing_file=/opt/stack/data/cinder/mnt/1a0a52e3a4a2bf55929ff634667dbc9c/volume-276a6f1f-e965-428f-9117-100627753504,backing_fmt=qcow2 /opt/stack/data/cinder/mnt/1a0a52e3a4a2bf55929ff634667dbc9c/volume-276a6f1f-e965-428f-9117-100627753504.490ec6ea-b2d5-444c-b05f-7f3ce757ee52 1G {{(pid=82650) execute /opt/stack/data/venv/lib/python3.10/site-packages/oslo_concurrency/processutils.py:440}}
Apr 16 22:18:06 devstack sudo[86346]: quobyte : PWD=/ ; USER=root ; COMMAND=/opt/stack/data/venv/bin/cinder-rootwrap /etc/cinder/rootwrap.conf qemu-img create -f qcow2 -o backing_file=/opt/stack/data/cinder/mnt/1a0a52e3a4a2bf55929ff634667dbc9c/volume-276a6f1f-e965-428f-9117-100627753504,backing_fmt=qcow2 /opt/stack/data/cinder/mnt/1a0a52e3a4a2bf55929ff634667dbc9c/volume-276a6f1f-e965-428f-9117-100627753504.490ec6ea-b2d5-444c-b05f-7f3ce757ee52 1G
Apr 16 22:18:06 devstack sudo[86346]: pam_unix(sudo:session): session opened for user root(uid=0) by (uid=1000)
Apr 16 22:18:07 devstack sudo[86346]: pam_unix(sudo:session): session closed for user root
Apr 16 22:18:07 devstack cinder-volume[82650]: DEBUG oslo_concurrency.processutils [None req-4882cdb2-2970-4d72-a4c7-15786bba0349 tempest-GroupSnapshotsTest-433072095 None] CMD "sudo cinder-rootwrap /etc/cinder/rootwrap.conf qemu-img create -f qcow2 -o backing_file=/opt/stack/data/cinder/mnt/1a0a52e3a4a2bf55929ff634667dbc9c/volume-276a6f1f-e965-428f-9117-100627753504,backing_fmt=qcow2 /opt/stack/data/cinder/mnt/1a0a52e3a4a2bf55929ff634667dbc9c/volume-276a6f1f-e965-428f-9117-100627753504.490ec6ea-b2d5-444c-b05f-7f3ce757ee52 1G" returned: 0 in 1.041s {{(pid=82650) execute /opt/stack/data/venv/lib/python3.10/site-packages/oslo_concurrency/processutils.py:468}}
Apr 16 22:18:07 devstack cinder-volume[82650]: DEBUG oslo_concurrency.processutils [None req-4882cdb2-2970-4d72-a4c7-15786bba0349 tempest-GroupSnapshotsTest-433072095 None] Running cmd (subprocess): sudo cinder-rootwrap /etc/cinder/rootwrap.conf qemu-img rebase -u -b volume-276a6f1f-e965-428f-9117-100627753504 -F qcow2 /opt/stack/data/cinder/mnt/1a0a52e3a4a2bf55929ff634667dbc9c/volume-276a6f1f-e965-428f-9117-100627753504.490ec6ea-b2d5-444c-b05f-7f3ce757ee52 {{(pid=82650) execute /opt/stack/data/venv/lib/python3.10/site-packages/oslo_concurrency/processutils.py:440}}
Apr 16 22:18:07 devstack sudo[86352]: quobyte : PWD=/ ; USER=root ; COMMAND=/opt/stack/data/venv/bin/cinder-rootwrap /etc/cinder/rootwrap.conf qemu-img rebase -u -b volume-276a6f1f-e965-428f-9117-100627753504 -F qcow2 /opt/stack/data/cinder/mnt/1a0a52e3a4a2bf55929ff634667dbc9c/volume-276a6f1f-e965-428f-9117-100627753504.490ec6ea-b2d5-444c-b05f-7f3ce757ee52
Apr 16 22:18:07 devstack sudo[86352]: pam_unix(sudo:session): session opened for user root(uid=0) by (uid=1000)
Apr 16 22:18:08 devstack sudo[86352]: pam_unix(sudo:session): session closed for user root
Apr 16 22:18:08 devstack cinder-volume[82650]: DEBUG oslo_concurrency.processutils [None req-4882cdb2-2970-4d72-a4c7-15786bba0349 tempest-GroupSnapshotsTest-433072095 None] CMD "sudo cinder-rootwrap /etc/cinder/rootwrap.conf qemu-img rebase -u -b volume-276a6f1f-e965-428f-9117-100627753504 -F qcow2 /opt/stack/data/cinder/mnt/1a0a52e3a4a2bf55929ff634667dbc9c/volume-276a6f1f-e965-428f-9117-100627753504.490ec6ea-b2d5-444c-b05f-7f3ce757ee52" returned: 0 in 0.658s {{(pid=82650) execute /opt/stack/data/venv/lib/python3.10/site-packages/oslo_concurrency/processutils.py:468}}
Apr 16 22:18:08 devstack cinder-volume[82650]: WARNING cinder.volume.drivers.remotefs [None req-4882cdb2-2970-4d72-a4c7-15786bba0349 tempest-GroupSnapshotsTest-433072095 None] /opt/stack/data/cinder/mnt/1a0a52e3a4a2bf55929ff634667dbc9c/volume-276a6f1f-e965-428f-9117-100627753504.490ec6ea-b2d5-444c-b05f-7f3ce757ee52 is being set with open permissions: ugo+rw: NotImplementedError
Apr 16 22:18:08 devstack cinder-volume[82650]: DEBUG oslo_concurrency.processutils [None req-4882cdb2-2970-4d72-a4c7-15786bba0349 tempest-GroupSnapshotsTest-433072095 None] Running cmd (subprocess): sudo cinder-rootwrap /etc/cinder/rootwrap.conf chmod ugo+rw /opt/stack/data/cinder/mnt/1a0a52e3a4a2bf55929ff634667dbc9c/volume-276a6f1f-e965-428f-9117-100627753504.490ec6ea-b2d5-444c-b05f-7f3ce757ee52 {{(pid=82650) execute /opt/stack/data/venv/lib/python3.10/site-packages/oslo_concurrency/processutils.py:440}}
Apr 16 22:18:08 devstack sudo[86357]: quobyte : PWD=/ ; USER=root ; COMMAND=/opt/stack/data/venv/bin/cinder-rootwrap /etc/cinder/rootwrap.conf chmod ugo+rw /opt/stack/data/cinder/mnt/1a0a52e3a4a2bf55929ff634667dbc9c/volume-276a6f1f-e965-428f-9117-100627753504.490ec6ea-b2d5-444c-b05f-7f3ce757ee52
Apr 16 22:18:08 devstack sudo[86357]: pam_unix(sudo:session): session opened for user root(uid=0) by (uid=1000)
Apr 16 22:18:09 devstack sudo[86357]: pam_unix(sudo:session): session closed for user root
Apr 16 22:18:09 devstack cinder-volume[82650]: DEBUG oslo_concurrency.processutils [None req-4882cdb2-2970-4d72-a4c7-15786bba0349 tempest-GroupSnapshotsTest-433072095 None] CMD "sudo cinder-rootwrap /etc/cinder/rootwrap.conf chmod ugo+rw /opt/stack/data/cinder/mnt/1a0a52e3a4a2bf55929ff634667dbc9c/volume-276a6f1f-e965-428f-9117-100627753504.490ec6ea-b2d5-444c-b05f-7f3ce757ee52" returned: 0 in 0.920s {{(pid=82650) execute /opt/stack/data/venv/lib/python3.10/site-packages/oslo_concurrency/processutils.py:468}}
Apr 16 22:18:09 devstack cinder-volume[82650]: DEBUG oslo_concurrency.processutils [None req-4882cdb2-2970-4d72-a4c7-15786bba0349 tempest-GroupSnapshotsTest-433072095 None] Running cmd (subprocess): sudo cinder-rootwrap /etc/cinder/rootwrap.conf truncate -s0 /opt/stack/data/cinder/mnt/1a0a52e3a4a2bf55929ff634667dbc9c/volume-276a6f1f-e965-428f-9117-100627753504.info {{(pid=82650) execute /opt/stack/data/venv/lib/python3.10/site-packages/oslo_concurrency/processutils.py:440}}
Apr 16 22:18:09 devstack sudo[86361]: quobyte : PWD=/ ; USER=root ; COMMAND=/opt/stack/data/venv/bin/cinder-rootwrap /etc/cinder/rootwrap.conf truncate -s0 /opt/stack/data/cinder/mnt/1a0a52e3a4a2bf55929ff634667dbc9c/volume-276a6f1f-e965-428f-9117-100627753504.info
Apr 16 22:18:09 devstack sudo[86361]: pam_unix(sudo:session): session opened for user root(uid=0) by (uid=1000)
Apr 16 22:18:10 devstack sudo[86361]: pam_unix(sudo:session): session closed for user root
Apr 16 22:18:10 devstack cinder-volume[82650]: DEBUG oslo_concurrency.processutils [None req-4882cdb2-2970-4d72-a4c7-15786bba0349 tempest-GroupSnapshotsTest-433072095 None] CMD "sudo cinder-rootwrap /etc/cinder/rootwrap.conf truncate -s0 /opt/stack/data/cinder/mnt/1a0a52e3a4a2bf55929ff634667dbc9c/volume-276a6f1f-e965-428f-9117-100627753504.info" returned: 0 in 0.765s {{(pid=82650) execute /opt/stack/data/venv/lib/python3.10/site-packages/oslo_concurrency/processutils.py:468}}
Apr 16 22:18:10 devstack cinder-volume[82650]: WARNING cinder.volume.drivers.remotefs [None req-4882cdb2-2970-4d72-a4c7-15786bba0349 tempest-GroupSnapshotsTest-433072095 None] /opt/stack/data/cinder/mnt/1a0a52e3a4a2bf55929ff634667dbc9c/volume-276a6f1f-e965-428f-9117-100627753504.info is being set with open permissions: ugo+rw: NotImplementedError
Apr 16 22:18:10 devstack cinder-volume[82650]: DEBUG oslo_concurrency.processutils [None req-4882cdb2-2970-4d72-a4c7-15786bba0349 tempest-GroupSnapshotsTest-433072095 None] Running cmd (subprocess): sudo cinder-rootwrap /etc/cinder/rootwrap.conf chmod ugo+rw /opt/stack/data/cinder/mnt/1a0a52e3a4a2bf55929ff634667dbc9c/volume-276a6f1f-e965-428f-9117-100627753504.info {{(pid=82650) execute /opt/stack/data/venv/lib/python3.10/site-packages/oslo_concurrency/processutils.py:440}}
Apr 16 22:18:10 devstack sudo[86364]: quobyte : PWD=/ ; USER=root ; COMMAND=/opt/stack/data/venv/bin/cinder-rootwrap /etc/cinder/rootwrap.conf chmod ugo+rw /opt/stack/data/cinder/mnt/1a0a52e3a4a2bf55929ff634667dbc9c/volume-276a6f1f-e965-428f-9117-100627753504.info
Apr 16 22:18:10 devstack sudo[86364]: pam_unix(sudo:session): session opened for user root(uid=0) by (uid=1000)
Apr 16 22:18:10 devstack sudo[86364]: pam_unix(sudo:session): session closed for user root
Apr 16 22:18:10 devstack cinder-volume[82650]: DEBUG oslo_concurrency.processutils [None req-4882cdb2-2970-4d72-a4c7-15786bba0349 tempest-GroupSnapshotsTest-433072095 None] CMD "sudo cinder-rootwrap /etc/cinder/rootwrap.conf chmod ugo+rw /opt/stack/data/cinder/mnt/1a0a52e3a4a2bf55929ff634667dbc9c/volume-276a6f1f-e965-428f-9117-100627753504.info" returned: 0 in 0.683s {{(pid=82650) execute /opt/stack/data/venv/lib/python3.10/site-packages/oslo_concurrency/processutils.py:468}}
Apr 16 22:18:10 devstack cinder-volume[82650]: DEBUG oslo_concurrency.lockutils [None req-4882cdb2-2970-4d72-a4c7-15786bba0349 tempest-GroupSnapshotsTest-433072095 None] Lock "quobyte" "released" by "cinder.volume.drivers.quobyte.QuobyteDriver.create_snapshot" :: held 5.142s {{(pid=82650) inner /opt/stack/data/venv/lib/python3.10/site-packages/oslo_concurrency/lockutils.py:538}}
Apr 16 22:18:11 devstack cinder-volume[82650]: INFO cinder.volume.manager [None req-4882cdb2-2970-4d72-a4c7-15786bba0349 tempest-GroupSnapshotsTest-433072095 None] group_snapshot f82d5aaa-d4d9-4603-a5ae-b989df1899ba: created successfully
Apr 16 22:18:11 devstack cinder-volume[82650]: INFO cinder.volume.manager [None req-720c45b3-8dc6-4d1d-8b4d-ca780d992a7b tempest-GroupSnapshotsTest-433072095 None] group_snapshot f82d5aaa-d4d9-4603-a5ae-b989df1899ba: deleting
Apr 16 22:18:11 devstack cinder-volume[82650]: DEBUG cinder.volume.manager [None req-720c45b3-8dc6-4d1d-8b4d-ca780d992a7b tempest-GroupSnapshotsTest-433072095 None] group_snapshot f82d5aaa-d4d9-4603-a5ae-b989df1899ba: deleting {{(pid=82650) delete_group_snapshot /opt/stack/cinder/cinder/volume/manager.py:4351}}
Apr 16 22:18:11 devstack cinder-volume[82650]: DEBUG cinder.coordination [None req-720c45b3-8dc6-4d1d-8b4d-ca780d992a7b tempest-GroupSnapshotsTest-433072095 None] Acquiring lock "cinder-quobyte-8d84d3e5-700c-473f-8ebd-48f113be5d6e" by "delete_snapshot" {{(pid=82650) __acquire /opt/stack/cinder/cinder/coordination.py:138}}
Apr 16 22:18:11 devstack cinder-volume[82650]: DEBUG cinder.coordination [None req-720c45b3-8dc6-4d1d-8b4d-ca780d992a7b tempest-GroupSnapshotsTest-433072095 None] Lock "cinder-quobyte-8d84d3e5-700c-473f-8ebd-48f113be5d6e" acquired by "delete_snapshot" :: waited 0.015s {{(pid=82650) __acquire /opt/stack/cinder/cinder/coordination.py:141}}
Apr 16 22:18:11 devstack cinder-volume[82650]: DEBUG cinder.coordination [None req-720c45b3-8dc6-4d1d-8b4d-ca780d992a7b tempest-GroupSnapshotsTest-433072095 None] Acquiring lock "cinder-quobyte-32a06d26-d71b-440b-a406-b1095c6a0eb3" by "_delete_snapshot" {{(pid=82650) __acquire /opt/stack/cinder/cinder/coordination.py:138}}
Apr 16 22:18:11 devstack cinder-volume[82650]: DEBUG cinder.coordination [None req-720c45b3-8dc6-4d1d-8b4d-ca780d992a7b tempest-GroupSnapshotsTest-433072095 None] Lock "cinder-quobyte-32a06d26-d71b-440b-a406-b1095c6a0eb3" acquired by "_delete_snapshot" :: waited 0.013s {{(pid=82650) __acquire /opt/stack/cinder/cinder/coordination.py:141}}
Apr 16 22:18:11 devstack cinder-volume[82650]: DEBUG cinder.volume.drivers.remotefs [None req-720c45b3-8dc6-4d1d-8b4d-ca780d992a7b tempest-GroupSnapshotsTest-433072095 None] Deleting offline snapshot 32a06d26-d71b-440b-a406-b1095c6a0eb3 of volume 8d84d3e5-700c-473f-8ebd-48f113be5d6e {{(pid=82650) _delete_snapshot /opt/stack/cinder/cinder/volume/drivers/remotefs.py:1288}}
Apr 16 22:18:11 devstack cinder-volume[82650]: DEBUG cinder.volume.drivers.remotefs [None req-720c45b3-8dc6-4d1d-8b4d-ca780d992a7b tempest-GroupSnapshotsTest-433072095 None] snapshot_file for this snap is: volume-8d84d3e5-700c-473f-8ebd-48f113be5d6e.32a06d26-d71b-440b-a406-b1095c6a0eb3 {{(pid=82650) _delete_snapshot /opt/stack/cinder/cinder/volume/drivers/remotefs.py:1317}}
Apr 16 22:18:11 devstack cinder-volume[82650]: DEBUG oslo.privsep.daemon [-] privsep: reply[916f1013-8d8f-4db3-b02e-c826cc8fb150]: (4, 'qcow2') {{(pid=83570) _call_back /opt/stack/data/venv/lib/python3.10/site-packages/oslo_privsep/daemon.py:573}}
Apr 16 22:18:11 devstack cinder-volume[82650]: DEBUG oslo_concurrency.processutils [None req-720c45b3-8dc6-4d1d-8b4d-ca780d992a7b tempest-GroupSnapshotsTest-433072095 None] Running cmd (subprocess): /opt/stack/data/venv/bin/python3.10 -m oslo_concurrency.prlimit --as=1073741824 --cpu=60 -- sudo cinder-rootwrap /etc/cinder/rootwrap.conf env LC_ALL=C qemu-img info -f qcow2 --output=json --force-share /opt/stack/data/cinder/mnt/1a0a52e3a4a2bf55929ff634667dbc9c/volume-8d84d3e5-700c-473f-8ebd-48f113be5d6e.32a06d26-d71b-440b-a406-b1095c6a0eb3 {{(pid=82650) execute /opt/stack/data/venv/lib/python3.10/site-packages/oslo_concurrency/processutils.py:440}}
Apr 16 22:18:11 devstack sudo[86370]: quobyte : PWD=/ ; USER=root ; COMMAND=/opt/stack/data/venv/bin/cinder-rootwrap /etc/cinder/rootwrap.conf env LC_ALL=C qemu-img info -f qcow2 --output=json --force-share /opt/stack/data/cinder/mnt/1a0a52e3a4a2bf55929ff634667dbc9c/volume-8d84d3e5-700c-473f-8ebd-48f113be5d6e.32a06d26-d71b-440b-a406-b1095c6a0eb3
Apr 16 22:18:11 devstack sudo[86370]: pam_unix(sudo:session): session opened for user root(uid=0) by (uid=1000)
Apr 16 22:18:12 devstack sudo[86370]: pam_unix(sudo:session): session closed for user root
Apr 16 22:18:12 devstack cinder-volume[82650]: DEBUG oslo_concurrency.processutils [None req-720c45b3-8dc6-4d1d-8b4d-ca780d992a7b tempest-GroupSnapshotsTest-433072095 None] CMD "/opt/stack/data/venv/bin/python3.10 -m oslo_concurrency.prlimit --as=1073741824 --cpu=60 -- sudo cinder-rootwrap /etc/cinder/rootwrap.conf env LC_ALL=C qemu-img info -f qcow2 --output=json --force-share /opt/stack/data/cinder/mnt/1a0a52e3a4a2bf55929ff634667dbc9c/volume-8d84d3e5-700c-473f-8ebd-48f113be5d6e.32a06d26-d71b-440b-a406-b1095c6a0eb3" returned: 0 in 1.078s {{(pid=82650) execute /opt/stack/data/venv/lib/python3.10/site-packages/oslo_concurrency/processutils.py:468}}
Apr 16 22:18:12 devstack cinder-volume[82650]: DEBUG cinder.volume.drivers.remotefs [None req-720c45b3-8dc6-4d1d-8b4d-ca780d992a7b tempest-GroupSnapshotsTest-433072095 None] Fetching qemu-img info with special backing_file_template: (/opt/stack/data/cinder/mnt/[0-9a-f]+/)?(volume-8d84d3e5-700c-473f-8ebd-48f113be5d6e(.(tmp-snap-)?[0-9a-f-]+)?|volume_from_snapshot_cache/(tmp-snap-)?[0-9a-f-]+(.(child-|parent-)[0-9a-f-]+)?)$ {{(pid=82650) _qemu_img_info_base /opt/stack/cinder/cinder/volume/drivers/remotefs.py:896}}
Apr 16 22:18:12 devstack cinder-volume[82650]: DEBUG oslo.privsep.daemon [-] privsep: reply[d0587278-95d4-4702-be2f-bfc26a8c5c08]: (4, 'qcow2') {{(pid=83570) _call_back /opt/stack/data/venv/lib/python3.10/site-packages/oslo_privsep/daemon.py:573}}
Apr 16 22:18:12 devstack cinder-volume[82650]: DEBUG oslo_concurrency.processutils [None req-720c45b3-8dc6-4d1d-8b4d-ca780d992a7b tempest-GroupSnapshotsTest-433072095 None] Running cmd (subprocess): /opt/stack/data/venv/bin/python3.10 -m oslo_concurrency.prlimit --as=1073741824 --cpu=60 -- sudo cinder-rootwrap /etc/cinder/rootwrap.conf env LC_ALL=C qemu-img info -f qcow2 --output=json --force-share /opt/stack/data/cinder/mnt/1a0a52e3a4a2bf55929ff634667dbc9c/volume-8d84d3e5-700c-473f-8ebd-48f113be5d6e {{(pid=82650) execute /opt/stack/data/venv/lib/python3.10/site-packages/oslo_concurrency/processutils.py:440}}
Apr 16 22:18:13 devstack sudo[86403]: quobyte : PWD=/ ; USER=root ; COMMAND=/opt/stack/data/venv/bin/cinder-rootwrap /etc/cinder/rootwrap.conf env LC_ALL=C qemu-img info -f qcow2 --output=json --force-share /opt/stack/data/cinder/mnt/1a0a52e3a4a2bf55929ff634667dbc9c/volume-8d84d3e5-700c-473f-8ebd-48f113be5d6e
Apr 16 22:18:13 devstack sudo[86403]: pam_unix(sudo:session): session opened for user root(uid=0) by (uid=1000)
Apr 16 22:18:13 devstack sudo[86403]: pam_unix(sudo:session): session closed for user root
Apr 16 22:18:14 devstack cinder-volume[82650]: DEBUG oslo_concurrency.processutils [None req-720c45b3-8dc6-4d1d-8b4d-ca780d992a7b tempest-GroupSnapshotsTest-433072095 None] CMD "/opt/stack/data/venv/bin/python3.10 -m oslo_concurrency.prlimit --as=1073741824 --cpu=60 -- sudo cinder-rootwrap /etc/cinder/rootwrap.conf env LC_ALL=C qemu-img info -f qcow2 --output=json --force-share /opt/stack/data/cinder/mnt/1a0a52e3a4a2bf55929ff634667dbc9c/volume-8d84d3e5-700c-473f-8ebd-48f113be5d6e" returned: 0 in 1.117s {{(pid=82650) execute /opt/stack/data/venv/lib/python3.10/site-packages/oslo_concurrency/processutils.py:468}}
Apr 16 22:18:14 devstack cinder-volume[82650]: DEBUG oslo_concurrency.processutils [None req-720c45b3-8dc6-4d1d-8b4d-ca780d992a7b tempest-GroupSnapshotsTest-433072095 None] Running cmd (subprocess): sudo cinder-rootwrap /etc/cinder/rootwrap.conf qemu-img commit -d /opt/stack/data/cinder/mnt/1a0a52e3a4a2bf55929ff634667dbc9c/volume-8d84d3e5-700c-473f-8ebd-48f113be5d6e.32a06d26-d71b-440b-a406-b1095c6a0eb3 {{(pid=82650) execute /opt/stack/data/venv/lib/python3.10/site-packages/oslo_concurrency/processutils.py:440}}
Apr 16 22:18:14 devstack sudo[86409]: quobyte : PWD=/ ; USER=root ; COMMAND=/opt/stack/data/venv/bin/cinder-rootwrap /etc/cinder/rootwrap.conf qemu-img commit -d /opt/stack/data/cinder/mnt/1a0a52e3a4a2bf55929ff634667dbc9c/volume-8d84d3e5-700c-473f-8ebd-48f113be5d6e.32a06d26-d71b-440b-a406-b1095c6a0eb3
Apr 16 22:18:14 devstack sudo[86409]: pam_unix(sudo:session): session opened for user root(uid=0) by (uid=1000)
Apr 16 22:18:14 devstack sudo[86409]: pam_unix(sudo:session): session closed for user root
Apr 16 22:18:14 devstack cinder-volume[82650]: DEBUG oslo_concurrency.processutils [None req-720c45b3-8dc6-4d1d-8b4d-ca780d992a7b tempest-GroupSnapshotsTest-433072095 None] CMD "sudo cinder-rootwrap /etc/cinder/rootwrap.conf qemu-img commit -d /opt/stack/data/cinder/mnt/1a0a52e3a4a2bf55929ff634667dbc9c/volume-8d84d3e5-700c-473f-8ebd-48f113be5d6e.32a06d26-d71b-440b-a406-b1095c6a0eb3" returned: 0 in 0.918s {{(pid=82650) execute /opt/stack/data/venv/lib/python3.10/site-packages/oslo_concurrency/processutils.py:468}}
Apr 16 22:18:14 devstack cinder-volume[82650]: DEBUG oslo_concurrency.processutils [None req-720c45b3-8dc6-4d1d-8b4d-ca780d992a7b tempest-GroupSnapshotsTest-433072095 None] Running cmd (subprocess): sudo cinder-rootwrap /etc/cinder/rootwrap.conf rm -f /opt/stack/data/cinder/mnt/1a0a52e3a4a2bf55929ff634667dbc9c/volume-8d84d3e5-700c-473f-8ebd-48f113be5d6e.32a06d26-d71b-440b-a406-b1095c6a0eb3 {{(pid=82650) execute /opt/stack/data/venv/lib/python3.10/site-packages/oslo_concurrency/processutils.py:440}}
Apr 16 22:18:14 devstack sudo[86415]: quobyte : PWD=/ ; USER=root ; COMMAND=/opt/stack/data/venv/bin/cinder-rootwrap /etc/cinder/rootwrap.conf rm -f /opt/stack/data/cinder/mnt/1a0a52e3a4a2bf55929ff634667dbc9c/volume-8d84d3e5-700c-473f-8ebd-48f113be5d6e.32a06d26-d71b-440b-a406-b1095c6a0eb3
Apr 16 22:18:14 devstack sudo[86415]: pam_unix(sudo:session): session opened for user root(uid=0) by (uid=1000)
Apr 16 22:18:15 devstack cinder-volume[82650]: DEBUG cinder.volume.flows.manager.create_volume [None req-a687e567-3dea-4411-ad87-1ca1bee521b7 tempest-VolumesActionsTest-199560265 None] Volume reschedule parameters: True retry: {'num_attempts': 1, 'backends': ['devstack@QuobyteHD#QuobyteHD'], 'hosts': ['devstack@QuobyteHD#QuobyteHD']} {{(pid=82650) get_flow /opt/stack/cinder/cinder/volume/flows/manager/create_volume.py:1395}}
Apr 16 22:18:15 devstack cinder-volume[82650]: DEBUG cinder.volume.manager [None req-a687e567-3dea-4411-ad87-1ca1bee521b7 tempest-VolumesActionsTest-199560265 None] Flow 'volume_create_manager' (f7a36e30-8451-45ea-bf94-a5e7c29ed15f) transitioned into state 'RUNNING' from state 'PENDING' {{(pid=82650) _flow_receiver /opt/stack/data/venv/lib/python3.10/site-packages/taskflow/listeners/logging.py:145}}
Apr 16 22:18:15 devstack cinder-volume[82650]: DEBUG cinder.volume.manager [None req-a687e567-3dea-4411-ad87-1ca1bee521b7 tempest-VolumesActionsTest-199560265 None] Task 'cinder.volume.flows.manager.create_volume.ExtractVolumeRefTask;volume:create' (4ee156a0-4fb1-4eb2-9626-96871119f473) transitioned into state 'RUNNING' from state 'PENDING' {{(pid=82650) _task_receiver /opt/stack/data/venv/lib/python3.10/site-packages/taskflow/listeners/logging.py:194}}
Apr 16 22:18:15 devstack sudo[86415]: pam_unix(sudo:session): session closed for user root
Apr 16 22:18:15 devstack cinder-volume[82650]: DEBUG cinder.volume.manager [None req-a687e567-3dea-4411-ad87-1ca1bee521b7 tempest-VolumesActionsTest-199560265 None] Task 'cinder.volume.flows.manager.create_volume.ExtractVolumeRefTask;volume:create' (4ee156a0-4fb1-4eb2-9626-96871119f473) transitioned into state 'SUCCESS' from state 'RUNNING' with result 'Volume(_name_id=None,admin_metadata=,attach_status='detached',availability_zone='nova',bootable=False,cluster=,cluster_name=None,consistencygroup=,consistencygroup_id=None,created_at=2026-04-16T20:18:15Z,deleted=False,deleted_at=None,display_description=None,display_name='tempest-VolumesActionsTest-Volume-163832838',ec2_id=None,encryption_key_id=None,glance_metadata=,group=,group_id=None,host='devstack@QuobyteHD#QuobyteHD',id=febf259e-2b04-4721-9dd9-fb28ae26f66d,launched_at=None,metadata={},migration_status=None,multiattach=False,previous_status=None,project_id='b0e1793f790049aea5594a92467e2643',provider_auth=None,provider_geometry=None,provider_id=None,provider_location=None,replication_driver_data=None,replication_extended_status=None,replication_status=None,scheduled_at=2026-04-16T20:18:16Z,service_uuid=None,shared_targets=True,size=1,snapshot_id=None,snapshots=,source_volid=None,status='creating',terminated_at=None,updated_at=2026-04-16T20:18:16Z,use_quota=True,user_id='9cc7b2569af74039bf3fbce2c2f724d4',volume_attachment=VolumeAttachmentList,volume_type=VolumeType(9247ddc6-43b5-428d-a212-b4a47352d080),volume_type_id=9247ddc6-43b5-428d-a212-b4a47352d080)' {{(pid=82650) _task_receiver /opt/stack/data/venv/lib/python3.10/site-packages/taskflow/listeners/logging.py:182}}
Apr 16 22:18:15 devstack cinder-volume[82650]: DEBUG cinder.volume.manager [None req-a687e567-3dea-4411-ad87-1ca1bee521b7 tempest-VolumesActionsTest-199560265 None] Task 'cinder.volume.flows.manager.create_volume.OnFailureRescheduleTask;volume:create' (cc67804a-3d9b-440b-a8ab-b2519af00a2a) transitioned into state 'RUNNING' from state 'PENDING' {{(pid=82650) _task_receiver /opt/stack/data/venv/lib/python3.10/site-packages/taskflow/listeners/logging.py:194}}
Apr 16 22:18:15 devstack cinder-volume[82650]: DEBUG cinder.volume.manager [None req-a687e567-3dea-4411-ad87-1ca1bee521b7 tempest-VolumesActionsTest-199560265 None] Task 'cinder.volume.flows.manager.create_volume.OnFailureRescheduleTask;volume:create' (cc67804a-3d9b-440b-a8ab-b2519af00a2a) transitioned into state 'SUCCESS' from state 'RUNNING' with result 'None' {{(pid=82650) _task_receiver /opt/stack/data/venv/lib/python3.10/site-packages/taskflow/listeners/logging.py:182}}
Apr 16 22:18:15 devstack cinder-volume[82650]: DEBUG cinder.volume.manager [None req-a687e567-3dea-4411-ad87-1ca1bee521b7 tempest-VolumesActionsTest-199560265 None] Task 'cinder.volume.flows.manager.create_volume.ExtractVolumeSpecTask;volume:create' (f022a3c5-909a-48f5-844e-467d7d78d97f) transitioned into state 'RUNNING' from state 'PENDING' {{(pid=82650) _task_receiver /opt/stack/data/venv/lib/python3.10/site-packages/taskflow/listeners/logging.py:194}}
Apr 16 22:18:15 devstack cinder-volume[82650]: DEBUG cinder.volume.manager [None req-a687e567-3dea-4411-ad87-1ca1bee521b7 tempest-VolumesActionsTest-199560265 None] Task 'cinder.volume.flows.manager.create_volume.ExtractVolumeSpecTask;volume:create' (f022a3c5-909a-48f5-844e-467d7d78d97f) transitioned into state 'SUCCESS' from state 'RUNNING' with result '{'status': 'creating', 'type': 'raw', 'volume_id': 'febf259e-2b04-4721-9dd9-fb28ae26f66d', 'volume_name': 'volume-febf259e-2b04-4721-9dd9-fb28ae26f66d', 'volume_size': 1}' {{(pid=82650) _task_receiver /opt/stack/data/venv/lib/python3.10/site-packages/taskflow/listeners/logging.py:182}}
Apr 16 22:18:15 devstack cinder-volume[82650]: DEBUG cinder.volume.manager [None req-a687e567-3dea-4411-ad87-1ca1bee521b7 tempest-VolumesActionsTest-199560265 None] Task 'cinder.volume.flows.manager.create_volume.NotifyVolumeActionTask;volume:create, create.start' (f0871b1c-9e7c-46b5-aae7-d9645cbc0ee7) transitioned into state 'RUNNING' from state 'PENDING' {{(pid=82650) _task_receiver /opt/stack/data/venv/lib/python3.10/site-packages/taskflow/listeners/logging.py:194}}
Apr 16 22:18:15 devstack cinder-volume[82650]: DEBUG cinder.volume.manager [None req-a687e567-3dea-4411-ad87-1ca1bee521b7 tempest-VolumesActionsTest-199560265 None] Task 'cinder.volume.flows.manager.create_volume.NotifyVolumeActionTask;volume:create, create.start' (f0871b1c-9e7c-46b5-aae7-d9645cbc0ee7) transitioned into state 'SUCCESS' from state 'RUNNING' with result 'None' {{(pid=82650) _task_receiver /opt/stack/data/venv/lib/python3.10/site-packages/taskflow/listeners/logging.py:182}}
Apr 16 22:18:15 devstack cinder-volume[82650]: DEBUG cinder.volume.manager [None req-a687e567-3dea-4411-ad87-1ca1bee521b7 tempest-VolumesActionsTest-199560265 None] Task 'cinder.volume.flows.manager.create_volume.CreateVolumeFromSpecTask;volume:create' (c0004d7e-dfe2-4a91-96ec-88f456fbbe9a) transitioned into state 'RUNNING' from state 'PENDING' {{(pid=82650) _task_receiver /opt/stack/data/venv/lib/python3.10/site-packages/taskflow/listeners/logging.py:194}}
Apr 16 22:18:15 devstack cinder-volume[82650]: INFO cinder.volume.flows.manager.create_volume [None req-a687e567-3dea-4411-ad87-1ca1bee521b7 tempest-VolumesActionsTest-199560265 None] Volume febf259e-2b04-4721-9dd9-fb28ae26f66d: being created as raw with specification: {'status': 'creating', 'volume_name': 'volume-febf259e-2b04-4721-9dd9-fb28ae26f66d', 'volume_size': 1}
Apr 16 22:18:15 devstack cinder-volume[82650]: DEBUG oslo_concurrency.lockutils [None req-a687e567-3dea-4411-ad87-1ca1bee521b7 tempest-VolumesActionsTest-199560265 None] Acquiring lock "quobyte" by "cinder.volume.drivers.quobyte.QuobyteDriver.create_volume" {{(pid=82650) inner /opt/stack/data/venv/lib/python3.10/site-packages/oslo_concurrency/lockutils.py:506}}
Apr 16 22:18:15 devstack cinder-volume[82650]: DEBUG oslo_concurrency.lockutils [None req-a687e567-3dea-4411-ad87-1ca1bee521b7 tempest-VolumesActionsTest-199560265 None] Lock "quobyte" acquired by "cinder.volume.drivers.quobyte.QuobyteDriver.create_volume" :: waited 0.000s {{(pid=82650) inner /opt/stack/data/venv/lib/python3.10/site-packages/oslo_concurrency/lockutils.py:519}}
Apr 16 22:18:15 devstack cinder-volume[82650]: DEBUG cinder.volume.drivers.quobyte [None req-a687e567-3dea-4411-ad87-1ca1bee521b7 tempest-VolumesActionsTest-199560265 None] ==> create_volume: call "{'self': , 'volume': Volume(_name_id=None,admin_metadata=,attach_status='detached',availability_zone='nova',bootable=False,cluster=,cluster_name=None,consistencygroup=,consistencygroup_id=None,created_at=2026-04-16T20:18:15Z,deleted=False,deleted_at=None,display_description=None,display_name='tempest-VolumesActionsTest-Volume-163832838',ec2_id=None,encryption_key_id=None,glance_metadata=,group=,group_id=None,host='devstack@QuobyteHD#QuobyteHD',id=febf259e-2b04-4721-9dd9-fb28ae26f66d,launched_at=None,metadata={},migration_status=None,multiattach=False,previous_status=None,project_id='b0e1793f790049aea5594a92467e2643',provider_auth=None,provider_geometry=None,provider_id=None,provider_location=None,replication_driver_data=None,replication_extended_status=None,replication_status=None,scheduled_at=2026-04-16T20:18:16Z,service_uuid=None,shared_targets=True,size=1,snapshot_id=None,snapshots=,source_volid=None,status='creating',terminated_at=None,updated_at=2026-04-16T20:18:16Z,use_quota=True,user_id='9cc7b2569af74039bf3fbce2c2f724d4',volume_attachment=VolumeAttachmentList,volume_type=VolumeType(9247ddc6-43b5-428d-a212-b4a47352d080),volume_type_id=9247ddc6-43b5-428d-a212-b4a47352d080)}" {{(pid=82650) trace_logging_wrapper /opt/stack/cinder/cinder/volume/volume_utils.py:1497}}
Apr 16 22:18:15 devstack cinder-volume[82650]: DEBUG cinder.volume.drivers.remotefs [None req-a687e567-3dea-4411-ad87-1ca1bee521b7 tempest-VolumesActionsTest-199560265 None] Creating volume febf259e-2b04-4721-9dd9-fb28ae26f66d {{(pid=82650) create_volume /opt/stack/cinder/cinder/volume/drivers/remotefs.py:292}}
Apr 16 22:18:15 devstack cinder-volume[82650]: DEBUG oslo_concurrency.lockutils [None req-a687e567-3dea-4411-ad87-1ca1bee521b7 tempest-VolumesActionsTest-199560265 None] Acquiring lock "quobyte_ensure" by "cinder.volume.drivers.quobyte.QuobyteDriver._ensure_shares_mounted" {{(pid=82650) inner /opt/stack/data/venv/lib/python3.10/site-packages/oslo_concurrency/lockutils.py:506}}
Apr 16 22:18:15 devstack cinder-volume[82650]: DEBUG oslo_concurrency.lockutils [None req-a687e567-3dea-4411-ad87-1ca1bee521b7 tempest-VolumesActionsTest-199560265 None] Lock "quobyte_ensure" acquired by "cinder.volume.drivers.quobyte.QuobyteDriver._ensure_shares_mounted" :: waited 0.000s {{(pid=82650) inner /opt/stack/data/venv/lib/python3.10/site-packages/oslo_concurrency/lockutils.py:519}}
Apr 16 22:18:15 devstack cinder-volume[82650]: DEBUG cinder.volume.drivers.quobyte [None req-a687e567-3dea-4411-ad87-1ca1bee521b7 tempest-VolumesActionsTest-199560265 None] Quobyte Volume URL set to: {'osci02.corp.quobyte.com/cinder-vol-5e530656-7c4a-4c4b-b3a2-216dad679a39': None} {{(pid=82650) _load_shares_config /opt/stack/cinder/cinder/volume/drivers/quobyte.py:617}}
Apr 16 22:18:15 devstack cinder-volume[82650]: DEBUG cinder.volume.drivers.quobyte [None req-a687e567-3dea-4411-ad87-1ca1bee521b7 tempest-VolumesActionsTest-199560265 None] Available shares ['osci02.corp.quobyte.com/cinder-vol-5e530656-7c4a-4c4b-b3a2-216dad679a39'] {{(pid=82650) _ensure_shares_mounted /opt/stack/cinder/cinder/volume/drivers/quobyte.py:647}}
Apr 16 22:18:15 devstack cinder-volume[82650]: DEBUG oslo_concurrency.lockutils [None req-a687e567-3dea-4411-ad87-1ca1bee521b7 tempest-VolumesActionsTest-199560265 None] Lock "quobyte_ensure" "released" by "cinder.volume.drivers.quobyte.QuobyteDriver._ensure_shares_mounted" :: held 0.029s {{(pid=82650) inner /opt/stack/data/venv/lib/python3.10/site-packages/oslo_concurrency/lockutils.py:538}}
Apr 16 22:18:15 devstack cinder-volume[82650]: DEBUG cinder.volume.drivers.quobyte [None req-a687e567-3dea-4411-ad87-1ca1bee521b7 tempest-VolumesActionsTest-199560265 None] Selected osci02.corp.quobyte.com/cinder-vol-5e530656-7c4a-4c4b-b3a2-216dad679a39 as target Quobyte volume. {{(pid=82650) _find_share /opt/stack/cinder/cinder/volume/drivers/quobyte.py:668}}
Apr 16 22:18:15 devstack cinder-volume[82650]: INFO cinder.volume.drivers.remotefs [None req-a687e567-3dea-4411-ad87-1ca1bee521b7 tempest-VolumesActionsTest-199560265 None] casted to osci02.corp.quobyte.com/cinder-vol-5e530656-7c4a-4c4b-b3a2-216dad679a39
Apr 16 22:18:15 devstack cinder-volume[82650]: DEBUG oslo_concurrency.processutils [None req-a687e567-3dea-4411-ad87-1ca1bee521b7 tempest-VolumesActionsTest-199560265 None] Running cmd (subprocess): sudo cinder-rootwrap /etc/cinder/rootwrap.conf qemu-img create -f qcow2 -o preallocation=metadata /opt/stack/data/cinder/mnt/1a0a52e3a4a2bf55929ff634667dbc9c/volume-febf259e-2b04-4721-9dd9-fb28ae26f66d 1073741824 {{(pid=82650) execute /opt/stack/data/venv/lib/python3.10/site-packages/oslo_concurrency/processutils.py:440}}
Apr 16 22:18:15 devstack cinder-volume[82650]: DEBUG oslo_concurrency.processutils [None req-720c45b3-8dc6-4d1d-8b4d-ca780d992a7b tempest-GroupSnapshotsTest-433072095 None] CMD "sudo cinder-rootwrap /etc/cinder/rootwrap.conf rm -f /opt/stack/data/cinder/mnt/1a0a52e3a4a2bf55929ff634667dbc9c/volume-8d84d3e5-700c-473f-8ebd-48f113be5d6e.32a06d26-d71b-440b-a406-b1095c6a0eb3" returned: 0 in 0.868s {{(pid=82650) execute /opt/stack/data/venv/lib/python3.10/site-packages/oslo_concurrency/processutils.py:468}}
Apr 16 22:18:15 devstack cinder-volume[82650]: DEBUG cinder.coordination [None req-720c45b3-8dc6-4d1d-8b4d-ca780d992a7b tempest-GroupSnapshotsTest-433072095 None] Lock "cinder-quobyte-32a06d26-d71b-440b-a406-b1095c6a0eb3" released by "_delete_snapshot" :: held 4.129s {{(pid=82650) __release /opt/stack/cinder/cinder/coordination.py:152}}
Apr 16 22:18:15 devstack cinder-volume[82650]: DEBUG cinder.coordination [None req-720c45b3-8dc6-4d1d-8b4d-ca780d992a7b tempest-GroupSnapshotsTest-433072095 None] Lock "cinder-quobyte-8d84d3e5-700c-473f-8ebd-48f113be5d6e" released by "delete_snapshot" :: held 4.147s {{(pid=82650) __release /opt/stack/cinder/cinder/coordination.py:152}}
Apr 16 22:18:15 devstack sudo[86418]: quobyte : PWD=/ ; USER=root ; COMMAND=/opt/stack/data/venv/bin/cinder-rootwrap /etc/cinder/rootwrap.conf qemu-img create -f qcow2 -o preallocation=metadata /opt/stack/data/cinder/mnt/1a0a52e3a4a2bf55929ff634667dbc9c/volume-febf259e-2b04-4721-9dd9-fb28ae26f66d 1073741824
Apr 16 22:18:15 devstack sudo[86418]: pam_unix(sudo:session): session opened for user root(uid=0) by (uid=1000)
Apr 16 22:18:15 devstack cinder-volume[82650]: DEBUG cinder.coordination [None req-720c45b3-8dc6-4d1d-8b4d-ca780d992a7b tempest-GroupSnapshotsTest-433072095 None] Acquiring lock "cinder-quobyte-276a6f1f-e965-428f-9117-100627753504" by "delete_snapshot" {{(pid=82650) __acquire /opt/stack/cinder/cinder/coordination.py:138}}
Apr 16 22:18:15 devstack cinder-volume[82650]: DEBUG cinder.coordination [None req-720c45b3-8dc6-4d1d-8b4d-ca780d992a7b tempest-GroupSnapshotsTest-433072095 None] Lock "cinder-quobyte-276a6f1f-e965-428f-9117-100627753504" acquired by "delete_snapshot" :: waited 0.007s {{(pid=82650) __acquire /opt/stack/cinder/cinder/coordination.py:141}}
Apr 16 22:18:15 devstack cinder-volume[82650]: DEBUG cinder.coordination [None req-720c45b3-8dc6-4d1d-8b4d-ca780d992a7b tempest-GroupSnapshotsTest-433072095 None] Acquiring lock "cinder-quobyte-490ec6ea-b2d5-444c-b05f-7f3ce757ee52" by "_delete_snapshot" {{(pid=82650) __acquire /opt/stack/cinder/cinder/coordination.py:138}}
Apr 16 22:18:15 devstack cinder-volume[82650]: DEBUG cinder.coordination [None req-720c45b3-8dc6-4d1d-8b4d-ca780d992a7b tempest-GroupSnapshotsTest-433072095 None] Lock "cinder-quobyte-490ec6ea-b2d5-444c-b05f-7f3ce757ee52" acquired by "_delete_snapshot" :: waited 0.010s {{(pid=82650) __acquire /opt/stack/cinder/cinder/coordination.py:141}}
Apr 16 22:18:15 devstack cinder-volume[82650]: DEBUG cinder.volume.drivers.remotefs [None req-720c45b3-8dc6-4d1d-8b4d-ca780d992a7b tempest-GroupSnapshotsTest-433072095 None] Deleting offline snapshot 490ec6ea-b2d5-444c-b05f-7f3ce757ee52 of volume 276a6f1f-e965-428f-9117-100627753504 {{(pid=82650) _delete_snapshot /opt/stack/cinder/cinder/volume/drivers/remotefs.py:1288}}
Apr 16 22:18:15 devstack cinder-volume[82650]: DEBUG cinder.volume.drivers.remotefs [None req-720c45b3-8dc6-4d1d-8b4d-ca780d992a7b tempest-GroupSnapshotsTest-433072095 None] snapshot_file for this snap is: volume-276a6f1f-e965-428f-9117-100627753504.490ec6ea-b2d5-444c-b05f-7f3ce757ee52 {{(pid=82650) _delete_snapshot /opt/stack/cinder/cinder/volume/drivers/remotefs.py:1317}}
Apr 16 22:18:15 devstack cinder-volume[82650]: DEBUG oslo.privsep.daemon [-] privsep: reply[a7fee7e1-ca7d-44e2-a206-f40d857d62c2]: (4, 'qcow2') {{(pid=83570) _call_back /opt/stack/data/venv/lib/python3.10/site-packages/oslo_privsep/daemon.py:573}}
Apr 16 22:18:15 devstack cinder-volume[82650]: DEBUG oslo_concurrency.processutils [None req-720c45b3-8dc6-4d1d-8b4d-ca780d992a7b tempest-GroupSnapshotsTest-433072095 None] Running cmd (subprocess): /opt/stack/data/venv/bin/python3.10 -m oslo_concurrency.prlimit --as=1073741824 --cpu=60 -- sudo cinder-rootwrap /etc/cinder/rootwrap.conf env LC_ALL=C qemu-img info -f qcow2 --output=json --force-share /opt/stack/data/cinder/mnt/1a0a52e3a4a2bf55929ff634667dbc9c/volume-276a6f1f-e965-428f-9117-100627753504.490ec6ea-b2d5-444c-b05f-7f3ce757ee52 {{(pid=82650) execute /opt/stack/data/venv/lib/python3.10/site-packages/oslo_concurrency/processutils.py:440}}
Apr 16 22:18:16 devstack sudo[86420]: quobyte : PWD=/ ; USER=root ; COMMAND=/opt/stack/data/venv/bin/cinder-rootwrap /etc/cinder/rootwrap.conf env LC_ALL=C qemu-img info -f qcow2 --output=json --force-share /opt/stack/data/cinder/mnt/1a0a52e3a4a2bf55929ff634667dbc9c/volume-276a6f1f-e965-428f-9117-100627753504.490ec6ea-b2d5-444c-b05f-7f3ce757ee52
Apr 16 22:18:16 devstack sudo[86420]: pam_unix(sudo:session): session opened for user root(uid=0) by (uid=1000)
Apr 16 22:18:16 devstack sudo[86418]: pam_unix(sudo:session): session closed for user root
Apr 16 22:18:16 devstack cinder-volume[82650]: DEBUG oslo_concurrency.processutils [None req-a687e567-3dea-4411-ad87-1ca1bee521b7 tempest-VolumesActionsTest-199560265 None] CMD "sudo cinder-rootwrap /etc/cinder/rootwrap.conf qemu-img create -f qcow2 -o preallocation=metadata /opt/stack/data/cinder/mnt/1a0a52e3a4a2bf55929ff634667dbc9c/volume-febf259e-2b04-4721-9dd9-fb28ae26f66d 1073741824" returned: 0 in 1.033s {{(pid=82650) execute /opt/stack/data/venv/lib/python3.10/site-packages/oslo_concurrency/processutils.py:468}}
Apr 16 22:18:16 devstack cinder-volume[82650]: DEBUG oslo_concurrency.processutils [None req-a687e567-3dea-4411-ad87-1ca1bee521b7 tempest-VolumesActionsTest-199560265 None] Running cmd (subprocess): sudo cinder-rootwrap /etc/cinder/rootwrap.conf chmod ugo+rw /opt/stack/data/cinder/mnt/1a0a52e3a4a2bf55929ff634667dbc9c/volume-febf259e-2b04-4721-9dd9-fb28ae26f66d {{(pid=82650) execute /opt/stack/data/venv/lib/python3.10/site-packages/oslo_concurrency/processutils.py:440}}
Apr 16 22:18:16 devstack sudo[86420]: pam_unix(sudo:session): session closed for user root
Apr 16 22:18:16 devstack cinder-volume[82650]: DEBUG oslo_concurrency.processutils [None req-720c45b3-8dc6-4d1d-8b4d-ca780d992a7b tempest-GroupSnapshotsTest-433072095 None] CMD "/opt/stack/data/venv/bin/python3.10 -m oslo_concurrency.prlimit --as=1073741824 --cpu=60 -- sudo cinder-rootwrap /etc/cinder/rootwrap.conf env LC_ALL=C qemu-img info -f qcow2 --output=json --force-share /opt/stack/data/cinder/mnt/1a0a52e3a4a2bf55929ff634667dbc9c/volume-276a6f1f-e965-428f-9117-100627753504.490ec6ea-b2d5-444c-b05f-7f3ce757ee52" returned: 0 in 0.961s {{(pid=82650) execute /opt/stack/data/venv/lib/python3.10/site-packages/oslo_concurrency/processutils.py:468}}
Apr 16 22:18:16 devstack cinder-volume[82650]: DEBUG cinder.volume.drivers.remotefs [None req-720c45b3-8dc6-4d1d-8b4d-ca780d992a7b tempest-GroupSnapshotsTest-433072095 None] Fetching qemu-img info with special backing_file_template: (/opt/stack/data/cinder/mnt/[0-9a-f]+/)?(volume-276a6f1f-e965-428f-9117-100627753504(.(tmp-snap-)?[0-9a-f-]+)?|volume_from_snapshot_cache/(tmp-snap-)?[0-9a-f-]+(.(child-|parent-)[0-9a-f-]+)?)$ {{(pid=82650) _qemu_img_info_base /opt/stack/cinder/cinder/volume/drivers/remotefs.py:896}}
Apr 16 22:18:16 devstack sudo[86431]: quobyte : PWD=/ ; USER=root ; COMMAND=/opt/stack/data/venv/bin/cinder-rootwrap /etc/cinder/rootwrap.conf chmod ugo+rw /opt/stack/data/cinder/mnt/1a0a52e3a4a2bf55929ff634667dbc9c/volume-febf259e-2b04-4721-9dd9-fb28ae26f66d
Apr 16 22:18:16 devstack sudo[86431]: pam_unix(sudo:session): session opened for user root(uid=0) by (uid=1000)
Apr 16 22:18:16 devstack cinder-volume[82650]: DEBUG oslo.privsep.daemon [-] privsep: reply[059c1065-6b83-414a-9fe8-99fb48a055a5]: (4, 'qcow2') {{(pid=83570) _call_back /opt/stack/data/venv/lib/python3.10/site-packages/oslo_privsep/daemon.py:573}}
Apr 16 22:18:16 devstack cinder-volume[82650]: DEBUG oslo_concurrency.processutils [None req-720c45b3-8dc6-4d1d-8b4d-ca780d992a7b tempest-GroupSnapshotsTest-433072095 None] Running cmd (subprocess): /opt/stack/data/venv/bin/python3.10 -m oslo_concurrency.prlimit --as=1073741824 --cpu=60 -- sudo cinder-rootwrap /etc/cinder/rootwrap.conf env LC_ALL=C qemu-img info -f qcow2 --output=json --force-share /opt/stack/data/cinder/mnt/1a0a52e3a4a2bf55929ff634667dbc9c/volume-276a6f1f-e965-428f-9117-100627753504 {{(pid=82650) execute /opt/stack/data/venv/lib/python3.10/site-packages/oslo_concurrency/processutils.py:440}}
Apr 16 22:18:17 devstack sudo[86433]: quobyte : PWD=/ ; USER=root ; COMMAND=/opt/stack/data/venv/bin/cinder-rootwrap /etc/cinder/rootwrap.conf env LC_ALL=C qemu-img info -f qcow2 --output=json --force-share /opt/stack/data/cinder/mnt/1a0a52e3a4a2bf55929ff634667dbc9c/volume-276a6f1f-e965-428f-9117-100627753504
Apr 16 22:18:17 devstack sudo[86433]: pam_unix(sudo:session): session opened for user root(uid=0) by (uid=1000)
Apr 16 22:18:17 devstack sudo[86431]: pam_unix(sudo:session): session closed for user root
Apr 16 22:18:17 devstack cinder-volume[82650]: DEBUG oslo_concurrency.processutils [None req-a687e567-3dea-4411-ad87-1ca1bee521b7 tempest-VolumesActionsTest-199560265 None] CMD "sudo cinder-rootwrap /etc/cinder/rootwrap.conf chmod ugo+rw /opt/stack/data/cinder/mnt/1a0a52e3a4a2bf55929ff634667dbc9c/volume-febf259e-2b04-4721-9dd9-fb28ae26f66d" returned: 0 in 0.639s {{(pid=82650) execute /opt/stack/data/venv/lib/python3.10/site-packages/oslo_concurrency/processutils.py:468}}
Apr 16 22:18:17 devstack cinder-volume[82650]: DEBUG cinder.volume.drivers.quobyte [None req-a687e567-3dea-4411-ad87-1ca1bee521b7 tempest-VolumesActionsTest-199560265 None] <== create_volume: return (1742ms) {'provider_location': 'osci02.corp.quobyte.com/cinder-vol-5e530656-7c4a-4c4b-b3a2-216dad679a39'} {{(pid=82650) trace_logging_wrapper /opt/stack/cinder/cinder/volume/volume_utils.py:1522}}
Apr 16 22:18:17 devstack cinder-volume[82650]: DEBUG oslo_concurrency.lockutils [None req-a687e567-3dea-4411-ad87-1ca1bee521b7 tempest-VolumesActionsTest-199560265 None] Lock "quobyte" "released" by "cinder.volume.drivers.quobyte.QuobyteDriver.create_volume" :: held 1.745s {{(pid=82650) inner /opt/stack/data/venv/lib/python3.10/site-packages/oslo_concurrency/lockutils.py:538}}
Apr 16 22:18:17 devstack cinder-volume[82650]: DEBUG cinder.volume.manager [None req-a687e567-3dea-4411-ad87-1ca1bee521b7 tempest-VolumesActionsTest-199560265 None] Task 'cinder.volume.flows.manager.create_volume.CreateVolumeFromSpecTask;volume:create' (c0004d7e-dfe2-4a91-96ec-88f456fbbe9a) transitioned into state 'SUCCESS' from state 'RUNNING' with result '{'status': 'creating', 'volume_name': 'volume-febf259e-2b04-4721-9dd9-fb28ae26f66d', 'volume_size': 1}' {{(pid=82650) _task_receiver /opt/stack/data/venv/lib/python3.10/site-packages/taskflow/listeners/logging.py:182}}
Apr 16 22:18:17 devstack cinder-volume[82650]: DEBUG cinder.volume.manager [None req-a687e567-3dea-4411-ad87-1ca1bee521b7 tempest-VolumesActionsTest-199560265 None] Task 'cinder.volume.flows.manager.create_volume.CreateVolumeOnFinishTask;volume:create, create.end' (6cedda06-f597-4891-b2e1-0a8a399187f8) transitioned into state 'RUNNING' from state 'PENDING' {{(pid=82650) _task_receiver /opt/stack/data/venv/lib/python3.10/site-packages/taskflow/listeners/logging.py:194}}
Apr 16 22:18:17 devstack cinder-volume[82650]: INFO cinder.volume.flows.manager.create_volume [None req-a687e567-3dea-4411-ad87-1ca1bee521b7 tempest-VolumesActionsTest-199560265 None] Volume volume-febf259e-2b04-4721-9dd9-fb28ae26f66d (febf259e-2b04-4721-9dd9-fb28ae26f66d): created successfully
Apr 16 22:18:17 devstack cinder-volume[82650]: DEBUG cinder.volume.manager [None req-a687e567-3dea-4411-ad87-1ca1bee521b7 tempest-VolumesActionsTest-199560265 None] Task 'cinder.volume.flows.manager.create_volume.CreateVolumeOnFinishTask;volume:create, create.end' (6cedda06-f597-4891-b2e1-0a8a399187f8) transitioned into state 'SUCCESS' from state 'RUNNING' with result 'None' {{(pid=82650) _task_receiver /opt/stack/data/venv/lib/python3.10/site-packages/taskflow/listeners/logging.py:182}}
Apr 16 22:18:17 devstack cinder-volume[82650]: DEBUG cinder.volume.manager [None req-a687e567-3dea-4411-ad87-1ca1bee521b7 tempest-VolumesActionsTest-199560265 None] Flow 'volume_create_manager' (f7a36e30-8451-45ea-bf94-a5e7c29ed15f) transitioned into state 'SUCCESS' from state 'RUNNING' {{(pid=82650) _flow_receiver /opt/stack/data/venv/lib/python3.10/site-packages/taskflow/listeners/logging.py:145}}
Apr 16 22:18:17 devstack cinder-volume[82650]: INFO cinder.volume.manager [None req-a687e567-3dea-4411-ad87-1ca1bee521b7 tempest-VolumesActionsTest-199560265 None] Created volume successfully.
Apr 16 22:18:17 devstack sudo[86433]: pam_unix(sudo:session): session closed for user root
Apr 16 22:18:17 devstack cinder-volume[82650]: DEBUG oslo_concurrency.processutils [None req-720c45b3-8dc6-4d1d-8b4d-ca780d992a7b tempest-GroupSnapshotsTest-433072095 None] CMD "/opt/stack/data/venv/bin/python3.10 -m oslo_concurrency.prlimit --as=1073741824 --cpu=60 -- sudo cinder-rootwrap /etc/cinder/rootwrap.conf env LC_ALL=C qemu-img info -f qcow2 --output=json --force-share /opt/stack/data/cinder/mnt/1a0a52e3a4a2bf55929ff634667dbc9c/volume-276a6f1f-e965-428f-9117-100627753504" returned: 0 in 0.641s {{(pid=82650) execute /opt/stack/data/venv/lib/python3.10/site-packages/oslo_concurrency/processutils.py:468}}
Apr 16 22:18:17 devstack cinder-volume[82650]: DEBUG oslo_concurrency.processutils [None req-720c45b3-8dc6-4d1d-8b4d-ca780d992a7b tempest-GroupSnapshotsTest-433072095 None] Running cmd (subprocess): sudo cinder-rootwrap /etc/cinder/rootwrap.conf qemu-img commit -d /opt/stack/data/cinder/mnt/1a0a52e3a4a2bf55929ff634667dbc9c/volume-276a6f1f-e965-428f-9117-100627753504.490ec6ea-b2d5-444c-b05f-7f3ce757ee52 {{(pid=82650) execute /opt/stack/data/venv/lib/python3.10/site-packages/oslo_concurrency/processutils.py:440}}
Apr 16 22:18:17 devstack sudo[86440]: quobyte : PWD=/ ; USER=root ; COMMAND=/opt/stack/data/venv/bin/cinder-rootwrap /etc/cinder/rootwrap.conf qemu-img commit -d /opt/stack/data/cinder/mnt/1a0a52e3a4a2bf55929ff634667dbc9c/volume-276a6f1f-e965-428f-9117-100627753504.490ec6ea-b2d5-444c-b05f-7f3ce757ee52
Apr 16 22:18:17 devstack sudo[86440]: pam_unix(sudo:session): session opened for user root(uid=0) by (uid=1000)
Apr 16 22:18:18 devstack sudo[86440]: pam_unix(sudo:session): session closed for user root
Apr 16 22:18:18 devstack cinder-volume[82650]: DEBUG oslo_concurrency.processutils [None req-720c45b3-8dc6-4d1d-8b4d-ca780d992a7b tempest-GroupSnapshotsTest-433072095 None] CMD "sudo cinder-rootwrap /etc/cinder/rootwrap.conf qemu-img commit -d /opt/stack/data/cinder/mnt/1a0a52e3a4a2bf55929ff634667dbc9c/volume-276a6f1f-e965-428f-9117-100627753504.490ec6ea-b2d5-444c-b05f-7f3ce757ee52" returned: 0 in 0.560s {{(pid=82650) execute /opt/stack/data/venv/lib/python3.10/site-packages/oslo_concurrency/processutils.py:468}}
Apr 16 22:18:18 devstack cinder-volume[82650]: DEBUG oslo_concurrency.processutils [None req-720c45b3-8dc6-4d1d-8b4d-ca780d992a7b tempest-GroupSnapshotsTest-433072095 None] Running cmd (subprocess): sudo cinder-rootwrap /etc/cinder/rootwrap.conf rm -f /opt/stack/data/cinder/mnt/1a0a52e3a4a2bf55929ff634667dbc9c/volume-276a6f1f-e965-428f-9117-100627753504.490ec6ea-b2d5-444c-b05f-7f3ce757ee52 {{(pid=82650) execute /opt/stack/data/venv/lib/python3.10/site-packages/oslo_concurrency/processutils.py:440}}
Apr 16 22:18:18 devstack sudo[86447]: quobyte : PWD=/ ; USER=root ; COMMAND=/opt/stack/data/venv/bin/cinder-rootwrap /etc/cinder/rootwrap.conf rm -f /opt/stack/data/cinder/mnt/1a0a52e3a4a2bf55929ff634667dbc9c/volume-276a6f1f-e965-428f-9117-100627753504.490ec6ea-b2d5-444c-b05f-7f3ce757ee52
Apr 16 22:18:18 devstack sudo[86447]: pam_unix(sudo:session): session opened for user root(uid=0) by (uid=1000)
Apr 16 22:18:18 devstack sudo[86447]: pam_unix(sudo:session): session closed for user root
