Aug 11 17:10:04 devstack cinder-volume[94665]: DEBUG oslo_concurrency.processutils [None req-cbaf1d99-543c-486f-b9f1-fea17cc52612 tempest-GroupSnapshotsTest-610999114 None] Running cmd (subprocess): /opt/stack/data/venv/bin/python3.12 -m oslo_concurrency.prlimit --as=1073741824 --cpu=60 -- sudo cinder-rootwrap /etc/cinder/rootwrap.conf env LC_ALL=C qemu-img info -f qcow2 --output=json --force-share /opt/stack/data/cinder/mnt/03fbe70899360ba15ed27ed5b5a82915/volume-d1d83a69-cb7b-44ac-8bfc-2602779b66e0 {{(pid=94665) execute /opt/stack/data/venv/lib/python3.12/site-packages/oslo_concurrency/processutils.py:440}}
Aug 11 17:10:04 devstack sudo[98289]: quobyte : PWD=/ ; USER=root ; COMMAND=/opt/stack/data/venv/bin/cinder-rootwrap /etc/cinder/rootwrap.conf env LC_ALL=C qemu-img info -f qcow2 --output=json --force-share /opt/stack/data/cinder/mnt/03fbe70899360ba15ed27ed5b5a82915/volume-d1d83a69-cb7b-44ac-8bfc-2602779b66e0
Aug 11 17:10:04 devstack sudo[98289]: pam_unix(sudo:session): session opened for user root(uid=0) by (uid=1000)
Aug 11 17:10:04 devstack sudo[98289]: pam_unix(sudo:session): session closed for user root
Aug 11 17:10:04 devstack cinder-volume[94665]: DEBUG oslo_concurrency.processutils [None req-cbaf1d99-543c-486f-b9f1-fea17cc52612 tempest-GroupSnapshotsTest-610999114 None] CMD "/opt/stack/data/venv/bin/python3.12 -m oslo_concurrency.prlimit --as=1073741824 --cpu=60 -- sudo cinder-rootwrap /etc/cinder/rootwrap.conf env LC_ALL=C qemu-img info -f qcow2 --output=json --force-share /opt/stack/data/cinder/mnt/03fbe70899360ba15ed27ed5b5a82915/volume-d1d83a69-cb7b-44ac-8bfc-2602779b66e0" returned: 0 in 0.489s {{(pid=94665) execute /opt/stack/data/venv/lib/python3.12/site-packages/oslo_concurrency/processutils.py:468}}
Aug 11 17:10:04 devstack cinder-volume[94665]: DEBUG oslo_concurrency.processutils [None req-cbaf1d99-543c-486f-b9f1-fea17cc52612 tempest-GroupSnapshotsTest-610999114 None] Running cmd (subprocess): sudo cinder-rootwrap /etc/cinder/rootwrap.conf qemu-img create -f qcow2 -o backing_file=/opt/stack/data/cinder/mnt/03fbe70899360ba15ed27ed5b5a82915/volume-d1d83a69-cb7b-44ac-8bfc-2602779b66e0,backing_fmt=qcow2 /opt/stack/data/cinder/mnt/03fbe70899360ba15ed27ed5b5a82915/volume-d1d83a69-cb7b-44ac-8bfc-2602779b66e0.5d0b9135-dde3-4ddf-a263-30279553beb2 1G {{(pid=94665) execute /opt/stack/data/venv/lib/python3.12/site-packages/oslo_concurrency/processutils.py:440}}
Aug 11 17:10:04 devstack sudo[98297]: quobyte : PWD=/ ; USER=root ; COMMAND=/opt/stack/data/venv/bin/cinder-rootwrap /etc/cinder/rootwrap.conf qemu-img create -f qcow2 -o backing_file=/opt/stack/data/cinder/mnt/03fbe70899360ba15ed27ed5b5a82915/volume-d1d83a69-cb7b-44ac-8bfc-2602779b66e0,backing_fmt=qcow2 /opt/stack/data/cinder/mnt/03fbe70899360ba15ed27ed5b5a82915/volume-d1d83a69-cb7b-44ac-8bfc-2602779b66e0.5d0b9135-dde3-4ddf-a263-30279553beb2 1G
Aug 11 17:10:04 devstack sudo[98297]: pam_unix(sudo:session): session opened for user root(uid=0) by (uid=1000)
Aug 11 17:10:05 devstack sudo[98297]: pam_unix(sudo:session): session closed for user root
Aug 11 17:10:05 devstack cinder-volume[94665]: DEBUG oslo_concurrency.processutils [None req-cbaf1d99-543c-486f-b9f1-fea17cc52612 tempest-GroupSnapshotsTest-610999114 None] CMD "sudo cinder-rootwrap /etc/cinder/rootwrap.conf qemu-img create -f qcow2 -o backing_file=/opt/stack/data/cinder/mnt/03fbe70899360ba15ed27ed5b5a82915/volume-d1d83a69-cb7b-44ac-8bfc-2602779b66e0,backing_fmt=qcow2 /opt/stack/data/cinder/mnt/03fbe70899360ba15ed27ed5b5a82915/volume-d1d83a69-cb7b-44ac-8bfc-2602779b66e0.5d0b9135-dde3-4ddf-a263-30279553beb2 1G" returned: 0 in 0.693s {{(pid=94665) execute /opt/stack/data/venv/lib/python3.12/site-packages/oslo_concurrency/processutils.py:468}}
Aug 11 17:10:05 devstack cinder-volume[94665]: DEBUG oslo_concurrency.processutils [None req-cbaf1d99-543c-486f-b9f1-fea17cc52612 tempest-GroupSnapshotsTest-610999114 None] Running cmd (subprocess): sudo cinder-rootwrap /etc/cinder/rootwrap.conf qemu-img rebase -u -b volume-d1d83a69-cb7b-44ac-8bfc-2602779b66e0 -F qcow2 /opt/stack/data/cinder/mnt/03fbe70899360ba15ed27ed5b5a82915/volume-d1d83a69-cb7b-44ac-8bfc-2602779b66e0.5d0b9135-dde3-4ddf-a263-30279553beb2 {{(pid=94665) execute /opt/stack/data/venv/lib/python3.12/site-packages/oslo_concurrency/processutils.py:440}}
Aug 11 17:10:05 devstack sudo[98309]: quobyte : PWD=/ ; USER=root ; COMMAND=/opt/stack/data/venv/bin/cinder-rootwrap /etc/cinder/rootwrap.conf qemu-img rebase -u -b volume-d1d83a69-cb7b-44ac-8bfc-2602779b66e0 -F qcow2 /opt/stack/data/cinder/mnt/03fbe70899360ba15ed27ed5b5a82915/volume-d1d83a69-cb7b-44ac-8bfc-2602779b66e0.5d0b9135-dde3-4ddf-a263-30279553beb2
Aug 11 17:10:05 devstack sudo[98309]: pam_unix(sudo:session): session opened for user root(uid=0) by (uid=1000)
Aug 11 17:10:05 devstack sudo[98309]: pam_unix(sudo:session): session closed for user root
Aug 11 17:10:05 devstack cinder-volume[94665]: DEBUG oslo_concurrency.processutils [None req-cbaf1d99-543c-486f-b9f1-fea17cc52612 tempest-GroupSnapshotsTest-610999114 None] CMD "sudo cinder-rootwrap /etc/cinder/rootwrap.conf qemu-img rebase -u -b volume-d1d83a69-cb7b-44ac-8bfc-2602779b66e0 -F qcow2 /opt/stack/data/cinder/mnt/03fbe70899360ba15ed27ed5b5a82915/volume-d1d83a69-cb7b-44ac-8bfc-2602779b66e0.5d0b9135-dde3-4ddf-a263-30279553beb2" returned: 0 in 0.330s {{(pid=94665) execute /opt/stack/data/venv/lib/python3.12/site-packages/oslo_concurrency/processutils.py:468}}
Aug 11 17:10:05 devstack cinder-volume[94665]: WARNING cinder.volume.drivers.remotefs [None req-cbaf1d99-543c-486f-b9f1-fea17cc52612 tempest-GroupSnapshotsTest-610999114 None] /opt/stack/data/cinder/mnt/03fbe70899360ba15ed27ed5b5a82915/volume-d1d83a69-cb7b-44ac-8bfc-2602779b66e0.5d0b9135-dde3-4ddf-a263-30279553beb2 is being set with open permissions: ugo+rw: NotImplementedError
Aug 11 17:10:05 devstack cinder-volume[94665]: DEBUG oslo_concurrency.processutils [None req-cbaf1d99-543c-486f-b9f1-fea17cc52612 tempest-GroupSnapshotsTest-610999114 None] Running cmd (subprocess): sudo cinder-rootwrap /etc/cinder/rootwrap.conf chmod ugo+rw /opt/stack/data/cinder/mnt/03fbe70899360ba15ed27ed5b5a82915/volume-d1d83a69-cb7b-44ac-8bfc-2602779b66e0.5d0b9135-dde3-4ddf-a263-30279553beb2 {{(pid=94665) execute /opt/stack/data/venv/lib/python3.12/site-packages/oslo_concurrency/processutils.py:440}}
Aug 11 17:10:05 devstack sudo[98314]: quobyte : PWD=/ ; USER=root ; COMMAND=/opt/stack/data/venv/bin/cinder-rootwrap /etc/cinder/rootwrap.conf chmod ugo+rw /opt/stack/data/cinder/mnt/03fbe70899360ba15ed27ed5b5a82915/volume-d1d83a69-cb7b-44ac-8bfc-2602779b66e0.5d0b9135-dde3-4ddf-a263-30279553beb2
Aug 11 17:10:05 devstack sudo[98314]: pam_unix(sudo:session): session opened for user root(uid=0) by (uid=1000)
Aug 11 17:10:05 devstack sudo[98314]: pam_unix(sudo:session): session closed for user root
Aug 11 17:10:06 devstack cinder-volume[94665]: DEBUG oslo_concurrency.processutils [None req-cbaf1d99-543c-486f-b9f1-fea17cc52612 tempest-GroupSnapshotsTest-610999114 None] CMD "sudo cinder-rootwrap /etc/cinder/rootwrap.conf chmod ugo+rw /opt/stack/data/cinder/mnt/03fbe70899360ba15ed27ed5b5a82915/volume-d1d83a69-cb7b-44ac-8bfc-2602779b66e0.5d0b9135-dde3-4ddf-a263-30279553beb2" returned: 0 in 0.341s {{(pid=94665) execute /opt/stack/data/venv/lib/python3.12/site-packages/oslo_concurrency/processutils.py:468}}
Aug 11 17:10:06 devstack cinder-volume[94665]: DEBUG oslo_concurrency.processutils [None req-cbaf1d99-543c-486f-b9f1-fea17cc52612 tempest-GroupSnapshotsTest-610999114 None] Running cmd (subprocess): sudo cinder-rootwrap /etc/cinder/rootwrap.conf truncate -s0 /opt/stack/data/cinder/mnt/03fbe70899360ba15ed27ed5b5a82915/volume-d1d83a69-cb7b-44ac-8bfc-2602779b66e0.info {{(pid=94665) execute /opt/stack/data/venv/lib/python3.12/site-packages/oslo_concurrency/processutils.py:440}}
Aug 11 17:10:06 devstack sudo[98326]: quobyte : PWD=/ ; USER=root ; COMMAND=/opt/stack/data/venv/bin/cinder-rootwrap /etc/cinder/rootwrap.conf truncate -s0 /opt/stack/data/cinder/mnt/03fbe70899360ba15ed27ed5b5a82915/volume-d1d83a69-cb7b-44ac-8bfc-2602779b66e0.info
Aug 11 17:10:06 devstack sudo[98326]: pam_unix(sudo:session): session opened for user root(uid=0) by (uid=1000)
Aug 11 17:10:06 devstack cinder-volume[94665]: DEBUG oslo_concurrency.lockutils [req-34e6333a-fc84-433d-9508-398bd211de99 req-818f6b4e-1533-4314-a168-b73324fa5220 tempest-ServerActionsTestOtherA-975827687 None] Acquiring lock "quobyte" by "cinder.volume.drivers.quobyte.QuobyteDriver.initialize_connection" {{(pid=94665) inner /opt/stack/data/venv/lib/python3.12/site-packages/oslo_concurrency/lockutils.py:512}}
Aug 11 17:10:06 devstack sudo[98326]: pam_unix(sudo:session): session closed for user root
Aug 11 17:10:06 devstack cinder-volume[94665]: DEBUG oslo_concurrency.processutils [None req-cbaf1d99-543c-486f-b9f1-fea17cc52612 tempest-GroupSnapshotsTest-610999114 None] CMD "sudo cinder-rootwrap /etc/cinder/rootwrap.conf truncate -s0 /opt/stack/data/cinder/mnt/03fbe70899360ba15ed27ed5b5a82915/volume-d1d83a69-cb7b-44ac-8bfc-2602779b66e0.info" returned: 0 in 0.413s {{(pid=94665) execute /opt/stack/data/venv/lib/python3.12/site-packages/oslo_concurrency/processutils.py:468}}
Aug 11 17:10:06 devstack cinder-volume[94665]: WARNING cinder.volume.drivers.remotefs [None req-cbaf1d99-543c-486f-b9f1-fea17cc52612 tempest-GroupSnapshotsTest-610999114 None] /opt/stack/data/cinder/mnt/03fbe70899360ba15ed27ed5b5a82915/volume-d1d83a69-cb7b-44ac-8bfc-2602779b66e0.info is being set with open permissions: ugo+rw: NotImplementedError
Aug 11 17:10:06 devstack cinder-volume[94665]: DEBUG oslo_concurrency.processutils [None req-cbaf1d99-543c-486f-b9f1-fea17cc52612 tempest-GroupSnapshotsTest-610999114 None] Running cmd (subprocess): sudo cinder-rootwrap /etc/cinder/rootwrap.conf chmod ugo+rw /opt/stack/data/cinder/mnt/03fbe70899360ba15ed27ed5b5a82915/volume-d1d83a69-cb7b-44ac-8bfc-2602779b66e0.info {{(pid=94665) execute /opt/stack/data/venv/lib/python3.12/site-packages/oslo_concurrency/processutils.py:440}}
Aug 11 17:10:06 devstack sudo[98329]: quobyte : PWD=/ ; USER=root ; COMMAND=/opt/stack/data/venv/bin/cinder-rootwrap /etc/cinder/rootwrap.conf chmod ugo+rw /opt/stack/data/cinder/mnt/03fbe70899360ba15ed27ed5b5a82915/volume-d1d83a69-cb7b-44ac-8bfc-2602779b66e0.info
Aug 11 17:10:06 devstack sudo[98329]: pam_unix(sudo:session): session opened for user root(uid=0) by (uid=1000)
Aug 11 17:10:06 devstack sudo[98329]: pam_unix(sudo:session): session closed for user root
Aug 11 17:10:06 devstack cinder-volume[94665]: DEBUG oslo_concurrency.processutils [None req-cbaf1d99-543c-486f-b9f1-fea17cc52612 tempest-GroupSnapshotsTest-610999114 None] CMD "sudo cinder-rootwrap /etc/cinder/rootwrap.conf chmod ugo+rw /opt/stack/data/cinder/mnt/03fbe70899360ba15ed27ed5b5a82915/volume-d1d83a69-cb7b-44ac-8bfc-2602779b66e0.info" returned: 0 in 0.296s {{(pid=94665) execute /opt/stack/data/venv/lib/python3.12/site-packages/oslo_concurrency/processutils.py:468}}
Aug 11 17:10:06 devstack cinder-volume[94665]: DEBUG oslo_concurrency.lockutils [None req-cbaf1d99-543c-486f-b9f1-fea17cc52612 tempest-GroupSnapshotsTest-610999114 None] Lock "quobyte" "released" by "cinder.volume.drivers.quobyte.QuobyteDriver.create_snapshot" :: held 2.691s {{(pid=94665) inner /opt/stack/data/venv/lib/python3.12/site-packages/oslo_concurrency/lockutils.py:544}}
Aug 11 17:10:06 devstack cinder-volume[94665]: DEBUG oslo_concurrency.lockutils [None req-cbaf1d99-543c-486f-b9f1-fea17cc52612 tempest-GroupSnapshotsTest-610999114 None] Acquiring lock "quobyte" by "cinder.volume.drivers.quobyte.QuobyteDriver.create_snapshot" {{(pid=94665) inner /opt/stack/data/venv/lib/python3.12/site-packages/oslo_concurrency/lockutils.py:512}}
Aug 11 17:10:06 devstack cinder-volume[94665]: DEBUG oslo_concurrency.lockutils [None req-cbaf1d99-543c-486f-b9f1-fea17cc52612 tempest-GroupSnapshotsTest-610999114 None] Lock "quobyte" acquired by "cinder.volume.drivers.quobyte.QuobyteDriver.create_snapshot" :: waited 0.000s {{(pid=94665) inner /opt/stack/data/venv/lib/python3.12/site-packages/oslo_concurrency/lockutils.py:525}}
Aug 11 17:10:06 devstack cinder-volume[94665]: DEBUG cinder.volume.drivers.remotefs [None req-cbaf1d99-543c-486f-b9f1-fea17cc52612 tempest-GroupSnapshotsTest-610999114 None] Creating offline snapshot d5a0489e-877a-452f-85b3-32d1373bca7a of volume b9233e67-181d-407e-a07e-c3db7cd8292c {{(pid=94665) _create_snapshot /opt/stack/cinder/cinder/volume/drivers/remotefs.py:1816}}
Aug 11 17:10:06 devstack cinder-volume[94665]: DEBUG oslo.privsep.daemon [-] privsep: reply[ea5711bb-506f-43c9-ad8e-2c717fe3ede2]: (4, 'qcow2') {{(pid=96260) _call_back /opt/stack/data/venv/lib/python3.12/site-packages/oslo_privsep/daemon.py:580}}
Aug 11 17:10:06 devstack cinder-volume[94665]: DEBUG oslo_concurrency.processutils [None req-cbaf1d99-543c-486f-b9f1-fea17cc52612 tempest-GroupSnapshotsTest-610999114 None] Running cmd (subprocess): /opt/stack/data/venv/bin/python3.12 -m oslo_concurrency.prlimit --as=1073741824 --cpu=60 -- sudo cinder-rootwrap /etc/cinder/rootwrap.conf env LC_ALL=C qemu-img info -f qcow2 --output=json --force-share /opt/stack/data/cinder/mnt/03fbe70899360ba15ed27ed5b5a82915/volume-b9233e67-181d-407e-a07e-c3db7cd8292c {{(pid=94665) execute /opt/stack/data/venv/lib/python3.12/site-packages/oslo_concurrency/processutils.py:440}}
Aug 11 17:10:07 devstack sudo[98332]: quobyte : PWD=/ ; USER=root ; COMMAND=/opt/stack/data/venv/bin/cinder-rootwrap /etc/cinder/rootwrap.conf env LC_ALL=C qemu-img info -f qcow2 --output=json --force-share /opt/stack/data/cinder/mnt/03fbe70899360ba15ed27ed5b5a82915/volume-b9233e67-181d-407e-a07e-c3db7cd8292c
Aug 11 17:10:07 devstack sudo[98332]: pam_unix(sudo:session): session opened for user root(uid=0) by (uid=1000)
Aug 11 17:10:07 devstack sudo[98332]: pam_unix(sudo:session): session closed for user root
Aug 11 17:10:07 devstack cinder-volume[94665]: DEBUG oslo_concurrency.processutils [None req-cbaf1d99-543c-486f-b9f1-fea17cc52612 tempest-GroupSnapshotsTest-610999114 None] CMD "/opt/stack/data/venv/bin/python3.12 -m oslo_concurrency.prlimit --as=1073741824 --cpu=60 -- sudo cinder-rootwrap /etc/cinder/rootwrap.conf env LC_ALL=C qemu-img info -f qcow2 --output=json --force-share /opt/stack/data/cinder/mnt/03fbe70899360ba15ed27ed5b5a82915/volume-b9233e67-181d-407e-a07e-c3db7cd8292c" returned: 0 in 0.449s {{(pid=94665) execute /opt/stack/data/venv/lib/python3.12/site-packages/oslo_concurrency/processutils.py:468}}
Aug 11 17:10:07 devstack cinder-volume[94665]: DEBUG oslo_concurrency.processutils [None req-cbaf1d99-543c-486f-b9f1-fea17cc52612 tempest-GroupSnapshotsTest-610999114 None] Running cmd (subprocess): sudo cinder-rootwrap /etc/cinder/rootwrap.conf qemu-img create -f qcow2 -o backing_file=/opt/stack/data/cinder/mnt/03fbe70899360ba15ed27ed5b5a82915/volume-b9233e67-181d-407e-a07e-c3db7cd8292c,backing_fmt=qcow2 /opt/stack/data/cinder/mnt/03fbe70899360ba15ed27ed5b5a82915/volume-b9233e67-181d-407e-a07e-c3db7cd8292c.d5a0489e-877a-452f-85b3-32d1373bca7a 1G {{(pid=94665) execute /opt/stack/data/venv/lib/python3.12/site-packages/oslo_concurrency/processutils.py:440}}
Aug 11 17:10:07 devstack sudo[98337]: quobyte : PWD=/ ; USER=root ; COMMAND=/opt/stack/data/venv/bin/cinder-rootwrap /etc/cinder/rootwrap.conf qemu-img create -f qcow2 -o backing_file=/opt/stack/data/cinder/mnt/03fbe70899360ba15ed27ed5b5a82915/volume-b9233e67-181d-407e-a07e-c3db7cd8292c,backing_fmt=qcow2 /opt/stack/data/cinder/mnt/03fbe70899360ba15ed27ed5b5a82915/volume-b9233e67-181d-407e-a07e-c3db7cd8292c.d5a0489e-877a-452f-85b3-32d1373bca7a 1G
Aug 11 17:10:07 devstack sudo[98337]: pam_unix(sudo:session): session opened for user root(uid=0) by (uid=1000)
Aug 11 17:10:07 devstack sudo[98337]: pam_unix(sudo:session): session closed for user root
Aug 11 17:10:07 devstack cinder-volume[94665]: DEBUG oslo_concurrency.processutils [None req-cbaf1d99-543c-486f-b9f1-fea17cc52612 tempest-GroupSnapshotsTest-610999114 None] CMD "sudo cinder-rootwrap /etc/cinder/rootwrap.conf qemu-img create -f qcow2 -o backing_file=/opt/stack/data/cinder/mnt/03fbe70899360ba15ed27ed5b5a82915/volume-b9233e67-181d-407e-a07e-c3db7cd8292c,backing_fmt=qcow2 /opt/stack/data/cinder/mnt/03fbe70899360ba15ed27ed5b5a82915/volume-b9233e67-181d-407e-a07e-c3db7cd8292c.d5a0489e-877a-452f-85b3-32d1373bca7a 1G" returned: 0 in 0.559s {{(pid=94665) execute /opt/stack/data/venv/lib/python3.12/site-packages/oslo_concurrency/processutils.py:468}}
Aug 11 17:10:07 devstack cinder-volume[94665]: DEBUG oslo_concurrency.processutils [None req-cbaf1d99-543c-486f-b9f1-fea17cc52612 tempest-GroupSnapshotsTest-610999114 None] Running cmd (subprocess): sudo cinder-rootwrap /etc/cinder/rootwrap.conf qemu-img rebase -u -b volume-b9233e67-181d-407e-a07e-c3db7cd8292c -F qcow2 /opt/stack/data/cinder/mnt/03fbe70899360ba15ed27ed5b5a82915/volume-b9233e67-181d-407e-a07e-c3db7cd8292c.d5a0489e-877a-452f-85b3-32d1373bca7a {{(pid=94665) execute /opt/stack/data/venv/lib/python3.12/site-packages/oslo_concurrency/processutils.py:440}}
Aug 11 17:10:07 devstack sudo[98344]: quobyte : PWD=/ ; USER=root ; COMMAND=/opt/stack/data/venv/bin/cinder-rootwrap /etc/cinder/rootwrap.conf qemu-img rebase -u -b volume-b9233e67-181d-407e-a07e-c3db7cd8292c -F qcow2 /opt/stack/data/cinder/mnt/03fbe70899360ba15ed27ed5b5a82915/volume-b9233e67-181d-407e-a07e-c3db7cd8292c.d5a0489e-877a-452f-85b3-32d1373bca7a
Aug 11 17:10:07 devstack sudo[98344]: pam_unix(sudo:session): session opened for user root(uid=0) by (uid=1000)
Aug 11 17:10:08 devstack cinder-volume[94665]: DEBUG cinder.coordination [None req-3c1f0e46-c250-4769-8ab0-1d4ab8f68e93 tempest-TaggedAttachmentsTest-709136032 None] Acquiring lock "cinder-78f9cde2-e8a3-45b0-8f38-e2ed5da62d58-delete_volume" by "delete_volume" {{(pid=94665) __acquire /opt/stack/cinder/cinder/coordination.py:138}}
Aug 11 17:10:08 devstack cinder-volume[94665]: DEBUG cinder.coordination [None req-3c1f0e46-c250-4769-8ab0-1d4ab8f68e93 tempest-TaggedAttachmentsTest-709136032 None] Lock "cinder-78f9cde2-e8a3-45b0-8f38-e2ed5da62d58-delete_volume" acquired by "delete_volume" :: waited 0.039s {{(pid=94665) __acquire /opt/stack/cinder/cinder/coordination.py:141}}
Aug 11 17:10:08 devstack cinder-volume[94665]: DEBUG cinder.coordination [None req-3c1f0e46-c250-4769-8ab0-1d4ab8f68e93 tempest-TaggedAttachmentsTest-709136032 None] Acquiring lock "cinder-quobyte-78f9cde2-e8a3-45b0-8f38-e2ed5da62d58" by "delete_volume" {{(pid=94665) __acquire /opt/stack/cinder/cinder/coordination.py:138}}
Aug 11 17:10:08 devstack cinder-volume[94665]: DEBUG cinder.coordination [None req-3c1f0e46-c250-4769-8ab0-1d4ab8f68e93 tempest-TaggedAttachmentsTest-709136032 None] Lock "cinder-quobyte-78f9cde2-e8a3-45b0-8f38-e2ed5da62d58" acquired by "delete_volume" :: waited 0.022s {{(pid=94665) __acquire /opt/stack/cinder/cinder/coordination.py:141}}
Aug 11 17:10:08 devstack cinder-volume[94665]: DEBUG oslo.privsep.daemon [-] privsep: reply[dd52697b-8cbd-414a-98e3-e77ae34b69f4]: (4, 'qcow2') {{(pid=96260) _call_back /opt/stack/data/venv/lib/python3.12/site-packages/oslo_privsep/daemon.py:580}}
Aug 11 17:10:08 devstack cinder-volume[94665]: DEBUG oslo_concurrency.processutils [None req-3c1f0e46-c250-4769-8ab0-1d4ab8f68e93 tempest-TaggedAttachmentsTest-709136032 None] Running cmd (subprocess): /opt/stack/data/venv/bin/python3.12 -m oslo_concurrency.prlimit --as=1073741824 --cpu=60 -- sudo cinder-rootwrap /etc/cinder/rootwrap.conf env LC_ALL=C qemu-img info -f qcow2 --output=json --force-share /opt/stack/data/cinder/mnt/03fbe70899360ba15ed27ed5b5a82915/volume-78f9cde2-e8a3-45b0-8f38-e2ed5da62d58 {{(pid=94665) execute /opt/stack/data/venv/lib/python3.12/site-packages/oslo_concurrency/processutils.py:440}}
Aug 11 17:10:08 devstack sudo[98344]: pam_unix(sudo:session): session closed for user root
Aug 11 17:10:08 devstack cinder-volume[94665]: DEBUG oslo_concurrency.processutils [None req-cbaf1d99-543c-486f-b9f1-fea17cc52612 tempest-GroupSnapshotsTest-610999114 None] CMD "sudo cinder-rootwrap /etc/cinder/rootwrap.conf qemu-img rebase -u -b volume-b9233e67-181d-407e-a07e-c3db7cd8292c -F qcow2 /opt/stack/data/cinder/mnt/03fbe70899360ba15ed27ed5b5a82915/volume-b9233e67-181d-407e-a07e-c3db7cd8292c.d5a0489e-877a-452f-85b3-32d1373bca7a" returned: 0 in 0.400s {{(pid=94665) execute /opt/stack/data/venv/lib/python3.12/site-packages/oslo_concurrency/processutils.py:468}}
Aug 11 17:10:08 devstack cinder-volume[94665]: WARNING cinder.volume.drivers.remotefs [None req-cbaf1d99-543c-486f-b9f1-fea17cc52612 tempest-GroupSnapshotsTest-610999114 None] /opt/stack/data/cinder/mnt/03fbe70899360ba15ed27ed5b5a82915/volume-b9233e67-181d-407e-a07e-c3db7cd8292c.d5a0489e-877a-452f-85b3-32d1373bca7a is being set with open permissions: ugo+rw: NotImplementedError
Aug 11 17:10:08 devstack cinder-volume[94665]: DEBUG oslo_concurrency.processutils [None req-cbaf1d99-543c-486f-b9f1-fea17cc52612 tempest-GroupSnapshotsTest-610999114 None] Running cmd (subprocess): sudo cinder-rootwrap /etc/cinder/rootwrap.conf chmod ugo+rw /opt/stack/data/cinder/mnt/03fbe70899360ba15ed27ed5b5a82915/volume-b9233e67-181d-407e-a07e-c3db7cd8292c.d5a0489e-877a-452f-85b3-32d1373bca7a {{(pid=94665) execute /opt/stack/data/venv/lib/python3.12/site-packages/oslo_concurrency/processutils.py:440}}
Aug 11 17:10:08 devstack sudo[98352]: quobyte : PWD=/ ; USER=root ; COMMAND=/opt/stack/data/venv/bin/cinder-rootwrap /etc/cinder/rootwrap.conf chmod ugo+rw /opt/stack/data/cinder/mnt/03fbe70899360ba15ed27ed5b5a82915/volume-b9233e67-181d-407e-a07e-c3db7cd8292c.d5a0489e-877a-452f-85b3-32d1373bca7a
Aug 11 17:10:08 devstack sudo[98352]: pam_unix(sudo:session): session opened for user root(uid=0) by (uid=1000)
Aug 11 17:10:08 devstack sudo[98351]: quobyte : PWD=/ ; USER=root ; COMMAND=/opt/stack/data/venv/bin/cinder-rootwrap /etc/cinder/rootwrap.conf env LC_ALL=C qemu-img info -f qcow2 --output=json --force-share /opt/stack/data/cinder/mnt/03fbe70899360ba15ed27ed5b5a82915/volume-78f9cde2-e8a3-45b0-8f38-e2ed5da62d58
Aug 11 17:10:08 devstack sudo[98351]: pam_unix(sudo:session): session opened for user root(uid=0) by (uid=1000)
Aug 11 17:10:08 devstack sudo[98352]: pam_unix(sudo:session): session closed for user root
Aug 11 17:10:08 devstack cinder-volume[94665]: DEBUG oslo_concurrency.processutils [None req-cbaf1d99-543c-486f-b9f1-fea17cc52612 tempest-GroupSnapshotsTest-610999114 None] CMD "sudo cinder-rootwrap /etc/cinder/rootwrap.conf chmod ugo+rw /opt/stack/data/cinder/mnt/03fbe70899360ba15ed27ed5b5a82915/volume-b9233e67-181d-407e-a07e-c3db7cd8292c.d5a0489e-877a-452f-85b3-32d1373bca7a" returned: 0 in 0.253s {{(pid=94665) execute /opt/stack/data/venv/lib/python3.12/site-packages/oslo_concurrency/processutils.py:468}}
Aug 11 17:10:08 devstack cinder-volume[94665]: DEBUG oslo_concurrency.processutils [None req-cbaf1d99-543c-486f-b9f1-fea17cc52612 tempest-GroupSnapshotsTest-610999114 None] Running cmd (subprocess): sudo cinder-rootwrap /etc/cinder/rootwrap.conf truncate -s0 /opt/stack/data/cinder/mnt/03fbe70899360ba15ed27ed5b5a82915/volume-b9233e67-181d-407e-a07e-c3db7cd8292c.info {{(pid=94665) execute /opt/stack/data/venv/lib/python3.12/site-packages/oslo_concurrency/processutils.py:440}}
Aug 11 17:10:08 devstack sudo[98357]: quobyte : PWD=/ ; USER=root ; COMMAND=/opt/stack/data/venv/bin/cinder-rootwrap /etc/cinder/rootwrap.conf truncate -s0 /opt/stack/data/cinder/mnt/03fbe70899360ba15ed27ed5b5a82915/volume-b9233e67-181d-407e-a07e-c3db7cd8292c.info
Aug 11 17:10:08 devstack sudo[98357]: pam_unix(sudo:session): session opened for user root(uid=0) by (uid=1000)
Aug 11 17:10:08 devstack sudo[98351]: pam_unix(sudo:session): session closed for user root
Aug 11 17:10:08 devstack cinder-volume[94665]: DEBUG oslo_concurrency.processutils [None req-3c1f0e46-c250-4769-8ab0-1d4ab8f68e93 tempest-TaggedAttachmentsTest-709136032 None] CMD "/opt/stack/data/venv/bin/python3.12 -m oslo_concurrency.prlimit --as=1073741824 --cpu=60 -- sudo cinder-rootwrap /etc/cinder/rootwrap.conf env LC_ALL=C qemu-img info -f qcow2 --output=json --force-share /opt/stack/data/cinder/mnt/03fbe70899360ba15ed27ed5b5a82915/volume-78f9cde2-e8a3-45b0-8f38-e2ed5da62d58" returned: 0 in 0.405s {{(pid=94665) execute /opt/stack/data/venv/lib/python3.12/site-packages/oslo_concurrency/processutils.py:468}}
Aug 11 17:10:08 devstack cinder-volume[94665]: DEBUG oslo_concurrency.processutils [None req-3c1f0e46-c250-4769-8ab0-1d4ab8f68e93 tempest-TaggedAttachmentsTest-709136032 None] Running cmd (subprocess): sudo cinder-rootwrap /etc/cinder/rootwrap.conf rm -f /opt/stack/data/cinder/mnt/03fbe70899360ba15ed27ed5b5a82915/volume-78f9cde2-e8a3-45b0-8f38-e2ed5da62d58 {{(pid=94665) execute /opt/stack/data/venv/lib/python3.12/site-packages/oslo_concurrency/processutils.py:440}}
Aug 11 17:10:08 devstack sudo[98361]: quobyte : PWD=/ ; USER=root ; COMMAND=/opt/stack/data/venv/bin/cinder-rootwrap /etc/cinder/rootwrap.conf rm -f /opt/stack/data/cinder/mnt/03fbe70899360ba15ed27ed5b5a82915/volume-78f9cde2-e8a3-45b0-8f38-e2ed5da62d58
Aug 11 17:10:08 devstack sudo[98361]: pam_unix(sudo:session): session opened for user root(uid=0) by (uid=1000)
Aug 11 17:10:08 devstack sudo[98357]: pam_unix(sudo:session): session closed for user root
Aug 11 17:10:08 devstack cinder-volume[94665]: DEBUG oslo_concurrency.processutils [None req-cbaf1d99-543c-486f-b9f1-fea17cc52612 tempest-GroupSnapshotsTest-610999114 None] CMD "sudo cinder-rootwrap /etc/cinder/rootwrap.conf truncate -s0 /opt/stack/data/cinder/mnt/03fbe70899360ba15ed27ed5b5a82915/volume-b9233e67-181d-407e-a07e-c3db7cd8292c.info" returned: 0 in 0.294s {{(pid=94665) execute /opt/stack/data/venv/lib/python3.12/site-packages/oslo_concurrency/processutils.py:468}}
Aug 11 17:10:08 devstack cinder-volume[94665]: WARNING cinder.volume.drivers.remotefs [None req-cbaf1d99-543c-486f-b9f1-fea17cc52612 tempest-GroupSnapshotsTest-610999114 None] /opt/stack/data/cinder/mnt/03fbe70899360ba15ed27ed5b5a82915/volume-b9233e67-181d-407e-a07e-c3db7cd8292c.info is being set with open permissions: ugo+rw: NotImplementedError
Aug 11 17:10:08 devstack cinder-volume[94665]: DEBUG oslo_concurrency.processutils [None req-cbaf1d99-543c-486f-b9f1-fea17cc52612 tempest-GroupSnapshotsTest-610999114 None] Running cmd (subprocess): sudo cinder-rootwrap /etc/cinder/rootwrap.conf chmod ugo+rw /opt/stack/data/cinder/mnt/03fbe70899360ba15ed27ed5b5a82915/volume-b9233e67-181d-407e-a07e-c3db7cd8292c.info {{(pid=94665) execute /opt/stack/data/venv/lib/python3.12/site-packages/oslo_concurrency/processutils.py:440}}
Aug 11 17:10:08 devstack sudo[98364]: quobyte : PWD=/ ; USER=root ; COMMAND=/opt/stack/data/venv/bin/cinder-rootwrap /etc/cinder/rootwrap.conf chmod ugo+rw /opt/stack/data/cinder/mnt/03fbe70899360ba15ed27ed5b5a82915/volume-b9233e67-181d-407e-a07e-c3db7cd8292c.info
Aug 11 17:10:08 devstack sudo[98364]: pam_unix(sudo:session): session opened for user root(uid=0) by (uid=1000)
Aug 11 17:10:08 devstack sudo[98361]: pam_unix(sudo:session): session closed for user root
Aug 11 17:10:08 devstack cinder-volume[94665]: DEBUG oslo_concurrency.processutils [None req-3c1f0e46-c250-4769-8ab0-1d4ab8f68e93 tempest-TaggedAttachmentsTest-709136032 None] CMD "sudo cinder-rootwrap /etc/cinder/rootwrap.conf rm -f /opt/stack/data/cinder/mnt/03fbe70899360ba15ed27ed5b5a82915/volume-78f9cde2-e8a3-45b0-8f38-e2ed5da62d58" returned: 0 in 0.312s {{(pid=94665) execute /opt/stack/data/venv/lib/python3.12/site-packages/oslo_concurrency/processutils.py:468}}
Aug 11 17:10:09 devstack cinder-volume[94665]: DEBUG cinder.coordination [None req-3c1f0e46-c250-4769-8ab0-1d4ab8f68e93 tempest-TaggedAttachmentsTest-709136032 None] Lock "cinder-quobyte-78f9cde2-e8a3-45b0-8f38-e2ed5da62d58" released by "delete_volume" :: held 0.777s {{(pid=94665) __release /opt/stack/cinder/cinder/coordination.py:152}}
Aug 11 17:10:09 devstack cinder-volume[94665]: DEBUG cinder.quota [None req-3c1f0e46-c250-4769-8ab0-1d4ab8f68e93 tempest-TaggedAttachmentsTest-709136032 None] Created reservations ['7099fa3a-6305-461c-ba91-db932cd234d2', '4140f895-aa79-48fe-93c1-1e674e8304fd', '9bebfd4b-12f1-4d89-9d05-0c3506e9d4b2', '206d405b-49c8-4e87-806b-4d21949ceb16'] {{(pid=94665) reserve /opt/stack/cinder/cinder/quota.py:752}}
Aug 11 17:10:09 devstack cinder-volume[94665]: DEBUG oslo_concurrency.lockutils [None req-3c1f0e46-c250-4769-8ab0-1d4ab8f68e93 tempest-TaggedAttachmentsTest-709136032 None] Acquiring lock "quobyte_ensure" by "cinder.volume.drivers.quobyte.QuobyteDriver._ensure_shares_mounted" {{(pid=94665) inner /opt/stack/data/venv/lib/python3.12/site-packages/oslo_concurrency/lockutils.py:512}}
Aug 11 17:10:09 devstack cinder-volume[94665]: DEBUG oslo_concurrency.lockutils [None req-3c1f0e46-c250-4769-8ab0-1d4ab8f68e93 tempest-TaggedAttachmentsTest-709136032 None] Lock "quobyte_ensure" acquired by "cinder.volume.drivers.quobyte.QuobyteDriver._ensure_shares_mounted" :: waited 0.001s {{(pid=94665) inner /opt/stack/data/venv/lib/python3.12/site-packages/oslo_concurrency/lockutils.py:525}}
Aug 11 17:10:09 devstack cinder-volume[94665]: DEBUG cinder.volume.drivers.quobyte [None req-3c1f0e46-c250-4769-8ab0-1d4ab8f68e93 tempest-TaggedAttachmentsTest-709136032 None] Quobyte Volume URL set to: {'osci02.corp.quobyte.com/cinder-vol-34012e11-1c0e-42a5-9f9f-bd9208e0efbd': None} {{(pid=94665) _load_shares_config /opt/stack/cinder/cinder/volume/drivers/quobyte.py:665}}
Aug 11 17:10:09 devstack sudo[98364]: pam_unix(sudo:session): session closed for user root
Aug 11 17:10:09 devstack cinder-volume[94665]: DEBUG cinder.volume.drivers.quobyte [None req-3c1f0e46-c250-4769-8ab0-1d4ab8f68e93 tempest-TaggedAttachmentsTest-709136032 None] Available shares ['osci02.corp.quobyte.com/cinder-vol-34012e11-1c0e-42a5-9f9f-bd9208e0efbd'] {{(pid=94665) _ensure_shares_mounted /opt/stack/cinder/cinder/volume/drivers/quobyte.py:695}}
Aug 11 17:10:09 devstack cinder-volume[94665]: DEBUG oslo_concurrency.lockutils [None req-3c1f0e46-c250-4769-8ab0-1d4ab8f68e93 tempest-TaggedAttachmentsTest-709136032 None] Lock "quobyte_ensure" "released" by "cinder.volume.drivers.quobyte.QuobyteDriver._ensure_shares_mounted" :: held 0.008s {{(pid=94665) inner /opt/stack/data/venv/lib/python3.12/site-packages/oslo_concurrency/lockutils.py:544}}
Aug 11 17:10:09 devstack cinder-volume[94665]: DEBUG oslo_concurrency.processutils [None req-3c1f0e46-c250-4769-8ab0-1d4ab8f68e93 tempest-TaggedAttachmentsTest-709136032 None] Running cmd (subprocess): sudo cinder-rootwrap /etc/cinder/rootwrap.conf df --portability --block-size 1 /opt/stack/data/cinder/mnt/03fbe70899360ba15ed27ed5b5a82915 {{(pid=94665) execute /opt/stack/data/venv/lib/python3.12/site-packages/oslo_concurrency/processutils.py:440}}
Aug 11 17:10:09 devstack cinder-volume[94665]: DEBUG oslo_concurrency.processutils [None req-cbaf1d99-543c-486f-b9f1-fea17cc52612 tempest-GroupSnapshotsTest-610999114 None] CMD "sudo cinder-rootwrap /etc/cinder/rootwrap.conf chmod ugo+rw /opt/stack/data/cinder/mnt/03fbe70899360ba15ed27ed5b5a82915/volume-b9233e67-181d-407e-a07e-c3db7cd8292c.info" returned: 0 in 0.351s {{(pid=94665) execute /opt/stack/data/venv/lib/python3.12/site-packages/oslo_concurrency/processutils.py:468}}
Aug 11 17:10:09 devstack sudo[98368]: quobyte : PWD=/ ; USER=root ; COMMAND=/opt/stack/data/venv/bin/cinder-rootwrap /etc/cinder/rootwrap.conf df --portability --block-size 1 /opt/stack/data/cinder/mnt/03fbe70899360ba15ed27ed5b5a82915
Aug 11 17:10:09 devstack sudo[98368]: pam_unix(sudo:session): session opened for user root(uid=0) by (uid=1000)
Aug 11 17:10:09 devstack cinder-volume[94665]: DEBUG oslo_concurrency.lockutils [None req-cbaf1d99-543c-486f-b9f1-fea17cc52612 tempest-GroupSnapshotsTest-610999114 None] Lock "quobyte" "released" by "cinder.volume.drivers.quobyte.QuobyteDriver.create_snapshot" :: held 2.437s {{(pid=94665) inner /opt/stack/data/venv/lib/python3.12/site-packages/oslo_concurrency/lockutils.py:544}}
Aug 11 17:10:09 devstack cinder-volume[94665]: DEBUG oslo_concurrency.lockutils [req-34e6333a-fc84-433d-9508-398bd211de99 req-818f6b4e-1533-4314-a168-b73324fa5220 tempest-ServerActionsTestOtherA-975827687 None] Lock "quobyte" acquired by "cinder.volume.drivers.quobyte.QuobyteDriver.initialize_connection" :: waited 3.104s {{(pid=94665) inner /opt/stack/data/venv/lib/python3.12/site-packages/oslo_concurrency/lockutils.py:525}}
Aug 11 17:10:09 devstack cinder-volume[94665]: DEBUG oslo_concurrency.lockutils [req-34e6333a-fc84-433d-9508-398bd211de99 req-818f6b4e-1533-4314-a168-b73324fa5220 tempest-ServerActionsTestOtherA-975827687 None] Lock "quobyte" "released" by "cinder.volume.drivers.quobyte.QuobyteDriver.initialize_connection" :: held 0.030s {{(pid=94665) inner /opt/stack/data/venv/lib/python3.12/site-packages/oslo_concurrency/lockutils.py:544}}
Aug 11 17:10:09 devstack cinder-volume[94665]: DEBUG cinder.volume.manager [req-34e6333a-fc84-433d-9508-398bd211de99 req-818f6b4e-1533-4314-a168-b73324fa5220 tempest-ServerActionsTestOtherA-975827687 None] Connection info returned from driver {'export': 'osci02.corp.quobyte.com/cinder-vol-34012e11-1c0e-42a5-9f9f-bd9208e0efbd', 'name': 'volume-678548dc-eb72-4dd4-b117-79b56e9adc61', 'options': None, 'format': 'qcow2', 'qos_specs': None, 'access_mode': 'rw', 'encrypted': False, 'cacheable': False, 'driver_volume_type': 'quobyte', 'mount_point_base': '/opt/stack/data/cinder/mnt', 'attachment_id': '96562399-c770-4c97-917c-d06d557d8862', 'enforce_multipath': True} {{(pid=94665) _connection_create /opt/stack/cinder/cinder/volume/manager.py:4924}}
Aug 11 17:10:09 devstack cinder-volume[94665]: INFO cinder.volume.manager [req-34e6333a-fc84-433d-9508-398bd211de99 req-818f6b4e-1533-4314-a168-b73324fa5220 tempest-ServerActionsTestOtherA-975827687 None] attachment_update completed successfully.
Aug 11 17:10:09 devstack cinder-volume[94665]: INFO cinder.volume.manager [None req-cbaf1d99-543c-486f-b9f1-fea17cc52612 tempest-GroupSnapshotsTest-610999114 None] group_snapshot 4e8eb8f6-48d0-4299-9f4d-307ca1016808: created successfully
Aug 11 17:10:09 devstack sudo[98368]: pam_unix(sudo:session): session closed for user root
Aug 11 17:10:09 devstack cinder-volume[94665]: DEBUG oslo_concurrency.processutils [None req-3c1f0e46-c250-4769-8ab0-1d4ab8f68e93 tempest-TaggedAttachmentsTest-709136032 None] CMD "sudo cinder-rootwrap /etc/cinder/rootwrap.conf df --portability --block-size 1 /opt/stack/data/cinder/mnt/03fbe70899360ba15ed27ed5b5a82915" returned: 0 in 0.374s {{(pid=94665) execute /opt/stack/data/venv/lib/python3.12/site-packages/oslo_concurrency/processutils.py:468}}
Aug 11 17:10:09 devstack cinder-volume[94665]: DEBUG cinder.manager [None req-3c1f0e46-c250-4769-8ab0-1d4ab8f68e93 tempest-TaggedAttachmentsTest-709136032 None] Notifying Schedulers of capabilities ... {{(pid=94665) _publish_service_capabilities /opt/stack/cinder/cinder/manager.py:219}}
Aug 11 17:10:09 devstack cinder-volume[94665]: INFO cinder.volume.manager [None req-3c1f0e46-c250-4769-8ab0-1d4ab8f68e93 tempest-TaggedAttachmentsTest-709136032 None] Deleted volume successfully.
Aug 11 17:10:09 devstack cinder-volume[94665]: DEBUG cinder.coordination [None req-3c1f0e46-c250-4769-8ab0-1d4ab8f68e93 tempest-TaggedAttachmentsTest-709136032 None] Lock "cinder-78f9cde2-e8a3-45b0-8f38-e2ed5da62d58-delete_volume" released by "delete_volume" :: held 1.453s {{(pid=94665) __release /opt/stack/cinder/cinder/coordination.py:152}}
Aug 11 17:10:10 devstack cinder-volume[94665]: INFO cinder.volume.manager [None req-058d9460-b5b3-44aa-a514-dd15202055f5 tempest-GroupSnapshotsTest-610999114 None] group_snapshot 4e8eb8f6-48d0-4299-9f4d-307ca1016808: deleting
Aug 11 17:10:10 devstack cinder-volume[94665]: DEBUG cinder.volume.manager [None req-058d9460-b5b3-44aa-a514-dd15202055f5 tempest-GroupSnapshotsTest-610999114 None] group_snapshot 4e8eb8f6-48d0-4299-9f4d-307ca1016808: deleting {{(pid=94665) delete_group_snapshot /opt/stack/cinder/cinder/volume/manager.py:4350}}
Aug 11 17:10:10 devstack cinder-volume[94665]: DEBUG cinder.coordination [None req-058d9460-b5b3-44aa-a514-dd15202055f5 tempest-GroupSnapshotsTest-610999114 None] Acquiring lock "cinder-quobyte-d1d83a69-cb7b-44ac-8bfc-2602779b66e0" by "delete_snapshot" {{(pid=94665) __acquire /opt/stack/cinder/cinder/coordination.py:138}}
Aug 11 17:10:10 devstack cinder-volume[94665]: DEBUG cinder.coordination [None req-058d9460-b5b3-44aa-a514-dd15202055f5 tempest-GroupSnapshotsTest-610999114 None] Lock "cinder-quobyte-d1d83a69-cb7b-44ac-8bfc-2602779b66e0" acquired by "delete_snapshot" :: waited 0.020s {{(pid=94665) __acquire /opt/stack/cinder/cinder/coordination.py:141}}
Aug 11 17:10:10 devstack cinder-volume[94665]: DEBUG cinder.coordination [None req-058d9460-b5b3-44aa-a514-dd15202055f5 tempest-GroupSnapshotsTest-610999114 None] Acquiring lock "cinder-quobyte-5d0b9135-dde3-4ddf-a263-30279553beb2" by "_delete_snapshot" {{(pid=94665) __acquire /opt/stack/cinder/cinder/coordination.py:138}}
Aug 11 17:10:10 devstack cinder-volume[94665]: DEBUG cinder.coordination [None req-058d9460-b5b3-44aa-a514-dd15202055f5 tempest-GroupSnapshotsTest-610999114 None] Lock "cinder-quobyte-5d0b9135-dde3-4ddf-a263-30279553beb2" acquired by "_delete_snapshot" :: waited 0.018s {{(pid=94665) __acquire /opt/stack/cinder/cinder/coordination.py:141}}
Aug 11 17:10:10 devstack cinder-volume[94665]: DEBUG cinder.volume.drivers.remotefs [None req-058d9460-b5b3-44aa-a514-dd15202055f5 tempest-GroupSnapshotsTest-610999114 None] Deleting offline snapshot 5d0b9135-dde3-4ddf-a263-30279553beb2 of volume d1d83a69-cb7b-44ac-8bfc-2602779b66e0 {{(pid=94665) _delete_snapshot /opt/stack/cinder/cinder/volume/drivers/remotefs.py:1288}}
Aug 11 17:10:10 devstack cinder-volume[94665]: DEBUG cinder.volume.drivers.remotefs [None req-058d9460-b5b3-44aa-a514-dd15202055f5 tempest-GroupSnapshotsTest-610999114 None] snapshot_file for this snap is: volume-d1d83a69-cb7b-44ac-8bfc-2602779b66e0.5d0b9135-dde3-4ddf-a263-30279553beb2 {{(pid=94665) _delete_snapshot /opt/stack/cinder/cinder/volume/drivers/remotefs.py:1317}}
Aug 11 17:10:10 devstack cinder-volume[94665]: DEBUG oslo.privsep.daemon [-] privsep: reply[c4772589-fe50-4f42-8d42-b38be52e7b98]: (4, 'qcow2') {{(pid=96260) _call_back /opt/stack/data/venv/lib/python3.12/site-packages/oslo_privsep/daemon.py:580}}
Aug 11 17:10:10 devstack cinder-volume[94665]: DEBUG oslo_concurrency.processutils [None req-058d9460-b5b3-44aa-a514-dd15202055f5 tempest-GroupSnapshotsTest-610999114 None] Running cmd (subprocess): /opt/stack/data/venv/bin/python3.12 -m oslo_concurrency.prlimit --as=1073741824 --cpu=60 -- sudo cinder-rootwrap /etc/cinder/rootwrap.conf env LC_ALL=C qemu-img info -f qcow2 --output=json --force-share /opt/stack/data/cinder/mnt/03fbe70899360ba15ed27ed5b5a82915/volume-d1d83a69-cb7b-44ac-8bfc-2602779b66e0.5d0b9135-dde3-4ddf-a263-30279553beb2 {{(pid=94665) execute /opt/stack/data/venv/lib/python3.12/site-packages/oslo_concurrency/processutils.py:440}}
Aug 11 17:10:11 devstack sudo[98757]: quobyte : PWD=/ ; USER=root ; COMMAND=/opt/stack/data/venv/bin/cinder-rootwrap /etc/cinder/rootwrap.conf env LC_ALL=C qemu-img info -f qcow2 --output=json --force-share /opt/stack/data/cinder/mnt/03fbe70899360ba15ed27ed5b5a82915/volume-d1d83a69-cb7b-44ac-8bfc-2602779b66e0.5d0b9135-dde3-4ddf-a263-30279553beb2
Aug 11 17:10:11 devstack sudo[98757]: pam_unix(sudo:session): session opened for user root(uid=0) by (uid=1000)
Aug 11 17:10:11 devstack sudo[98757]: pam_unix(sudo:session): session closed for user root
Aug 11 17:10:11 devstack cinder-volume[94665]: DEBUG oslo_concurrency.processutils [None req-058d9460-b5b3-44aa-a514-dd15202055f5 tempest-GroupSnapshotsTest-610999114 None] CMD "/opt/stack/data/venv/bin/python3.12 -m oslo_concurrency.prlimit --as=1073741824 --cpu=60 -- sudo cinder-rootwrap /etc/cinder/rootwrap.conf env LC_ALL=C qemu-img info -f qcow2 --output=json --force-share /opt/stack/data/cinder/mnt/03fbe70899360ba15ed27ed5b5a82915/volume-d1d83a69-cb7b-44ac-8bfc-2602779b66e0.5d0b9135-dde3-4ddf-a263-30279553beb2" returned: 0 in 0.462s {{(pid=94665) execute /opt/stack/data/venv/lib/python3.12/site-packages/oslo_concurrency/processutils.py:468}}
Aug 11 17:10:11 devstack cinder-volume[94665]: DEBUG cinder.volume.drivers.remotefs [None req-058d9460-b5b3-44aa-a514-dd15202055f5 tempest-GroupSnapshotsTest-610999114 None] Fetching qemu-img info with special backing_file_template: (/opt/stack/data/cinder/mnt/[0-9a-f]+/)?(volume-d1d83a69-cb7b-44ac-8bfc-2602779b66e0(.(tmp-snap-)?[0-9a-f-]+)?|volume_from_snapshot_cache/(tmp-snap-)?[0-9a-f-]+(.(child-|parent-)[0-9a-f-]+)?)$ {{(pid=94665) _qemu_img_info_base /opt/stack/cinder/cinder/volume/drivers/remotefs.py:896}}
Aug 11 17:10:11 devstack cinder-volume[94665]: DEBUG oslo.privsep.daemon [-] privsep: reply[2d2c51ec-3d64-4a00-9827-d6e868daf5e3]: (4, 'qcow2') {{(pid=96260) _call_back /opt/stack/data/venv/lib/python3.12/site-packages/oslo_privsep/daemon.py:580}}
Aug 11 17:10:11 devstack cinder-volume[94665]: DEBUG oslo_concurrency.processutils [None req-058d9460-b5b3-44aa-a514-dd15202055f5 tempest-GroupSnapshotsTest-610999114 None] Running cmd (subprocess): /opt/stack/data/venv/bin/python3.12 -m oslo_concurrency.prlimit --as=1073741824 --cpu=60 -- sudo cinder-rootwrap /etc/cinder/rootwrap.conf env LC_ALL=C qemu-img info -f qcow2 --output=json --force-share /opt/stack/data/cinder/mnt/03fbe70899360ba15ed27ed5b5a82915/volume-d1d83a69-cb7b-44ac-8bfc-2602779b66e0 {{(pid=94665) execute /opt/stack/data/venv/lib/python3.12/site-packages/oslo_concurrency/processutils.py:440}}
Aug 11 17:10:11 devstack sudo[98763]: quobyte : PWD=/ ; USER=root ; COMMAND=/opt/stack/data/venv/bin/cinder-rootwrap /etc/cinder/rootwrap.conf env LC_ALL=C qemu-img info -f qcow2 --output=json --force-share /opt/stack/data/cinder/mnt/03fbe70899360ba15ed27ed5b5a82915/volume-d1d83a69-cb7b-44ac-8bfc-2602779b66e0
Aug 11 17:10:11 devstack sudo[98763]: pam_unix(sudo:session): session opened for user root(uid=0) by (uid=1000)
Aug 11 17:10:11 devstack sudo[98763]: pam_unix(sudo:session): session closed for user root
Aug 11 17:10:11 devstack cinder-volume[94665]: DEBUG oslo_concurrency.processutils [None req-058d9460-b5b3-44aa-a514-dd15202055f5 tempest-GroupSnapshotsTest-610999114 None] CMD "/opt/stack/data/venv/bin/python3.12 -m oslo_concurrency.prlimit --as=1073741824 --cpu=60 -- sudo cinder-rootwrap /etc/cinder/rootwrap.conf env LC_ALL=C qemu-img info -f qcow2 --output=json --force-share /opt/stack/data/cinder/mnt/03fbe70899360ba15ed27ed5b5a82915/volume-d1d83a69-cb7b-44ac-8bfc-2602779b66e0" returned: 0 in 0.487s {{(pid=94665) execute /opt/stack/data/venv/lib/python3.12/site-packages/oslo_concurrency/processutils.py:468}}
Aug 11 17:10:11 devstack cinder-volume[94665]: DEBUG oslo_concurrency.processutils [None req-058d9460-b5b3-44aa-a514-dd15202055f5 tempest-GroupSnapshotsTest-610999114 None] Running cmd (subprocess): sudo cinder-rootwrap /etc/cinder/rootwrap.conf qemu-img commit -d /opt/stack/data/cinder/mnt/03fbe70899360ba15ed27ed5b5a82915/volume-d1d83a69-cb7b-44ac-8bfc-2602779b66e0.5d0b9135-dde3-4ddf-a263-30279553beb2 {{(pid=94665) execute /opt/stack/data/venv/lib/python3.12/site-packages/oslo_concurrency/processutils.py:440}}
Aug 11 17:10:11 devstack sudo[98768]: quobyte : PWD=/ ; USER=root ; COMMAND=/opt/stack/data/venv/bin/cinder-rootwrap /etc/cinder/rootwrap.conf qemu-img commit -d /opt/stack/data/cinder/mnt/03fbe70899360ba15ed27ed5b5a82915/volume-d1d83a69-cb7b-44ac-8bfc-2602779b66e0.5d0b9135-dde3-4ddf-a263-30279553beb2
Aug 11 17:10:11 devstack sudo[98768]: pam_unix(sudo:session): session opened for user root(uid=0) by (uid=1000)
Aug 11 17:10:12 devstack sudo[98768]: pam_unix(sudo:session): session closed for user root
Aug 11 17:10:12 devstack cinder-volume[94665]: DEBUG oslo_concurrency.processutils [None req-058d9460-b5b3-44aa-a514-dd15202055f5 tempest-GroupSnapshotsTest-610999114 None] CMD "sudo cinder-rootwrap /etc/cinder/rootwrap.conf qemu-img commit -d /opt/stack/data/cinder/mnt/03fbe70899360ba15ed27ed5b5a82915/volume-d1d83a69-cb7b-44ac-8bfc-2602779b66e0.5d0b9135-dde3-4ddf-a263-30279553beb2" returned: 0 in 0.423s {{(pid=94665) execute /opt/stack/data/venv/lib/python3.12/site-packages/oslo_concurrency/processutils.py:468}}
Aug 11 17:10:12 devstack cinder-volume[94665]: DEBUG oslo_concurrency.processutils [None req-058d9460-b5b3-44aa-a514-dd15202055f5 tempest-GroupSnapshotsTest-610999114 None] Running cmd (subprocess): sudo cinder-rootwrap /etc/cinder/rootwrap.conf rm -f /opt/stack/data/cinder/mnt/03fbe70899360ba15ed27ed5b5a82915/volume-d1d83a69-cb7b-44ac-8bfc-2602779b66e0.5d0b9135-dde3-4ddf-a263-30279553beb2 {{(pid=94665) execute /opt/stack/data/venv/lib/python3.12/site-packages/oslo_concurrency/processutils.py:440}}
Aug 11 17:10:12 devstack sudo[98774]: quobyte : PWD=/ ; USER=root ; COMMAND=/opt/stack/data/venv/bin/cinder-rootwrap /etc/cinder/rootwrap.conf rm -f /opt/stack/data/cinder/mnt/03fbe70899360ba15ed27ed5b5a82915/volume-d1d83a69-cb7b-44ac-8bfc-2602779b66e0.5d0b9135-dde3-4ddf-a263-30279553beb2
Aug 11 17:10:12 devstack sudo[98774]: pam_unix(sudo:session): session opened for user root(uid=0) by (uid=1000)
Aug 11 17:10:12 devstack sudo[98774]: pam_unix(sudo:session): session closed for user root
Aug 11 17:10:12 devstack cinder-volume[94665]: DEBUG oslo_concurrency.processutils [None req-058d9460-b5b3-44aa-a514-dd15202055f5 tempest-GroupSnapshotsTest-610999114 None] CMD "sudo cinder-rootwrap /etc/cinder/rootwrap.conf rm -f /opt/stack/data/cinder/mnt/03fbe70899360ba15ed27ed5b5a82915/volume-d1d83a69-cb7b-44ac-8bfc-2602779b66e0.5d0b9135-dde3-4ddf-a263-30279553beb2" returned: 0 in 0.260s {{(pid=94665) execute /opt/stack/data/venv/lib/python3.12/site-packages/oslo_concurrency/processutils.py:468}}
Aug 11 17:10:12 devstack cinder-volume[94665]: DEBUG cinder.coordination [None req-058d9460-b5b3-44aa-a514-dd15202055f5 tempest-GroupSnapshotsTest-610999114 None] Lock "cinder-quobyte-5d0b9135-dde3-4ddf-a263-30279553beb2" released by "_delete_snapshot" :: held 1.770s {{(pid=94665) __release /opt/stack/cinder/cinder/coordination.py:152}}
Aug 11 17:10:12 devstack cinder-volume[94665]: DEBUG cinder.coordination [None req-058d9460-b5b3-44aa-a514-dd15202055f5 tempest-GroupSnapshotsTest-610999114 None] Lock "cinder-quobyte-d1d83a69-cb7b-44ac-8bfc-2602779b66e0" released by "delete_snapshot" :: held 1.797s {{(pid=94665) __release /opt/stack/cinder/cinder/coordination.py:152}}
Aug 11 17:10:12 devstack cinder-volume[94665]: DEBUG cinder.coordination [None req-058d9460-b5b3-44aa-a514-dd15202055f5 tempest-GroupSnapshotsTest-610999114 None] Acquiring lock "cinder-quobyte-b9233e67-181d-407e-a07e-c3db7cd8292c" by "delete_snapshot" {{(pid=94665) __acquire /opt/stack/cinder/cinder/coordination.py:138}}
Aug 11 17:10:12 devstack cinder-volume[94665]: DEBUG cinder.coordination [None req-058d9460-b5b3-44aa-a514-dd15202055f5 tempest-GroupSnapshotsTest-610999114 None] Lock "cinder-quobyte-b9233e67-181d-407e-a07e-c3db7cd8292c" acquired by "delete_snapshot" :: waited 0.021s {{(pid=94665) __acquire /opt/stack/cinder/cinder/coordination.py:141}}
Aug 11 17:10:12 devstack cinder-volume[94665]: DEBUG cinder.coordination [None req-058d9460-b5b3-44aa-a514-dd15202055f5 tempest-GroupSnapshotsTest-610999114 None] Acquiring lock "cinder-quobyte-d5a0489e-877a-452f-85b3-32d1373bca7a" by "_delete_snapshot" {{(pid=94665) __acquire /opt/stack/cinder/cinder/coordination.py:138}}
Aug 11 17:10:12 devstack cinder-volume[94665]: DEBUG cinder.coordination [None req-058d9460-b5b3-44aa-a514-dd15202055f5 tempest-GroupSnapshotsTest-610999114 None] Lock "cinder-quobyte-d5a0489e-877a-452f-85b3-32d1373bca7a" acquired by "_delete_snapshot" :: waited 0.024s {{(pid=94665) __acquire /opt/stack/cinder/cinder/coordination.py:141}}
Aug 11 17:10:12 devstack cinder-volume[94665]: DEBUG cinder.volume.drivers.remotefs [None req-058d9460-b5b3-44aa-a514-dd15202055f5 tempest-GroupSnapshotsTest-610999114 None] Deleting offline snapshot d5a0489e-877a-452f-85b3-32d1373bca7a of volume b9233e67-181d-407e-a07e-c3db7cd8292c {{(pid=94665) _delete_snapshot /opt/stack/cinder/cinder/volume/drivers/remotefs.py:1288}}
Aug 11 17:10:12 devstack cinder-volume[94665]: DEBUG cinder.volume.drivers.remotefs [None req-058d9460-b5b3-44aa-a514-dd15202055f5 tempest-GroupSnapshotsTest-610999114 None] snapshot_file for this snap is: volume-b9233e67-181d-407e-a07e-c3db7cd8292c.d5a0489e-877a-452f-85b3-32d1373bca7a {{(pid=94665) _delete_snapshot /opt/stack/cinder/cinder/volume/drivers/remotefs.py:1317}}
Aug 11 17:10:12 devstack cinder-volume[94665]: DEBUG oslo.privsep.daemon [-] privsep: reply[8e9f411d-285f-4340-8693-5cbe43e16f95]: (4, 'qcow2') {{(pid=96260) _call_back /opt/stack/data/venv/lib/python3.12/site-packages/oslo_privsep/daemon.py:580}}
Aug 11 17:10:12 devstack cinder-volume[94665]: DEBUG oslo_concurrency.processutils [None req-058d9460-b5b3-44aa-a514-dd15202055f5 tempest-GroupSnapshotsTest-610999114 None] Running cmd (subprocess): /opt/stack/data/venv/bin/python3.12 -m oslo_concurrency.prlimit --as=1073741824 --cpu=60 -- sudo cinder-rootwrap /etc/cinder/rootwrap.conf env LC_ALL=C qemu-img info -f qcow2 --output=json --force-share /opt/stack/data/cinder/mnt/03fbe70899360ba15ed27ed5b5a82915/volume-b9233e67-181d-407e-a07e-c3db7cd8292c.d5a0489e-877a-452f-85b3-32d1373bca7a {{(pid=94665) execute /opt/stack/data/venv/lib/python3.12/site-packages/oslo_concurrency/processutils.py:440}}
Aug 11 17:10:12 devstack sudo[98777]: quobyte : PWD=/ ; USER=root ; COMMAND=/opt/stack/data/venv/bin/cinder-rootwrap /etc/cinder/rootwrap.conf env LC_ALL=C qemu-img info -f qcow2 --output=json --force-share /opt/stack/data/cinder/mnt/03fbe70899360ba15ed27ed5b5a82915/volume-b9233e67-181d-407e-a07e-c3db7cd8292c.d5a0489e-877a-452f-85b3-32d1373bca7a
Aug 11 17:10:12 devstack sudo[98777]: pam_unix(sudo:session): session opened for user root(uid=0) by (uid=1000)
Aug 11 17:10:13 devstack sudo[98777]: pam_unix(sudo:session): session closed for user root
