Jun 08 16:52:30 devstack sudo[89946]: quobyte : PWD=/ ; USER=root ; COMMAND=/opt/stack/data/venv/bin/cinder-rootwrap /etc/cinder/rootwrap.conf truncate -s0 /opt/stack/data/cinder/mnt/8566abdadbdeed96c9b92e36c6fb2bf2/volume-9278acc5-0dc0-46a0-b94e-54fbc9169e0b.info
Jun 08 16:52:30 devstack sudo[89946]: pam_unix(sudo:session): session opened for user root(uid=0) by (uid=1000)
Jun 08 16:52:31 devstack sudo[89946]: pam_unix(sudo:session): session closed for user root
Jun 08 16:52:31 devstack cinder-volume[86324]: DEBUG oslo_concurrency.processutils [None req-a50184b5-cf1c-48a1-a005-7018a2f5af89 tempest-GroupsV314Test-884221266 None] CMD "sudo cinder-rootwrap /etc/cinder/rootwrap.conf truncate -s0 /opt/stack/data/cinder/mnt/8566abdadbdeed96c9b92e36c6fb2bf2/volume-9278acc5-0dc0-46a0-b94e-54fbc9169e0b.info" returned: 0 in 0.715s {{(pid=86324) execute /opt/stack/data/venv/lib/python3.12/site-packages/oslo_concurrency/processutils.py:468}}
Jun 08 16:52:31 devstack cinder-volume[86324]: WARNING cinder.volume.drivers.remotefs [None req-a50184b5-cf1c-48a1-a005-7018a2f5af89 tempest-GroupsV314Test-884221266 None] /opt/stack/data/cinder/mnt/8566abdadbdeed96c9b92e36c6fb2bf2/volume-9278acc5-0dc0-46a0-b94e-54fbc9169e0b.info is being set with open permissions: ugo+rw: NotImplementedError
Jun 08 16:52:31 devstack cinder-volume[86324]: DEBUG oslo_concurrency.processutils [None req-a50184b5-cf1c-48a1-a005-7018a2f5af89 tempest-GroupsV314Test-884221266 None] Running cmd (subprocess): sudo cinder-rootwrap /etc/cinder/rootwrap.conf chmod ugo+rw /opt/stack/data/cinder/mnt/8566abdadbdeed96c9b92e36c6fb2bf2/volume-9278acc5-0dc0-46a0-b94e-54fbc9169e0b.info {{(pid=86324) execute /opt/stack/data/venv/lib/python3.12/site-packages/oslo_concurrency/processutils.py:440}}
Jun 08 16:52:31 devstack sudo[89949]: quobyte : PWD=/ ; USER=root ; COMMAND=/opt/stack/data/venv/bin/cinder-rootwrap /etc/cinder/rootwrap.conf chmod ugo+rw /opt/stack/data/cinder/mnt/8566abdadbdeed96c9b92e36c6fb2bf2/volume-9278acc5-0dc0-46a0-b94e-54fbc9169e0b.info
Jun 08 16:52:31 devstack sudo[89949]: pam_unix(sudo:session): session opened for user root(uid=0) by (uid=1000)
Jun 08 16:52:31 devstack sudo[89949]: pam_unix(sudo:session): session closed for user root
Jun 08 16:52:31 devstack cinder-volume[86324]: DEBUG oslo_concurrency.processutils [None req-a50184b5-cf1c-48a1-a005-7018a2f5af89 tempest-GroupsV314Test-884221266 None] CMD "sudo cinder-rootwrap /etc/cinder/rootwrap.conf chmod ugo+rw /opt/stack/data/cinder/mnt/8566abdadbdeed96c9b92e36c6fb2bf2/volume-9278acc5-0dc0-46a0-b94e-54fbc9169e0b.info" returned: 0 in 0.693s {{(pid=86324) execute /opt/stack/data/venv/lib/python3.12/site-packages/oslo_concurrency/processutils.py:468}}
Jun 08 16:52:31 devstack cinder-volume[86324]: DEBUG cinder.coordination [None req-a50184b5-cf1c-48a1-a005-7018a2f5af89 tempest-GroupsV314Test-884221266 None] Acquiring lock "cinder-quobyte-974d59c9-5086-4b21-8473-82afbfe7bafb" by "_copy_volume_from_snapshot" {{(pid=86324) __acquire /opt/stack/cinder/cinder/coordination.py:138}}
Jun 08 16:52:31 devstack cinder-volume[86324]: DEBUG cinder.coordination [None req-a50184b5-cf1c-48a1-a005-7018a2f5af89 tempest-GroupsV314Test-884221266 None] Lock "cinder-quobyte-974d59c9-5086-4b21-8473-82afbfe7bafb" acquired by "_copy_volume_from_snapshot" :: waited 0.020s {{(pid=86324) __acquire /opt/stack/cinder/cinder/coordination.py:141}}
Jun 08 16:52:31 devstack cinder-volume[86324]: DEBUG cinder.volume.drivers.quobyte [None req-a50184b5-cf1c-48a1-a005-7018a2f5af89 tempest-GroupsV314Test-884221266 None] snapshot: d12f04d3-9f83-49b8-8a08-3fdbb1bec8b7, volume: 974d59c9-5086-4b21-8473-82afbfe7bafb, {{(pid=86324) _copy_volume_from_snapshot /opt/stack/cinder/cinder/volume/drivers/quobyte.py:401}}
Jun 08 16:52:32 devstack cinder-volume[86324]: DEBUG oslo_concurrency.lockutils [None req-a50184b5-cf1c-48a1-a005-7018a2f5af89 tempest-GroupsV314Test-884221266 None] Acquiring lock "quobyte_ensure" by "cinder.volume.drivers.quobyte.QuobyteDriver._ensure_shares_mounted" {{(pid=86324) inner /opt/stack/data/venv/lib/python3.12/site-packages/oslo_concurrency/lockutils.py:506}}
Jun 08 16:52:32 devstack cinder-volume[86324]: DEBUG oslo_concurrency.lockutils [None req-a50184b5-cf1c-48a1-a005-7018a2f5af89 tempest-GroupsV314Test-884221266 None] Lock "quobyte_ensure" acquired by "cinder.volume.drivers.quobyte.QuobyteDriver._ensure_shares_mounted" :: waited 0.001s {{(pid=86324) inner /opt/stack/data/venv/lib/python3.12/site-packages/oslo_concurrency/lockutils.py:519}}
Jun 08 16:52:32 devstack cinder-volume[86324]: DEBUG cinder.volume.drivers.quobyte [None req-a50184b5-cf1c-48a1-a005-7018a2f5af89 tempest-GroupsV314Test-884221266 None] Quobyte Volume URL set to: {'osci02.corp.quobyte.com/cinder-vol-d775765a-cdca-4ac3-8910-8efe3e81eba6': None} {{(pid=86324) _load_shares_config /opt/stack/cinder/cinder/volume/drivers/quobyte.py:617}}
Jun 08 16:52:32 devstack cinder-volume[86324]: DEBUG cinder.volume.drivers.quobyte [None req-a50184b5-cf1c-48a1-a005-7018a2f5af89 tempest-GroupsV314Test-884221266 None] Available shares ['osci02.corp.quobyte.com/cinder-vol-d775765a-cdca-4ac3-8910-8efe3e81eba6'] {{(pid=86324) _ensure_shares_mounted /opt/stack/cinder/cinder/volume/drivers/quobyte.py:647}}
Jun 08 16:52:32 devstack cinder-volume[86324]: DEBUG oslo_concurrency.lockutils [None req-a50184b5-cf1c-48a1-a005-7018a2f5af89 tempest-GroupsV314Test-884221266 None] Lock "quobyte_ensure" "released" by "cinder.volume.drivers.quobyte.QuobyteDriver._ensure_shares_mounted" :: held 0.011s {{(pid=86324) inner /opt/stack/data/venv/lib/python3.12/site-packages/oslo_concurrency/lockutils.py:538}}
Jun 08 16:52:32 devstack cinder-volume[86324]: DEBUG oslo.privsep.daemon [-] privsep: reply[7bc7acb7-4b16-4eb1-856d-b5fd720686cd]: (4, 'qcow2') {{(pid=87181) _call_back /opt/stack/data/venv/lib/python3.12/site-packages/oslo_privsep/daemon.py:573}}
Jun 08 16:52:32 devstack cinder-volume[86324]: DEBUG oslo_concurrency.processutils [None req-a50184b5-cf1c-48a1-a005-7018a2f5af89 tempest-GroupsV314Test-884221266 None] Running cmd (subprocess): /opt/stack/data/venv/bin/python3.12 -m oslo_concurrency.prlimit --as=1073741824 --cpu=60 -- sudo cinder-rootwrap /etc/cinder/rootwrap.conf env LC_ALL=C qemu-img info -f qcow2 --output=json --force-share /opt/stack/data/cinder/mnt/8566abdadbdeed96c9b92e36c6fb2bf2/volume-9278acc5-0dc0-46a0-b94e-54fbc9169e0b.d12f04d3-9f83-49b8-8a08-3fdbb1bec8b7 {{(pid=86324) execute /opt/stack/data/venv/lib/python3.12/site-packages/oslo_concurrency/processutils.py:440}}
Jun 08 16:52:32 devstack sudo[89952]: quobyte : PWD=/ ; USER=root ; COMMAND=/opt/stack/data/venv/bin/cinder-rootwrap /etc/cinder/rootwrap.conf env LC_ALL=C qemu-img info -f qcow2 --output=json --force-share /opt/stack/data/cinder/mnt/8566abdadbdeed96c9b92e36c6fb2bf2/volume-9278acc5-0dc0-46a0-b94e-54fbc9169e0b.d12f04d3-9f83-49b8-8a08-3fdbb1bec8b7
Jun 08 16:52:32 devstack sudo[89952]: pam_unix(sudo:session): session opened for user root(uid=0) by (uid=1000)
Jun 08 16:52:33 devstack sudo[89952]: pam_unix(sudo:session): session closed for user root
Jun 08 16:52:33 devstack cinder-volume[86324]: DEBUG oslo_concurrency.processutils [None req-a50184b5-cf1c-48a1-a005-7018a2f5af89 tempest-GroupsV314Test-884221266 None] CMD "/opt/stack/data/venv/bin/python3.12 -m oslo_concurrency.prlimit --as=1073741824 --cpu=60 -- sudo cinder-rootwrap /etc/cinder/rootwrap.conf env LC_ALL=C qemu-img info -f qcow2 --output=json --force-share /opt/stack/data/cinder/mnt/8566abdadbdeed96c9b92e36c6fb2bf2/volume-9278acc5-0dc0-46a0-b94e-54fbc9169e0b.d12f04d3-9f83-49b8-8a08-3fdbb1bec8b7" returned: 0 in 1.036s {{(pid=86324) execute /opt/stack/data/venv/lib/python3.12/site-packages/oslo_concurrency/processutils.py:468}}
Jun 08 16:52:33 devstack cinder-volume[86324]: DEBUG cinder.volume.drivers.remotefs [None req-a50184b5-cf1c-48a1-a005-7018a2f5af89 tempest-GroupsV314Test-884221266 None] Fetching qemu-img info with special backing_file_template: (/opt/stack/data/cinder/mnt/[0-9a-f]+/)?(volume-9278acc5-0dc0-46a0-b94e-54fbc9169e0b(.(tmp-snap-)?[0-9a-f-]+)?|volume_from_snapshot_cache/(tmp-snap-)?[0-9a-f-]+(.(child-|parent-)[0-9a-f-]+)?)$ {{(pid=86324) _qemu_img_info_base /opt/stack/cinder/cinder/volume/drivers/remotefs.py:896}}
Jun 08 16:52:33 devstack cinder-volume[86324]: DEBUG cinder.volume.drivers.quobyte [None req-a50184b5-cf1c-48a1-a005-7018a2f5af89 tempest-GroupsV314Test-884221266 None] will copy from snapshot at /opt/stack/data/cinder/mnt/8566abdadbdeed96c9b92e36c6fb2bf2/volume-9278acc5-0dc0-46a0-b94e-54fbc9169e0b {{(pid=86324) _copy_volume_from_snapshot /opt/stack/cinder/cinder/volume/drivers/quobyte.py:420}}
Jun 08 16:52:33 devstack cinder-volume[86324]: DEBUG cinder.volume.drivers.quobyte [None req-a50184b5-cf1c-48a1-a005-7018a2f5af89 tempest-GroupsV314Test-884221266 None] Creating direct copy from snapshot {{(pid=86324) _copy_volume_from_snapshot /opt/stack/cinder/cinder/volume/drivers/quobyte.py:428}}
Jun 08 16:52:33 devstack cinder-volume[86324]: DEBUG oslo.privsep.daemon [-] privsep: reply[5654efab-9495-4e05-a87b-245f12934a7f]: (4, 'qcow2') {{(pid=87181) _call_back /opt/stack/data/venv/lib/python3.12/site-packages/oslo_privsep/daemon.py:573}}
Jun 08 16:52:33 devstack cinder-volume[86324]: DEBUG oslo_concurrency.processutils [None req-a50184b5-cf1c-48a1-a005-7018a2f5af89 tempest-GroupsV314Test-884221266 None] Running cmd (subprocess): /opt/stack/data/venv/bin/python3.12 -m oslo_concurrency.prlimit --as=1073741824 --cpu=60 -- sudo cinder-rootwrap /etc/cinder/rootwrap.conf env LC_ALL=C qemu-img info -f qcow2 --output=json /opt/stack/data/cinder/mnt/8566abdadbdeed96c9b92e36c6fb2bf2/volume-9278acc5-0dc0-46a0-b94e-54fbc9169e0b {{(pid=86324) execute /opt/stack/data/venv/lib/python3.12/site-packages/oslo_concurrency/processutils.py:440}}
Jun 08 16:52:33 devstack sudo[89976]: quobyte : PWD=/ ; USER=root ; COMMAND=/opt/stack/data/venv/bin/cinder-rootwrap /etc/cinder/rootwrap.conf env LC_ALL=C qemu-img info -f qcow2 --output=json /opt/stack/data/cinder/mnt/8566abdadbdeed96c9b92e36c6fb2bf2/volume-9278acc5-0dc0-46a0-b94e-54fbc9169e0b
Jun 08 16:52:33 devstack sudo[89976]: pam_unix(sudo:session): session opened for user root(uid=0) by (uid=1000)
Jun 08 16:52:34 devstack sudo[89976]: pam_unix(sudo:session): session closed for user root
Jun 08 16:52:34 devstack cinder-volume[86324]: DEBUG oslo_concurrency.processutils [None req-a50184b5-cf1c-48a1-a005-7018a2f5af89 tempest-GroupsV314Test-884221266 None] CMD "/opt/stack/data/venv/bin/python3.12 -m oslo_concurrency.prlimit --as=1073741824 --cpu=60 -- sudo cinder-rootwrap /etc/cinder/rootwrap.conf env LC_ALL=C qemu-img info -f qcow2 --output=json /opt/stack/data/cinder/mnt/8566abdadbdeed96c9b92e36c6fb2bf2/volume-9278acc5-0dc0-46a0-b94e-54fbc9169e0b" returned: 0 in 0.946s {{(pid=86324) execute /opt/stack/data/venv/lib/python3.12/site-packages/oslo_concurrency/processutils.py:468}}
Jun 08 16:52:34 devstack cinder-volume[86324]: DEBUG cinder.utils [None req-a50184b5-cf1c-48a1-a005-7018a2f5af89 tempest-GroupsV314Test-884221266 None] Path /opt/stack/data/cinder/mnt/8566abdadbdeed96c9b92e36c6fb2bf2/volume-974d59c9-5086-4b21-8473-82afbfe7bafb not found in is_blk_device check {{(pid=86324) is_blk_device /opt/stack/cinder/cinder/utils.py:602}}
Jun 08 16:52:34 devstack cinder-volume[86324]: DEBUG oslo_concurrency.processutils [None req-a50184b5-cf1c-48a1-a005-7018a2f5af89 tempest-GroupsV314Test-884221266 None] Running cmd (subprocess): sudo cinder-rootwrap /etc/cinder/rootwrap.conf qemu-img convert -O qcow2 /opt/stack/data/cinder/mnt/8566abdadbdeed96c9b92e36c6fb2bf2/volume-9278acc5-0dc0-46a0-b94e-54fbc9169e0b /opt/stack/data/cinder/mnt/8566abdadbdeed96c9b92e36c6fb2bf2/volume-974d59c9-5086-4b21-8473-82afbfe7bafb {{(pid=86324) execute /opt/stack/data/venv/lib/python3.12/site-packages/oslo_concurrency/processutils.py:440}}
Jun 08 16:52:34 devstack sudo[89989]: quobyte : PWD=/ ; USER=root ; COMMAND=/opt/stack/data/venv/bin/cinder-rootwrap /etc/cinder/rootwrap.conf qemu-img convert -O qcow2 /opt/stack/data/cinder/mnt/8566abdadbdeed96c9b92e36c6fb2bf2/volume-9278acc5-0dc0-46a0-b94e-54fbc9169e0b /opt/stack/data/cinder/mnt/8566abdadbdeed96c9b92e36c6fb2bf2/volume-974d59c9-5086-4b21-8473-82afbfe7bafb
Jun 08 16:52:34 devstack sudo[89989]: pam_unix(sudo:session): session opened for user root(uid=0) by (uid=1000)
Jun 08 16:52:38 devstack cinder-volume[86324]: DEBUG oslo_service.periodic_task [None req-3c00e646-e058-415f-bdd6-42cf8341e06f None None] Running periodic task VolumeManager.publish_service_capabilities {{(pid=86324) run_periodic_tasks /opt/stack/data/venv/lib/python3.12/site-packages/oslo_service/periodic_task.py:210}}
Jun 08 16:52:38 devstack cinder-volume[86324]: DEBUG oslo_concurrency.lockutils [None req-3c00e646-e058-415f-bdd6-42cf8341e06f None None] Acquiring lock "quobyte_ensure" by "cinder.volume.drivers.quobyte.QuobyteDriver._ensure_shares_mounted" {{(pid=86324) inner /opt/stack/data/venv/lib/python3.12/site-packages/oslo_concurrency/lockutils.py:506}}
Jun 08 16:52:38 devstack cinder-volume[86324]: DEBUG oslo_concurrency.lockutils [None req-3c00e646-e058-415f-bdd6-42cf8341e06f None None] Lock "quobyte_ensure" acquired by "cinder.volume.drivers.quobyte.QuobyteDriver._ensure_shares_mounted" :: waited 0.000s {{(pid=86324) inner /opt/stack/data/venv/lib/python3.12/site-packages/oslo_concurrency/lockutils.py:519}}
Jun 08 16:52:38 devstack cinder-volume[86324]: DEBUG cinder.volume.drivers.quobyte [None req-3c00e646-e058-415f-bdd6-42cf8341e06f None None] Quobyte Volume URL set to: {'osci02.corp.quobyte.com/cinder-vol-d775765a-cdca-4ac3-8910-8efe3e81eba6': None} {{(pid=86324) _load_shares_config /opt/stack/cinder/cinder/volume/drivers/quobyte.py:617}}
Jun 08 16:52:38 devstack cinder-volume[86324]: DEBUG cinder.volume.drivers.quobyte [None req-3c00e646-e058-415f-bdd6-42cf8341e06f None None] Available shares ['osci02.corp.quobyte.com/cinder-vol-d775765a-cdca-4ac3-8910-8efe3e81eba6'] {{(pid=86324) _ensure_shares_mounted /opt/stack/cinder/cinder/volume/drivers/quobyte.py:647}}
Jun 08 16:52:38 devstack cinder-volume[86324]: DEBUG oslo_concurrency.lockutils [None req-3c00e646-e058-415f-bdd6-42cf8341e06f None None] Lock "quobyte_ensure" "released" by "cinder.volume.drivers.quobyte.QuobyteDriver._ensure_shares_mounted" :: held 0.018s {{(pid=86324) inner /opt/stack/data/venv/lib/python3.12/site-packages/oslo_concurrency/lockutils.py:538}}
Jun 08 16:52:38 devstack cinder-volume[86324]: DEBUG oslo_concurrency.processutils [None req-3c00e646-e058-415f-bdd6-42cf8341e06f None None] Running cmd (subprocess): sudo cinder-rootwrap /etc/cinder/rootwrap.conf df --portability --block-size 1 /opt/stack/data/cinder/mnt/8566abdadbdeed96c9b92e36c6fb2bf2 {{(pid=86324) execute /opt/stack/data/venv/lib/python3.12/site-packages/oslo_concurrency/processutils.py:440}}
Jun 08 16:52:38 devstack sudo[90026]: quobyte : PWD=/ ; USER=root ; COMMAND=/opt/stack/data/venv/bin/cinder-rootwrap /etc/cinder/rootwrap.conf df --portability --block-size 1 /opt/stack/data/cinder/mnt/8566abdadbdeed96c9b92e36c6fb2bf2
Jun 08 16:52:38 devstack sudo[90026]: pam_unix(sudo:session): session opened for user root(uid=0) by (uid=1000)
Jun 08 16:52:40 devstack cinder-volume[86324]: DEBUG dbcounter [-] [86324] Writing DB stats cinder:UPDATE=8,cinder:DELETE=1,cinder:SELECT=9,cinder:INSERT=4 {{(pid=86324) stat_writer /opt/stack/data/venv/lib/python3.12/site-packages/dbcounter.py:115}}
Jun 08 16:52:40 devstack cinder-volume[86324]: DEBUG dbcounter [-] [86324] Writing DB stats cinder:DELETE=1,cinder:SELECT=15,cinder:UPDATE=11,cinder:INSERT=2 {{(pid=86324) stat_writer /opt/stack/data/venv/lib/python3.12/site-packages/dbcounter.py:115}}
Jun 08 16:52:41 devstack sudo[90026]: pam_unix(sudo:session): session closed for user root
Jun 08 16:52:41 devstack cinder-volume[86324]: DEBUG oslo_concurrency.processutils [None req-3c00e646-e058-415f-bdd6-42cf8341e06f None None] CMD "sudo cinder-rootwrap /etc/cinder/rootwrap.conf df --portability --block-size 1 /opt/stack/data/cinder/mnt/8566abdadbdeed96c9b92e36c6fb2bf2" returned: 0 in 2.609s {{(pid=86324) execute /opt/stack/data/venv/lib/python3.12/site-packages/oslo_concurrency/processutils.py:468}}
Jun 08 16:52:41 devstack cinder-volume[86324]: DEBUG cinder.manager [None req-3c00e646-e058-415f-bdd6-42cf8341e06f None None] Notifying Schedulers of capabilities ... {{(pid=86324) _publish_service_capabilities /opt/stack/cinder/cinder/manager.py:202}}
Jun 08 16:52:41 devstack sudo[89989]: pam_unix(sudo:session): session closed for user root
Jun 08 16:52:41 devstack cinder-volume[86324]: DEBUG oslo_concurrency.processutils [None req-a50184b5-cf1c-48a1-a005-7018a2f5af89 tempest-GroupsV314Test-884221266 None] CMD "sudo cinder-rootwrap /etc/cinder/rootwrap.conf qemu-img convert -O qcow2 /opt/stack/data/cinder/mnt/8566abdadbdeed96c9b92e36c6fb2bf2/volume-9278acc5-0dc0-46a0-b94e-54fbc9169e0b /opt/stack/data/cinder/mnt/8566abdadbdeed96c9b92e36c6fb2bf2/volume-974d59c9-5086-4b21-8473-82afbfe7bafb" returned: 0 in 7.299s {{(pid=86324) execute /opt/stack/data/venv/lib/python3.12/site-packages/oslo_concurrency/processutils.py:468}}
Jun 08 16:52:41 devstack cinder-volume[86324]: DEBUG oslo.privsep.daemon [-] privsep: reply[2c457c40-6330-44ae-aa7c-450d2f93b87d]: (4, 'qcow2') {{(pid=87181) _call_back /opt/stack/data/venv/lib/python3.12/site-packages/oslo_privsep/daemon.py:573}}
Jun 08 16:52:41 devstack cinder-volume[86324]: DEBUG oslo_concurrency.processutils [None req-a50184b5-cf1c-48a1-a005-7018a2f5af89 tempest-GroupsV314Test-884221266 None] Running cmd (subprocess): /opt/stack/data/venv/bin/python3.12 -m oslo_concurrency.prlimit --as=1073741824 --cpu=60 -- sudo cinder-rootwrap /etc/cinder/rootwrap.conf env LC_ALL=C qemu-img info -f qcow2 --output=json /opt/stack/data/cinder/mnt/8566abdadbdeed96c9b92e36c6fb2bf2/volume-9278acc5-0dc0-46a0-b94e-54fbc9169e0b {{(pid=86324) execute /opt/stack/data/venv/lib/python3.12/site-packages/oslo_concurrency/processutils.py:440}}
Jun 08 16:52:41 devstack sudo[90117]: quobyte : PWD=/ ; USER=root ; COMMAND=/opt/stack/data/venv/bin/cinder-rootwrap /etc/cinder/rootwrap.conf env LC_ALL=C qemu-img info -f qcow2 --output=json /opt/stack/data/cinder/mnt/8566abdadbdeed96c9b92e36c6fb2bf2/volume-9278acc5-0dc0-46a0-b94e-54fbc9169e0b
Jun 08 16:52:41 devstack sudo[90117]: pam_unix(sudo:session): session opened for user root(uid=0) by (uid=1000)
Jun 08 16:52:43 devstack sudo[90117]: pam_unix(sudo:session): session closed for user root
Jun 08 16:52:44 devstack cinder-volume[86324]: DEBUG oslo_concurrency.processutils [None req-a50184b5-cf1c-48a1-a005-7018a2f5af89 tempest-GroupsV314Test-884221266 None] CMD "/opt/stack/data/venv/bin/python3.12 -m oslo_concurrency.prlimit --as=1073741824 --cpu=60 -- sudo cinder-rootwrap /etc/cinder/rootwrap.conf env LC_ALL=C qemu-img info -f qcow2 --output=json /opt/stack/data/cinder/mnt/8566abdadbdeed96c9b92e36c6fb2bf2/volume-9278acc5-0dc0-46a0-b94e-54fbc9169e0b" returned: 0 in 2.614s {{(pid=86324) execute /opt/stack/data/venv/lib/python3.12/site-packages/oslo_concurrency/processutils.py:468}}
Jun 08 16:52:44 devstack cinder-volume[86324]: DEBUG cinder.image.image_utils [None req-a50184b5-cf1c-48a1-a005-7018a2f5af89 tempest-GroupsV314Test-884221266 None] Image conversion details: src /opt/stack/data/cinder/mnt/8566abdadbdeed96c9b92e36c6fb2bf2/volume-9278acc5-0dc0-46a0-b94e-54fbc9169e0b, size 1024.00 MB, duration 7.30 sec, destination /opt/stack/data/cinder/mnt/8566abdadbdeed96c9b92e36c6fb2bf2/volume-974d59c9-5086-4b21-8473-82afbfe7bafb {{(pid=86324) _convert_image /opt/stack/cinder/cinder/image/image_utils.py:533}}
Jun 08 16:52:44 devstack cinder-volume[86324]: INFO cinder.image.image_utils [None req-a50184b5-cf1c-48a1-a005-7018a2f5af89 tempest-GroupsV314Test-884221266 None] Converted 1024.00 MB image at 140.27 MB/s
Jun 08 16:52:44 devstack cinder-volume[86324]: WARNING cinder.volume.drivers.remotefs [None req-a50184b5-cf1c-48a1-a005-7018a2f5af89 tempest-GroupsV314Test-884221266 None] /opt/stack/data/cinder/mnt/8566abdadbdeed96c9b92e36c6fb2bf2/volume-974d59c9-5086-4b21-8473-82afbfe7bafb is being set with open permissions: ugo+rw: NotImplementedError
Jun 08 16:52:44 devstack cinder-volume[86324]: DEBUG oslo_concurrency.processutils [None req-a50184b5-cf1c-48a1-a005-7018a2f5af89 tempest-GroupsV314Test-884221266 None] Running cmd (subprocess): sudo cinder-rootwrap /etc/cinder/rootwrap.conf chmod ugo+rw /opt/stack/data/cinder/mnt/8566abdadbdeed96c9b92e36c6fb2bf2/volume-974d59c9-5086-4b21-8473-82afbfe7bafb {{(pid=86324) execute /opt/stack/data/venv/lib/python3.12/site-packages/oslo_concurrency/processutils.py:440}}
Jun 08 16:52:44 devstack sudo[90203]: quobyte : PWD=/ ; USER=root ; COMMAND=/opt/stack/data/venv/bin/cinder-rootwrap /etc/cinder/rootwrap.conf chmod ugo+rw /opt/stack/data/cinder/mnt/8566abdadbdeed96c9b92e36c6fb2bf2/volume-974d59c9-5086-4b21-8473-82afbfe7bafb
Jun 08 16:52:44 devstack sudo[90203]: pam_unix(sudo:session): session opened for user root(uid=0) by (uid=1000)
Jun 08 16:52:44 devstack sudo[90203]: pam_unix(sudo:session): session closed for user root
Jun 08 16:52:44 devstack cinder-volume[86324]: DEBUG oslo_concurrency.processutils [None req-a50184b5-cf1c-48a1-a005-7018a2f5af89 tempest-GroupsV314Test-884221266 None] CMD "sudo cinder-rootwrap /etc/cinder/rootwrap.conf chmod ugo+rw /opt/stack/data/cinder/mnt/8566abdadbdeed96c9b92e36c6fb2bf2/volume-974d59c9-5086-4b21-8473-82afbfe7bafb" returned: 0 in 0.961s {{(pid=86324) execute /opt/stack/data/venv/lib/python3.12/site-packages/oslo_concurrency/processutils.py:468}}
Jun 08 16:52:44 devstack cinder-volume[86324]: DEBUG cinder.coordination [None req-a50184b5-cf1c-48a1-a005-7018a2f5af89 tempest-GroupsV314Test-884221266 None] Lock "cinder-quobyte-974d59c9-5086-4b21-8473-82afbfe7bafb" released by "_copy_volume_from_snapshot" :: held 12.988s {{(pid=86324) __release /opt/stack/cinder/cinder/coordination.py:152}}
Jun 08 16:52:45 devstack cinder-volume[86324]: DEBUG cinder.coordination [None req-a50184b5-cf1c-48a1-a005-7018a2f5af89 tempest-GroupsV314Test-884221266 None] Acquiring lock "cinder-quobyte-d12f04d3-9f83-49b8-8a08-3fdbb1bec8b7" by "_delete_snapshot" {{(pid=86324) __acquire /opt/stack/cinder/cinder/coordination.py:138}}
Jun 08 16:52:45 devstack cinder-volume[86324]: DEBUG cinder.coordination [None req-a50184b5-cf1c-48a1-a005-7018a2f5af89 tempest-GroupsV314Test-884221266 None] Lock "cinder-quobyte-d12f04d3-9f83-49b8-8a08-3fdbb1bec8b7" acquired by "_delete_snapshot" :: waited 0.018s {{(pid=86324) __acquire /opt/stack/cinder/cinder/coordination.py:141}}
Jun 08 16:52:45 devstack cinder-volume[86324]: DEBUG cinder.volume.drivers.remotefs [None req-a50184b5-cf1c-48a1-a005-7018a2f5af89 tempest-GroupsV314Test-884221266 None] Deleting offline snapshot d12f04d3-9f83-49b8-8a08-3fdbb1bec8b7 of volume 9278acc5-0dc0-46a0-b94e-54fbc9169e0b {{(pid=86324) _delete_snapshot /opt/stack/cinder/cinder/volume/drivers/remotefs.py:1288}}
Jun 08 16:52:45 devstack cinder-volume[86324]: DEBUG cinder.volume.drivers.remotefs [None req-a50184b5-cf1c-48a1-a005-7018a2f5af89 tempest-GroupsV314Test-884221266 None] snapshot_file for this snap is: volume-9278acc5-0dc0-46a0-b94e-54fbc9169e0b.d12f04d3-9f83-49b8-8a08-3fdbb1bec8b7 {{(pid=86324) _delete_snapshot /opt/stack/cinder/cinder/volume/drivers/remotefs.py:1317}}
Jun 08 16:52:45 devstack cinder-volume[86324]: DEBUG oslo.privsep.daemon [-] privsep: reply[54b6d4ce-6fe7-4736-912c-3a29d4c35b04]: (4, 'qcow2') {{(pid=87181) _call_back /opt/stack/data/venv/lib/python3.12/site-packages/oslo_privsep/daemon.py:573}}
Jun 08 16:52:45 devstack cinder-volume[86324]: DEBUG oslo_concurrency.processutils [None req-a50184b5-cf1c-48a1-a005-7018a2f5af89 tempest-GroupsV314Test-884221266 None] Running cmd (subprocess): /opt/stack/data/venv/bin/python3.12 -m oslo_concurrency.prlimit --as=1073741824 --cpu=60 -- sudo cinder-rootwrap /etc/cinder/rootwrap.conf env LC_ALL=C qemu-img info -f qcow2 --output=json --force-share /opt/stack/data/cinder/mnt/8566abdadbdeed96c9b92e36c6fb2bf2/volume-9278acc5-0dc0-46a0-b94e-54fbc9169e0b.d12f04d3-9f83-49b8-8a08-3fdbb1bec8b7 {{(pid=86324) execute /opt/stack/data/venv/lib/python3.12/site-packages/oslo_concurrency/processutils.py:440}}
Jun 08 16:52:45 devstack sudo[90208]: quobyte : PWD=/ ; USER=root ; COMMAND=/opt/stack/data/venv/bin/cinder-rootwrap /etc/cinder/rootwrap.conf env LC_ALL=C qemu-img info -f qcow2 --output=json --force-share /opt/stack/data/cinder/mnt/8566abdadbdeed96c9b92e36c6fb2bf2/volume-9278acc5-0dc0-46a0-b94e-54fbc9169e0b.d12f04d3-9f83-49b8-8a08-3fdbb1bec8b7
Jun 08 16:52:45 devstack sudo[90208]: pam_unix(sudo:session): session opened for user root(uid=0) by (uid=1000)
Jun 08 16:52:46 devstack sudo[90208]: pam_unix(sudo:session): session closed for user root
Jun 08 16:52:46 devstack cinder-volume[86324]: DEBUG oslo_concurrency.processutils [None req-a50184b5-cf1c-48a1-a005-7018a2f5af89 tempest-GroupsV314Test-884221266 None] CMD "/opt/stack/data/venv/bin/python3.12 -m oslo_concurrency.prlimit --as=1073741824 --cpu=60 -- sudo cinder-rootwrap /etc/cinder/rootwrap.conf env LC_ALL=C qemu-img info -f qcow2 --output=json --force-share /opt/stack/data/cinder/mnt/8566abdadbdeed96c9b92e36c6fb2bf2/volume-9278acc5-0dc0-46a0-b94e-54fbc9169e0b.d12f04d3-9f83-49b8-8a08-3fdbb1bec8b7" returned: 0 in 1.254s {{(pid=86324) execute /opt/stack/data/venv/lib/python3.12/site-packages/oslo_concurrency/processutils.py:468}}
Jun 08 16:52:46 devstack cinder-volume[86324]: DEBUG cinder.volume.drivers.remotefs [None req-a50184b5-cf1c-48a1-a005-7018a2f5af89 tempest-GroupsV314Test-884221266 None] Fetching qemu-img info with special backing_file_template: (/opt/stack/data/cinder/mnt/[0-9a-f]+/)?(volume-9278acc5-0dc0-46a0-b94e-54fbc9169e0b(.(tmp-snap-)?[0-9a-f-]+)?|volume_from_snapshot_cache/(tmp-snap-)?[0-9a-f-]+(.(child-|parent-)[0-9a-f-]+)?)$ {{(pid=86324) _qemu_img_info_base /opt/stack/cinder/cinder/volume/drivers/remotefs.py:896}}
Jun 08 16:52:46 devstack cinder-volume[86324]: DEBUG oslo.privsep.daemon [-] privsep: reply[7c680a69-2ac7-44f1-b214-07a235052b2c]: (4, 'qcow2') {{(pid=87181) _call_back /opt/stack/data/venv/lib/python3.12/site-packages/oslo_privsep/daemon.py:573}}
Jun 08 16:52:46 devstack cinder-volume[86324]: DEBUG oslo_concurrency.processutils [None req-a50184b5-cf1c-48a1-a005-7018a2f5af89 tempest-GroupsV314Test-884221266 None] Running cmd (subprocess): /opt/stack/data/venv/bin/python3.12 -m oslo_concurrency.prlimit --as=1073741824 --cpu=60 -- sudo cinder-rootwrap /etc/cinder/rootwrap.conf env LC_ALL=C qemu-img info -f qcow2 --output=json --force-share /opt/stack/data/cinder/mnt/8566abdadbdeed96c9b92e36c6fb2bf2/volume-9278acc5-0dc0-46a0-b94e-54fbc9169e0b {{(pid=86324) execute /opt/stack/data/venv/lib/python3.12/site-packages/oslo_concurrency/processutils.py:440}}
Jun 08 16:52:46 devstack sudo[90217]: quobyte : PWD=/ ; USER=root ; COMMAND=/opt/stack/data/venv/bin/cinder-rootwrap /etc/cinder/rootwrap.conf env LC_ALL=C qemu-img info -f qcow2 --output=json --force-share /opt/stack/data/cinder/mnt/8566abdadbdeed96c9b92e36c6fb2bf2/volume-9278acc5-0dc0-46a0-b94e-54fbc9169e0b
Jun 08 16:52:46 devstack sudo[90217]: pam_unix(sudo:session): session opened for user root(uid=0) by (uid=1000)
Jun 08 16:52:47 devstack sudo[90217]: pam_unix(sudo:session): session closed for user root
Jun 08 16:52:47 devstack cinder-volume[86324]: DEBUG oslo_concurrency.processutils [None req-a50184b5-cf1c-48a1-a005-7018a2f5af89 tempest-GroupsV314Test-884221266 None] CMD "/opt/stack/data/venv/bin/python3.12 -m oslo_concurrency.prlimit --as=1073741824 --cpu=60 -- sudo cinder-rootwrap /etc/cinder/rootwrap.conf env LC_ALL=C qemu-img info -f qcow2 --output=json --force-share /opt/stack/data/cinder/mnt/8566abdadbdeed96c9b92e36c6fb2bf2/volume-9278acc5-0dc0-46a0-b94e-54fbc9169e0b" returned: 0 in 1.154s {{(pid=86324) execute /opt/stack/data/venv/lib/python3.12/site-packages/oslo_concurrency/processutils.py:468}}
Jun 08 16:52:47 devstack cinder-volume[86324]: DEBUG oslo_concurrency.processutils [None req-a50184b5-cf1c-48a1-a005-7018a2f5af89 tempest-GroupsV314Test-884221266 None] Running cmd (subprocess): sudo cinder-rootwrap /etc/cinder/rootwrap.conf qemu-img commit -d /opt/stack/data/cinder/mnt/8566abdadbdeed96c9b92e36c6fb2bf2/volume-9278acc5-0dc0-46a0-b94e-54fbc9169e0b.d12f04d3-9f83-49b8-8a08-3fdbb1bec8b7 {{(pid=86324) execute /opt/stack/data/venv/lib/python3.12/site-packages/oslo_concurrency/processutils.py:440}}
Jun 08 16:52:47 devstack sudo[90223]: quobyte : PWD=/ ; USER=root ; COMMAND=/opt/stack/data/venv/bin/cinder-rootwrap /etc/cinder/rootwrap.conf qemu-img commit -d /opt/stack/data/cinder/mnt/8566abdadbdeed96c9b92e36c6fb2bf2/volume-9278acc5-0dc0-46a0-b94e-54fbc9169e0b.d12f04d3-9f83-49b8-8a08-3fdbb1bec8b7
Jun 08 16:52:47 devstack sudo[90223]: pam_unix(sudo:session): session opened for user root(uid=0) by (uid=1000)
Jun 08 16:52:48 devstack sudo[90223]: pam_unix(sudo:session): session closed for user root
Jun 08 16:52:48 devstack cinder-volume[86324]: DEBUG oslo_concurrency.processutils [None req-a50184b5-cf1c-48a1-a005-7018a2f5af89 tempest-GroupsV314Test-884221266 None] CMD "sudo cinder-rootwrap /etc/cinder/rootwrap.conf qemu-img commit -d /opt/stack/data/cinder/mnt/8566abdadbdeed96c9b92e36c6fb2bf2/volume-9278acc5-0dc0-46a0-b94e-54fbc9169e0b.d12f04d3-9f83-49b8-8a08-3fdbb1bec8b7" returned: 0 in 1.063s {{(pid=86324) execute /opt/stack/data/venv/lib/python3.12/site-packages/oslo_concurrency/processutils.py:468}}
Jun 08 16:52:48 devstack cinder-volume[86324]: DEBUG oslo_concurrency.processutils [None req-a50184b5-cf1c-48a1-a005-7018a2f5af89 tempest-GroupsV314Test-884221266 None] Running cmd (subprocess): sudo cinder-rootwrap /etc/cinder/rootwrap.conf rm -f /opt/stack/data/cinder/mnt/8566abdadbdeed96c9b92e36c6fb2bf2/volume-9278acc5-0dc0-46a0-b94e-54fbc9169e0b.d12f04d3-9f83-49b8-8a08-3fdbb1bec8b7 {{(pid=86324) execute /opt/stack/data/venv/lib/python3.12/site-packages/oslo_concurrency/processutils.py:440}}
Jun 08 16:52:48 devstack sudo[90232]: quobyte : PWD=/ ; USER=root ; COMMAND=/opt/stack/data/venv/bin/cinder-rootwrap /etc/cinder/rootwrap.conf rm -f /opt/stack/data/cinder/mnt/8566abdadbdeed96c9b92e36c6fb2bf2/volume-9278acc5-0dc0-46a0-b94e-54fbc9169e0b.d12f04d3-9f83-49b8-8a08-3fdbb1bec8b7
Jun 08 16:52:48 devstack sudo[90232]: pam_unix(sudo:session): session opened for user root(uid=0) by (uid=1000)
Jun 08 16:52:49 devstack sudo[90232]: pam_unix(sudo:session): session closed for user root
Jun 08 16:52:49 devstack cinder-volume[86324]: DEBUG oslo_concurrency.processutils [None req-a50184b5-cf1c-48a1-a005-7018a2f5af89 tempest-GroupsV314Test-884221266 None] CMD "sudo cinder-rootwrap /etc/cinder/rootwrap.conf rm -f /opt/stack/data/cinder/mnt/8566abdadbdeed96c9b92e36c6fb2bf2/volume-9278acc5-0dc0-46a0-b94e-54fbc9169e0b.d12f04d3-9f83-49b8-8a08-3fdbb1bec8b7" returned: 0 in 0.681s {{(pid=86324) execute /opt/stack/data/venv/lib/python3.12/site-packages/oslo_concurrency/processutils.py:468}}
Jun 08 16:52:49 devstack cinder-volume[86324]: DEBUG cinder.coordination [None req-a50184b5-cf1c-48a1-a005-7018a2f5af89 tempest-GroupsV314Test-884221266 None] Lock "cinder-quobyte-d12f04d3-9f83-49b8-8a08-3fdbb1bec8b7" released by "_delete_snapshot" :: held 4.267s {{(pid=86324) __release /opt/stack/cinder/cinder/coordination.py:152}}
Jun 08 16:52:49 devstack cinder-volume[86324]: DEBUG oslo_concurrency.lockutils [None req-a50184b5-cf1c-48a1-a005-7018a2f5af89 tempest-GroupsV314Test-884221266 None] Lock "quobyte" "released" by "cinder.volume.drivers.quobyte.QuobyteDriver.create_cloned_volume" :: held 22.252s {{(pid=86324) inner /opt/stack/data/venv/lib/python3.12/site-packages/oslo_concurrency/lockutils.py:538}}
Jun 08 16:52:49 devstack cinder-volume[86324]: DEBUG oslo_concurrency.lockutils [None req-6919dd76-f5cb-43ac-be63-6fd5d232b835 tempest-SnapshotsActionsTest-2032063608 None] Lock "quobyte" acquired by "cinder.volume.drivers.quobyte.QuobyteDriver.create_snapshot" :: waited 21.316s {{(pid=86324) inner /opt/stack/data/venv/lib/python3.12/site-packages/oslo_concurrency/lockutils.py:519}}
Jun 08 16:52:49 devstack cinder-volume[86324]: DEBUG cinder.volume.drivers.remotefs [None req-6919dd76-f5cb-43ac-be63-6fd5d232b835 tempest-SnapshotsActionsTest-2032063608 None] Creating offline snapshot a981749a-65b3-4f1a-b0e6-341b8d296523 of volume 9d922838-c77d-4533-859c-d036eb541346 {{(pid=86324) _create_snapshot /opt/stack/cinder/cinder/volume/drivers/remotefs.py:1815}}
Jun 08 16:52:49 devstack cinder-volume[86324]: DEBUG oslo.privsep.daemon [-] privsep: reply[c644e9c1-9c37-491d-ae04-d4dfe780a385]: (4, 'qcow2') {{(pid=87181) _call_back /opt/stack/data/venv/lib/python3.12/site-packages/oslo_privsep/daemon.py:573}}
Jun 08 16:52:49 devstack cinder-volume[86324]: DEBUG oslo_concurrency.processutils [None req-6919dd76-f5cb-43ac-be63-6fd5d232b835 tempest-SnapshotsActionsTest-2032063608 None] Running cmd (subprocess): /opt/stack/data/venv/bin/python3.12 -m oslo_concurrency.prlimit --as=1073741824 --cpu=60 -- sudo cinder-rootwrap /etc/cinder/rootwrap.conf env LC_ALL=C qemu-img info -f qcow2 --output=json --force-share /opt/stack/data/cinder/mnt/8566abdadbdeed96c9b92e36c6fb2bf2/volume-9d922838-c77d-4533-859c-d036eb541346.13882cab-ccc5-406f-b640-ce29ecf34e5f {{(pid=86324) execute /opt/stack/data/venv/lib/python3.12/site-packages/oslo_concurrency/processutils.py:440}}
Jun 08 16:52:49 devstack cinder-volume[86324]: INFO cinder.volume.manager [None req-a50184b5-cf1c-48a1-a005-7018a2f5af89 tempest-GroupsV314Test-884221266 None] Create group from source-group-2f1769db-aca2-41ec-958e-2516a7c789b3 completed successfully.
Jun 08 16:52:49 devstack sudo[90244]: quobyte : PWD=/ ; USER=root ; COMMAND=/opt/stack/data/venv/bin/cinder-rootwrap /etc/cinder/rootwrap.conf env LC_ALL=C qemu-img info -f qcow2 --output=json --force-share /opt/stack/data/cinder/mnt/8566abdadbdeed96c9b92e36c6fb2bf2/volume-9d922838-c77d-4533-859c-d036eb541346.13882cab-ccc5-406f-b640-ce29ecf34e5f
Jun 08 16:52:49 devstack sudo[90244]: pam_unix(sudo:session): session opened for user root(uid=0) by (uid=1000)
Jun 08 16:52:51 devstack cinder-volume[86324]: DEBUG cinder.coordination [None req-c55bd4cc-78cd-4628-a135-08ad3bbfe039 tempest-GroupsV314Test-884221266 None] Acquiring lock "cinder-quobyte-974d59c9-5086-4b21-8473-82afbfe7bafb" by "delete_volume" {{(pid=86324) __acquire /opt/stack/cinder/cinder/coordination.py:138}}
Jun 08 16:52:51 devstack cinder-volume[86324]: DEBUG cinder.coordination [None req-c55bd4cc-78cd-4628-a135-08ad3bbfe039 tempest-GroupsV314Test-884221266 None] Lock "cinder-quobyte-974d59c9-5086-4b21-8473-82afbfe7bafb" acquired by "delete_volume" :: waited 0.039s {{(pid=86324) __acquire /opt/stack/cinder/cinder/coordination.py:141}}
Jun 08 16:52:51 devstack cinder-volume[86324]: DEBUG oslo.privsep.daemon [-] privsep: reply[e207d259-654b-420d-a47e-27f4a7b770a5]: (4, 'qcow2') {{(pid=87181) _call_back /opt/stack/data/venv/lib/python3.12/site-packages/oslo_privsep/daemon.py:573}}
Jun 08 16:52:51 devstack cinder-volume[86324]: DEBUG oslo_concurrency.processutils [None req-c55bd4cc-78cd-4628-a135-08ad3bbfe039 tempest-GroupsV314Test-884221266 None] Running cmd (subprocess): /opt/stack/data/venv/bin/python3.12 -m oslo_concurrency.prlimit --as=1073741824 --cpu=60 -- sudo cinder-rootwrap /etc/cinder/rootwrap.conf env LC_ALL=C qemu-img info -f qcow2 --output=json --force-share /opt/stack/data/cinder/mnt/8566abdadbdeed96c9b92e36c6fb2bf2/volume-974d59c9-5086-4b21-8473-82afbfe7bafb {{(pid=86324) execute /opt/stack/data/venv/lib/python3.12/site-packages/oslo_concurrency/processutils.py:440}}
Jun 08 16:52:51 devstack sudo[90244]: pam_unix(sudo:session): session closed for user root
Jun 08 16:52:51 devstack cinder-volume[86324]: DEBUG oslo_concurrency.processutils [None req-6919dd76-f5cb-43ac-be63-6fd5d232b835 tempest-SnapshotsActionsTest-2032063608 None] CMD "/opt/stack/data/venv/bin/python3.12 -m oslo_concurrency.prlimit --as=1073741824 --cpu=60 -- sudo cinder-rootwrap /etc/cinder/rootwrap.conf env LC_ALL=C qemu-img info -f qcow2 --output=json --force-share /opt/stack/data/cinder/mnt/8566abdadbdeed96c9b92e36c6fb2bf2/volume-9d922838-c77d-4533-859c-d036eb541346.13882cab-ccc5-406f-b640-ce29ecf34e5f" returned: 0 in 2.404s {{(pid=86324) execute /opt/stack/data/venv/lib/python3.12/site-packages/oslo_concurrency/processutils.py:468}}
Jun 08 16:52:51 devstack cinder-volume[86324]: DEBUG cinder.volume.drivers.remotefs [None req-6919dd76-f5cb-43ac-be63-6fd5d232b835 tempest-SnapshotsActionsTest-2032063608 None] Fetching qemu-img info with special backing_file_template: (/opt/stack/data/cinder/mnt/[0-9a-f]+/)?(volume-9d922838-c77d-4533-859c-d036eb541346(.(tmp-snap-)?[0-9a-f-]+)?|volume_from_snapshot_cache/(tmp-snap-)?[0-9a-f-]+(.(child-|parent-)[0-9a-f-]+)?)$ {{(pid=86324) _qemu_img_info_base /opt/stack/cinder/cinder/volume/drivers/remotefs.py:896}}
Jun 08 16:52:51 devstack cinder-volume[86324]: DEBUG oslo_concurrency.processutils [None req-6919dd76-f5cb-43ac-be63-6fd5d232b835 tempest-SnapshotsActionsTest-2032063608 None] Running cmd (subprocess): sudo cinder-rootwrap /etc/cinder/rootwrap.conf qemu-img create -f qcow2 -o backing_file=/opt/stack/data/cinder/mnt/8566abdadbdeed96c9b92e36c6fb2bf2/volume-9d922838-c77d-4533-859c-d036eb541346.13882cab-ccc5-406f-b640-ce29ecf34e5f,backing_fmt=qcow2 /opt/stack/data/cinder/mnt/8566abdadbdeed96c9b92e36c6fb2bf2/volume-9d922838-c77d-4533-859c-d036eb541346.a981749a-65b3-4f1a-b0e6-341b8d296523 1G {{(pid=86324) execute /opt/stack/data/venv/lib/python3.12/site-packages/oslo_concurrency/processutils.py:440}}
Jun 08 16:52:51 devstack sudo[90362]: quobyte : PWD=/ ; USER=root ; COMMAND=/opt/stack/data/venv/bin/cinder-rootwrap /etc/cinder/rootwrap.conf qemu-img create -f qcow2 -o backing_file=/opt/stack/data/cinder/mnt/8566abdadbdeed96c9b92e36c6fb2bf2/volume-9d922838-c77d-4533-859c-d036eb541346.13882cab-ccc5-406f-b640-ce29ecf34e5f,backing_fmt=qcow2 /opt/stack/data/cinder/mnt/8566abdadbdeed96c9b92e36c6fb2bf2/volume-9d922838-c77d-4533-859c-d036eb541346.a981749a-65b3-4f1a-b0e6-341b8d296523 1G
Jun 08 16:52:51 devstack sudo[90362]: pam_unix(sudo:session): session opened for user root(uid=0) by (uid=1000)
Jun 08 16:52:51 devstack sudo[90352]: quobyte : PWD=/ ; USER=root ; COMMAND=/opt/stack/data/venv/bin/cinder-rootwrap /etc/cinder/rootwrap.conf env LC_ALL=C qemu-img info -f qcow2 --output=json --force-share /opt/stack/data/cinder/mnt/8566abdadbdeed96c9b92e36c6fb2bf2/volume-974d59c9-5086-4b21-8473-82afbfe7bafb
Jun 08 16:52:51 devstack sudo[90352]: pam_unix(sudo:session): session opened for user root(uid=0) by (uid=1000)
Jun 08 16:52:53 devstack sudo[90352]: pam_unix(sudo:session): session closed for user root
Jun 08 16:52:53 devstack cinder-volume[86324]: DEBUG oslo_concurrency.processutils [None req-c55bd4cc-78cd-4628-a135-08ad3bbfe039 tempest-GroupsV314Test-884221266 None] CMD "/opt/stack/data/venv/bin/python3.12 -m oslo_concurrency.prlimit --as=1073741824 --cpu=60 -- sudo cinder-rootwrap /etc/cinder/rootwrap.conf env LC_ALL=C qemu-img info -f qcow2 --output=json --force-share /opt/stack/data/cinder/mnt/8566abdadbdeed96c9b92e36c6fb2bf2/volume-974d59c9-5086-4b21-8473-82afbfe7bafb" returned: 0 in 1.644s {{(pid=86324) execute /opt/stack/data/venv/lib/python3.12/site-packages/oslo_concurrency/processutils.py:468}}
Jun 08 16:52:53 devstack cinder-volume[86324]: DEBUG oslo_concurrency.processutils [None req-c55bd4cc-78cd-4628-a135-08ad3bbfe039 tempest-GroupsV314Test-884221266 None] Running cmd (subprocess): sudo cinder-rootwrap /etc/cinder/rootwrap.conf rm -f /opt/stack/data/cinder/mnt/8566abdadbdeed96c9b92e36c6fb2bf2/volume-974d59c9-5086-4b21-8473-82afbfe7bafb {{(pid=86324) execute /opt/stack/data/venv/lib/python3.12/site-packages/oslo_concurrency/processutils.py:440}}
Jun 08 16:52:53 devstack sudo[90375]: quobyte : PWD=/ ; USER=root ; COMMAND=/opt/stack/data/venv/bin/cinder-rootwrap /etc/cinder/rootwrap.conf rm -f /opt/stack/data/cinder/mnt/8566abdadbdeed96c9b92e36c6fb2bf2/volume-974d59c9-5086-4b21-8473-82afbfe7bafb
Jun 08 16:52:53 devstack sudo[90375]: pam_unix(sudo:session): session opened for user root(uid=0) by (uid=1000)
Jun 08 16:52:53 devstack sudo[90362]: pam_unix(sudo:session): session closed for user root
Jun 08 16:52:53 devstack cinder-volume[86324]: DEBUG oslo_concurrency.processutils [None req-6919dd76-f5cb-43ac-be63-6fd5d232b835 tempest-SnapshotsActionsTest-2032063608 None] CMD "sudo cinder-rootwrap /etc/cinder/rootwrap.conf qemu-img create -f qcow2 -o backing_file=/opt/stack/data/cinder/mnt/8566abdadbdeed96c9b92e36c6fb2bf2/volume-9d922838-c77d-4533-859c-d036eb541346.13882cab-ccc5-406f-b640-ce29ecf34e5f,backing_fmt=qcow2 /opt/stack/data/cinder/mnt/8566abdadbdeed96c9b92e36c6fb2bf2/volume-9d922838-c77d-4533-859c-d036eb541346.a981749a-65b3-4f1a-b0e6-341b8d296523 1G" returned: 0 in 1.566s {{(pid=86324) execute /opt/stack/data/venv/lib/python3.12/site-packages/oslo_concurrency/processutils.py:468}}
Jun 08 16:52:53 devstack cinder-volume[86324]: DEBUG oslo_concurrency.processutils [None req-6919dd76-f5cb-43ac-be63-6fd5d232b835 tempest-SnapshotsActionsTest-2032063608 None] Running cmd (subprocess): sudo cinder-rootwrap /etc/cinder/rootwrap.conf qemu-img rebase -u -b volume-9d922838-c77d-4533-859c-d036eb541346.13882cab-ccc5-406f-b640-ce29ecf34e5f -F qcow2 /opt/stack/data/cinder/mnt/8566abdadbdeed96c9b92e36c6fb2bf2/volume-9d922838-c77d-4533-859c-d036eb541346.a981749a-65b3-4f1a-b0e6-341b8d296523 {{(pid=86324) execute /opt/stack/data/venv/lib/python3.12/site-packages/oslo_concurrency/processutils.py:440}}
Jun 08 16:52:53 devstack sudo[90377]: quobyte : PWD=/ ; USER=root ; COMMAND=/opt/stack/data/venv/bin/cinder-rootwrap /etc/cinder/rootwrap.conf qemu-img rebase -u -b volume-9d922838-c77d-4533-859c-d036eb541346.13882cab-ccc5-406f-b640-ce29ecf34e5f -F qcow2 /opt/stack/data/cinder/mnt/8566abdadbdeed96c9b92e36c6fb2bf2/volume-9d922838-c77d-4533-859c-d036eb541346.a981749a-65b3-4f1a-b0e6-341b8d296523
Jun 08 16:52:53 devstack sudo[90377]: pam_unix(sudo:session): session opened for user root(uid=0) by (uid=1000)
Jun 08 16:52:54 devstack sudo[90377]: pam_unix(sudo:session): session closed for user root
Jun 08 16:52:54 devstack cinder-volume[86324]: DEBUG oslo_concurrency.processutils [None req-6919dd76-f5cb-43ac-be63-6fd5d232b835 tempest-SnapshotsActionsTest-2032063608 None] CMD "sudo cinder-rootwrap /etc/cinder/rootwrap.conf qemu-img rebase -u -b volume-9d922838-c77d-4533-859c-d036eb541346.13882cab-ccc5-406f-b640-ce29ecf34e5f -F qcow2 /opt/stack/data/cinder/mnt/8566abdadbdeed96c9b92e36c6fb2bf2/volume-9d922838-c77d-4533-859c-d036eb541346.a981749a-65b3-4f1a-b0e6-341b8d296523" returned: 0 in 1.167s {{(pid=86324) execute /opt/stack/data/venv/lib/python3.12/site-packages/oslo_concurrency/processutils.py:468}}
Jun 08 16:52:54 devstack cinder-volume[86324]: WARNING cinder.volume.drivers.remotefs [None req-6919dd76-f5cb-43ac-be63-6fd5d232b835 tempest-SnapshotsActionsTest-2032063608 None] /opt/stack/data/cinder/mnt/8566abdadbdeed96c9b92e36c6fb2bf2/volume-9d922838-c77d-4533-859c-d036eb541346.a981749a-65b3-4f1a-b0e6-341b8d296523 is being set with open permissions: ugo+rw
Jun 08 16:52:54 devstack cinder-volume[86324]: DEBUG oslo_concurrency.processutils [None req-6919dd76-f5cb-43ac-be63-6fd5d232b835 tempest-SnapshotsActionsTest-2032063608 None] Running cmd (subprocess): sudo cinder-rootwrap /etc/cinder/rootwrap.conf chmod ugo+rw /opt/stack/data/cinder/mnt/8566abdadbdeed96c9b92e36c6fb2bf2/volume-9d922838-c77d-4533-859c-d036eb541346.a981749a-65b3-4f1a-b0e6-341b8d296523 {{(pid=86324) execute /opt/stack/data/venv/lib/python3.12/site-packages/oslo_concurrency/processutils.py:440}}
Jun 08 16:52:54 devstack sudo[90400]: quobyte : PWD=/ ; USER=root ; COMMAND=/opt/stack/data/venv/bin/cinder-rootwrap /etc/cinder/rootwrap.conf chmod ugo+rw /opt/stack/data/cinder/mnt/8566abdadbdeed96c9b92e36c6fb2bf2/volume-9d922838-c77d-4533-859c-d036eb541346.a981749a-65b3-4f1a-b0e6-341b8d296523
Jun 08 16:52:54 devstack sudo[90400]: pam_unix(sudo:session): session opened for user root(uid=0) by (uid=1000)
Jun 08 16:52:54 devstack sudo[90375]: pam_unix(sudo:session): session closed for user root
Jun 08 16:52:54 devstack cinder-volume[86324]: DEBUG oslo_concurrency.processutils [None req-c55bd4cc-78cd-4628-a135-08ad3bbfe039 tempest-GroupsV314Test-884221266 None] CMD "sudo cinder-rootwrap /etc/cinder/rootwrap.conf rm -f /opt/stack/data/cinder/mnt/8566abdadbdeed96c9b92e36c6fb2bf2/volume-974d59c9-5086-4b21-8473-82afbfe7bafb" returned: 0 in 1.472s {{(pid=86324) execute /opt/stack/data/venv/lib/python3.12/site-packages/oslo_concurrency/processutils.py:468}}
Jun 08 16:52:54 devstack cinder-volume[86324]: DEBUG cinder.coordination [None req-c55bd4cc-78cd-4628-a135-08ad3bbfe039 tempest-GroupsV314Test-884221266 None] Lock "cinder-quobyte-974d59c9-5086-4b21-8473-82afbfe7bafb" released by "delete_volume" :: held 3.203s {{(pid=86324) __release /opt/stack/cinder/cinder/coordination.py:152}}
Jun 08 16:52:54 devstack cinder-volume[86324]: DEBUG cinder.quota [None req-c55bd4cc-78cd-4628-a135-08ad3bbfe039 tempest-GroupsV314Test-884221266 None] Created reservations ['cef2c4ed-43a8-484b-adbe-194f2e57c264'] {{(pid=86324) reserve /opt/stack/cinder/cinder/quota.py:752}}
Jun 08 16:52:54 devstack cinder-volume[86324]: WARNING cinder.quota [None req-c55bd4cc-78cd-4628-a135-08ad3bbfe039 tempest-GroupsV314Test-884221266 None] Deprecated: Default quota for resource: volumes_tempest-GroupsV314Test-volume-type-1672457632 is set by the default quota flag: quota_volumes_tempest-GroupsV314Test-volume-type-1672457632, it is now deprecated. Please use the default quota class for default quota.
Jun 08 16:52:54 devstack cinder-volume[86324]: WARNING cinder.quota [None req-c55bd4cc-78cd-4628-a135-08ad3bbfe039 tempest-GroupsV314Test-884221266 None] Deprecated: Default quota for resource: gigabytes_tempest-GroupsV314Test-volume-type-1672457632 is set by the default quota flag: quota_gigabytes_tempest-GroupsV314Test-volume-type-1672457632, it is now deprecated. Please use the default quota class for default quota.
Jun 08 16:52:54 devstack cinder-volume[86324]: DEBUG cinder.quota [None req-c55bd4cc-78cd-4628-a135-08ad3bbfe039 tempest-GroupsV314Test-884221266 None] Created reservations ['67bfe9b6-b9b7-4bb3-a283-e58f48be213c', 'ea181974-e43e-4f5f-a665-0d4f0ac83113', '6312cb8e-cf42-4130-8077-e31cf7c1411f', '999515b3-ea29-43a2-9849-5786e563d9b9'] {{(pid=86324) reserve /opt/stack/cinder/cinder/quota.py:752}}
Jun 08 16:52:55 devstack cinder-volume[86324]: DEBUG oslo_concurrency.lockutils [None req-c55bd4cc-78cd-4628-a135-08ad3bbfe039 tempest-GroupsV314Test-884221266 None] Acquiring lock "quobyte_ensure" by "cinder.volume.drivers.quobyte.QuobyteDriver._ensure_shares_mounted" {{(pid=86324) inner /opt/stack/data/venv/lib/python3.12/site-packages/oslo_concurrency/lockutils.py:506}}
Jun 08 16:52:55 devstack cinder-volume[86324]: DEBUG oslo_concurrency.lockutils [None req-c55bd4cc-78cd-4628-a135-08ad3bbfe039 tempest-GroupsV314Test-884221266 None] Lock "quobyte_ensure" acquired by "cinder.volume.drivers.quobyte.QuobyteDriver._ensure_shares_mounted" :: waited 0.001s {{(pid=86324) inner /opt/stack/data/venv/lib/python3.12/site-packages/oslo_concurrency/lockutils.py:519}}
Jun 08 16:52:55 devstack cinder-volume[86324]: DEBUG cinder.volume.drivers.quobyte [None req-c55bd4cc-78cd-4628-a135-08ad3bbfe039 tempest-GroupsV314Test-884221266 None] Quobyte Volume URL set to: {'osci02.corp.quobyte.com/cinder-vol-d775765a-cdca-4ac3-8910-8efe3e81eba6': None} {{(pid=86324) _load_shares_config /opt/stack/cinder/cinder/volume/drivers/quobyte.py:617}}
Jun 08 16:52:55 devstack cinder-volume[86324]: DEBUG cinder.volume.drivers.quobyte [None req-c55bd4cc-78cd-4628-a135-08ad3bbfe039 tempest-GroupsV314Test-884221266 None] Available shares ['osci02.corp.quobyte.com/cinder-vol-d775765a-cdca-4ac3-8910-8efe3e81eba6'] {{(pid=86324) _ensure_shares_mounted /opt/stack/cinder/cinder/volume/drivers/quobyte.py:647}}
Jun 08 16:52:55 devstack cinder-volume[86324]: DEBUG oslo_concurrency.lockutils [None req-c55bd4cc-78cd-4628-a135-08ad3bbfe039 tempest-GroupsV314Test-884221266 None] Lock "quobyte_ensure" "released" by "cinder.volume.drivers.quobyte.QuobyteDriver._ensure_shares_mounted" :: held 0.010s {{(pid=86324) inner /opt/stack/data/venv/lib/python3.12/site-packages/oslo_concurrency/lockutils.py:538}}
Jun 08 16:52:55 devstack cinder-volume[86324]: DEBUG oslo_concurrency.processutils [None req-c55bd4cc-78cd-4628-a135-08ad3bbfe039 tempest-GroupsV314Test-884221266 None] Running cmd (subprocess): sudo cinder-rootwrap /etc/cinder/rootwrap.conf df --portability --block-size 1 /opt/stack/data/cinder/mnt/8566abdadbdeed96c9b92e36c6fb2bf2 {{(pid=86324) execute /opt/stack/data/venv/lib/python3.12/site-packages/oslo_concurrency/processutils.py:440}}
Jun 08 16:52:55 devstack sudo[90412]: quobyte : PWD=/ ; USER=root ; COMMAND=/opt/stack/data/venv/bin/cinder-rootwrap /etc/cinder/rootwrap.conf df --portability --block-size 1 /opt/stack/data/cinder/mnt/8566abdadbdeed96c9b92e36c6fb2bf2
Jun 08 16:52:55 devstack sudo[90412]: pam_unix(sudo:session): session opened for user root(uid=0) by (uid=1000)
Jun 08 16:52:55 devstack cinder-volume[86324]: DEBUG cinder.coordination [None req-37cc911a-861e-481d-a05d-9fb6cea0a797 tempest-GroupsV314Test-884221266 None] Acquiring lock "cinder-quobyte-9278acc5-0dc0-46a0-b94e-54fbc9169e0b" by "delete_volume" {{(pid=86324) __acquire /opt/stack/cinder/cinder/coordination.py:138}}
Jun 08 16:52:55 devstack cinder-volume[86324]: DEBUG cinder.coordination [None req-37cc911a-861e-481d-a05d-9fb6cea0a797 tempest-GroupsV314Test-884221266 None] Lock "cinder-quobyte-9278acc5-0dc0-46a0-b94e-54fbc9169e0b" acquired by "delete_volume" :: waited 0.065s {{(pid=86324) __acquire /opt/stack/cinder/cinder/coordination.py:141}}
Jun 08 16:52:56 devstack sudo[90412]: pam_unix(sudo:session): session closed for user root
Jun 08 16:52:56 devstack sudo[90400]: pam_unix(sudo:session): session closed for user root
