Jun 08 16:50:21 devstack cinder-volume[86324]: DEBUG oslo_concurrency.lockutils [None req-ca811d8e-dd44-4578-93c9-db87c9928971 tempest-TaggedAttachmentsTest-1111430341 None] Acquiring lock "quobyte_ensure" by "cinder.volume.drivers.quobyte.QuobyteDriver._ensure_shares_mounted" {{(pid=86324) inner /opt/stack/data/venv/lib/python3.12/site-packages/oslo_concurrency/lockutils.py:506}}
Jun 08 16:50:21 devstack cinder-volume[86324]: DEBUG oslo_concurrency.lockutils [None req-ca811d8e-dd44-4578-93c9-db87c9928971 tempest-TaggedAttachmentsTest-1111430341 None] Lock "quobyte_ensure" acquired by "cinder.volume.drivers.quobyte.QuobyteDriver._ensure_shares_mounted" :: waited 0.000s {{(pid=86324) inner /opt/stack/data/venv/lib/python3.12/site-packages/oslo_concurrency/lockutils.py:519}}
Jun 08 16:50:21 devstack cinder-volume[86324]: DEBUG cinder.volume.drivers.quobyte [None req-ca811d8e-dd44-4578-93c9-db87c9928971 tempest-TaggedAttachmentsTest-1111430341 None] Quobyte Volume URL set to: {'osci02.corp.quobyte.com/cinder-vol-d775765a-cdca-4ac3-8910-8efe3e81eba6': None} {{(pid=86324) _load_shares_config /opt/stack/cinder/cinder/volume/drivers/quobyte.py:617}}
Jun 08 16:50:21 devstack cinder-volume[86324]: DEBUG cinder.volume.drivers.quobyte [None req-ca811d8e-dd44-4578-93c9-db87c9928971 tempest-TaggedAttachmentsTest-1111430341 None] Available shares ['osci02.corp.quobyte.com/cinder-vol-d775765a-cdca-4ac3-8910-8efe3e81eba6'] {{(pid=86324) _ensure_shares_mounted /opt/stack/cinder/cinder/volume/drivers/quobyte.py:647}}
Jun 08 16:50:21 devstack cinder-volume[86324]: DEBUG oslo_concurrency.lockutils [None req-ca811d8e-dd44-4578-93c9-db87c9928971 tempest-TaggedAttachmentsTest-1111430341 None] Lock "quobyte_ensure" "released" by "cinder.volume.drivers.quobyte.QuobyteDriver._ensure_shares_mounted" :: held 0.007s {{(pid=86324) inner /opt/stack/data/venv/lib/python3.12/site-packages/oslo_concurrency/lockutils.py:538}}
Jun 08 16:50:21 devstack cinder-volume[86324]: DEBUG cinder.volume.drivers.quobyte [None req-ca811d8e-dd44-4578-93c9-db87c9928971 tempest-TaggedAttachmentsTest-1111430341 None] Selected osci02.corp.quobyte.com/cinder-vol-d775765a-cdca-4ac3-8910-8efe3e81eba6 as target Quobyte volume. {{(pid=86324) _find_share /opt/stack/cinder/cinder/volume/drivers/quobyte.py:668}}
Jun 08 16:50:21 devstack cinder-volume[86324]: INFO cinder.volume.drivers.remotefs [None req-ca811d8e-dd44-4578-93c9-db87c9928971 tempest-TaggedAttachmentsTest-1111430341 None] casted to osci02.corp.quobyte.com/cinder-vol-d775765a-cdca-4ac3-8910-8efe3e81eba6
Jun 08 16:50:21 devstack cinder-volume[86324]: DEBUG oslo_concurrency.processutils [None req-ca811d8e-dd44-4578-93c9-db87c9928971 tempest-TaggedAttachmentsTest-1111430341 None] Running cmd (subprocess): sudo cinder-rootwrap /etc/cinder/rootwrap.conf qemu-img create -f qcow2 -o preallocation=metadata /opt/stack/data/cinder/mnt/8566abdadbdeed96c9b92e36c6fb2bf2/volume-9dd9c70e-745c-4781-8ec5-ae47de72ba10 1073741824 {{(pid=86324) execute /opt/stack/data/venv/lib/python3.12/site-packages/oslo_concurrency/processutils.py:440}}
Jun 08 16:50:21 devstack sudo[87625]: quobyte : PWD=/ ; USER=root ; COMMAND=/opt/stack/data/venv/bin/cinder-rootwrap /etc/cinder/rootwrap.conf qemu-img create -f qcow2 -o preallocation=metadata /opt/stack/data/cinder/mnt/8566abdadbdeed96c9b92e36c6fb2bf2/volume-9dd9c70e-745c-4781-8ec5-ae47de72ba10 1073741824
Jun 08 16:50:21 devstack sudo[87625]: pam_unix(sudo:session): session opened for user root(uid=0) by (uid=1000)
Jun 08 16:50:22 devstack cinder-volume[86324]: INFO cinder.volume.manager [None req-5b293b6d-0359-4713-bb7f-849f6b4559c6 tempest-GroupSnapshotsTest-950742373 None] Update group completed successfully.
Jun 08 16:50:22 devstack sudo[87625]: pam_unix(sudo:session): session closed for user root
Jun 08 16:50:22 devstack cinder-volume[86324]: DEBUG oslo_concurrency.processutils [None req-ca811d8e-dd44-4578-93c9-db87c9928971 tempest-TaggedAttachmentsTest-1111430341 None] CMD "sudo cinder-rootwrap /etc/cinder/rootwrap.conf qemu-img create -f qcow2 -o preallocation=metadata /opt/stack/data/cinder/mnt/8566abdadbdeed96c9b92e36c6fb2bf2/volume-9dd9c70e-745c-4781-8ec5-ae47de72ba10 1073741824" returned: 0 in 1.157s {{(pid=86324) execute /opt/stack/data/venv/lib/python3.12/site-packages/oslo_concurrency/processutils.py:468}}
Jun 08 16:50:22 devstack cinder-volume[86324]: DEBUG oslo_concurrency.processutils [None req-ca811d8e-dd44-4578-93c9-db87c9928971 tempest-TaggedAttachmentsTest-1111430341 None] Running cmd (subprocess): sudo cinder-rootwrap /etc/cinder/rootwrap.conf chmod ugo+rw /opt/stack/data/cinder/mnt/8566abdadbdeed96c9b92e36c6fb2bf2/volume-9dd9c70e-745c-4781-8ec5-ae47de72ba10 {{(pid=86324) execute /opt/stack/data/venv/lib/python3.12/site-packages/oslo_concurrency/processutils.py:440}}
Jun 08 16:50:22 devstack sudo[87669]: quobyte : PWD=/ ; USER=root ; COMMAND=/opt/stack/data/venv/bin/cinder-rootwrap /etc/cinder/rootwrap.conf chmod ugo+rw /opt/stack/data/cinder/mnt/8566abdadbdeed96c9b92e36c6fb2bf2/volume-9dd9c70e-745c-4781-8ec5-ae47de72ba10
Jun 08 16:50:22 devstack sudo[87669]: pam_unix(sudo:session): session opened for user root(uid=0) by (uid=1000)
Jun 08 16:50:23 devstack sudo[87669]: pam_unix(sudo:session): session closed for user root
Jun 08 16:50:23 devstack cinder-volume[86324]: DEBUG oslo_concurrency.processutils [None req-ca811d8e-dd44-4578-93c9-db87c9928971 tempest-TaggedAttachmentsTest-1111430341 None] CMD "sudo cinder-rootwrap /etc/cinder/rootwrap.conf chmod ugo+rw /opt/stack/data/cinder/mnt/8566abdadbdeed96c9b92e36c6fb2bf2/volume-9dd9c70e-745c-4781-8ec5-ae47de72ba10" returned: 0 in 0.725s {{(pid=86324) execute /opt/stack/data/venv/lib/python3.12/site-packages/oslo_concurrency/processutils.py:468}}
Jun 08 16:50:23 devstack cinder-volume[86324]: DEBUG cinder.volume.drivers.quobyte [None req-ca811d8e-dd44-4578-93c9-db87c9928971 tempest-TaggedAttachmentsTest-1111430341 None] <== create_volume: return (1926ms) {'provider_location': 'osci02.corp.quobyte.com/cinder-vol-d775765a-cdca-4ac3-8910-8efe3e81eba6'} {{(pid=86324) trace_logging_wrapper /opt/stack/cinder/cinder/volume/volume_utils.py:1523}}
Jun 08 16:50:23 devstack cinder-volume[86324]: DEBUG oslo_concurrency.lockutils [None req-ca811d8e-dd44-4578-93c9-db87c9928971 tempest-TaggedAttachmentsTest-1111430341 None] Lock "quobyte" "released" by "cinder.volume.drivers.quobyte.QuobyteDriver.create_volume" :: held 1.936s {{(pid=86324) inner /opt/stack/data/venv/lib/python3.12/site-packages/oslo_concurrency/lockutils.py:538}}
Jun 08 16:50:23 devstack cinder-volume[86324]: DEBUG cinder.volume.manager [None req-ca811d8e-dd44-4578-93c9-db87c9928971 tempest-TaggedAttachmentsTest-1111430341 None] Task 'cinder.volume.flows.manager.create_volume.CreateVolumeFromSpecTask;volume:create' (ba7fff87-ddb3-4f56-9200-f530698572ed) transitioned into state 'SUCCESS' from state 'RUNNING' with result '{'status': 'creating', 'volume_name': 'volume-9dd9c70e-745c-4781-8ec5-ae47de72ba10', 'volume_size': 1}' {{(pid=86324) _task_receiver /opt/stack/data/venv/lib/python3.12/site-packages/taskflow/listeners/logging.py:182}}
Jun 08 16:50:23 devstack cinder-volume[86324]: DEBUG cinder.volume.manager [None req-ca811d8e-dd44-4578-93c9-db87c9928971 tempest-TaggedAttachmentsTest-1111430341 None] Task 'cinder.volume.flows.manager.create_volume.CreateVolumeOnFinishTask;volume:create, create.end' (f50a7836-0d79-4d8c-8599-4eb55a9e02ee) transitioned into state 'RUNNING' from state 'PENDING' {{(pid=86324) _task_receiver /opt/stack/data/venv/lib/python3.12/site-packages/taskflow/listeners/logging.py:194}}
Jun 08 16:50:23 devstack cinder-volume[86324]: INFO cinder.volume.flows.manager.create_volume [None req-ca811d8e-dd44-4578-93c9-db87c9928971 tempest-TaggedAttachmentsTest-1111430341 None] Volume volume-9dd9c70e-745c-4781-8ec5-ae47de72ba10 (9dd9c70e-745c-4781-8ec5-ae47de72ba10): created successfully
Jun 08 16:50:23 devstack cinder-volume[86324]: DEBUG cinder.volume.manager [None req-ca811d8e-dd44-4578-93c9-db87c9928971 tempest-TaggedAttachmentsTest-1111430341 None] Task 'cinder.volume.flows.manager.create_volume.CreateVolumeOnFinishTask;volume:create, create.end' (f50a7836-0d79-4d8c-8599-4eb55a9e02ee) transitioned into state 'SUCCESS' from state 'RUNNING' with result 'None' {{(pid=86324) _task_receiver /opt/stack/data/venv/lib/python3.12/site-packages/taskflow/listeners/logging.py:182}}
Jun 08 16:50:23 devstack cinder-volume[86324]: DEBUG cinder.volume.manager [None req-ca811d8e-dd44-4578-93c9-db87c9928971 tempest-TaggedAttachmentsTest-1111430341 None] Flow 'volume_create_manager' (9d72b0c5-93ef-4c08-bfdf-7288ec25ec97) transitioned into state 'SUCCESS' from state 'RUNNING' {{(pid=86324) _flow_receiver /opt/stack/data/venv/lib/python3.12/site-packages/taskflow/listeners/logging.py:145}}
Jun 08 16:50:23 devstack cinder-volume[86324]: INFO cinder.volume.manager [None req-ca811d8e-dd44-4578-93c9-db87c9928971 tempest-TaggedAttachmentsTest-1111430341 None] Created volume successfully.
Jun 08 16:50:24 devstack cinder-volume[86324]: INFO cinder.volume.manager [None req-70b7df34-b816-47a3-96ca-3da8bd836fad tempest-GroupSnapshotsTest-950742373 None] GroupSnapshot 64dbaff6-3124-4bcd-a793-23db4084a1c2: creating.
Jun 08 16:50:24 devstack cinder-volume[86324]: DEBUG cinder.volume.manager [None req-70b7df34-b816-47a3-96ca-3da8bd836fad tempest-GroupSnapshotsTest-950742373 None] Group snapshot 64dbaff6-3124-4bcd-a793-23db4084a1c2: creating. {{(pid=86324) create_group_snapshot /opt/stack/cinder/cinder/volume/manager.py:4175}}
Jun 08 16:50:24 devstack cinder-volume[86324]: DEBUG oslo_concurrency.lockutils [None req-70b7df34-b816-47a3-96ca-3da8bd836fad tempest-GroupSnapshotsTest-950742373 None] Acquiring lock "quobyte" by "cinder.volume.drivers.quobyte.QuobyteDriver.create_snapshot" {{(pid=86324) inner /opt/stack/data/venv/lib/python3.12/site-packages/oslo_concurrency/lockutils.py:506}}
Jun 08 16:50:24 devstack cinder-volume[86324]: DEBUG oslo_concurrency.lockutils [None req-70b7df34-b816-47a3-96ca-3da8bd836fad tempest-GroupSnapshotsTest-950742373 None] Lock "quobyte" acquired by "cinder.volume.drivers.quobyte.QuobyteDriver.create_snapshot" :: waited 0.001s {{(pid=86324) inner /opt/stack/data/venv/lib/python3.12/site-packages/oslo_concurrency/lockutils.py:519}}
Jun 08 16:50:24 devstack cinder-volume[86324]: DEBUG cinder.volume.drivers.remotefs [None req-70b7df34-b816-47a3-96ca-3da8bd836fad tempest-GroupSnapshotsTest-950742373 None] Creating offline snapshot 305765ef-24de-4ec3-a216-051a9f3ced2d of volume 719bf3c9-22dd-4fec-bfb1-a2fe29ff14ed {{(pid=86324) _create_snapshot /opt/stack/cinder/cinder/volume/drivers/remotefs.py:1815}}
Jun 08 16:50:24 devstack cinder-volume[86324]: DEBUG oslo.privsep.daemon [-] privsep: reply[5ded1769-bb70-4061-beba-1877425d8a2d]: (4, 'qcow2') {{(pid=87181) _call_back /opt/stack/data/venv/lib/python3.12/site-packages/oslo_privsep/daemon.py:573}}
Jun 08 16:50:24 devstack cinder-volume[86324]: DEBUG oslo_concurrency.processutils [None req-70b7df34-b816-47a3-96ca-3da8bd836fad tempest-GroupSnapshotsTest-950742373 None] Running cmd (subprocess): /opt/stack/data/venv/bin/python3.12 -m oslo_concurrency.prlimit --as=1073741824 --cpu=60 -- sudo cinder-rootwrap /etc/cinder/rootwrap.conf env LC_ALL=C qemu-img info -f qcow2 --output=json --force-share /opt/stack/data/cinder/mnt/8566abdadbdeed96c9b92e36c6fb2bf2/volume-719bf3c9-22dd-4fec-bfb1-a2fe29ff14ed {{(pid=86324) execute /opt/stack/data/venv/lib/python3.12/site-packages/oslo_concurrency/processutils.py:440}}
Jun 08 16:50:24 devstack sudo[87678]: quobyte : PWD=/ ; USER=root ; COMMAND=/opt/stack/data/venv/bin/cinder-rootwrap /etc/cinder/rootwrap.conf env LC_ALL=C qemu-img info -f qcow2 --output=json --force-share /opt/stack/data/cinder/mnt/8566abdadbdeed96c9b92e36c6fb2bf2/volume-719bf3c9-22dd-4fec-bfb1-a2fe29ff14ed
Jun 08 16:50:24 devstack sudo[87678]: pam_unix(sudo:session): session opened for user root(uid=0) by (uid=1000)
Jun 08 16:50:25 devstack sudo[87678]: pam_unix(sudo:session): session closed for user root
Jun 08 16:50:25 devstack cinder-volume[86324]: DEBUG oslo_concurrency.processutils [None req-70b7df34-b816-47a3-96ca-3da8bd836fad tempest-GroupSnapshotsTest-950742373 None] CMD "/opt/stack/data/venv/bin/python3.12 -m oslo_concurrency.prlimit --as=1073741824 --cpu=60 -- sudo cinder-rootwrap /etc/cinder/rootwrap.conf env LC_ALL=C qemu-img info -f qcow2 --output=json --force-share /opt/stack/data/cinder/mnt/8566abdadbdeed96c9b92e36c6fb2bf2/volume-719bf3c9-22dd-4fec-bfb1-a2fe29ff14ed" returned: 0 in 0.880s {{(pid=86324) execute /opt/stack/data/venv/lib/python3.12/site-packages/oslo_concurrency/processutils.py:468}}
Jun 08 16:50:25 devstack cinder-volume[86324]: DEBUG oslo_concurrency.processutils [None req-70b7df34-b816-47a3-96ca-3da8bd836fad tempest-GroupSnapshotsTest-950742373 None] Running cmd (subprocess): sudo cinder-rootwrap /etc/cinder/rootwrap.conf qemu-img create -f qcow2 -o backing_file=/opt/stack/data/cinder/mnt/8566abdadbdeed96c9b92e36c6fb2bf2/volume-719bf3c9-22dd-4fec-bfb1-a2fe29ff14ed,backing_fmt=qcow2 /opt/stack/data/cinder/mnt/8566abdadbdeed96c9b92e36c6fb2bf2/volume-719bf3c9-22dd-4fec-bfb1-a2fe29ff14ed.305765ef-24de-4ec3-a216-051a9f3ced2d 1G {{(pid=86324) execute /opt/stack/data/venv/lib/python3.12/site-packages/oslo_concurrency/processutils.py:440}}
Jun 08 16:50:25 devstack sudo[87684]: quobyte : PWD=/ ; USER=root ; COMMAND=/opt/stack/data/venv/bin/cinder-rootwrap /etc/cinder/rootwrap.conf qemu-img create -f qcow2 -o backing_file=/opt/stack/data/cinder/mnt/8566abdadbdeed96c9b92e36c6fb2bf2/volume-719bf3c9-22dd-4fec-bfb1-a2fe29ff14ed,backing_fmt=qcow2 /opt/stack/data/cinder/mnt/8566abdadbdeed96c9b92e36c6fb2bf2/volume-719bf3c9-22dd-4fec-bfb1-a2fe29ff14ed.305765ef-24de-4ec3-a216-051a9f3ced2d 1G
Jun 08 16:50:25 devstack sudo[87684]: pam_unix(sudo:session): session opened for user root(uid=0) by (uid=1000)
Jun 08 16:50:26 devstack sudo[87684]: pam_unix(sudo:session): session closed for user root
Jun 08 16:50:26 devstack cinder-volume[86324]: DEBUG oslo_concurrency.processutils [None req-70b7df34-b816-47a3-96ca-3da8bd836fad tempest-GroupSnapshotsTest-950742373 None] CMD "sudo cinder-rootwrap /etc/cinder/rootwrap.conf qemu-img create -f qcow2 -o backing_file=/opt/stack/data/cinder/mnt/8566abdadbdeed96c9b92e36c6fb2bf2/volume-719bf3c9-22dd-4fec-bfb1-a2fe29ff14ed,backing_fmt=qcow2 /opt/stack/data/cinder/mnt/8566abdadbdeed96c9b92e36c6fb2bf2/volume-719bf3c9-22dd-4fec-bfb1-a2fe29ff14ed.305765ef-24de-4ec3-a216-051a9f3ced2d 1G" returned: 0 in 1.212s {{(pid=86324) execute /opt/stack/data/venv/lib/python3.12/site-packages/oslo_concurrency/processutils.py:468}}
Jun 08 16:50:26 devstack cinder-volume[86324]: DEBUG oslo_concurrency.processutils [None req-70b7df34-b816-47a3-96ca-3da8bd836fad tempest-GroupSnapshotsTest-950742373 None] Running cmd (subprocess): sudo cinder-rootwrap /etc/cinder/rootwrap.conf qemu-img rebase -u -b volume-719bf3c9-22dd-4fec-bfb1-a2fe29ff14ed -F qcow2 /opt/stack/data/cinder/mnt/8566abdadbdeed96c9b92e36c6fb2bf2/volume-719bf3c9-22dd-4fec-bfb1-a2fe29ff14ed.305765ef-24de-4ec3-a216-051a9f3ced2d {{(pid=86324) execute /opt/stack/data/venv/lib/python3.12/site-packages/oslo_concurrency/processutils.py:440}}
Jun 08 16:50:26 devstack sudo[87690]: quobyte : PWD=/ ; USER=root ; COMMAND=/opt/stack/data/venv/bin/cinder-rootwrap /etc/cinder/rootwrap.conf qemu-img rebase -u -b volume-719bf3c9-22dd-4fec-bfb1-a2fe29ff14ed -F qcow2 /opt/stack/data/cinder/mnt/8566abdadbdeed96c9b92e36c6fb2bf2/volume-719bf3c9-22dd-4fec-bfb1-a2fe29ff14ed.305765ef-24de-4ec3-a216-051a9f3ced2d
Jun 08 16:50:26 devstack sudo[87690]: pam_unix(sudo:session): session opened for user root(uid=0) by (uid=1000)
Jun 08 16:50:27 devstack sudo[87690]: pam_unix(sudo:session): session closed for user root
Jun 08 16:50:27 devstack cinder-volume[86324]: DEBUG oslo_concurrency.processutils [None req-70b7df34-b816-47a3-96ca-3da8bd836fad tempest-GroupSnapshotsTest-950742373 None] CMD "sudo cinder-rootwrap /etc/cinder/rootwrap.conf qemu-img rebase -u -b volume-719bf3c9-22dd-4fec-bfb1-a2fe29ff14ed -F qcow2 /opt/stack/data/cinder/mnt/8566abdadbdeed96c9b92e36c6fb2bf2/volume-719bf3c9-22dd-4fec-bfb1-a2fe29ff14ed.305765ef-24de-4ec3-a216-051a9f3ced2d" returned: 0 in 0.745s {{(pid=86324) execute /opt/stack/data/venv/lib/python3.12/site-packages/oslo_concurrency/processutils.py:468}}
Jun 08 16:50:27 devstack cinder-volume[86324]: WARNING cinder.volume.drivers.remotefs [None req-70b7df34-b816-47a3-96ca-3da8bd836fad tempest-GroupSnapshotsTest-950742373 None] /opt/stack/data/cinder/mnt/8566abdadbdeed96c9b92e36c6fb2bf2/volume-719bf3c9-22dd-4fec-bfb1-a2fe29ff14ed.305765ef-24de-4ec3-a216-051a9f3ced2d is being set with open permissions: ugo+rw: NotImplementedError
Jun 08 16:50:27 devstack cinder-volume[86324]: DEBUG oslo_concurrency.processutils [None req-70b7df34-b816-47a3-96ca-3da8bd836fad tempest-GroupSnapshotsTest-950742373 None] Running cmd (subprocess): sudo cinder-rootwrap /etc/cinder/rootwrap.conf chmod ugo+rw /opt/stack/data/cinder/mnt/8566abdadbdeed96c9b92e36c6fb2bf2/volume-719bf3c9-22dd-4fec-bfb1-a2fe29ff14ed.305765ef-24de-4ec3-a216-051a9f3ced2d {{(pid=86324) execute /opt/stack/data/venv/lib/python3.12/site-packages/oslo_concurrency/processutils.py:440}}
Jun 08 16:50:27 devstack sudo[87696]: quobyte : PWD=/ ; USER=root ; COMMAND=/opt/stack/data/venv/bin/cinder-rootwrap /etc/cinder/rootwrap.conf chmod ugo+rw /opt/stack/data/cinder/mnt/8566abdadbdeed96c9b92e36c6fb2bf2/volume-719bf3c9-22dd-4fec-bfb1-a2fe29ff14ed.305765ef-24de-4ec3-a216-051a9f3ced2d
Jun 08 16:50:27 devstack sudo[87696]: pam_unix(sudo:session): session opened for user root(uid=0) by (uid=1000)
Jun 08 16:50:28 devstack sudo[87696]: pam_unix(sudo:session): session closed for user root
Jun 08 16:50:28 devstack cinder-volume[86324]: DEBUG oslo_concurrency.processutils [None req-70b7df34-b816-47a3-96ca-3da8bd836fad tempest-GroupSnapshotsTest-950742373 None] CMD "sudo cinder-rootwrap /etc/cinder/rootwrap.conf chmod ugo+rw /opt/stack/data/cinder/mnt/8566abdadbdeed96c9b92e36c6fb2bf2/volume-719bf3c9-22dd-4fec-bfb1-a2fe29ff14ed.305765ef-24de-4ec3-a216-051a9f3ced2d" returned: 0 in 0.756s {{(pid=86324) execute /opt/stack/data/venv/lib/python3.12/site-packages/oslo_concurrency/processutils.py:468}}
Jun 08 16:50:28 devstack cinder-volume[86324]: DEBUG oslo_concurrency.processutils [None req-70b7df34-b816-47a3-96ca-3da8bd836fad tempest-GroupSnapshotsTest-950742373 None] Running cmd (subprocess): sudo cinder-rootwrap /etc/cinder/rootwrap.conf truncate -s0 /opt/stack/data/cinder/mnt/8566abdadbdeed96c9b92e36c6fb2bf2/volume-719bf3c9-22dd-4fec-bfb1-a2fe29ff14ed.info {{(pid=86324) execute /opt/stack/data/venv/lib/python3.12/site-packages/oslo_concurrency/processutils.py:440}}
Jun 08 16:50:28 devstack sudo[87700]: quobyte : PWD=/ ; USER=root ; COMMAND=/opt/stack/data/venv/bin/cinder-rootwrap /etc/cinder/rootwrap.conf truncate -s0 /opt/stack/data/cinder/mnt/8566abdadbdeed96c9b92e36c6fb2bf2/volume-719bf3c9-22dd-4fec-bfb1-a2fe29ff14ed.info
Jun 08 16:50:28 devstack sudo[87700]: pam_unix(sudo:session): session opened for user root(uid=0) by (uid=1000)
Jun 08 16:50:29 devstack sudo[87700]: pam_unix(sudo:session): session closed for user root
Jun 08 16:50:29 devstack cinder-volume[86324]: DEBUG oslo_concurrency.processutils [None req-70b7df34-b816-47a3-96ca-3da8bd836fad tempest-GroupSnapshotsTest-950742373 None] CMD "sudo cinder-rootwrap /etc/cinder/rootwrap.conf truncate -s0 /opt/stack/data/cinder/mnt/8566abdadbdeed96c9b92e36c6fb2bf2/volume-719bf3c9-22dd-4fec-bfb1-a2fe29ff14ed.info" returned: 0 in 0.974s {{(pid=86324) execute /opt/stack/data/venv/lib/python3.12/site-packages/oslo_concurrency/processutils.py:468}}
Jun 08 16:50:29 devstack cinder-volume[86324]: WARNING cinder.volume.drivers.remotefs [None req-70b7df34-b816-47a3-96ca-3da8bd836fad tempest-GroupSnapshotsTest-950742373 None] /opt/stack/data/cinder/mnt/8566abdadbdeed96c9b92e36c6fb2bf2/volume-719bf3c9-22dd-4fec-bfb1-a2fe29ff14ed.info is being set with open permissions: ugo+rw: NotImplementedError
Jun 08 16:50:29 devstack cinder-volume[86324]: DEBUG oslo_concurrency.processutils [None req-70b7df34-b816-47a3-96ca-3da8bd836fad tempest-GroupSnapshotsTest-950742373 None] Running cmd (subprocess): sudo cinder-rootwrap /etc/cinder/rootwrap.conf chmod ugo+rw /opt/stack/data/cinder/mnt/8566abdadbdeed96c9b92e36c6fb2bf2/volume-719bf3c9-22dd-4fec-bfb1-a2fe29ff14ed.info {{(pid=86324) execute /opt/stack/data/venv/lib/python3.12/site-packages/oslo_concurrency/processutils.py:440}}
Jun 08 16:50:29 devstack sudo[87706]: quobyte : PWD=/ ; USER=root ; COMMAND=/opt/stack/data/venv/bin/cinder-rootwrap /etc/cinder/rootwrap.conf chmod ugo+rw /opt/stack/data/cinder/mnt/8566abdadbdeed96c9b92e36c6fb2bf2/volume-719bf3c9-22dd-4fec-bfb1-a2fe29ff14ed.info
Jun 08 16:50:29 devstack sudo[87706]: pam_unix(sudo:session): session opened for user root(uid=0) by (uid=1000)
Jun 08 16:50:30 devstack sudo[87706]: pam_unix(sudo:session): session closed for user root
Jun 08 16:50:30 devstack cinder-volume[86324]: DEBUG oslo_concurrency.processutils [None req-70b7df34-b816-47a3-96ca-3da8bd836fad tempest-GroupSnapshotsTest-950742373 None] CMD "sudo cinder-rootwrap /etc/cinder/rootwrap.conf chmod ugo+rw /opt/stack/data/cinder/mnt/8566abdadbdeed96c9b92e36c6fb2bf2/volume-719bf3c9-22dd-4fec-bfb1-a2fe29ff14ed.info" returned: 0 in 0.812s {{(pid=86324) execute /opt/stack/data/venv/lib/python3.12/site-packages/oslo_concurrency/processutils.py:468}}
Jun 08 16:50:30 devstack cinder-volume[86324]: DEBUG oslo_concurrency.lockutils [None req-70b7df34-b816-47a3-96ca-3da8bd836fad tempest-GroupSnapshotsTest-950742373 None] Lock "quobyte" "released" by "cinder.volume.drivers.quobyte.QuobyteDriver.create_snapshot" :: held 5.535s {{(pid=86324) inner /opt/stack/data/venv/lib/python3.12/site-packages/oslo_concurrency/lockutils.py:538}}
Jun 08 16:50:30 devstack cinder-volume[86324]: DEBUG oslo_concurrency.lockutils [None req-70b7df34-b816-47a3-96ca-3da8bd836fad tempest-GroupSnapshotsTest-950742373 None] Acquiring lock "quobyte" by "cinder.volume.drivers.quobyte.QuobyteDriver.create_snapshot" {{(pid=86324) inner /opt/stack/data/venv/lib/python3.12/site-packages/oslo_concurrency/lockutils.py:506}}
Jun 08 16:50:30 devstack cinder-volume[86324]: DEBUG oslo_concurrency.lockutils [None req-70b7df34-b816-47a3-96ca-3da8bd836fad tempest-GroupSnapshotsTest-950742373 None] Lock "quobyte" acquired by "cinder.volume.drivers.quobyte.QuobyteDriver.create_snapshot" :: waited 0.001s {{(pid=86324) inner /opt/stack/data/venv/lib/python3.12/site-packages/oslo_concurrency/lockutils.py:519}}
Jun 08 16:50:30 devstack cinder-volume[86324]: DEBUG cinder.volume.drivers.remotefs [None req-70b7df34-b816-47a3-96ca-3da8bd836fad tempest-GroupSnapshotsTest-950742373 None] Creating offline snapshot a89cb46f-831d-4b7f-b9e5-ea81b86d02c4 of volume f612ed47-e638-4437-b622-2da067b26c78 {{(pid=86324) _create_snapshot /opt/stack/cinder/cinder/volume/drivers/remotefs.py:1815}}
Jun 08 16:50:30 devstack cinder-volume[86324]: DEBUG oslo.privsep.daemon [-] privsep: reply[207539d5-cc5d-411a-beee-d4d3e5507387]: (4, 'qcow2') {{(pid=87181) _call_back /opt/stack/data/venv/lib/python3.12/site-packages/oslo_privsep/daemon.py:573}}
Jun 08 16:50:30 devstack cinder-volume[86324]: DEBUG oslo_concurrency.processutils [None req-70b7df34-b816-47a3-96ca-3da8bd836fad tempest-GroupSnapshotsTest-950742373 None] Running cmd (subprocess): /opt/stack/data/venv/bin/python3.12 -m oslo_concurrency.prlimit --as=1073741824 --cpu=60 -- sudo cinder-rootwrap /etc/cinder/rootwrap.conf env LC_ALL=C qemu-img info -f qcow2 --output=json --force-share /opt/stack/data/cinder/mnt/8566abdadbdeed96c9b92e36c6fb2bf2/volume-f612ed47-e638-4437-b622-2da067b26c78 {{(pid=86324) execute /opt/stack/data/venv/lib/python3.12/site-packages/oslo_concurrency/processutils.py:440}}
Jun 08 16:50:30 devstack sudo[87713]: quobyte : PWD=/ ; USER=root ; COMMAND=/opt/stack/data/venv/bin/cinder-rootwrap /etc/cinder/rootwrap.conf env LC_ALL=C qemu-img info -f qcow2 --output=json --force-share /opt/stack/data/cinder/mnt/8566abdadbdeed96c9b92e36c6fb2bf2/volume-f612ed47-e638-4437-b622-2da067b26c78
Jun 08 16:50:30 devstack sudo[87713]: pam_unix(sudo:session): session opened for user root(uid=0) by (uid=1000)
Jun 08 16:50:31 devstack sudo[87713]: pam_unix(sudo:session): session closed for user root
Jun 08 16:50:31 devstack cinder-volume[86324]: DEBUG oslo_concurrency.processutils [None req-70b7df34-b816-47a3-96ca-3da8bd836fad tempest-GroupSnapshotsTest-950742373 None] CMD "/opt/stack/data/venv/bin/python3.12 -m oslo_concurrency.prlimit --as=1073741824 --cpu=60 -- sudo cinder-rootwrap /etc/cinder/rootwrap.conf env LC_ALL=C qemu-img info -f qcow2 --output=json --force-share /opt/stack/data/cinder/mnt/8566abdadbdeed96c9b92e36c6fb2bf2/volume-f612ed47-e638-4437-b622-2da067b26c78" returned: 0 in 1.076s {{(pid=86324) execute /opt/stack/data/venv/lib/python3.12/site-packages/oslo_concurrency/processutils.py:468}}
Jun 08 16:50:31 devstack cinder-volume[86324]: DEBUG oslo_concurrency.processutils [None req-70b7df34-b816-47a3-96ca-3da8bd836fad tempest-GroupSnapshotsTest-950742373 None] Running cmd (subprocess): sudo cinder-rootwrap /etc/cinder/rootwrap.conf qemu-img create -f qcow2 -o backing_file=/opt/stack/data/cinder/mnt/8566abdadbdeed96c9b92e36c6fb2bf2/volume-f612ed47-e638-4437-b622-2da067b26c78,backing_fmt=qcow2 /opt/stack/data/cinder/mnt/8566abdadbdeed96c9b92e36c6fb2bf2/volume-f612ed47-e638-4437-b622-2da067b26c78.a89cb46f-831d-4b7f-b9e5-ea81b86d02c4 1G {{(pid=86324) execute /opt/stack/data/venv/lib/python3.12/site-packages/oslo_concurrency/processutils.py:440}}
Jun 08 16:50:31 devstack sudo[87722]: quobyte : PWD=/ ; USER=root ; COMMAND=/opt/stack/data/venv/bin/cinder-rootwrap /etc/cinder/rootwrap.conf qemu-img create -f qcow2 -o backing_file=/opt/stack/data/cinder/mnt/8566abdadbdeed96c9b92e36c6fb2bf2/volume-f612ed47-e638-4437-b622-2da067b26c78,backing_fmt=qcow2 /opt/stack/data/cinder/mnt/8566abdadbdeed96c9b92e36c6fb2bf2/volume-f612ed47-e638-4437-b622-2da067b26c78.a89cb46f-831d-4b7f-b9e5-ea81b86d02c4 1G
Jun 08 16:50:31 devstack sudo[87722]: pam_unix(sudo:session): session opened for user root(uid=0) by (uid=1000)
Jun 08 16:50:32 devstack sudo[87722]: pam_unix(sudo:session): session closed for user root
Jun 08 16:50:32 devstack cinder-volume[86324]: DEBUG oslo_concurrency.processutils [None req-70b7df34-b816-47a3-96ca-3da8bd836fad tempest-GroupSnapshotsTest-950742373 None] CMD "sudo cinder-rootwrap /etc/cinder/rootwrap.conf qemu-img create -f qcow2 -o backing_file=/opt/stack/data/cinder/mnt/8566abdadbdeed96c9b92e36c6fb2bf2/volume-f612ed47-e638-4437-b622-2da067b26c78,backing_fmt=qcow2 /opt/stack/data/cinder/mnt/8566abdadbdeed96c9b92e36c6fb2bf2/volume-f612ed47-e638-4437-b622-2da067b26c78.a89cb46f-831d-4b7f-b9e5-ea81b86d02c4 1G" returned: 0 in 0.854s {{(pid=86324) execute /opt/stack/data/venv/lib/python3.12/site-packages/oslo_concurrency/processutils.py:468}}
Jun 08 16:50:32 devstack cinder-volume[86324]: DEBUG oslo_concurrency.processutils [None req-70b7df34-b816-47a3-96ca-3da8bd836fad tempest-GroupSnapshotsTest-950742373 None] Running cmd (subprocess): sudo cinder-rootwrap /etc/cinder/rootwrap.conf qemu-img rebase -u -b volume-f612ed47-e638-4437-b622-2da067b26c78 -F qcow2 /opt/stack/data/cinder/mnt/8566abdadbdeed96c9b92e36c6fb2bf2/volume-f612ed47-e638-4437-b622-2da067b26c78.a89cb46f-831d-4b7f-b9e5-ea81b86d02c4 {{(pid=86324) execute /opt/stack/data/venv/lib/python3.12/site-packages/oslo_concurrency/processutils.py:440}}
Jun 08 16:50:32 devstack sudo[87729]: quobyte : PWD=/ ; USER=root ; COMMAND=/opt/stack/data/venv/bin/cinder-rootwrap /etc/cinder/rootwrap.conf qemu-img rebase -u -b volume-f612ed47-e638-4437-b622-2da067b26c78 -F qcow2 /opt/stack/data/cinder/mnt/8566abdadbdeed96c9b92e36c6fb2bf2/volume-f612ed47-e638-4437-b622-2da067b26c78.a89cb46f-831d-4b7f-b9e5-ea81b86d02c4
Jun 08 16:50:32 devstack sudo[87729]: pam_unix(sudo:session): session opened for user root(uid=0) by (uid=1000)
Jun 08 16:50:32 devstack sudo[87729]: pam_unix(sudo:session): session closed for user root
Jun 08 16:50:32 devstack cinder-volume[86324]: DEBUG oslo_concurrency.processutils [None req-70b7df34-b816-47a3-96ca-3da8bd836fad tempest-GroupSnapshotsTest-950742373 None] CMD "sudo cinder-rootwrap /etc/cinder/rootwrap.conf qemu-img rebase -u -b volume-f612ed47-e638-4437-b622-2da067b26c78 -F qcow2 /opt/stack/data/cinder/mnt/8566abdadbdeed96c9b92e36c6fb2bf2/volume-f612ed47-e638-4437-b622-2da067b26c78.a89cb46f-831d-4b7f-b9e5-ea81b86d02c4" returned: 0 in 0.704s {{(pid=86324) execute /opt/stack/data/venv/lib/python3.12/site-packages/oslo_concurrency/processutils.py:468}}
Jun 08 16:50:32 devstack cinder-volume[86324]: WARNING cinder.volume.drivers.remotefs [None req-70b7df34-b816-47a3-96ca-3da8bd836fad tempest-GroupSnapshotsTest-950742373 None] /opt/stack/data/cinder/mnt/8566abdadbdeed96c9b92e36c6fb2bf2/volume-f612ed47-e638-4437-b622-2da067b26c78.a89cb46f-831d-4b7f-b9e5-ea81b86d02c4 is being set with open permissions: ugo+rw: NotImplementedError
Jun 08 16:50:32 devstack cinder-volume[86324]: DEBUG oslo_concurrency.processutils [None req-70b7df34-b816-47a3-96ca-3da8bd836fad tempest-GroupSnapshotsTest-950742373 None] Running cmd (subprocess): sudo cinder-rootwrap /etc/cinder/rootwrap.conf chmod ugo+rw /opt/stack/data/cinder/mnt/8566abdadbdeed96c9b92e36c6fb2bf2/volume-f612ed47-e638-4437-b622-2da067b26c78.a89cb46f-831d-4b7f-b9e5-ea81b86d02c4 {{(pid=86324) execute /opt/stack/data/venv/lib/python3.12/site-packages/oslo_concurrency/processutils.py:440}}
Jun 08 16:50:33 devstack sudo[87737]: quobyte : PWD=/ ; USER=root ; COMMAND=/opt/stack/data/venv/bin/cinder-rootwrap /etc/cinder/rootwrap.conf chmod ugo+rw /opt/stack/data/cinder/mnt/8566abdadbdeed96c9b92e36c6fb2bf2/volume-f612ed47-e638-4437-b622-2da067b26c78.a89cb46f-831d-4b7f-b9e5-ea81b86d02c4
Jun 08 16:50:33 devstack sudo[87737]: pam_unix(sudo:session): session opened for user root(uid=0) by (uid=1000)
Jun 08 16:50:33 devstack sudo[87737]: pam_unix(sudo:session): session closed for user root
Jun 08 16:50:33 devstack cinder-volume[86324]: DEBUG oslo_concurrency.processutils [None req-70b7df34-b816-47a3-96ca-3da8bd836fad tempest-GroupSnapshotsTest-950742373 None] CMD "sudo cinder-rootwrap /etc/cinder/rootwrap.conf chmod ugo+rw /opt/stack/data/cinder/mnt/8566abdadbdeed96c9b92e36c6fb2bf2/volume-f612ed47-e638-4437-b622-2da067b26c78.a89cb46f-831d-4b7f-b9e5-ea81b86d02c4" returned: 0 in 0.626s {{(pid=86324) execute /opt/stack/data/venv/lib/python3.12/site-packages/oslo_concurrency/processutils.py:468}}
Jun 08 16:50:33 devstack cinder-volume[86324]: DEBUG oslo_concurrency.processutils [None req-70b7df34-b816-47a3-96ca-3da8bd836fad tempest-GroupSnapshotsTest-950742373 None] Running cmd (subprocess): sudo cinder-rootwrap /etc/cinder/rootwrap.conf truncate -s0 /opt/stack/data/cinder/mnt/8566abdadbdeed96c9b92e36c6fb2bf2/volume-f612ed47-e638-4437-b622-2da067b26c78.info {{(pid=86324) execute /opt/stack/data/venv/lib/python3.12/site-packages/oslo_concurrency/processutils.py:440}}
Jun 08 16:50:33 devstack sudo[87752]: quobyte : PWD=/ ; USER=root ; COMMAND=/opt/stack/data/venv/bin/cinder-rootwrap /etc/cinder/rootwrap.conf truncate -s0 /opt/stack/data/cinder/mnt/8566abdadbdeed96c9b92e36c6fb2bf2/volume-f612ed47-e638-4437-b622-2da067b26c78.info
Jun 08 16:50:33 devstack sudo[87752]: pam_unix(sudo:session): session opened for user root(uid=0) by (uid=1000)
Jun 08 16:50:34 devstack sudo[87752]: pam_unix(sudo:session): session closed for user root
Jun 08 16:50:34 devstack cinder-volume[86324]: DEBUG oslo_concurrency.processutils [None req-70b7df34-b816-47a3-96ca-3da8bd836fad tempest-GroupSnapshotsTest-950742373 None] CMD "sudo cinder-rootwrap /etc/cinder/rootwrap.conf truncate -s0 /opt/stack/data/cinder/mnt/8566abdadbdeed96c9b92e36c6fb2bf2/volume-f612ed47-e638-4437-b622-2da067b26c78.info" returned: 0 in 0.698s {{(pid=86324) execute /opt/stack/data/venv/lib/python3.12/site-packages/oslo_concurrency/processutils.py:468}}
Jun 08 16:50:34 devstack cinder-volume[86324]: WARNING cinder.volume.drivers.remotefs [None req-70b7df34-b816-47a3-96ca-3da8bd836fad tempest-GroupSnapshotsTest-950742373 None] /opt/stack/data/cinder/mnt/8566abdadbdeed96c9b92e36c6fb2bf2/volume-f612ed47-e638-4437-b622-2da067b26c78.info is being set with open permissions: ugo+rw: NotImplementedError
Jun 08 16:50:34 devstack cinder-volume[86324]: DEBUG oslo_concurrency.processutils [None req-70b7df34-b816-47a3-96ca-3da8bd836fad tempest-GroupSnapshotsTest-950742373 None] Running cmd (subprocess): sudo cinder-rootwrap /etc/cinder/rootwrap.conf chmod ugo+rw /opt/stack/data/cinder/mnt/8566abdadbdeed96c9b92e36c6fb2bf2/volume-f612ed47-e638-4437-b622-2da067b26c78.info {{(pid=86324) execute /opt/stack/data/venv/lib/python3.12/site-packages/oslo_concurrency/processutils.py:440}}
Jun 08 16:50:34 devstack sudo[87755]: quobyte : PWD=/ ; USER=root ; COMMAND=/opt/stack/data/venv/bin/cinder-rootwrap /etc/cinder/rootwrap.conf chmod ugo+rw /opt/stack/data/cinder/mnt/8566abdadbdeed96c9b92e36c6fb2bf2/volume-f612ed47-e638-4437-b622-2da067b26c78.info
Jun 08 16:50:34 devstack sudo[87755]: pam_unix(sudo:session): session opened for user root(uid=0) by (uid=1000)
Jun 08 16:50:35 devstack sudo[87755]: pam_unix(sudo:session): session closed for user root
Jun 08 16:50:35 devstack cinder-volume[86324]: DEBUG oslo_concurrency.processutils [None req-70b7df34-b816-47a3-96ca-3da8bd836fad tempest-GroupSnapshotsTest-950742373 None] CMD "sudo cinder-rootwrap /etc/cinder/rootwrap.conf chmod ugo+rw /opt/stack/data/cinder/mnt/8566abdadbdeed96c9b92e36c6fb2bf2/volume-f612ed47-e638-4437-b622-2da067b26c78.info" returned: 0 in 0.600s {{(pid=86324) execute /opt/stack/data/venv/lib/python3.12/site-packages/oslo_concurrency/processutils.py:468}}
Jun 08 16:50:35 devstack cinder-volume[86324]: DEBUG oslo_concurrency.lockutils [None req-70b7df34-b816-47a3-96ca-3da8bd836fad tempest-GroupSnapshotsTest-950742373 None] Lock "quobyte" "released" by "cinder.volume.drivers.quobyte.QuobyteDriver.create_snapshot" :: held 4.976s {{(pid=86324) inner /opt/stack/data/venv/lib/python3.12/site-packages/oslo_concurrency/lockutils.py:538}}
Jun 08 16:50:35 devstack cinder-volume[86324]: INFO cinder.volume.manager [None req-70b7df34-b816-47a3-96ca-3da8bd836fad tempest-GroupSnapshotsTest-950742373 None] group_snapshot 64dbaff6-3124-4bcd-a793-23db4084a1c2: created successfully
Jun 08 16:50:36 devstack cinder-volume[86324]: INFO cinder.volume.manager [None req-98da1d80-243f-4df5-966c-96ffa772d45c tempest-GroupSnapshotsTest-950742373 None] group_snapshot 64dbaff6-3124-4bcd-a793-23db4084a1c2: deleting
Jun 08 16:50:37 devstack cinder-volume[86324]: DEBUG cinder.volume.manager [None req-98da1d80-243f-4df5-966c-96ffa772d45c tempest-GroupSnapshotsTest-950742373 None] group_snapshot 64dbaff6-3124-4bcd-a793-23db4084a1c2: deleting {{(pid=86324) delete_group_snapshot /opt/stack/cinder/cinder/volume/manager.py:4350}}
Jun 08 16:50:37 devstack cinder-volume[86324]: DEBUG cinder.coordination [None req-98da1d80-243f-4df5-966c-96ffa772d45c tempest-GroupSnapshotsTest-950742373 None] Acquiring lock "cinder-quobyte-719bf3c9-22dd-4fec-bfb1-a2fe29ff14ed" by "delete_snapshot" {{(pid=86324) __acquire /opt/stack/cinder/cinder/coordination.py:138}}
Jun 08 16:50:37 devstack cinder-volume[86324]: DEBUG cinder.coordination [None req-98da1d80-243f-4df5-966c-96ffa772d45c tempest-GroupSnapshotsTest-950742373 None] Lock "cinder-quobyte-719bf3c9-22dd-4fec-bfb1-a2fe29ff14ed" acquired by "delete_snapshot" :: waited 0.022s {{(pid=86324) __acquire /opt/stack/cinder/cinder/coordination.py:141}}
Jun 08 16:50:37 devstack cinder-volume[86324]: DEBUG cinder.coordination [None req-98da1d80-243f-4df5-966c-96ffa772d45c tempest-GroupSnapshotsTest-950742373 None] Acquiring lock "cinder-quobyte-305765ef-24de-4ec3-a216-051a9f3ced2d" by "_delete_snapshot" {{(pid=86324) __acquire /opt/stack/cinder/cinder/coordination.py:138}}
Jun 08 16:50:37 devstack cinder-volume[86324]: DEBUG cinder.coordination [None req-98da1d80-243f-4df5-966c-96ffa772d45c tempest-GroupSnapshotsTest-950742373 None] Lock "cinder-quobyte-305765ef-24de-4ec3-a216-051a9f3ced2d" acquired by "_delete_snapshot" :: waited 0.024s {{(pid=86324) __acquire /opt/stack/cinder/cinder/coordination.py:141}}
Jun 08 16:50:37 devstack cinder-volume[86324]: DEBUG cinder.volume.drivers.remotefs [None req-98da1d80-243f-4df5-966c-96ffa772d45c tempest-GroupSnapshotsTest-950742373 None] Deleting offline snapshot 305765ef-24de-4ec3-a216-051a9f3ced2d of volume 719bf3c9-22dd-4fec-bfb1-a2fe29ff14ed {{(pid=86324) _delete_snapshot /opt/stack/cinder/cinder/volume/drivers/remotefs.py:1288}}
Jun 08 16:50:37 devstack cinder-volume[86324]: DEBUG cinder.volume.drivers.remotefs [None req-98da1d80-243f-4df5-966c-96ffa772d45c tempest-GroupSnapshotsTest-950742373 None] snapshot_file for this snap is: volume-719bf3c9-22dd-4fec-bfb1-a2fe29ff14ed.305765ef-24de-4ec3-a216-051a9f3ced2d {{(pid=86324) _delete_snapshot /opt/stack/cinder/cinder/volume/drivers/remotefs.py:1317}}
Jun 08 16:50:37 devstack cinder-volume[86324]: DEBUG oslo.privsep.daemon [-] privsep: reply[df6ad29f-f94f-46cd-a255-66dbcc55672e]: (4, 'qcow2') {{(pid=87181) _call_back /opt/stack/data/venv/lib/python3.12/site-packages/oslo_privsep/daemon.py:573}}
Jun 08 16:50:37 devstack cinder-volume[86324]: DEBUG oslo_concurrency.processutils [None req-98da1d80-243f-4df5-966c-96ffa772d45c tempest-GroupSnapshotsTest-950742373 None] Running cmd (subprocess): /opt/stack/data/venv/bin/python3.12 -m oslo_concurrency.prlimit --as=1073741824 --cpu=60 -- sudo cinder-rootwrap /etc/cinder/rootwrap.conf env LC_ALL=C qemu-img info -f qcow2 --output=json --force-share /opt/stack/data/cinder/mnt/8566abdadbdeed96c9b92e36c6fb2bf2/volume-719bf3c9-22dd-4fec-bfb1-a2fe29ff14ed.305765ef-24de-4ec3-a216-051a9f3ced2d {{(pid=86324) execute /opt/stack/data/venv/lib/python3.12/site-packages/oslo_concurrency/processutils.py:440}}
Jun 08 16:50:37 devstack sudo[87803]: quobyte : PWD=/ ; USER=root ; COMMAND=/opt/stack/data/venv/bin/cinder-rootwrap /etc/cinder/rootwrap.conf env LC_ALL=C qemu-img info -f qcow2 --output=json --force-share /opt/stack/data/cinder/mnt/8566abdadbdeed96c9b92e36c6fb2bf2/volume-719bf3c9-22dd-4fec-bfb1-a2fe29ff14ed.305765ef-24de-4ec3-a216-051a9f3ced2d
Jun 08 16:50:37 devstack sudo[87803]: pam_unix(sudo:session): session opened for user root(uid=0) by (uid=1000)
Jun 08 16:50:38 devstack sudo[87803]: pam_unix(sudo:session): session closed for user root
Jun 08 16:50:38 devstack cinder-volume[86324]: DEBUG oslo_concurrency.processutils [None req-98da1d80-243f-4df5-966c-96ffa772d45c tempest-GroupSnapshotsTest-950742373 None] CMD "/opt/stack/data/venv/bin/python3.12 -m oslo_concurrency.prlimit --as=1073741824 --cpu=60 -- sudo cinder-rootwrap /etc/cinder/rootwrap.conf env LC_ALL=C qemu-img info -f qcow2 --output=json --force-share /opt/stack/data/cinder/mnt/8566abdadbdeed96c9b92e36c6fb2bf2/volume-719bf3c9-22dd-4fec-bfb1-a2fe29ff14ed.305765ef-24de-4ec3-a216-051a9f3ced2d" returned: 0 in 0.847s {{(pid=86324) execute /opt/stack/data/venv/lib/python3.12/site-packages/oslo_concurrency/processutils.py:468}}
Jun 08 16:50:38 devstack cinder-volume[86324]: DEBUG cinder.volume.drivers.remotefs [None req-98da1d80-243f-4df5-966c-96ffa772d45c tempest-GroupSnapshotsTest-950742373 None] Fetching qemu-img info with special backing_file_template: (/opt/stack/data/cinder/mnt/[0-9a-f]+/)?(volume-719bf3c9-22dd-4fec-bfb1-a2fe29ff14ed(.(tmp-snap-)?[0-9a-f-]+)?|volume_from_snapshot_cache/(tmp-snap-)?[0-9a-f-]+(.(child-|parent-)[0-9a-f-]+)?)$ {{(pid=86324) _qemu_img_info_base /opt/stack/cinder/cinder/volume/drivers/remotefs.py:896}}
Jun 08 16:50:38 devstack cinder-volume[86324]: DEBUG oslo.privsep.daemon [-] privsep: reply[ecfb79a5-bc81-4a0e-9f07-9084193c0f58]: (4, 'qcow2') {{(pid=87181) _call_back /opt/stack/data/venv/lib/python3.12/site-packages/oslo_privsep/daemon.py:573}}
Jun 08 16:50:38 devstack cinder-volume[86324]: DEBUG oslo_concurrency.processutils [None req-98da1d80-243f-4df5-966c-96ffa772d45c tempest-GroupSnapshotsTest-950742373 None] Running cmd (subprocess): /opt/stack/data/venv/bin/python3.12 -m oslo_concurrency.prlimit --as=1073741824 --cpu=60 -- sudo cinder-rootwrap /etc/cinder/rootwrap.conf env LC_ALL=C qemu-img info -f qcow2 --output=json --force-share /opt/stack/data/cinder/mnt/8566abdadbdeed96c9b92e36c6fb2bf2/volume-719bf3c9-22dd-4fec-bfb1-a2fe29ff14ed {{(pid=86324) execute /opt/stack/data/venv/lib/python3.12/site-packages/oslo_concurrency/processutils.py:440}}
Jun 08 16:50:38 devstack sudo[87819]: quobyte : PWD=/ ; USER=root ; COMMAND=/opt/stack/data/venv/bin/cinder-rootwrap /etc/cinder/rootwrap.conf env LC_ALL=C qemu-img info -f qcow2 --output=json --force-share /opt/stack/data/cinder/mnt/8566abdadbdeed96c9b92e36c6fb2bf2/volume-719bf3c9-22dd-4fec-bfb1-a2fe29ff14ed
Jun 08 16:50:38 devstack sudo[87819]: pam_unix(sudo:session): session opened for user root(uid=0) by (uid=1000)
Jun 08 16:50:38 devstack cinder-volume[86324]: DEBUG oslo_service.periodic_task [None req-3c00e646-e058-415f-bdd6-42cf8341e06f None None] Running periodic task VolumeManager.publish_service_capabilities {{(pid=86324) run_periodic_tasks /opt/stack/data/venv/lib/python3.12/site-packages/oslo_service/periodic_task.py:210}}
Jun 08 16:50:38 devstack cinder-volume[86324]: DEBUG oslo_concurrency.lockutils [None req-3c00e646-e058-415f-bdd6-42cf8341e06f None None] Acquiring lock "quobyte_ensure" by "cinder.volume.drivers.quobyte.QuobyteDriver._ensure_shares_mounted" {{(pid=86324) inner /opt/stack/data/venv/lib/python3.12/site-packages/oslo_concurrency/lockutils.py:506}}
Jun 08 16:50:38 devstack cinder-volume[86324]: DEBUG oslo_concurrency.lockutils [None req-3c00e646-e058-415f-bdd6-42cf8341e06f None None] Lock "quobyte_ensure" acquired by "cinder.volume.drivers.quobyte.QuobyteDriver._ensure_shares_mounted" :: waited 0.001s {{(pid=86324) inner /opt/stack/data/venv/lib/python3.12/site-packages/oslo_concurrency/lockutils.py:519}}
Jun 08 16:50:38 devstack cinder-volume[86324]: DEBUG cinder.volume.drivers.quobyte [None req-3c00e646-e058-415f-bdd6-42cf8341e06f None None] Quobyte Volume URL set to: {'osci02.corp.quobyte.com/cinder-vol-d775765a-cdca-4ac3-8910-8efe3e81eba6': None} {{(pid=86324) _load_shares_config /opt/stack/cinder/cinder/volume/drivers/quobyte.py:617}}
Jun 08 16:50:38 devstack cinder-volume[86324]: DEBUG cinder.volume.drivers.quobyte [None req-3c00e646-e058-415f-bdd6-42cf8341e06f None None] Available shares ['osci02.corp.quobyte.com/cinder-vol-d775765a-cdca-4ac3-8910-8efe3e81eba6'] {{(pid=86324) _ensure_shares_mounted /opt/stack/cinder/cinder/volume/drivers/quobyte.py:647}}
Jun 08 16:50:38 devstack cinder-volume[86324]: DEBUG oslo_concurrency.lockutils [None req-3c00e646-e058-415f-bdd6-42cf8341e06f None None] Lock "quobyte_ensure" "released" by "cinder.volume.drivers.quobyte.QuobyteDriver._ensure_shares_mounted" :: held 0.011s {{(pid=86324) inner /opt/stack/data/venv/lib/python3.12/site-packages/oslo_concurrency/lockutils.py:538}}
Jun 08 16:50:38 devstack cinder-volume[86324]: DEBUG oslo_concurrency.processutils [None req-3c00e646-e058-415f-bdd6-42cf8341e06f None None] Running cmd (subprocess): sudo cinder-rootwrap /etc/cinder/rootwrap.conf df --portability --block-size 1 /opt/stack/data/cinder/mnt/8566abdadbdeed96c9b92e36c6fb2bf2 {{(pid=86324) execute /opt/stack/data/venv/lib/python3.12/site-packages/oslo_concurrency/processutils.py:440}}
Jun 08 16:50:38 devstack sudo[87829]: quobyte : PWD=/ ; USER=root ; COMMAND=/opt/stack/data/venv/bin/cinder-rootwrap /etc/cinder/rootwrap.conf df --portability --block-size 1 /opt/stack/data/cinder/mnt/8566abdadbdeed96c9b92e36c6fb2bf2
Jun 08 16:50:38 devstack sudo[87829]: pam_unix(sudo:session): session opened for user root(uid=0) by (uid=1000)
Jun 08 16:50:38 devstack sudo[87819]: pam_unix(sudo:session): session closed for user root
Jun 08 16:50:38 devstack cinder-volume[86324]: DEBUG oslo_concurrency.processutils [None req-98da1d80-243f-4df5-966c-96ffa772d45c tempest-GroupSnapshotsTest-950742373 None] CMD "/opt/stack/data/venv/bin/python3.12 -m oslo_concurrency.prlimit --as=1073741824 --cpu=60 -- sudo cinder-rootwrap /etc/cinder/rootwrap.conf env LC_ALL=C qemu-img info -f qcow2 --output=json --force-share /opt/stack/data/cinder/mnt/8566abdadbdeed96c9b92e36c6fb2bf2/volume-719bf3c9-22dd-4fec-bfb1-a2fe29ff14ed" returned: 0 in 0.945s {{(pid=86324) execute /opt/stack/data/venv/lib/python3.12/site-packages/oslo_concurrency/processutils.py:468}}
Jun 08 16:50:38 devstack cinder-volume[86324]: DEBUG oslo_concurrency.processutils [None req-98da1d80-243f-4df5-966c-96ffa772d45c tempest-GroupSnapshotsTest-950742373 None] Running cmd (subprocess): sudo cinder-rootwrap /etc/cinder/rootwrap.conf qemu-img commit -d /opt/stack/data/cinder/mnt/8566abdadbdeed96c9b92e36c6fb2bf2/volume-719bf3c9-22dd-4fec-bfb1-a2fe29ff14ed.305765ef-24de-4ec3-a216-051a9f3ced2d {{(pid=86324) execute /opt/stack/data/venv/lib/python3.12/site-packages/oslo_concurrency/processutils.py:440}}
Jun 08 16:50:39 devstack sudo[87834]: quobyte : PWD=/ ; USER=root ; COMMAND=/opt/stack/data/venv/bin/cinder-rootwrap /etc/cinder/rootwrap.conf qemu-img commit -d /opt/stack/data/cinder/mnt/8566abdadbdeed96c9b92e36c6fb2bf2/volume-719bf3c9-22dd-4fec-bfb1-a2fe29ff14ed.305765ef-24de-4ec3-a216-051a9f3ced2d
Jun 08 16:50:39 devstack sudo[87834]: pam_unix(sudo:session): session opened for user root(uid=0) by (uid=1000)
Jun 08 16:50:39 devstack sudo[87829]: pam_unix(sudo:session): session closed for user root
Jun 08 16:50:39 devstack cinder-volume[86324]: DEBUG oslo_concurrency.processutils [None req-3c00e646-e058-415f-bdd6-42cf8341e06f None None] CMD "sudo cinder-rootwrap /etc/cinder/rootwrap.conf df --portability --block-size 1 /opt/stack/data/cinder/mnt/8566abdadbdeed96c9b92e36c6fb2bf2" returned: 0 in 0.761s {{(pid=86324) execute /opt/stack/data/venv/lib/python3.12/site-packages/oslo_concurrency/processutils.py:468}}
Jun 08 16:50:39 devstack cinder-volume[86324]: DEBUG cinder.manager [None req-3c00e646-e058-415f-bdd6-42cf8341e06f None None] Notifying Schedulers of capabilities ... {{(pid=86324) _publish_service_capabilities /opt/stack/cinder/cinder/manager.py:202}}
Jun 08 16:50:39 devstack sudo[87834]: pam_unix(sudo:session): session closed for user root
Jun 08 16:50:39 devstack cinder-volume[86324]: DEBUG oslo_concurrency.processutils [None req-98da1d80-243f-4df5-966c-96ffa772d45c tempest-GroupSnapshotsTest-950742373 None] CMD "sudo cinder-rootwrap /etc/cinder/rootwrap.conf qemu-img commit -d /opt/stack/data/cinder/mnt/8566abdadbdeed96c9b92e36c6fb2bf2/volume-719bf3c9-22dd-4fec-bfb1-a2fe29ff14ed.305765ef-24de-4ec3-a216-051a9f3ced2d" returned: 0 in 0.807s {{(pid=86324) execute /opt/stack/data/venv/lib/python3.12/site-packages/oslo_concurrency/processutils.py:468}}
Jun 08 16:50:39 devstack cinder-volume[86324]: DEBUG oslo_concurrency.processutils [None req-98da1d80-243f-4df5-966c-96ffa772d45c tempest-GroupSnapshotsTest-950742373 None] Running cmd (subprocess): sudo cinder-rootwrap /etc/cinder/rootwrap.conf rm -f /opt/stack/data/cinder/mnt/8566abdadbdeed96c9b92e36c6fb2bf2/volume-719bf3c9-22dd-4fec-bfb1-a2fe29ff14ed.305765ef-24de-4ec3-a216-051a9f3ced2d {{(pid=86324) execute /opt/stack/data/venv/lib/python3.12/site-packages/oslo_concurrency/processutils.py:440}}
Jun 08 16:50:39 devstack sudo[87840]: quobyte : PWD=/ ; USER=root ; COMMAND=/opt/stack/data/venv/bin/cinder-rootwrap /etc/cinder/rootwrap.conf rm -f /opt/stack/data/cinder/mnt/8566abdadbdeed96c9b92e36c6fb2bf2/volume-719bf3c9-22dd-4fec-bfb1-a2fe29ff14ed.305765ef-24de-4ec3-a216-051a9f3ced2d
Jun 08 16:50:39 devstack sudo[87840]: pam_unix(sudo:session): session opened for user root(uid=0) by (uid=1000)
Jun 08 16:50:40 devstack sudo[87840]: pam_unix(sudo:session): session closed for user root
Jun 08 16:50:40 devstack cinder-volume[86324]: DEBUG oslo_concurrency.processutils [None req-98da1d80-243f-4df5-966c-96ffa772d45c tempest-GroupSnapshotsTest-950742373 None] CMD "sudo cinder-rootwrap /etc/cinder/rootwrap.conf rm -f /opt/stack/data/cinder/mnt/8566abdadbdeed96c9b92e36c6fb2bf2/volume-719bf3c9-22dd-4fec-bfb1-a2fe29ff14ed.305765ef-24de-4ec3-a216-051a9f3ced2d" returned: 0 in 0.638s {{(pid=86324) execute /opt/stack/data/venv/lib/python3.12/site-packages/oslo_concurrency/processutils.py:468}}
Jun 08 16:50:40 devstack cinder-volume[86324]: DEBUG cinder.coordination [None req-98da1d80-243f-4df5-966c-96ffa772d45c tempest-GroupSnapshotsTest-950742373 None] Lock "cinder-quobyte-305765ef-24de-4ec3-a216-051a9f3ced2d" released by "_delete_snapshot" :: held 3.392s {{(pid=86324) __release /opt/stack/cinder/cinder/coordination.py:152}}
Jun 08 16:50:40 devstack cinder-volume[86324]: DEBUG cinder.coordination [None req-98da1d80-243f-4df5-966c-96ffa772d45c tempest-GroupSnapshotsTest-950742373 None] Lock "cinder-quobyte-719bf3c9-22dd-4fec-bfb1-a2fe29ff14ed" released by "delete_snapshot" :: held 3.429s {{(pid=86324) __release /opt/stack/cinder/cinder/coordination.py:152}}
Jun 08 16:50:40 devstack cinder-volume[86324]: DEBUG cinder.coordination [None req-98da1d80-243f-4df5-966c-96ffa772d45c tempest-GroupSnapshotsTest-950742373 None] Acquiring lock "cinder-quobyte-f612ed47-e638-4437-b622-2da067b26c78" by "delete_snapshot" {{(pid=86324) __acquire /opt/stack/cinder/cinder/coordination.py:138}}
Jun 08 16:50:40 devstack cinder-volume[86324]: DEBUG cinder.coordination [None req-98da1d80-243f-4df5-966c-96ffa772d45c tempest-GroupSnapshotsTest-950742373 None] Lock "cinder-quobyte-f612ed47-e638-4437-b622-2da067b26c78" acquired by "delete_snapshot" :: waited 0.020s {{(pid=86324) __acquire /opt/stack/cinder/cinder/coordination.py:141}}
Jun 08 16:50:40 devstack cinder-volume[86324]: DEBUG cinder.coordination [None req-98da1d80-243f-4df5-966c-96ffa772d45c tempest-GroupSnapshotsTest-950742373 None] Acquiring lock "cinder-quobyte-a89cb46f-831d-4b7f-b9e5-ea81b86d02c4" by "_delete_snapshot" {{(pid=86324) __acquire /opt/stack/cinder/cinder/coordination.py:138}}
