Jun 08 16:52:01 devstack cinder-volume[86324]: DEBUG oslo_concurrency.processutils [None req-5a0262f2-6790-45cd-81c2-5c2cd4d76641 tempest-GroupSnapshotsV319Test-153946192 None] Running cmd (subprocess): sudo cinder-rootwrap /etc/cinder/rootwrap.conf rm -f /opt/stack/data/cinder/mnt/8566abdadbdeed96c9b92e36c6fb2bf2/volume-dbf45e68-7b5d-4d90-9709-32786aa46600 {{(pid=86324) execute /opt/stack/data/venv/lib/python3.12/site-packages/oslo_concurrency/processutils.py:440}}
Jun 08 16:52:01 devstack sudo[89735]: quobyte : PWD=/ ; USER=root ; COMMAND=/opt/stack/data/venv/bin/cinder-rootwrap /etc/cinder/rootwrap.conf rm -f /opt/stack/data/cinder/mnt/8566abdadbdeed96c9b92e36c6fb2bf2/volume-dbf45e68-7b5d-4d90-9709-32786aa46600
Jun 08 16:52:01 devstack sudo[89735]: pam_unix(sudo:session): session opened for user root(uid=0) by (uid=1000)
Jun 08 16:52:01 devstack sudo[89729]: pam_unix(sudo:session): session closed for user root
Jun 08 16:52:01 devstack cinder-volume[86324]: DEBUG oslo_concurrency.processutils [None req-25c3114d-9eb0-4034-8b38-e112b66d9a96 tempest-SnapshotsActionsTest-2032063608 None] CMD "sudo cinder-rootwrap /etc/cinder/rootwrap.conf qemu-img create -f qcow2 -o preallocation=metadata /opt/stack/data/cinder/mnt/8566abdadbdeed96c9b92e36c6fb2bf2/volume-9d922838-c77d-4533-859c-d036eb541346 1073741824" returned: 0 in 1.069s {{(pid=86324) execute /opt/stack/data/venv/lib/python3.12/site-packages/oslo_concurrency/processutils.py:468}}
Jun 08 16:52:01 devstack cinder-volume[86324]: DEBUG oslo_concurrency.processutils [None req-25c3114d-9eb0-4034-8b38-e112b66d9a96 tempest-SnapshotsActionsTest-2032063608 None] Running cmd (subprocess): sudo cinder-rootwrap /etc/cinder/rootwrap.conf chmod ugo+rw /opt/stack/data/cinder/mnt/8566abdadbdeed96c9b92e36c6fb2bf2/volume-9d922838-c77d-4533-859c-d036eb541346 {{(pid=86324) execute /opt/stack/data/venv/lib/python3.12/site-packages/oslo_concurrency/processutils.py:440}}
Jun 08 16:52:01 devstack sudo[89771]: quobyte : PWD=/ ; USER=root ; COMMAND=/opt/stack/data/venv/bin/cinder-rootwrap /etc/cinder/rootwrap.conf chmod ugo+rw /opt/stack/data/cinder/mnt/8566abdadbdeed96c9b92e36c6fb2bf2/volume-9d922838-c77d-4533-859c-d036eb541346
Jun 08 16:52:01 devstack sudo[89771]: pam_unix(sudo:session): session opened for user root(uid=0) by (uid=1000)
Jun 08 16:52:01 devstack sudo[89735]: pam_unix(sudo:session): session closed for user root
Jun 08 16:52:02 devstack cinder-volume[86324]: DEBUG oslo_concurrency.processutils [None req-5a0262f2-6790-45cd-81c2-5c2cd4d76641 tempest-GroupSnapshotsV319Test-153946192 None] CMD "sudo cinder-rootwrap /etc/cinder/rootwrap.conf rm -f /opt/stack/data/cinder/mnt/8566abdadbdeed96c9b92e36c6fb2bf2/volume-dbf45e68-7b5d-4d90-9709-32786aa46600" returned: 0 in 0.858s {{(pid=86324) execute /opt/stack/data/venv/lib/python3.12/site-packages/oslo_concurrency/processutils.py:468}}
Jun 08 16:52:02 devstack cinder-volume[86324]: DEBUG cinder.coordination [None req-5a0262f2-6790-45cd-81c2-5c2cd4d76641 tempest-GroupSnapshotsV319Test-153946192 None] Lock "cinder-quobyte-dbf45e68-7b5d-4d90-9709-32786aa46600" released by "delete_volume" :: held 1.953s {{(pid=86324) __release /opt/stack/cinder/cinder/coordination.py:152}}
Jun 08 16:52:02 devstack cinder-volume[86324]: DEBUG cinder.quota [None req-5a0262f2-6790-45cd-81c2-5c2cd4d76641 tempest-GroupSnapshotsV319Test-153946192 None] Created reservations ['2631417b-e0ed-469f-8dbf-2bd30e203b03'] {{(pid=86324) reserve /opt/stack/cinder/cinder/quota.py:752}}
Jun 08 16:52:02 devstack cinder-volume[86324]: WARNING cinder.quota [None req-5a0262f2-6790-45cd-81c2-5c2cd4d76641 tempest-GroupSnapshotsV319Test-153946192 None] Deprecated: Default quota for resource: volumes_tempest-GroupSnapshotsV319Test-volume-type-1917713793 is set by the default quota flag: quota_volumes_tempest-GroupSnapshotsV319Test-volume-type-1917713793, it is now deprecated. Please use the default quota class for default quota.
Jun 08 16:52:02 devstack cinder-volume[86324]: DEBUG cinder.quota [None req-5a0262f2-6790-45cd-81c2-5c2cd4d76641 tempest-GroupSnapshotsV319Test-153946192 None] Created reservations ['72930622-cbb8-4c12-b8d3-cd4419892165', '9e1c7cc6-f529-4463-b124-065c56e8ff58', '1dcfb957-9a4c-47b1-8b42-0a99cdf9ec7e', '8e0939a9-52d8-4b3c-8e57-5ce2ebf64dd7'] {{(pid=86324) reserve /opt/stack/cinder/cinder/quota.py:752}}
Jun 08 16:52:02 devstack cinder-volume[86324]: DEBUG oslo_concurrency.lockutils [None req-5a0262f2-6790-45cd-81c2-5c2cd4d76641 tempest-GroupSnapshotsV319Test-153946192 None] Acquiring lock "quobyte_ensure" by "cinder.volume.drivers.quobyte.QuobyteDriver._ensure_shares_mounted" {{(pid=86324) inner /opt/stack/data/venv/lib/python3.12/site-packages/oslo_concurrency/lockutils.py:506}}
Jun 08 16:52:02 devstack cinder-volume[86324]: DEBUG oslo_concurrency.lockutils [None req-5a0262f2-6790-45cd-81c2-5c2cd4d76641 tempest-GroupSnapshotsV319Test-153946192 None] Lock "quobyte_ensure" acquired by "cinder.volume.drivers.quobyte.QuobyteDriver._ensure_shares_mounted" :: waited 0.001s {{(pid=86324) inner /opt/stack/data/venv/lib/python3.12/site-packages/oslo_concurrency/lockutils.py:519}}
Jun 08 16:52:02 devstack cinder-volume[86324]: DEBUG cinder.volume.drivers.quobyte [None req-5a0262f2-6790-45cd-81c2-5c2cd4d76641 tempest-GroupSnapshotsV319Test-153946192 None] Quobyte Volume URL set to: {'osci02.corp.quobyte.com/cinder-vol-d775765a-cdca-4ac3-8910-8efe3e81eba6': None} {{(pid=86324) _load_shares_config /opt/stack/cinder/cinder/volume/drivers/quobyte.py:617}}
Jun 08 16:52:02 devstack cinder-volume[86324]: DEBUG cinder.volume.drivers.quobyte [None req-5a0262f2-6790-45cd-81c2-5c2cd4d76641 tempest-GroupSnapshotsV319Test-153946192 None] Available shares ['osci02.corp.quobyte.com/cinder-vol-d775765a-cdca-4ac3-8910-8efe3e81eba6'] {{(pid=86324) _ensure_shares_mounted /opt/stack/cinder/cinder/volume/drivers/quobyte.py:647}}
Jun 08 16:52:02 devstack cinder-volume[86324]: DEBUG oslo_concurrency.lockutils [None req-5a0262f2-6790-45cd-81c2-5c2cd4d76641 tempest-GroupSnapshotsV319Test-153946192 None] Lock "quobyte_ensure" "released" by "cinder.volume.drivers.quobyte.QuobyteDriver._ensure_shares_mounted" :: held 0.010s {{(pid=86324) inner /opt/stack/data/venv/lib/python3.12/site-packages/oslo_concurrency/lockutils.py:538}}
Jun 08 16:52:02 devstack cinder-volume[86324]: DEBUG oslo_concurrency.processutils [None req-5a0262f2-6790-45cd-81c2-5c2cd4d76641 tempest-GroupSnapshotsV319Test-153946192 None] Running cmd (subprocess): sudo cinder-rootwrap /etc/cinder/rootwrap.conf df --portability --block-size 1 /opt/stack/data/cinder/mnt/8566abdadbdeed96c9b92e36c6fb2bf2 {{(pid=86324) execute /opt/stack/data/venv/lib/python3.12/site-packages/oslo_concurrency/processutils.py:440}}
Jun 08 16:52:02 devstack sudo[89786]: quobyte : PWD=/ ; USER=root ; COMMAND=/opt/stack/data/venv/bin/cinder-rootwrap /etc/cinder/rootwrap.conf df --portability --block-size 1 /opt/stack/data/cinder/mnt/8566abdadbdeed96c9b92e36c6fb2bf2
Jun 08 16:52:02 devstack sudo[89786]: pam_unix(sudo:session): session opened for user root(uid=0) by (uid=1000)
Jun 08 16:52:02 devstack sudo[89771]: pam_unix(sudo:session): session closed for user root
Jun 08 16:52:02 devstack cinder-volume[86324]: DEBUG oslo_concurrency.processutils [None req-25c3114d-9eb0-4034-8b38-e112b66d9a96 tempest-SnapshotsActionsTest-2032063608 None] CMD "sudo cinder-rootwrap /etc/cinder/rootwrap.conf chmod ugo+rw /opt/stack/data/cinder/mnt/8566abdadbdeed96c9b92e36c6fb2bf2/volume-9d922838-c77d-4533-859c-d036eb541346" returned: 0 in 0.847s {{(pid=86324) execute /opt/stack/data/venv/lib/python3.12/site-packages/oslo_concurrency/processutils.py:468}}
Jun 08 16:52:02 devstack cinder-volume[86324]: DEBUG cinder.volume.drivers.quobyte [None req-25c3114d-9eb0-4034-8b38-e112b66d9a96 tempest-SnapshotsActionsTest-2032063608 None] <== create_volume: return (1993ms) {'provider_location': 'osci02.corp.quobyte.com/cinder-vol-d775765a-cdca-4ac3-8910-8efe3e81eba6'} {{(pid=86324) trace_logging_wrapper /opt/stack/cinder/cinder/volume/volume_utils.py:1523}}
Jun 08 16:52:02 devstack cinder-volume[86324]: DEBUG oslo_concurrency.lockutils [None req-25c3114d-9eb0-4034-8b38-e112b66d9a96 tempest-SnapshotsActionsTest-2032063608 None] Lock "quobyte" "released" by "cinder.volume.drivers.quobyte.QuobyteDriver.create_volume" :: held 2.000s {{(pid=86324) inner /opt/stack/data/venv/lib/python3.12/site-packages/oslo_concurrency/lockutils.py:538}}
Jun 08 16:52:02 devstack cinder-volume[86324]: DEBUG cinder.volume.manager [None req-25c3114d-9eb0-4034-8b38-e112b66d9a96 tempest-SnapshotsActionsTest-2032063608 None] Task 'cinder.volume.flows.manager.create_volume.CreateVolumeFromSpecTask;volume:create' (4c8d0bf6-f279-43d1-a447-c1dd4e1d8e63) transitioned into state 'SUCCESS' from state 'RUNNING' with result '{'status': 'creating', 'volume_name': 'volume-9d922838-c77d-4533-859c-d036eb541346', 'volume_size': 1}' {{(pid=86324) _task_receiver /opt/stack/data/venv/lib/python3.12/site-packages/taskflow/listeners/logging.py:182}}
Jun 08 16:52:02 devstack cinder-volume[86324]: DEBUG cinder.volume.manager [None req-25c3114d-9eb0-4034-8b38-e112b66d9a96 tempest-SnapshotsActionsTest-2032063608 None] Task 'cinder.volume.flows.manager.create_volume.CreateVolumeOnFinishTask;volume:create, create.end' (e3733922-ace1-4c18-96bc-5d0c139c426e) transitioned into state 'RUNNING' from state 'PENDING' {{(pid=86324) _task_receiver /opt/stack/data/venv/lib/python3.12/site-packages/taskflow/listeners/logging.py:194}}
Jun 08 16:52:02 devstack cinder-volume[86324]: INFO cinder.volume.flows.manager.create_volume [None req-25c3114d-9eb0-4034-8b38-e112b66d9a96 tempest-SnapshotsActionsTest-2032063608 None] Volume volume-9d922838-c77d-4533-859c-d036eb541346 (9d922838-c77d-4533-859c-d036eb541346): created successfully
Jun 08 16:52:02 devstack cinder-volume[86324]: DEBUG cinder.volume.manager [None req-25c3114d-9eb0-4034-8b38-e112b66d9a96 tempest-SnapshotsActionsTest-2032063608 None] Task 'cinder.volume.flows.manager.create_volume.CreateVolumeOnFinishTask;volume:create, create.end' (e3733922-ace1-4c18-96bc-5d0c139c426e) transitioned into state 'SUCCESS' from state 'RUNNING' with result 'None' {{(pid=86324) _task_receiver /opt/stack/data/venv/lib/python3.12/site-packages/taskflow/listeners/logging.py:182}}
Jun 08 16:52:02 devstack cinder-volume[86324]: DEBUG cinder.volume.manager [None req-25c3114d-9eb0-4034-8b38-e112b66d9a96 tempest-SnapshotsActionsTest-2032063608 None] Flow 'volume_create_manager' (370542a9-aabf-4734-80c5-0898fb59928b) transitioned into state 'SUCCESS' from state 'RUNNING' {{(pid=86324) _flow_receiver /opt/stack/data/venv/lib/python3.12/site-packages/taskflow/listeners/logging.py:145}}
Jun 08 16:52:02 devstack cinder-volume[86324]: INFO cinder.volume.manager [None req-25c3114d-9eb0-4034-8b38-e112b66d9a96 tempest-SnapshotsActionsTest-2032063608 None] Created volume successfully.
Jun 08 16:52:03 devstack sudo[89786]: pam_unix(sudo:session): session closed for user root
Jun 08 16:52:03 devstack cinder-volume[86324]: DEBUG oslo_concurrency.processutils [None req-5a0262f2-6790-45cd-81c2-5c2cd4d76641 tempest-GroupSnapshotsV319Test-153946192 None] CMD "sudo cinder-rootwrap /etc/cinder/rootwrap.conf df --portability --block-size 1 /opt/stack/data/cinder/mnt/8566abdadbdeed96c9b92e36c6fb2bf2" returned: 0 in 0.670s {{(pid=86324) execute /opt/stack/data/venv/lib/python3.12/site-packages/oslo_concurrency/processutils.py:468}}
Jun 08 16:52:03 devstack cinder-volume[86324]: DEBUG cinder.manager [None req-5a0262f2-6790-45cd-81c2-5c2cd4d76641 tempest-GroupSnapshotsV319Test-153946192 None] Notifying Schedulers of capabilities ... {{(pid=86324) _publish_service_capabilities /opt/stack/cinder/cinder/manager.py:202}}
Jun 08 16:52:03 devstack cinder-volume[86324]: INFO cinder.volume.manager [None req-5a0262f2-6790-45cd-81c2-5c2cd4d76641 tempest-GroupSnapshotsV319Test-153946192 None] Delete group completed successfully.
Jun 08 16:52:03 devstack cinder-volume[86324]: DEBUG oslo_concurrency.lockutils [None req-e4e09ce9-78a3-440f-abef-07b45788cccc tempest-SnapshotsActionsTest-2032063608 None] Acquiring lock "quobyte" by "cinder.volume.drivers.quobyte.QuobyteDriver.create_snapshot" {{(pid=86324) inner /opt/stack/data/venv/lib/python3.12/site-packages/oslo_concurrency/lockutils.py:506}}
Jun 08 16:52:03 devstack cinder-volume[86324]: DEBUG oslo_concurrency.lockutils [None req-e4e09ce9-78a3-440f-abef-07b45788cccc tempest-SnapshotsActionsTest-2032063608 None] Lock "quobyte" acquired by "cinder.volume.drivers.quobyte.QuobyteDriver.create_snapshot" :: waited 0.004s {{(pid=86324) inner /opt/stack/data/venv/lib/python3.12/site-packages/oslo_concurrency/lockutils.py:519}}
Jun 08 16:52:03 devstack cinder-volume[86324]: DEBUG cinder.volume.drivers.remotefs [None req-e4e09ce9-78a3-440f-abef-07b45788cccc tempest-SnapshotsActionsTest-2032063608 None] Creating offline snapshot 13882cab-ccc5-406f-b640-ce29ecf34e5f of volume 9d922838-c77d-4533-859c-d036eb541346 {{(pid=86324) _create_snapshot /opt/stack/cinder/cinder/volume/drivers/remotefs.py:1815}}
Jun 08 16:52:03 devstack cinder-volume[86324]: DEBUG oslo.privsep.daemon [-] privsep: reply[4bf7ef0d-b178-4019-85ce-6df26fd26be0]: (4, 'qcow2') {{(pid=87181) _call_back /opt/stack/data/venv/lib/python3.12/site-packages/oslo_privsep/daemon.py:573}}
Jun 08 16:52:03 devstack cinder-volume[86324]: DEBUG oslo_concurrency.processutils [None req-e4e09ce9-78a3-440f-abef-07b45788cccc tempest-SnapshotsActionsTest-2032063608 None] Running cmd (subprocess): /opt/stack/data/venv/bin/python3.12 -m oslo_concurrency.prlimit --as=1073741824 --cpu=60 -- sudo cinder-rootwrap /etc/cinder/rootwrap.conf env LC_ALL=C qemu-img info -f qcow2 --output=json --force-share /opt/stack/data/cinder/mnt/8566abdadbdeed96c9b92e36c6fb2bf2/volume-9d922838-c77d-4533-859c-d036eb541346 {{(pid=86324) execute /opt/stack/data/venv/lib/python3.12/site-packages/oslo_concurrency/processutils.py:440}}
Jun 08 16:52:04 devstack sudo[89795]: quobyte : PWD=/ ; USER=root ; COMMAND=/opt/stack/data/venv/bin/cinder-rootwrap /etc/cinder/rootwrap.conf env LC_ALL=C qemu-img info -f qcow2 --output=json --force-share /opt/stack/data/cinder/mnt/8566abdadbdeed96c9b92e36c6fb2bf2/volume-9d922838-c77d-4533-859c-d036eb541346
Jun 08 16:52:04 devstack sudo[89795]: pam_unix(sudo:session): session opened for user root(uid=0) by (uid=1000)
Jun 08 16:52:04 devstack sudo[89795]: pam_unix(sudo:session): session closed for user root
Jun 08 16:52:04 devstack cinder-volume[86324]: DEBUG oslo_concurrency.processutils [None req-e4e09ce9-78a3-440f-abef-07b45788cccc tempest-SnapshotsActionsTest-2032063608 None] CMD "/opt/stack/data/venv/bin/python3.12 -m oslo_concurrency.prlimit --as=1073741824 --cpu=60 -- sudo cinder-rootwrap /etc/cinder/rootwrap.conf env LC_ALL=C qemu-img info -f qcow2 --output=json --force-share /opt/stack/data/cinder/mnt/8566abdadbdeed96c9b92e36c6fb2bf2/volume-9d922838-c77d-4533-859c-d036eb541346" returned: 0 in 0.829s {{(pid=86324) execute /opt/stack/data/venv/lib/python3.12/site-packages/oslo_concurrency/processutils.py:468}}
Jun 08 16:52:04 devstack cinder-volume[86324]: DEBUG oslo_concurrency.processutils [None req-e4e09ce9-78a3-440f-abef-07b45788cccc tempest-SnapshotsActionsTest-2032063608 None] Running cmd (subprocess): sudo cinder-rootwrap /etc/cinder/rootwrap.conf qemu-img create -f qcow2 -o backing_file=/opt/stack/data/cinder/mnt/8566abdadbdeed96c9b92e36c6fb2bf2/volume-9d922838-c77d-4533-859c-d036eb541346,backing_fmt=qcow2 /opt/stack/data/cinder/mnt/8566abdadbdeed96c9b92e36c6fb2bf2/volume-9d922838-c77d-4533-859c-d036eb541346.13882cab-ccc5-406f-b640-ce29ecf34e5f 1G {{(pid=86324) execute /opt/stack/data/venv/lib/python3.12/site-packages/oslo_concurrency/processutils.py:440}}
Jun 08 16:52:04 devstack sudo[89802]: quobyte : PWD=/ ; USER=root ; COMMAND=/opt/stack/data/venv/bin/cinder-rootwrap /etc/cinder/rootwrap.conf qemu-img create -f qcow2 -o backing_file=/opt/stack/data/cinder/mnt/8566abdadbdeed96c9b92e36c6fb2bf2/volume-9d922838-c77d-4533-859c-d036eb541346,backing_fmt=qcow2 /opt/stack/data/cinder/mnt/8566abdadbdeed96c9b92e36c6fb2bf2/volume-9d922838-c77d-4533-859c-d036eb541346.13882cab-ccc5-406f-b640-ce29ecf34e5f 1G
Jun 08 16:52:04 devstack sudo[89802]: pam_unix(sudo:session): session opened for user root(uid=0) by (uid=1000)
Jun 08 16:52:05 devstack sudo[89802]: pam_unix(sudo:session): session closed for user root
Jun 08 16:52:05 devstack cinder-volume[86324]: DEBUG oslo_concurrency.processutils [None req-e4e09ce9-78a3-440f-abef-07b45788cccc tempest-SnapshotsActionsTest-2032063608 None] CMD "sudo cinder-rootwrap /etc/cinder/rootwrap.conf qemu-img create -f qcow2 -o backing_file=/opt/stack/data/cinder/mnt/8566abdadbdeed96c9b92e36c6fb2bf2/volume-9d922838-c77d-4533-859c-d036eb541346,backing_fmt=qcow2 /opt/stack/data/cinder/mnt/8566abdadbdeed96c9b92e36c6fb2bf2/volume-9d922838-c77d-4533-859c-d036eb541346.13882cab-ccc5-406f-b640-ce29ecf34e5f 1G" returned: 0 in 1.053s {{(pid=86324) execute /opt/stack/data/venv/lib/python3.12/site-packages/oslo_concurrency/processutils.py:468}}
Jun 08 16:52:05 devstack cinder-volume[86324]: DEBUG oslo_concurrency.processutils [None req-e4e09ce9-78a3-440f-abef-07b45788cccc tempest-SnapshotsActionsTest-2032063608 None] Running cmd (subprocess): sudo cinder-rootwrap /etc/cinder/rootwrap.conf qemu-img rebase -u -b volume-9d922838-c77d-4533-859c-d036eb541346 -F qcow2 /opt/stack/data/cinder/mnt/8566abdadbdeed96c9b92e36c6fb2bf2/volume-9d922838-c77d-4533-859c-d036eb541346.13882cab-ccc5-406f-b640-ce29ecf34e5f {{(pid=86324) execute /opt/stack/data/venv/lib/python3.12/site-packages/oslo_concurrency/processutils.py:440}}
Jun 08 16:52:05 devstack sudo[89809]: quobyte : PWD=/ ; USER=root ; COMMAND=/opt/stack/data/venv/bin/cinder-rootwrap /etc/cinder/rootwrap.conf qemu-img rebase -u -b volume-9d922838-c77d-4533-859c-d036eb541346 -F qcow2 /opt/stack/data/cinder/mnt/8566abdadbdeed96c9b92e36c6fb2bf2/volume-9d922838-c77d-4533-859c-d036eb541346.13882cab-ccc5-406f-b640-ce29ecf34e5f
Jun 08 16:52:05 devstack sudo[89809]: pam_unix(sudo:session): session opened for user root(uid=0) by (uid=1000)
Jun 08 16:52:06 devstack sudo[89809]: pam_unix(sudo:session): session closed for user root
Jun 08 16:52:06 devstack cinder-volume[86324]: DEBUG oslo_concurrency.processutils [None req-e4e09ce9-78a3-440f-abef-07b45788cccc tempest-SnapshotsActionsTest-2032063608 None] CMD "sudo cinder-rootwrap /etc/cinder/rootwrap.conf qemu-img rebase -u -b volume-9d922838-c77d-4533-859c-d036eb541346 -F qcow2 /opt/stack/data/cinder/mnt/8566abdadbdeed96c9b92e36c6fb2bf2/volume-9d922838-c77d-4533-859c-d036eb541346.13882cab-ccc5-406f-b640-ce29ecf34e5f" returned: 0 in 0.739s {{(pid=86324) execute /opt/stack/data/venv/lib/python3.12/site-packages/oslo_concurrency/processutils.py:468}}
Jun 08 16:52:06 devstack cinder-volume[86324]: WARNING cinder.volume.drivers.remotefs [None req-e4e09ce9-78a3-440f-abef-07b45788cccc tempest-SnapshotsActionsTest-2032063608 None] /opt/stack/data/cinder/mnt/8566abdadbdeed96c9b92e36c6fb2bf2/volume-9d922838-c77d-4533-859c-d036eb541346.13882cab-ccc5-406f-b640-ce29ecf34e5f is being set with open permissions: ugo+rw
Jun 08 16:52:06 devstack cinder-volume[86324]: DEBUG oslo_concurrency.processutils [None req-e4e09ce9-78a3-440f-abef-07b45788cccc tempest-SnapshotsActionsTest-2032063608 None] Running cmd (subprocess): sudo cinder-rootwrap /etc/cinder/rootwrap.conf chmod ugo+rw /opt/stack/data/cinder/mnt/8566abdadbdeed96c9b92e36c6fb2bf2/volume-9d922838-c77d-4533-859c-d036eb541346.13882cab-ccc5-406f-b640-ce29ecf34e5f {{(pid=86324) execute /opt/stack/data/venv/lib/python3.12/site-packages/oslo_concurrency/processutils.py:440}}
Jun 08 16:52:06 devstack sudo[89814]: quobyte : PWD=/ ; USER=root ; COMMAND=/opt/stack/data/venv/bin/cinder-rootwrap /etc/cinder/rootwrap.conf chmod ugo+rw /opt/stack/data/cinder/mnt/8566abdadbdeed96c9b92e36c6fb2bf2/volume-9d922838-c77d-4533-859c-d036eb541346.13882cab-ccc5-406f-b640-ce29ecf34e5f
Jun 08 16:52:06 devstack sudo[89814]: pam_unix(sudo:session): session opened for user root(uid=0) by (uid=1000)
Jun 08 16:52:07 devstack sudo[89814]: pam_unix(sudo:session): session closed for user root
Jun 08 16:52:07 devstack cinder-volume[86324]: DEBUG oslo_concurrency.processutils [None req-e4e09ce9-78a3-440f-abef-07b45788cccc tempest-SnapshotsActionsTest-2032063608 None] CMD "sudo cinder-rootwrap /etc/cinder/rootwrap.conf chmod ugo+rw /opt/stack/data/cinder/mnt/8566abdadbdeed96c9b92e36c6fb2bf2/volume-9d922838-c77d-4533-859c-d036eb541346.13882cab-ccc5-406f-b640-ce29ecf34e5f" returned: 0 in 0.687s {{(pid=86324) execute /opt/stack/data/venv/lib/python3.12/site-packages/oslo_concurrency/processutils.py:468}}
Jun 08 16:52:07 devstack cinder-volume[86324]: DEBUG oslo_concurrency.processutils [None req-e4e09ce9-78a3-440f-abef-07b45788cccc tempest-SnapshotsActionsTest-2032063608 None] Running cmd (subprocess): sudo cinder-rootwrap /etc/cinder/rootwrap.conf truncate -s0 /opt/stack/data/cinder/mnt/8566abdadbdeed96c9b92e36c6fb2bf2/volume-9d922838-c77d-4533-859c-d036eb541346.info {{(pid=86324) execute /opt/stack/data/venv/lib/python3.12/site-packages/oslo_concurrency/processutils.py:440}}
Jun 08 16:52:07 devstack sudo[89817]: quobyte : PWD=/ ; USER=root ; COMMAND=/opt/stack/data/venv/bin/cinder-rootwrap /etc/cinder/rootwrap.conf truncate -s0 /opt/stack/data/cinder/mnt/8566abdadbdeed96c9b92e36c6fb2bf2/volume-9d922838-c77d-4533-859c-d036eb541346.info
Jun 08 16:52:07 devstack sudo[89817]: pam_unix(sudo:session): session opened for user root(uid=0) by (uid=1000)
Jun 08 16:52:08 devstack sudo[89817]: pam_unix(sudo:session): session closed for user root
Jun 08 16:52:08 devstack cinder-volume[86324]: DEBUG oslo_concurrency.processutils [None req-e4e09ce9-78a3-440f-abef-07b45788cccc tempest-SnapshotsActionsTest-2032063608 None] CMD "sudo cinder-rootwrap /etc/cinder/rootwrap.conf truncate -s0 /opt/stack/data/cinder/mnt/8566abdadbdeed96c9b92e36c6fb2bf2/volume-9d922838-c77d-4533-859c-d036eb541346.info" returned: 0 in 0.762s {{(pid=86324) execute /opt/stack/data/venv/lib/python3.12/site-packages/oslo_concurrency/processutils.py:468}}
Jun 08 16:52:08 devstack cinder-volume[86324]: WARNING cinder.volume.drivers.remotefs [None req-e4e09ce9-78a3-440f-abef-07b45788cccc tempest-SnapshotsActionsTest-2032063608 None] /opt/stack/data/cinder/mnt/8566abdadbdeed96c9b92e36c6fb2bf2/volume-9d922838-c77d-4533-859c-d036eb541346.info is being set with open permissions: ugo+rw
Jun 08 16:52:08 devstack cinder-volume[86324]: DEBUG oslo_concurrency.processutils [None req-e4e09ce9-78a3-440f-abef-07b45788cccc tempest-SnapshotsActionsTest-2032063608 None] Running cmd (subprocess): sudo cinder-rootwrap /etc/cinder/rootwrap.conf chmod ugo+rw /opt/stack/data/cinder/mnt/8566abdadbdeed96c9b92e36c6fb2bf2/volume-9d922838-c77d-4533-859c-d036eb541346.info {{(pid=86324) execute /opt/stack/data/venv/lib/python3.12/site-packages/oslo_concurrency/processutils.py:440}}
Jun 08 16:52:08 devstack sudo[89820]: quobyte : PWD=/ ; USER=root ; COMMAND=/opt/stack/data/venv/bin/cinder-rootwrap /etc/cinder/rootwrap.conf chmod ugo+rw /opt/stack/data/cinder/mnt/8566abdadbdeed96c9b92e36c6fb2bf2/volume-9d922838-c77d-4533-859c-d036eb541346.info
Jun 08 16:52:08 devstack sudo[89820]: pam_unix(sudo:session): session opened for user root(uid=0) by (uid=1000)
Jun 08 16:52:08 devstack sudo[89820]: pam_unix(sudo:session): session closed for user root
Jun 08 16:52:08 devstack cinder-volume[86324]: DEBUG oslo_concurrency.processutils [None req-e4e09ce9-78a3-440f-abef-07b45788cccc tempest-SnapshotsActionsTest-2032063608 None] CMD "sudo cinder-rootwrap /etc/cinder/rootwrap.conf chmod ugo+rw /opt/stack/data/cinder/mnt/8566abdadbdeed96c9b92e36c6fb2bf2/volume-9d922838-c77d-4533-859c-d036eb541346.info" returned: 0 in 0.714s {{(pid=86324) execute /opt/stack/data/venv/lib/python3.12/site-packages/oslo_concurrency/processutils.py:468}}
Jun 08 16:52:08 devstack cinder-volume[86324]: DEBUG oslo_concurrency.lockutils [None req-e4e09ce9-78a3-440f-abef-07b45788cccc tempest-SnapshotsActionsTest-2032063608 None] Lock "quobyte" "released" by "cinder.volume.drivers.quobyte.QuobyteDriver.create_snapshot" :: held 4.915s {{(pid=86324) inner /opt/stack/data/venv/lib/python3.12/site-packages/oslo_concurrency/lockutils.py:538}}
Jun 08 16:52:08 devstack cinder-volume[86324]: INFO cinder.volume.manager [None req-e4e09ce9-78a3-440f-abef-07b45788cccc tempest-SnapshotsActionsTest-2032063608 None] Create snapshot completed successfully
Jun 08 16:52:10 devstack cinder-volume[86324]: DEBUG oslo_concurrency.lockutils [None req-a6f347dd-e453-4992-ba8a-581a8e6dc7c8 tempest-SnapshotsActionsTest-2032063608 None] Acquiring lock "quobyte" by "cinder.volume.drivers.quobyte.QuobyteDriver.create_snapshot" {{(pid=86324) inner /opt/stack/data/venv/lib/python3.12/site-packages/oslo_concurrency/lockutils.py:506}}
Jun 08 16:52:10 devstack cinder-volume[86324]: DEBUG oslo_concurrency.lockutils [None req-a6f347dd-e453-4992-ba8a-581a8e6dc7c8 tempest-SnapshotsActionsTest-2032063608 None] Lock "quobyte" acquired by "cinder.volume.drivers.quobyte.QuobyteDriver.create_snapshot" :: waited 0.001s {{(pid=86324) inner /opt/stack/data/venv/lib/python3.12/site-packages/oslo_concurrency/lockutils.py:519}}
Jun 08 16:52:10 devstack cinder-volume[86324]: DEBUG cinder.volume.drivers.remotefs [None req-a6f347dd-e453-4992-ba8a-581a8e6dc7c8 tempest-SnapshotsActionsTest-2032063608 None] Creating offline snapshot 5f0d33dd-528f-4608-9c4f-e393731fbde9 of volume 9d922838-c77d-4533-859c-d036eb541346 {{(pid=86324) _create_snapshot /opt/stack/cinder/cinder/volume/drivers/remotefs.py:1815}}
Jun 08 16:52:10 devstack cinder-volume[86324]: DEBUG oslo.privsep.daemon [-] privsep: reply[5905ea48-6800-4cdf-80b9-0bda7acaf020]: (4, 'qcow2') {{(pid=87181) _call_back /opt/stack/data/venv/lib/python3.12/site-packages/oslo_privsep/daemon.py:573}}
Jun 08 16:52:10 devstack cinder-volume[86324]: DEBUG oslo_concurrency.processutils [None req-a6f347dd-e453-4992-ba8a-581a8e6dc7c8 tempest-SnapshotsActionsTest-2032063608 None] Running cmd (subprocess): /opt/stack/data/venv/bin/python3.12 -m oslo_concurrency.prlimit --as=1073741824 --cpu=60 -- sudo cinder-rootwrap /etc/cinder/rootwrap.conf env LC_ALL=C qemu-img info -f qcow2 --output=json --force-share /opt/stack/data/cinder/mnt/8566abdadbdeed96c9b92e36c6fb2bf2/volume-9d922838-c77d-4533-859c-d036eb541346.13882cab-ccc5-406f-b640-ce29ecf34e5f {{(pid=86324) execute /opt/stack/data/venv/lib/python3.12/site-packages/oslo_concurrency/processutils.py:440}}
Jun 08 16:52:10 devstack sudo[89823]: quobyte : PWD=/ ; USER=root ; COMMAND=/opt/stack/data/venv/bin/cinder-rootwrap /etc/cinder/rootwrap.conf env LC_ALL=C qemu-img info -f qcow2 --output=json --force-share /opt/stack/data/cinder/mnt/8566abdadbdeed96c9b92e36c6fb2bf2/volume-9d922838-c77d-4533-859c-d036eb541346.13882cab-ccc5-406f-b640-ce29ecf34e5f
Jun 08 16:52:10 devstack sudo[89823]: pam_unix(sudo:session): session opened for user root(uid=0) by (uid=1000)
Jun 08 16:52:10 devstack sudo[89823]: pam_unix(sudo:session): session closed for user root
Jun 08 16:52:10 devstack cinder-volume[86324]: DEBUG oslo_concurrency.processutils [None req-a6f347dd-e453-4992-ba8a-581a8e6dc7c8 tempest-SnapshotsActionsTest-2032063608 None] CMD "/opt/stack/data/venv/bin/python3.12 -m oslo_concurrency.prlimit --as=1073741824 --cpu=60 -- sudo cinder-rootwrap /etc/cinder/rootwrap.conf env LC_ALL=C qemu-img info -f qcow2 --output=json --force-share /opt/stack/data/cinder/mnt/8566abdadbdeed96c9b92e36c6fb2bf2/volume-9d922838-c77d-4533-859c-d036eb541346.13882cab-ccc5-406f-b640-ce29ecf34e5f" returned: 0 in 0.875s {{(pid=86324) execute /opt/stack/data/venv/lib/python3.12/site-packages/oslo_concurrency/processutils.py:468}}
Jun 08 16:52:10 devstack cinder-volume[86324]: DEBUG cinder.volume.drivers.remotefs [None req-a6f347dd-e453-4992-ba8a-581a8e6dc7c8 tempest-SnapshotsActionsTest-2032063608 None] Fetching qemu-img info with special backing_file_template: (/opt/stack/data/cinder/mnt/[0-9a-f]+/)?(volume-9d922838-c77d-4533-859c-d036eb541346(.(tmp-snap-)?[0-9a-f-]+)?|volume_from_snapshot_cache/(tmp-snap-)?[0-9a-f-]+(.(child-|parent-)[0-9a-f-]+)?)$ {{(pid=86324) _qemu_img_info_base /opt/stack/cinder/cinder/volume/drivers/remotefs.py:896}}
Jun 08 16:52:10 devstack cinder-volume[86324]: DEBUG oslo_concurrency.processutils [None req-a6f347dd-e453-4992-ba8a-581a8e6dc7c8 tempest-SnapshotsActionsTest-2032063608 None] Running cmd (subprocess): sudo cinder-rootwrap /etc/cinder/rootwrap.conf qemu-img create -f qcow2 -o backing_file=/opt/stack/data/cinder/mnt/8566abdadbdeed96c9b92e36c6fb2bf2/volume-9d922838-c77d-4533-859c-d036eb541346.13882cab-ccc5-406f-b640-ce29ecf34e5f,backing_fmt=qcow2 /opt/stack/data/cinder/mnt/8566abdadbdeed96c9b92e36c6fb2bf2/volume-9d922838-c77d-4533-859c-d036eb541346.5f0d33dd-528f-4608-9c4f-e393731fbde9 1G {{(pid=86324) execute /opt/stack/data/venv/lib/python3.12/site-packages/oslo_concurrency/processutils.py:440}}
Jun 08 16:52:11 devstack sudo[89829]: quobyte : PWD=/ ; USER=root ; COMMAND=/opt/stack/data/venv/bin/cinder-rootwrap /etc/cinder/rootwrap.conf qemu-img create -f qcow2 -o backing_file=/opt/stack/data/cinder/mnt/8566abdadbdeed96c9b92e36c6fb2bf2/volume-9d922838-c77d-4533-859c-d036eb541346.13882cab-ccc5-406f-b640-ce29ecf34e5f,backing_fmt=qcow2 /opt/stack/data/cinder/mnt/8566abdadbdeed96c9b92e36c6fb2bf2/volume-9d922838-c77d-4533-859c-d036eb541346.5f0d33dd-528f-4608-9c4f-e393731fbde9 1G
Jun 08 16:52:11 devstack sudo[89829]: pam_unix(sudo:session): session opened for user root(uid=0) by (uid=1000)
Jun 08 16:52:11 devstack sudo[89829]: pam_unix(sudo:session): session closed for user root
Jun 08 16:52:11 devstack cinder-volume[86324]: DEBUG oslo_concurrency.processutils [None req-a6f347dd-e453-4992-ba8a-581a8e6dc7c8 tempest-SnapshotsActionsTest-2032063608 None] CMD "sudo cinder-rootwrap /etc/cinder/rootwrap.conf qemu-img create -f qcow2 -o backing_file=/opt/stack/data/cinder/mnt/8566abdadbdeed96c9b92e36c6fb2bf2/volume-9d922838-c77d-4533-859c-d036eb541346.13882cab-ccc5-406f-b640-ce29ecf34e5f,backing_fmt=qcow2 /opt/stack/data/cinder/mnt/8566abdadbdeed96c9b92e36c6fb2bf2/volume-9d922838-c77d-4533-859c-d036eb541346.5f0d33dd-528f-4608-9c4f-e393731fbde9 1G" returned: 0 in 0.953s {{(pid=86324) execute /opt/stack/data/venv/lib/python3.12/site-packages/oslo_concurrency/processutils.py:468}}
Jun 08 16:52:11 devstack cinder-volume[86324]: DEBUG oslo_concurrency.processutils [None req-a6f347dd-e453-4992-ba8a-581a8e6dc7c8 tempest-SnapshotsActionsTest-2032063608 None] Running cmd (subprocess): sudo cinder-rootwrap /etc/cinder/rootwrap.conf qemu-img rebase -u -b volume-9d922838-c77d-4533-859c-d036eb541346.13882cab-ccc5-406f-b640-ce29ecf34e5f -F qcow2 /opt/stack/data/cinder/mnt/8566abdadbdeed96c9b92e36c6fb2bf2/volume-9d922838-c77d-4533-859c-d036eb541346.5f0d33dd-528f-4608-9c4f-e393731fbde9 {{(pid=86324) execute /opt/stack/data/venv/lib/python3.12/site-packages/oslo_concurrency/processutils.py:440}}
Jun 08 16:52:11 devstack sudo[89835]: quobyte : PWD=/ ; USER=root ; COMMAND=/opt/stack/data/venv/bin/cinder-rootwrap /etc/cinder/rootwrap.conf qemu-img rebase -u -b volume-9d922838-c77d-4533-859c-d036eb541346.13882cab-ccc5-406f-b640-ce29ecf34e5f -F qcow2 /opt/stack/data/cinder/mnt/8566abdadbdeed96c9b92e36c6fb2bf2/volume-9d922838-c77d-4533-859c-d036eb541346.5f0d33dd-528f-4608-9c4f-e393731fbde9
Jun 08 16:52:11 devstack sudo[89835]: pam_unix(sudo:session): session opened for user root(uid=0) by (uid=1000)
Jun 08 16:52:12 devstack sudo[89835]: pam_unix(sudo:session): session closed for user root
Jun 08 16:52:12 devstack cinder-volume[86324]: DEBUG oslo_concurrency.processutils [None req-a6f347dd-e453-4992-ba8a-581a8e6dc7c8 tempest-SnapshotsActionsTest-2032063608 None] CMD "sudo cinder-rootwrap /etc/cinder/rootwrap.conf qemu-img rebase -u -b volume-9d922838-c77d-4533-859c-d036eb541346.13882cab-ccc5-406f-b640-ce29ecf34e5f -F qcow2 /opt/stack/data/cinder/mnt/8566abdadbdeed96c9b92e36c6fb2bf2/volume-9d922838-c77d-4533-859c-d036eb541346.5f0d33dd-528f-4608-9c4f-e393731fbde9" returned: 0 in 0.809s {{(pid=86324) execute /opt/stack/data/venv/lib/python3.12/site-packages/oslo_concurrency/processutils.py:468}}
Jun 08 16:52:12 devstack cinder-volume[86324]: WARNING cinder.volume.drivers.remotefs [None req-a6f347dd-e453-4992-ba8a-581a8e6dc7c8 tempest-SnapshotsActionsTest-2032063608 None] /opt/stack/data/cinder/mnt/8566abdadbdeed96c9b92e36c6fb2bf2/volume-9d922838-c77d-4533-859c-d036eb541346.5f0d33dd-528f-4608-9c4f-e393731fbde9 is being set with open permissions: ugo+rw
Jun 08 16:52:12 devstack cinder-volume[86324]: DEBUG oslo_concurrency.processutils [None req-a6f347dd-e453-4992-ba8a-581a8e6dc7c8 tempest-SnapshotsActionsTest-2032063608 None] Running cmd (subprocess): sudo cinder-rootwrap /etc/cinder/rootwrap.conf chmod ugo+rw /opt/stack/data/cinder/mnt/8566abdadbdeed96c9b92e36c6fb2bf2/volume-9d922838-c77d-4533-859c-d036eb541346.5f0d33dd-528f-4608-9c4f-e393731fbde9 {{(pid=86324) execute /opt/stack/data/venv/lib/python3.12/site-packages/oslo_concurrency/processutils.py:440}}
Jun 08 16:52:12 devstack sudo[89840]: quobyte : PWD=/ ; USER=root ; COMMAND=/opt/stack/data/venv/bin/cinder-rootwrap /etc/cinder/rootwrap.conf chmod ugo+rw /opt/stack/data/cinder/mnt/8566abdadbdeed96c9b92e36c6fb2bf2/volume-9d922838-c77d-4533-859c-d036eb541346.5f0d33dd-528f-4608-9c4f-e393731fbde9
Jun 08 16:52:12 devstack sudo[89840]: pam_unix(sudo:session): session opened for user root(uid=0) by (uid=1000)
Jun 08 16:52:13 devstack sudo[89840]: pam_unix(sudo:session): session closed for user root
Jun 08 16:52:13 devstack cinder-volume[86324]: DEBUG oslo_concurrency.processutils [None req-a6f347dd-e453-4992-ba8a-581a8e6dc7c8 tempest-SnapshotsActionsTest-2032063608 None] CMD "sudo cinder-rootwrap /etc/cinder/rootwrap.conf chmod ugo+rw /opt/stack/data/cinder/mnt/8566abdadbdeed96c9b92e36c6fb2bf2/volume-9d922838-c77d-4533-859c-d036eb541346.5f0d33dd-528f-4608-9c4f-e393731fbde9" returned: 0 in 0.636s {{(pid=86324) execute /opt/stack/data/venv/lib/python3.12/site-packages/oslo_concurrency/processutils.py:468}}
Jun 08 16:52:13 devstack cinder-volume[86324]: DEBUG oslo_concurrency.lockutils [None req-a6f347dd-e453-4992-ba8a-581a8e6dc7c8 tempest-SnapshotsActionsTest-2032063608 None] Lock "quobyte" "released" by "cinder.volume.drivers.quobyte.QuobyteDriver.create_snapshot" :: held 3.393s {{(pid=86324) inner /opt/stack/data/venv/lib/python3.12/site-packages/oslo_concurrency/lockutils.py:538}}
Jun 08 16:52:13 devstack cinder-volume[86324]: INFO cinder.volume.manager [None req-a6f347dd-e453-4992-ba8a-581a8e6dc7c8 tempest-SnapshotsActionsTest-2032063608 None] Create snapshot completed successfully
Jun 08 16:52:14 devstack cinder-volume[86324]: DEBUG cinder.coordination [None req-fc2b3c90-240c-4592-ac92-1b9dca156f18 tempest-SnapshotsActionsTest-194277262 None] Acquiring lock "cinder-5f0d33dd-528f-4608-9c4f-e393731fbde9-delete_snapshot" by "delete_snapshot" {{(pid=86324) __acquire /opt/stack/cinder/cinder/coordination.py:138}}
Jun 08 16:52:14 devstack cinder-volume[86324]: DEBUG cinder.coordination [None req-fc2b3c90-240c-4592-ac92-1b9dca156f18 tempest-SnapshotsActionsTest-194277262 None] Lock "cinder-5f0d33dd-528f-4608-9c4f-e393731fbde9-delete_snapshot" acquired by "delete_snapshot" :: waited 0.034s {{(pid=86324) __acquire /opt/stack/cinder/cinder/coordination.py:141}}
Jun 08 16:52:14 devstack cinder-volume[86324]: DEBUG cinder.coordination [None req-fc2b3c90-240c-4592-ac92-1b9dca156f18 tempest-SnapshotsActionsTest-194277262 None] Acquiring lock "cinder-quobyte-9d922838-c77d-4533-859c-d036eb541346" by "delete_snapshot" {{(pid=86324) __acquire /opt/stack/cinder/cinder/coordination.py:138}}
Jun 08 16:52:14 devstack cinder-volume[86324]: DEBUG cinder.coordination [None req-fc2b3c90-240c-4592-ac92-1b9dca156f18 tempest-SnapshotsActionsTest-194277262 None] Lock "cinder-quobyte-9d922838-c77d-4533-859c-d036eb541346" acquired by "delete_snapshot" :: waited 0.024s {{(pid=86324) __acquire /opt/stack/cinder/cinder/coordination.py:141}}
Jun 08 16:52:14 devstack cinder-volume[86324]: DEBUG cinder.coordination [None req-fc2b3c90-240c-4592-ac92-1b9dca156f18 tempest-SnapshotsActionsTest-194277262 None] Acquiring lock "cinder-quobyte-5f0d33dd-528f-4608-9c4f-e393731fbde9" by "_delete_snapshot" {{(pid=86324) __acquire /opt/stack/cinder/cinder/coordination.py:138}}
Jun 08 16:52:14 devstack cinder-volume[86324]: DEBUG cinder.coordination [None req-fc2b3c90-240c-4592-ac92-1b9dca156f18 tempest-SnapshotsActionsTest-194277262 None] Lock "cinder-quobyte-5f0d33dd-528f-4608-9c4f-e393731fbde9" acquired by "_delete_snapshot" :: waited 0.022s {{(pid=86324) __acquire /opt/stack/cinder/cinder/coordination.py:141}}
Jun 08 16:52:14 devstack cinder-volume[86324]: DEBUG cinder.volume.drivers.remotefs [None req-fc2b3c90-240c-4592-ac92-1b9dca156f18 tempest-SnapshotsActionsTest-194277262 None] Deleting offline snapshot 5f0d33dd-528f-4608-9c4f-e393731fbde9 of volume 9d922838-c77d-4533-859c-d036eb541346 {{(pid=86324) _delete_snapshot /opt/stack/cinder/cinder/volume/drivers/remotefs.py:1288}}
Jun 08 16:52:14 devstack cinder-volume[86324]: DEBUG cinder.volume.drivers.remotefs [None req-fc2b3c90-240c-4592-ac92-1b9dca156f18 tempest-SnapshotsActionsTest-194277262 None] snapshot_file for this snap is: volume-9d922838-c77d-4533-859c-d036eb541346.5f0d33dd-528f-4608-9c4f-e393731fbde9 {{(pid=86324) _delete_snapshot /opt/stack/cinder/cinder/volume/drivers/remotefs.py:1317}}
Jun 08 16:52:14 devstack cinder-volume[86324]: DEBUG oslo.privsep.daemon [-] privsep: reply[d720df19-9dbf-4946-a356-5faea3b7f42f]: (4, 'qcow2') {{(pid=87181) _call_back /opt/stack/data/venv/lib/python3.12/site-packages/oslo_privsep/daemon.py:573}}
Jun 08 16:52:14 devstack cinder-volume[86324]: DEBUG oslo_concurrency.processutils [None req-fc2b3c90-240c-4592-ac92-1b9dca156f18 tempest-SnapshotsActionsTest-194277262 None] Running cmd (subprocess): /opt/stack/data/venv/bin/python3.12 -m oslo_concurrency.prlimit --as=1073741824 --cpu=60 -- sudo cinder-rootwrap /etc/cinder/rootwrap.conf env LC_ALL=C qemu-img info -f qcow2 --output=json --force-share /opt/stack/data/cinder/mnt/8566abdadbdeed96c9b92e36c6fb2bf2/volume-9d922838-c77d-4533-859c-d036eb541346.5f0d33dd-528f-4608-9c4f-e393731fbde9 {{(pid=86324) execute /opt/stack/data/venv/lib/python3.12/site-packages/oslo_concurrency/processutils.py:440}}
Jun 08 16:52:14 devstack sudo[89846]: quobyte : PWD=/ ; USER=root ; COMMAND=/opt/stack/data/venv/bin/cinder-rootwrap /etc/cinder/rootwrap.conf env LC_ALL=C qemu-img info -f qcow2 --output=json --force-share /opt/stack/data/cinder/mnt/8566abdadbdeed96c9b92e36c6fb2bf2/volume-9d922838-c77d-4533-859c-d036eb541346.5f0d33dd-528f-4608-9c4f-e393731fbde9
Jun 08 16:52:14 devstack sudo[89846]: pam_unix(sudo:session): session opened for user root(uid=0) by (uid=1000)
Jun 08 16:52:15 devstack sudo[89846]: pam_unix(sudo:session): session closed for user root
Jun 08 16:52:15 devstack cinder-volume[86324]: DEBUG oslo_concurrency.processutils [None req-fc2b3c90-240c-4592-ac92-1b9dca156f18 tempest-SnapshotsActionsTest-194277262 None] CMD "/opt/stack/data/venv/bin/python3.12 -m oslo_concurrency.prlimit --as=1073741824 --cpu=60 -- sudo cinder-rootwrap /etc/cinder/rootwrap.conf env LC_ALL=C qemu-img info -f qcow2 --output=json --force-share /opt/stack/data/cinder/mnt/8566abdadbdeed96c9b92e36c6fb2bf2/volume-9d922838-c77d-4533-859c-d036eb541346.5f0d33dd-528f-4608-9c4f-e393731fbde9" returned: 0 in 0.887s {{(pid=86324) execute /opt/stack/data/venv/lib/python3.12/site-packages/oslo_concurrency/processutils.py:468}}
Jun 08 16:52:15 devstack cinder-volume[86324]: DEBUG cinder.volume.drivers.remotefs [None req-fc2b3c90-240c-4592-ac92-1b9dca156f18 tempest-SnapshotsActionsTest-194277262 None] Fetching qemu-img info with special backing_file_template: (/opt/stack/data/cinder/mnt/[0-9a-f]+/)?(volume-9d922838-c77d-4533-859c-d036eb541346(.(tmp-snap-)?[0-9a-f-]+)?|volume_from_snapshot_cache/(tmp-snap-)?[0-9a-f-]+(.(child-|parent-)[0-9a-f-]+)?)$ {{(pid=86324) _qemu_img_info_base /opt/stack/cinder/cinder/volume/drivers/remotefs.py:896}}
Jun 08 16:52:15 devstack cinder-volume[86324]: DEBUG oslo.privsep.daemon [-] privsep: reply[19bc6e9c-93e1-4d8a-b3c8-9ee505c6964b]: (4, 'qcow2') {{(pid=87181) _call_back /opt/stack/data/venv/lib/python3.12/site-packages/oslo_privsep/daemon.py:573}}
Jun 08 16:52:15 devstack cinder-volume[86324]: DEBUG oslo_concurrency.processutils [None req-fc2b3c90-240c-4592-ac92-1b9dca156f18 tempest-SnapshotsActionsTest-194277262 None] Running cmd (subprocess): /opt/stack/data/venv/bin/python3.12 -m oslo_concurrency.prlimit --as=1073741824 --cpu=60 -- sudo cinder-rootwrap /etc/cinder/rootwrap.conf env LC_ALL=C qemu-img info -f qcow2 --output=json --force-share /opt/stack/data/cinder/mnt/8566abdadbdeed96c9b92e36c6fb2bf2/volume-9d922838-c77d-4533-859c-d036eb541346.13882cab-ccc5-406f-b640-ce29ecf34e5f {{(pid=86324) execute /opt/stack/data/venv/lib/python3.12/site-packages/oslo_concurrency/processutils.py:440}}
Jun 08 16:52:15 devstack sudo[89851]: quobyte : PWD=/ ; USER=root ; COMMAND=/opt/stack/data/venv/bin/cinder-rootwrap /etc/cinder/rootwrap.conf env LC_ALL=C qemu-img info -f qcow2 --output=json --force-share /opt/stack/data/cinder/mnt/8566abdadbdeed96c9b92e36c6fb2bf2/volume-9d922838-c77d-4533-859c-d036eb541346.13882cab-ccc5-406f-b640-ce29ecf34e5f
Jun 08 16:52:15 devstack sudo[89851]: pam_unix(sudo:session): session opened for user root(uid=0) by (uid=1000)
Jun 08 16:52:16 devstack sudo[89851]: pam_unix(sudo:session): session closed for user root
Jun 08 16:52:16 devstack cinder-volume[86324]: DEBUG oslo_concurrency.processutils [None req-fc2b3c90-240c-4592-ac92-1b9dca156f18 tempest-SnapshotsActionsTest-194277262 None] CMD "/opt/stack/data/venv/bin/python3.12 -m oslo_concurrency.prlimit --as=1073741824 --cpu=60 -- sudo cinder-rootwrap /etc/cinder/rootwrap.conf env LC_ALL=C qemu-img info -f qcow2 --output=json --force-share /opt/stack/data/cinder/mnt/8566abdadbdeed96c9b92e36c6fb2bf2/volume-9d922838-c77d-4533-859c-d036eb541346.13882cab-ccc5-406f-b640-ce29ecf34e5f" returned: 0 in 1.026s {{(pid=86324) execute /opt/stack/data/venv/lib/python3.12/site-packages/oslo_concurrency/processutils.py:468}}
Jun 08 16:52:16 devstack cinder-volume[86324]: DEBUG cinder.volume.drivers.remotefs [None req-fc2b3c90-240c-4592-ac92-1b9dca156f18 tempest-SnapshotsActionsTest-194277262 None] Fetching qemu-img info with special backing_file_template: (/opt/stack/data/cinder/mnt/[0-9a-f]+/)?(volume-9d922838-c77d-4533-859c-d036eb541346(.(tmp-snap-)?[0-9a-f-]+)?|volume_from_snapshot_cache/(tmp-snap-)?[0-9a-f-]+(.(child-|parent-)[0-9a-f-]+)?)$ {{(pid=86324) _qemu_img_info_base /opt/stack/cinder/cinder/volume/drivers/remotefs.py:896}}
Jun 08 16:52:16 devstack cinder-volume[86324]: DEBUG oslo_concurrency.processutils [None req-fc2b3c90-240c-4592-ac92-1b9dca156f18 tempest-SnapshotsActionsTest-194277262 None] Running cmd (subprocess): sudo cinder-rootwrap /etc/cinder/rootwrap.conf qemu-img commit -d /opt/stack/data/cinder/mnt/8566abdadbdeed96c9b92e36c6fb2bf2/volume-9d922838-c77d-4533-859c-d036eb541346.5f0d33dd-528f-4608-9c4f-e393731fbde9 {{(pid=86324) execute /opt/stack/data/venv/lib/python3.12/site-packages/oslo_concurrency/processutils.py:440}}
Jun 08 16:52:16 devstack sudo[89858]: quobyte : PWD=/ ; USER=root ; COMMAND=/opt/stack/data/venv/bin/cinder-rootwrap /etc/cinder/rootwrap.conf qemu-img commit -d /opt/stack/data/cinder/mnt/8566abdadbdeed96c9b92e36c6fb2bf2/volume-9d922838-c77d-4533-859c-d036eb541346.5f0d33dd-528f-4608-9c4f-e393731fbde9
Jun 08 16:52:16 devstack sudo[89858]: pam_unix(sudo:session): session opened for user root(uid=0) by (uid=1000)
Jun 08 16:52:17 devstack sudo[89858]: pam_unix(sudo:session): session closed for user root
Jun 08 16:52:17 devstack cinder-volume[86324]: DEBUG oslo_concurrency.processutils [None req-fc2b3c90-240c-4592-ac92-1b9dca156f18 tempest-SnapshotsActionsTest-194277262 None] CMD "sudo cinder-rootwrap /etc/cinder/rootwrap.conf qemu-img commit -d /opt/stack/data/cinder/mnt/8566abdadbdeed96c9b92e36c6fb2bf2/volume-9d922838-c77d-4533-859c-d036eb541346.5f0d33dd-528f-4608-9c4f-e393731fbde9" returned: 0 in 1.060s {{(pid=86324) execute /opt/stack/data/venv/lib/python3.12/site-packages/oslo_concurrency/processutils.py:468}}
Jun 08 16:52:17 devstack cinder-volume[86324]: DEBUG oslo_concurrency.processutils [None req-fc2b3c90-240c-4592-ac92-1b9dca156f18 tempest-SnapshotsActionsTest-194277262 None] Running cmd (subprocess): sudo cinder-rootwrap /etc/cinder/rootwrap.conf rm -f /opt/stack/data/cinder/mnt/8566abdadbdeed96c9b92e36c6fb2bf2/volume-9d922838-c77d-4533-859c-d036eb541346.5f0d33dd-528f-4608-9c4f-e393731fbde9 {{(pid=86324) execute /opt/stack/data/venv/lib/python3.12/site-packages/oslo_concurrency/processutils.py:440}}
Jun 08 16:52:17 devstack sudo[89864]: quobyte : PWD=/ ; USER=root ; COMMAND=/opt/stack/data/venv/bin/cinder-rootwrap /etc/cinder/rootwrap.conf rm -f /opt/stack/data/cinder/mnt/8566abdadbdeed96c9b92e36c6fb2bf2/volume-9d922838-c77d-4533-859c-d036eb541346.5f0d33dd-528f-4608-9c4f-e393731fbde9
Jun 08 16:52:17 devstack sudo[89864]: pam_unix(sudo:session): session opened for user root(uid=0) by (uid=1000)
Jun 08 16:52:17 devstack cinder-volume[86324]: INFO cinder.volume.manager [None req-7511efeb-48a7-4b64-8d77-5573f22b6223 tempest-GroupsV314Test-884221266 None] Group tempest-GroupsV314Test-Group-1674520544: creating
Jun 08 16:52:18 devstack cinder-volume[86324]: INFO cinder.volume.manager [None req-7511efeb-48a7-4b64-8d77-5573f22b6223 tempest-GroupsV314Test-884221266 None] Group tempest-GroupsV314Test-Group-1674520544: created successfully
Jun 08 16:52:18 devstack cinder-volume[86324]: INFO cinder.volume.manager [None req-7511efeb-48a7-4b64-8d77-5573f22b6223 tempest-GroupsV314Test-884221266 None] Create group completed successfully.
Jun 08 16:52:18 devstack sudo[89864]: pam_unix(sudo:session): session closed for user root
Jun 08 16:52:18 devstack cinder-volume[86324]: DEBUG oslo_concurrency.processutils [None req-fc2b3c90-240c-4592-ac92-1b9dca156f18 tempest-SnapshotsActionsTest-194277262 None] CMD "sudo cinder-rootwrap /etc/cinder/rootwrap.conf rm -f /opt/stack/data/cinder/mnt/8566abdadbdeed96c9b92e36c6fb2bf2/volume-9d922838-c77d-4533-859c-d036eb541346.5f0d33dd-528f-4608-9c4f-e393731fbde9" returned: 0 in 0.779s {{(pid=86324) execute /opt/stack/data/venv/lib/python3.12/site-packages/oslo_concurrency/processutils.py:468}}
Jun 08 16:52:18 devstack cinder-volume[86324]: DEBUG cinder.coordination [None req-fc2b3c90-240c-4592-ac92-1b9dca156f18 tempest-SnapshotsActionsTest-194277262 None] Lock "cinder-quobyte-5f0d33dd-528f-4608-9c4f-e393731fbde9" released by "_delete_snapshot" :: held 3.888s {{(pid=86324) __release /opt/stack/cinder/cinder/coordination.py:152}}
Jun 08 16:52:18 devstack cinder-volume[86324]: DEBUG cinder.coordination [None req-fc2b3c90-240c-4592-ac92-1b9dca156f18 tempest-SnapshotsActionsTest-194277262 None] Lock "cinder-quobyte-9d922838-c77d-4533-859c-d036eb541346" released by "delete_snapshot" :: held 3.925s {{(pid=86324) __release /opt/stack/cinder/cinder/coordination.py:152}}
Jun 08 16:52:18 devstack cinder-volume[86324]: WARNING cinder.quota [None req-fc2b3c90-240c-4592-ac92-1b9dca156f18 tempest-SnapshotsActionsTest-194277262 None] Deprecated: Default quota for resource: snapshots_QuobyteHD is set by the default quota flag: quota_snapshots_QuobyteHD, it is now deprecated. Please use the default quota class for default quota.
Jun 08 16:52:18 devstack cinder-volume[86324]: DEBUG cinder.quota [None req-fc2b3c90-240c-4592-ac92-1b9dca156f18 tempest-SnapshotsActionsTest-194277262 None] Created reservations ['48677b56-f48e-4876-b1c4-66199898271b', '3690037b-d413-437f-b336-cda4530cdc4c', '08c15b45-4d37-48ea-bdfa-9a813dbe2d4a', 'f6b292ac-9ca6-41da-ab7c-b2be4f1194ad'] {{(pid=86324) reserve /opt/stack/cinder/cinder/quota.py:752}}
Jun 08 16:52:18 devstack cinder-volume[86324]: INFO cinder.volume.manager [None req-fc2b3c90-240c-4592-ac92-1b9dca156f18 tempest-SnapshotsActionsTest-194277262 None] Delete snapshot completed successfully.
Jun 08 16:52:18 devstack cinder-volume[86324]: DEBUG cinder.coordination [None req-fc2b3c90-240c-4592-ac92-1b9dca156f18 tempest-SnapshotsActionsTest-194277262 None] Lock "cinder-5f0d33dd-528f-4608-9c4f-e393731fbde9-delete_snapshot" released by "delete_snapshot" :: held 4.085s {{(pid=86324) __release /opt/stack/cinder/cinder/coordination.py:152}}
Jun 08 16:52:19 devstack cinder-volume[86324]: DEBUG oslo_concurrency.lockutils [None req-945888c4-03ec-43e5-b305-3695ccf95923 tempest-SnapshotsActionsTest-2032063608 None] Acquiring lock "quobyte" by "cinder.volume.drivers.quobyte.QuobyteDriver.create_snapshot" {{(pid=86324) inner /opt/stack/data/venv/lib/python3.12/site-packages/oslo_concurrency/lockutils.py:506}}
Jun 08 16:52:19 devstack cinder-volume[86324]: DEBUG oslo_concurrency.lockutils [None req-945888c4-03ec-43e5-b305-3695ccf95923 tempest-SnapshotsActionsTest-2032063608 None] Lock "quobyte" acquired by "cinder.volume.drivers.quobyte.QuobyteDriver.create_snapshot" :: waited 0.001s {{(pid=86324) inner /opt/stack/data/venv/lib/python3.12/site-packages/oslo_concurrency/lockutils.py:519}}
Jun 08 16:52:19 devstack cinder-volume[86324]: DEBUG cinder.volume.drivers.remotefs [None req-945888c4-03ec-43e5-b305-3695ccf95923 tempest-SnapshotsActionsTest-2032063608 None] Creating offline snapshot 7f9105e9-202d-484d-add6-d58d499869d5 of volume 9d922838-c77d-4533-859c-d036eb541346 {{(pid=86324) _create_snapshot /opt/stack/cinder/cinder/volume/drivers/remotefs.py:1815}}
Jun 08 16:52:19 devstack cinder-volume[86324]: DEBUG oslo.privsep.daemon [-] privsep: reply[14e8afe2-cdb0-42cf-bcc6-ace09b33c69c]: (4, 'qcow2') {{(pid=87181) _call_back /opt/stack/data/venv/lib/python3.12/site-packages/oslo_privsep/daemon.py:573}}
