Jul 22 17:53:32 devstack devstack@keystone.service[44309]: DEBUG keystone.server.flask.request_processing.req_logging [None req-df161927-f057-4e04-b237-75377fb362ab None None] REQUEST_METHOD: `GET` {{(pid=44309) log_request_info /opt/stack/keystone/keystone/server/flask/request_processing/req_logging.py:26}}
Jul 22 17:53:32 devstack devstack@keystone.service[44309]: DEBUG keystone.server.flask.request_processing.req_logging [None req-df161927-f057-4e04-b237-75377fb362ab None None] SCRIPT_NAME: `/identity` {{(pid=44309) log_request_info /opt/stack/keystone/keystone/server/flask/request_processing/req_logging.py:27}}
Jul 22 17:53:32 devstack devstack@keystone.service[44309]: DEBUG keystone.server.flask.request_processing.req_logging [None req-df161927-f057-4e04-b237-75377fb362ab None None] PATH_INFO: `/` {{(pid=44309) log_request_info /opt/stack/keystone/keystone/server/flask/request_processing/req_logging.py:28}}
Jul 22 17:53:32 devstack devstack@keystone.service[44309]: [pid: 44309|app: 0|req: 1/2] 192.168.122.31 () {54 vars in 923 bytes} [Wed Jul 22 17:53:32 2026] GET /identity => generated 273 bytes in 7 msecs (HTTP/1.1 300) 6 headers in 237 bytes (1 switches on core 0)
Jul 22 17:53:32 devstack devstack@keystone.service[44310]: DEBUG keystone.server.flask.request_processing.req_logging [None req-838d36fd-e209-41af-8ac3-f9a2f09d0871 None None] REQUEST_METHOD: `POST` {{(pid=44310) log_request_info /opt/stack/keystone/keystone/server/flask/request_processing/req_logging.py:26}}
Jul 22 17:53:32 devstack devstack@keystone.service[44310]: DEBUG keystone.server.flask.request_processing.req_logging [None req-838d36fd-e209-41af-8ac3-f9a2f09d0871 None None] SCRIPT_NAME: `/identity` {{(pid=44310) log_request_info /opt/stack/keystone/keystone/server/flask/request_processing/req_logging.py:27}}
Jul 22 17:53:32 devstack devstack@keystone.service[44310]: DEBUG keystone.server.flask.request_processing.req_logging [None req-838d36fd-e209-41af-8ac3-f9a2f09d0871 None None] PATH_INFO: `/v3/auth/tokens` {{(pid=44310) log_request_info /opt/stack/keystone/keystone/server/flask/request_processing/req_logging.py:28}}
Jul 22 17:53:32 devstack devstack@keystone.service[44310]: INFO dbcounter [None req-838d36fd-e209-41af-8ac3-f9a2f09d0871 None None] Registered counter for database keystone
Jul 22 17:53:32 devstack devstack@keystone.service[44310]: DEBUG oslo_db.sqlalchemy.engines [None req-838d36fd-e209-41af-8ac3-f9a2f09d0871 None None] MySQL server mode set to STRICT_TRANS_TABLES,STRICT_ALL_TABLES,NO_ZERO_IN_DATE,NO_ZERO_DATE,ERROR_FOR_DIVISION_BY_ZERO,TRADITIONAL,NO_ENGINE_SUBSTITUTION {{(pid=44310) _check_effective_sql_mode /opt/stack/data/venv/lib/python3.12/site-packages/oslo_db/sqlalchemy/engines.py:325}}
Jul 22 17:53:32 devstack devstack@keystone.service[44310]: DEBUG dbcounter [-] [44310] Writer thread running {{(pid=44310) stat_writer /opt/stack/data/venv/lib/python3.12/site-packages/dbcounter.py:102}}
Jul 22 17:53:32 devstack devstack@keystone.service[44310]: WARNING keystone.common.password_hashing [None req-838d36fd-e209-41af-8ac3-f9a2f09d0871 None None] Truncating password to algorithm specific maximum length 72 characters.
Jul 22 17:53:32 devstack devstack@keystone.service[44310]: DEBUG keystone.auth.core [None req-838d36fd-e209-41af-8ac3-f9a2f09d0871 None None] MFA Rules not processed for user `9f8d1be08a8349f8bb3c1a7965f8675c`. Rule list: `[]` (Enabled: `True`). {{(pid=44310) check_auth_methods_against_rules /opt/stack/keystone/keystone/auth/core.py:476}}
Jul 22 17:53:32 devstack devstack@keystone.service[44310]: DEBUG keystone.common.fernet_utils [None req-838d36fd-e209-41af-8ac3-f9a2f09d0871 None None] Loaded 2 Fernet keys from /etc/keystone/fernet-keys/, but `[fernet_tokens] max_active_keys = 3`; perhaps there have not been enough key rotations to reach `max_active_keys` yet? {{(pid=44310) load_keys /opt/stack/keystone/keystone/common/fernet_utils.py:297}}
Jul 22 17:53:32 devstack devstack@keystone.service[44310]: [pid: 44310|app: 0|req: 2/3] 192.168.122.31 () {58 vars in 1020 bytes} [Wed Jul 22 17:53:32 2026] POST /identity/v3/auth/tokens => generated 980 bytes in 739 msecs (HTTP/1.1 201) 6 headers in 384 bytes (1 switches on core 0)
Jul 22 17:53:33 devstack devstack@keystone.service[44309]: DEBUG keystone.server.flask.request_processing.middleware.auth_context [None req-df161927-f057-4e04-b237-75377fb362ab None None] Authenticating user token {{(pid=44309) process_request /opt/stack/data/venv/lib/python3.12/site-packages/keystonemiddleware/auth_token/__init__.py:406}}
Jul 22 17:53:33 devstack devstack@keystone.service[44309]: INFO dbcounter [None req-df161927-f057-4e04-b237-75377fb362ab None None] Registered counter for database keystone
Jul 22 17:53:33 devstack devstack@keystone.service[44309]: DEBUG oslo_db.sqlalchemy.engines [None req-df161927-f057-4e04-b237-75377fb362ab None None] MySQL server mode set to STRICT_TRANS_TABLES,STRICT_ALL_TABLES,NO_ZERO_IN_DATE,NO_ZERO_DATE,ERROR_FOR_DIVISION_BY_ZERO,TRADITIONAL,NO_ENGINE_SUBSTITUTION {{(pid=44309) _check_effective_sql_mode /opt/stack/data/venv/lib/python3.12/site-packages/oslo_db/sqlalchemy/engines.py:325}}
Jul 22 17:53:33 devstack devstack@keystone.service[44309]: DEBUG dbcounter [-] [44309] Writer thread running {{(pid=44309) stat_writer /opt/stack/data/venv/lib/python3.12/site-packages/dbcounter.py:102}}
Jul 22 17:53:33 devstack devstack@keystone.service[44309]: DEBUG keystone.server.flask.request_processing.middleware.auth_context [None req-df161927-f057-4e04-b237-75377fb362ab None None] Validating token access rules against request {{(pid=44309) validate_allowed_request /opt/stack/data/venv/lib/python3.12/site-packages/keystonemiddleware/auth_token/__init__.py:544}}
Jul 22 17:53:33 devstack devstack@keystone.service[44309]: DEBUG keystone.server.flask.request_processing.middleware.auth_context [None req-3c0c0092-0a7f-4bc5-b171-fb825b8cace4 admin admin] RBAC: auth_context: {'token': , 'domain_id': None, 'trust_id': None, 'trustor_id': None, 'trustee_id': None, 'domain_name': None, 'group_ids': [], 'user_id': '9f8d1be08a8349f8bb3c1a7965f8675c', 'user_domain_id': 'default', 'system_scope': None, 'project_id': '81b25960918b4d849a96de925d373129', 'project_domain_id': 'default', 'roles': ['admin', 'reader', 'manager', 'member'], 'is_admin_project': True, 'service_user_id': None, 'service_user_domain_id': None, 'service_project_id': None, 'service_project_domain_id': None, 'service_roles': []} {{(pid=44309) fill_context /opt/stack/keystone/keystone/server/flask/request_processing/middleware/auth_context.py:516}}
Jul 22 17:53:33 devstack devstack@keystone.service[44309]: DEBUG keystone.server.flask.request_processing.req_logging [None req-3c0c0092-0a7f-4bc5-b171-fb825b8cace4 admin admin] REQUEST_METHOD: `GET` {{(pid=44309) log_request_info /opt/stack/keystone/keystone/server/flask/request_processing/req_logging.py:26}}
Jul 22 17:53:33 devstack devstack@keystone.service[44309]: DEBUG keystone.server.flask.request_processing.req_logging [None req-3c0c0092-0a7f-4bc5-b171-fb825b8cace4 admin admin] SCRIPT_NAME: `/identity` {{(pid=44309) log_request_info /opt/stack/keystone/keystone/server/flask/request_processing/req_logging.py:27}}
Jul 22 17:53:33 devstack devstack@keystone.service[44309]: DEBUG keystone.server.flask.request_processing.req_logging [None req-3c0c0092-0a7f-4bc5-b171-fb825b8cace4 admin admin] PATH_INFO: `/v3/projects/admin` {{(pid=44309) log_request_info /opt/stack/keystone/keystone/server/flask/request_processing/req_logging.py:28}}
Jul 22 17:53:33 devstack devstack@keystone.service[44309]: DEBUG keystone.common.rbac_enforcer.enforcer [None req-3c0c0092-0a7f-4bc5-b171-fb825b8cace4 admin admin] RBAC: Authorizing `identity:get_project(project_id=admin)` {{(pid=44309) enforce_call /opt/stack/keystone/keystone/common/rbac_enforcer/enforcer.py:501}}
Jul 22 17:53:33 devstack devstack@keystone.service[44309]: WARNING keystone.common.rbac_enforcer.enforcer [None req-3c0c0092-0a7f-4bc5-b171-fb825b8cace4 admin admin] Deprecated policy rules found. Use oslopolicy-policy-generator and oslopolicy-policy-upgrade to detect and resolve deprecated policies in your configuration.
Jul 22 17:53:33 devstack devstack@keystone.service[44309]: DEBUG keystone.common.rbac_enforcer.enforcer [None req-3c0c0092-0a7f-4bc5-b171-fb825b8cace4 admin admin] RBAC: Authorization granted {{(pid=44309) enforce_call /opt/stack/keystone/keystone/common/rbac_enforcer/enforcer.py:512}}
Jul 22 17:53:34 devstack devstack@keystone.service[44309]: DEBUG keystone.server.flask.application [None req-3c0c0092-0a7f-4bc5-b171-fb825b8cace4 admin admin] Could not find project: admin. {{(pid=44309) _handle_keystone_exception /opt/stack/keystone/keystone/server/flask/application.py:146}}
Jul 22 17:53:34 devstack devstack@keystone.service[44309]: [pid: 44309|app: 0|req: 2/4] 192.168.122.31 () {56 vars in 1166 bytes} [Wed Jul 22 17:53:33 2026] GET /identity/v3/projects/admin => generated 86 bytes in 541 msecs (HTTP/1.1 404) 5 headers in 183 bytes (1 switches on core 0)
Jul 22 17:53:34 devstack devstack@keystone.service[44310]: DEBUG keystone.server.flask.request_processing.middleware.auth_context [None req-838d36fd-e209-41af-8ac3-f9a2f09d0871 None None] Authenticating user token {{(pid=44310) process_request /opt/stack/data/venv/lib/python3.12/site-packages/keystonemiddleware/auth_token/__init__.py:406}}
Jul 22 17:53:34 devstack devstack@keystone.service[44310]: DEBUG keystone.server.flask.request_processing.middleware.auth_context [None req-838d36fd-e209-41af-8ac3-f9a2f09d0871 None None] Validating token access rules against request {{(pid=44310) validate_allowed_request /opt/stack/data/venv/lib/python3.12/site-packages/keystonemiddleware/auth_token/__init__.py:544}}
Jul 22 17:53:34 devstack devstack@keystone.service[44310]: DEBUG keystone.server.flask.request_processing.middleware.auth_context [None req-a34961f1-f15b-47cc-842f-19f5739bf51b admin admin] RBAC: auth_context: {'token': , 'domain_id': None, 'trust_id': None, 'trustor_id': None, 'trustee_id': None, 'domain_name': None, 'group_ids': [], 'user_id': '9f8d1be08a8349f8bb3c1a7965f8675c', 'user_domain_id': 'default', 'system_scope': None, 'project_id': '81b25960918b4d849a96de925d373129', 'project_domain_id': 'default', 'roles': ['admin', 'reader', 'manager', 'member'], 'is_admin_project': True, 'service_user_id': None, 'service_user_domain_id': None, 'service_project_id': None, 'service_project_domain_id': None, 'service_roles': []} {{(pid=44310) fill_context /opt/stack/keystone/keystone/server/flask/request_processing/middleware/auth_context.py:516}}
Jul 22 17:53:34 devstack devstack@keystone.service[44310]: DEBUG keystone.server.flask.request_processing.req_logging [None req-a34961f1-f15b-47cc-842f-19f5739bf51b admin admin] REQUEST_METHOD: `GET` {{(pid=44310) log_request_info /opt/stack/keystone/keystone/server/flask/request_processing/req_logging.py:26}}
Jul 22 17:53:34 devstack devstack@keystone.service[44310]: DEBUG keystone.server.flask.request_processing.req_logging [None req-a34961f1-f15b-47cc-842f-19f5739bf51b admin admin] SCRIPT_NAME: `/identity` {{(pid=44310) log_request_info /opt/stack/keystone/keystone/server/flask/request_processing/req_logging.py:27}}
Jul 22 17:53:34 devstack devstack@keystone.service[44310]: DEBUG keystone.server.flask.request_processing.req_logging [None req-a34961f1-f15b-47cc-842f-19f5739bf51b admin admin] PATH_INFO: `/v3/projects` {{(pid=44310) log_request_info /opt/stack/keystone/keystone/server/flask/request_processing/req_logging.py:28}}
Jul 22 17:53:34 devstack devstack@keystone.service[44310]: DEBUG keystone.common.rbac_enforcer.enforcer [None req-a34961f1-f15b-47cc-842f-19f5739bf51b admin admin] RBAC: Adding query filter params (name=admin) {{(pid=44310) _extract_filter_values /opt/stack/keystone/keystone/common/rbac_enforcer/enforcer.py:176}}
Jul 22 17:53:34 devstack devstack@keystone.service[44310]: DEBUG keystone.common.rbac_enforcer.enforcer [None req-a34961f1-f15b-47cc-842f-19f5739bf51b admin admin] RBAC: Authorizing `identity:list_projects()` {{(pid=44310) enforce_call /opt/stack/keystone/keystone/common/rbac_enforcer/enforcer.py:501}}
Jul 22 17:53:34 devstack devstack@keystone.service[44310]: WARNING keystone.common.rbac_enforcer.enforcer [None req-a34961f1-f15b-47cc-842f-19f5739bf51b admin admin] Deprecated policy rules found. Use oslopolicy-policy-generator and oslopolicy-policy-upgrade to detect and resolve deprecated policies in your configuration.
Jul 22 17:53:34 devstack devstack@keystone.service[44310]: DEBUG keystone.common.rbac_enforcer.enforcer [None req-a34961f1-f15b-47cc-842f-19f5739bf51b admin admin] RBAC: Authorization granted {{(pid=44310) enforce_call /opt/stack/keystone/keystone/common/rbac_enforcer/enforcer.py:512}}
Jul 22 17:53:34 devstack devstack@keystone.service[44310]: [pid: 44310|app: 0|req: 3/5] 192.168.122.31 () {56 vars in 1182 bytes} [Wed Jul 22 17:53:34 2026] GET /identity/v3/projects?name=admin => generated 458 bytes in 85 msecs (HTTP/1.1 200) 5 headers in 177 bytes (1 switches on core 0)
Jul 22 17:53:34 devstack devstack@keystone.service[44309]: DEBUG keystone.server.flask.request_processing.middleware.auth_context [None req-3c0c0092-0a7f-4bc5-b171-fb825b8cace4 admin admin] Authenticating user token {{(pid=44309) process_request /opt/stack/data/venv/lib/python3.12/site-packages/keystonemiddleware/auth_token/__init__.py:406}}
Jul 22 17:53:34 devstack devstack@keystone.service[44309]: DEBUG keystone.server.flask.request_processing.middleware.auth_context [None req-3c0c0092-0a7f-4bc5-b171-fb825b8cace4 admin admin] Validating token access rules against request {{(pid=44309) validate_allowed_request /opt/stack/data/venv/lib/python3.12/site-packages/keystonemiddleware/auth_token/__init__.py:544}}
Jul 22 17:53:34 devstack devstack@keystone.service[44309]: DEBUG keystone.server.flask.request_processing.middleware.auth_context [None req-95959cf9-57c8-4677-8ae0-03953ed7b755 admin admin] RBAC: auth_context: {'token': , 'domain_id': None, 'trust_id': None, 'trustor_id': None, 'trustee_id': None, 'domain_name': None, 'group_ids': [], 'user_id': '9f8d1be08a8349f8bb3c1a7965f8675c', 'user_domain_id': 'default', 'system_scope': None, 'project_id': '81b25960918b4d849a96de925d373129', 'project_domain_id': 'default', 'roles': ['admin', 'reader', 'manager', 'member'], 'is_admin_project': True, 'service_user_id': None, 'service_user_domain_id': None, 'service_project_id': None, 'service_project_domain_id': None, 'service_roles': []} {{(pid=44309) fill_context /opt/stack/keystone/keystone/server/flask/request_processing/middleware/auth_context.py:516}}
Jul 22 17:53:34 devstack devstack@keystone.service[44309]: DEBUG keystone.server.flask.request_processing.req_logging [None req-95959cf9-57c8-4677-8ae0-03953ed7b755 admin admin] REQUEST_METHOD: `GET` {{(pid=44309) log_request_info /opt/stack/keystone/keystone/server/flask/request_processing/req_logging.py:26}}
Jul 22 17:53:34 devstack devstack@keystone.service[44309]: DEBUG keystone.server.flask.request_processing.req_logging [None req-95959cf9-57c8-4677-8ae0-03953ed7b755 admin admin] SCRIPT_NAME: `/identity` {{(pid=44309) log_request_info /opt/stack/keystone/keystone/server/flask/request_processing/req_logging.py:27}}
Jul 22 17:53:34 devstack devstack@keystone.service[44309]: DEBUG keystone.server.flask.request_processing.req_logging [None req-95959cf9-57c8-4677-8ae0-03953ed7b755 admin admin] PATH_INFO: `/v3/projects/81b25960918b4d849a96de925d373129` {{(pid=44309) log_request_info /opt/stack/keystone/keystone/server/flask/request_processing/req_logging.py:28}}
Jul 22 17:53:34 devstack devstack@keystone.service[44309]: DEBUG keystone.common.rbac_enforcer.enforcer [None req-95959cf9-57c8-4677-8ae0-03953ed7b755 admin admin] RBAC: Authorizing `identity:get_project(project_id=81b25960918b4d849a96de925d373129)` {{(pid=44309) enforce_call /opt/stack/keystone/keystone/common/rbac_enforcer/enforcer.py:501}}
Jul 22 17:53:34 devstack devstack@keystone.service[44309]: DEBUG keystone.common.rbac_enforcer.enforcer [None req-95959cf9-57c8-4677-8ae0-03953ed7b755 admin admin] RBAC: Authorization granted {{(pid=44309) enforce_call /opt/stack/keystone/keystone/common/rbac_enforcer/enforcer.py:512}}
Jul 22 17:53:34 devstack devstack@keystone.service[44309]: [pid: 44309|app: 0|req: 3/6] 192.168.122.31 () {56 vars in 1247 bytes} [Wed Jul 22 17:53:34 2026] GET /identity/v3/projects/81b25960918b4d849a96de925d373129 => generated 347 bytes in 27 msecs (HTTP/1.1 200) 5 headers in 177 bytes (1 switches on core 0)
Jul 22 17:53:36 devstack devstack@keystone.service[44310]: DEBUG keystone.server.flask.request_processing.req_logging [None req-599ed265-af79-4213-8956-1b455decec85 None None] REQUEST_METHOD: `GET` {{(pid=44310) log_request_info /opt/stack/keystone/keystone/server/flask/request_processing/req_logging.py:26}}
Jul 22 17:53:36 devstack devstack@keystone.service[44310]: DEBUG keystone.server.flask.request_processing.req_logging [None req-599ed265-af79-4213-8956-1b455decec85 None None] SCRIPT_NAME: `/identity` {{(pid=44310) log_request_info /opt/stack/keystone/keystone/server/flask/request_processing/req_logging.py:27}}
Jul 22 17:53:36 devstack devstack@keystone.service[44310]: DEBUG keystone.server.flask.request_processing.req_logging [None req-599ed265-af79-4213-8956-1b455decec85 None None] PATH_INFO: `/` {{(pid=44310) log_request_info /opt/stack/keystone/keystone/server/flask/request_processing/req_logging.py:28}}
Jul 22 17:53:36 devstack devstack@keystone.service[44310]: [pid: 44310|app: 0|req: 4/7] 192.168.122.31 () {54 vars in 923 bytes} [Wed Jul 22 17:53:36 2026] GET /identity => generated 273 bytes in 3 msecs (HTTP/1.1 300) 6 headers in 237 bytes (1 switches on core 0)
Jul 22 17:53:36 devstack devstack@keystone.service[44309]: DEBUG keystone.server.flask.request_processing.req_logging [None req-ea053e05-8fdb-4be0-b811-a3cbcede8fed None None] REQUEST_METHOD: `POST` {{(pid=44309) log_request_info /opt/stack/keystone/keystone/server/flask/request_processing/req_logging.py:26}}
Jul 22 17:53:36 devstack devstack@keystone.service[44309]: DEBUG keystone.server.flask.request_processing.req_logging [None req-ea053e05-8fdb-4be0-b811-a3cbcede8fed None None] SCRIPT_NAME: `/identity` {{(pid=44309) log_request_info /opt/stack/keystone/keystone/server/flask/request_processing/req_logging.py:27}}
Jul 22 17:53:36 devstack devstack@keystone.service[44309]: DEBUG keystone.server.flask.request_processing.req_logging [None req-ea053e05-8fdb-4be0-b811-a3cbcede8fed None None] PATH_INFO: `/v3/auth/tokens` {{(pid=44309) log_request_info /opt/stack/keystone/keystone/server/flask/request_processing/req_logging.py:28}}
Jul 22 17:53:36 devstack devstack@keystone.service[44309]: WARNING keystone.common.password_hashing [None req-ea053e05-8fdb-4be0-b811-a3cbcede8fed None None] Truncating password to algorithm specific maximum length 72 characters.
Jul 22 17:53:36 devstack devstack@keystone.service[44309]: DEBUG keystone.auth.core [None req-ea053e05-8fdb-4be0-b811-a3cbcede8fed None None] MFA Rules not processed for user `9f8d1be08a8349f8bb3c1a7965f8675c`. Rule list: `[]` (Enabled: `True`). {{(pid=44309) check_auth_methods_against_rules /opt/stack/keystone/keystone/auth/core.py:476}}
Jul 22 17:53:36 devstack devstack@keystone.service[44309]: DEBUG keystone.common.fernet_utils [None req-ea053e05-8fdb-4be0-b811-a3cbcede8fed None None] Loaded 2 Fernet keys from /etc/keystone/fernet-keys/, but `[fernet_tokens] max_active_keys = 3`; perhaps there have not been enough key rotations to reach `max_active_keys` yet? {{(pid=44309) load_keys /opt/stack/keystone/keystone/common/fernet_utils.py:297}}
Jul 22 17:53:36 devstack devstack@keystone.service[44309]: [pid: 44309|app: 0|req: 4/8] 192.168.122.31 () {58 vars in 1020 bytes} [Wed Jul 22 17:53:36 2026] POST /identity/v3/auth/tokens => generated 980 bytes in 80 msecs (HTTP/1.1 201) 6 headers in 384 bytes (1 switches on core 0)
Jul 22 17:53:37 devstack devstack@keystone.service[44310]: DEBUG keystone.server.flask.request_processing.middleware.auth_context [None req-599ed265-af79-4213-8956-1b455decec85 None None] Authenticating user token {{(pid=44310) process_request /opt/stack/data/venv/lib/python3.12/site-packages/keystonemiddleware/auth_token/__init__.py:406}}
Jul 22 17:53:37 devstack devstack@keystone.service[44310]: DEBUG keystone.server.flask.request_processing.middleware.auth_context [None req-599ed265-af79-4213-8956-1b455decec85 None None] Validating token access rules against request {{(pid=44310) validate_allowed_request /opt/stack/data/venv/lib/python3.12/site-packages/keystonemiddleware/auth_token/__init__.py:544}}
Jul 22 17:53:37 devstack devstack@keystone.service[44310]: DEBUG keystone.server.flask.request_processing.middleware.auth_context [None req-950807ac-817c-4232-ab6e-9fc7fd5c930f admin admin] RBAC: auth_context: {'token': , 'domain_id': None, 'trust_id': None, 'trustor_id': None, 'trustee_id': None, 'domain_name': None, 'group_ids': [], 'user_id': '9f8d1be08a8349f8bb3c1a7965f8675c', 'user_domain_id': 'default', 'system_scope': None, 'project_id': '81b25960918b4d849a96de925d373129', 'project_domain_id': 'default', 'roles': ['admin', 'reader', 'manager', 'member'], 'is_admin_project': True, 'service_user_id': None, 'service_user_domain_id': None, 'service_project_id': None, 'service_project_domain_id': None, 'service_roles': []} {{(pid=44310) fill_context /opt/stack/keystone/keystone/server/flask/request_processing/middleware/auth_context.py:516}}
Jul 22 17:53:37 devstack devstack@keystone.service[44310]: DEBUG keystone.server.flask.request_processing.req_logging [None req-950807ac-817c-4232-ab6e-9fc7fd5c930f admin admin] REQUEST_METHOD: `GET` {{(pid=44310) log_request_info /opt/stack/keystone/keystone/server/flask/request_processing/req_logging.py:26}}
Jul 22 17:53:37 devstack devstack@keystone.service[44310]: DEBUG keystone.server.flask.request_processing.req_logging [None req-950807ac-817c-4232-ab6e-9fc7fd5c930f admin admin] SCRIPT_NAME: `/identity` {{(pid=44310) log_request_info /opt/stack/keystone/keystone/server/flask/request_processing/req_logging.py:27}}
Jul 22 17:53:37 devstack devstack@keystone.service[44310]: DEBUG keystone.server.flask.request_processing.req_logging [None req-950807ac-817c-4232-ab6e-9fc7fd5c930f admin admin] PATH_INFO: `/v3/users/admin` {{(pid=44310) log_request_info /opt/stack/keystone/keystone/server/flask/request_processing/req_logging.py:28}}
Jul 22 17:53:37 devstack devstack@keystone.service[44310]: DEBUG keystone.common.rbac_enforcer.enforcer [None req-950807ac-817c-4232-ab6e-9fc7fd5c930f admin admin] RBAC: Authorizing `identity:get_user(user_id=admin)` {{(pid=44310) enforce_call /opt/stack/keystone/keystone/common/rbac_enforcer/enforcer.py:501}}
Jul 22 17:53:37 devstack devstack@keystone.service[44310]: DEBUG keystone.common.rbac_enforcer.enforcer [None req-950807ac-817c-4232-ab6e-9fc7fd5c930f admin admin] RBAC: Authorization granted {{(pid=44310) enforce_call /opt/stack/keystone/keystone/common/rbac_enforcer/enforcer.py:512}}
Jul 22 17:53:37 devstack devstack@keystone.service[44310]: DEBUG keystone.server.flask.application [None req-950807ac-817c-4232-ab6e-9fc7fd5c930f admin admin] Could not find user: admin. {{(pid=44310) _handle_keystone_exception /opt/stack/keystone/keystone/server/flask/application.py:146}}
Jul 22 17:53:37 devstack devstack@keystone.service[44310]: [pid: 44310|app: 0|req: 5/9] 192.168.122.31 () {56 vars in 1157 bytes} [Wed Jul 22 17:53:37 2026] GET /identity/v3/users/admin => generated 83 bytes in 66 msecs (HTTP/1.1 404) 5 headers in 183 bytes (1 switches on core 0)
Jul 22 17:53:37 devstack devstack@keystone.service[44309]: DEBUG keystone.server.flask.request_processing.middleware.auth_context [None req-ea053e05-8fdb-4be0-b811-a3cbcede8fed None None] Authenticating user token {{(pid=44309) process_request /opt/stack/data/venv/lib/python3.12/site-packages/keystonemiddleware/auth_token/__init__.py:406}}
Jul 22 17:53:37 devstack devstack@keystone.service[44309]: DEBUG keystone.server.flask.request_processing.middleware.auth_context [None req-ea053e05-8fdb-4be0-b811-a3cbcede8fed None None] Validating token access rules against request {{(pid=44309) validate_allowed_request /opt/stack/data/venv/lib/python3.12/site-packages/keystonemiddleware/auth_token/__init__.py:544}}
Jul 22 17:53:37 devstack devstack@keystone.service[44309]: DEBUG keystone.server.flask.request_processing.middleware.auth_context [None req-97387b5a-28ca-467f-a8b8-6c7ebeb3f268 admin admin] RBAC: auth_context: {'token': , 'domain_id': None, 'trust_id': None, 'trustor_id': None, 'trustee_id': None, 'domain_name': None, 'group_ids': [], 'user_id': '9f8d1be08a8349f8bb3c1a7965f8675c', 'user_domain_id': 'default', 'system_scope': None, 'project_id': '81b25960918b4d849a96de925d373129', 'project_domain_id': 'default', 'roles': ['admin', 'reader', 'manager', 'member'], 'is_admin_project': True, 'service_user_id': None, 'service_user_domain_id': None, 'service_project_id': None, 'service_project_domain_id': None, 'service_roles': []} {{(pid=44309) fill_context /opt/stack/keystone/keystone/server/flask/request_processing/middleware/auth_context.py:516}}
Jul 22 17:53:37 devstack devstack@keystone.service[44309]: DEBUG keystone.server.flask.request_processing.req_logging [None req-97387b5a-28ca-467f-a8b8-6c7ebeb3f268 admin admin] REQUEST_METHOD: `GET` {{(pid=44309) log_request_info /opt/stack/keystone/keystone/server/flask/request_processing/req_logging.py:26}}
Jul 22 17:53:37 devstack devstack@keystone.service[44309]: DEBUG keystone.server.flask.request_processing.req_logging [None req-97387b5a-28ca-467f-a8b8-6c7ebeb3f268 admin admin] SCRIPT_NAME: `/identity` {{(pid=44309) log_request_info /opt/stack/keystone/keystone/server/flask/request_processing/req_logging.py:27}}
Jul 22 17:53:37 devstack devstack@keystone.service[44309]: DEBUG keystone.server.flask.request_processing.req_logging [None req-97387b5a-28ca-467f-a8b8-6c7ebeb3f268 admin admin] PATH_INFO: `/v3/users` {{(pid=44309) log_request_info /opt/stack/keystone/keystone/server/flask/request_processing/req_logging.py:28}}
Jul 22 17:53:37 devstack devstack@keystone.service[44309]: DEBUG keystone.common.rbac_enforcer.enforcer [None req-97387b5a-28ca-467f-a8b8-6c7ebeb3f268 admin admin] RBAC: Adding query filter params (name=admin) {{(pid=44309) _extract_filter_values /opt/stack/keystone/keystone/common/rbac_enforcer/enforcer.py:176}}
Jul 22 17:53:37 devstack devstack@keystone.service[44309]: DEBUG keystone.common.rbac_enforcer.enforcer [None req-97387b5a-28ca-467f-a8b8-6c7ebeb3f268 admin admin] RBAC: Authorizing `identity:list_users()` {{(pid=44309) enforce_call /opt/stack/keystone/keystone/common/rbac_enforcer/enforcer.py:501}}
Jul 22 17:53:37 devstack devstack@keystone.service[44309]: DEBUG keystone.common.rbac_enforcer.enforcer [None req-97387b5a-28ca-467f-a8b8-6c7ebeb3f268 admin admin] RBAC: Authorization granted {{(pid=44309) enforce_call /opt/stack/keystone/keystone/common/rbac_enforcer/enforcer.py:512}}
Jul 22 17:53:37 devstack devstack@keystone.service[44309]: [pid: 44309|app: 0|req: 5/10] 192.168.122.31 () {56 vars in 1173 bytes} [Wed Jul 22 17:53:37 2026] GET /identity/v3/users?name=admin => generated 358 bytes in 89 msecs (HTTP/1.1 200) 5 headers in 177 bytes (1 switches on core 0)
Jul 22 17:53:40 devstack devstack@keystone.service[44310]: DEBUG keystone.server.flask.request_processing.req_logging [None req-e7ae081f-212e-4262-9e32-f69591e07c0d None None] REQUEST_METHOD: `GET` {{(pid=44310) log_request_info /opt/stack/keystone/keystone/server/flask/request_processing/req_logging.py:26}}
Jul 22 17:53:40 devstack devstack@keystone.service[44310]: DEBUG keystone.server.flask.request_processing.req_logging [None req-e7ae081f-212e-4262-9e32-f69591e07c0d None None] SCRIPT_NAME: `/identity` {{(pid=44310) log_request_info /opt/stack/keystone/keystone/server/flask/request_processing/req_logging.py:27}}
Jul 22 17:53:40 devstack devstack@keystone.service[44310]: DEBUG keystone.server.flask.request_processing.req_logging [None req-e7ae081f-212e-4262-9e32-f69591e07c0d None None] PATH_INFO: `/` {{(pid=44310) log_request_info /opt/stack/keystone/keystone/server/flask/request_processing/req_logging.py:28}}
Jul 22 17:53:40 devstack devstack@keystone.service[44310]: [pid: 44310|app: 0|req: 6/11] 192.168.122.31 () {54 vars in 923 bytes} [Wed Jul 22 17:53:40 2026] GET /identity => generated 273 bytes in 4 msecs (HTTP/1.1 300) 6 headers in 237 bytes (1 switches on core 0)
Jul 22 17:53:40 devstack devstack@keystone.service[44309]: DEBUG keystone.server.flask.request_processing.req_logging [None req-bb5bf40c-4754-4330-b63d-e8a7b6b79e52 None None] REQUEST_METHOD: `POST` {{(pid=44309) log_request_info /opt/stack/keystone/keystone/server/flask/request_processing/req_logging.py:26}}
Jul 22 17:53:40 devstack devstack@keystone.service[44309]: DEBUG keystone.server.flask.request_processing.req_logging [None req-bb5bf40c-4754-4330-b63d-e8a7b6b79e52 None None] SCRIPT_NAME: `/identity` {{(pid=44309) log_request_info /opt/stack/keystone/keystone/server/flask/request_processing/req_logging.py:27}}
Jul 22 17:53:40 devstack devstack@keystone.service[44309]: DEBUG keystone.server.flask.request_processing.req_logging [None req-bb5bf40c-4754-4330-b63d-e8a7b6b79e52 None None] PATH_INFO: `/v3/auth/tokens` {{(pid=44309) log_request_info /opt/stack/keystone/keystone/server/flask/request_processing/req_logging.py:28}}
Jul 22 17:53:40 devstack devstack@keystone.service[44309]: WARNING keystone.common.password_hashing [None req-bb5bf40c-4754-4330-b63d-e8a7b6b79e52 None None] Truncating password to algorithm specific maximum length 72 characters.
Jul 22 17:53:40 devstack devstack@keystone.service[44309]: DEBUG keystone.auth.core [None req-bb5bf40c-4754-4330-b63d-e8a7b6b79e52 None None] MFA Rules not processed for user `9f8d1be08a8349f8bb3c1a7965f8675c`. Rule list: `[]` (Enabled: `True`). {{(pid=44309) check_auth_methods_against_rules /opt/stack/keystone/keystone/auth/core.py:476}}
Jul 22 17:53:40 devstack devstack@keystone.service[44309]: DEBUG keystone.common.fernet_utils [None req-bb5bf40c-4754-4330-b63d-e8a7b6b79e52 None None] Loaded 2 Fernet keys from /etc/keystone/fernet-keys/, but `[fernet_tokens] max_active_keys = 3`; perhaps there have not been enough key rotations to reach `max_active_keys` yet? {{(pid=44309) load_keys /opt/stack/keystone/keystone/common/fernet_utils.py:297}}
Jul 22 17:53:40 devstack devstack@keystone.service[44310]: DEBUG keystone.server.flask.request_processing.req_logging [None req-ac793e03-0c9e-477b-8c47-b93a7bb2605e None None] REQUEST_METHOD: `GET` {{(pid=44310) log_request_info /opt/stack/keystone/keystone/server/flask/request_processing/req_logging.py:26}}
Jul 22 17:53:40 devstack devstack@keystone.service[44310]: DEBUG keystone.server.flask.request_processing.req_logging [None req-ac793e03-0c9e-477b-8c47-b93a7bb2605e None None] SCRIPT_NAME: `/identity` {{(pid=44310) log_request_info /opt/stack/keystone/keystone/server/flask/request_processing/req_logging.py:27}}
Jul 22 17:53:40 devstack devstack@keystone.service[44310]: DEBUG keystone.server.flask.request_processing.req_logging [None req-ac793e03-0c9e-477b-8c47-b93a7bb2605e None None] PATH_INFO: `/` {{(pid=44310) log_request_info /opt/stack/keystone/keystone/server/flask/request_processing/req_logging.py:28}}
Jul 22 17:53:40 devstack devstack@keystone.service[44310]: [pid: 44310|app: 0|req: 7/12] 192.168.122.31 () {54 vars in 923 bytes} [Wed Jul 22 17:53:40 2026] GET /identity => generated 273 bytes in 4 msecs (HTTP/1.1 300) 6 headers in 237 bytes (1 switches on core 0)
Jul 22 17:53:40 devstack devstack@keystone.service[44310]: DEBUG keystone.server.flask.request_processing.req_logging [None req-b5dc3b7f-d9a8-48af-9ad5-496d74249e27 None None] REQUEST_METHOD: `POST` {{(pid=44310) log_request_info /opt/stack/keystone/keystone/server/flask/request_processing/req_logging.py:26}}
Jul 22 17:53:40 devstack devstack@keystone.service[44310]: DEBUG keystone.server.flask.request_processing.req_logging [None req-b5dc3b7f-d9a8-48af-9ad5-496d74249e27 None None] SCRIPT_NAME: `/identity` {{(pid=44310) log_request_info /opt/stack/keystone/keystone/server/flask/request_processing/req_logging.py:27}}
Jul 22 17:53:40 devstack devstack@keystone.service[44310]: DEBUG keystone.server.flask.request_processing.req_logging [None req-b5dc3b7f-d9a8-48af-9ad5-496d74249e27 None None] PATH_INFO: `/v3/auth/tokens` {{(pid=44310) log_request_info /opt/stack/keystone/keystone/server/flask/request_processing/req_logging.py:28}}
Jul 22 17:53:40 devstack devstack@keystone.service[44310]: WARNING keystone.common.password_hashing [None req-b5dc3b7f-d9a8-48af-9ad5-496d74249e27 None None] Truncating password to algorithm specific maximum length 72 characters.
Jul 22 17:53:40 devstack devstack@keystone.service[44310]: DEBUG keystone.auth.core [None req-b5dc3b7f-d9a8-48af-9ad5-496d74249e27 None None] MFA Rules not processed for user `9f8d1be08a8349f8bb3c1a7965f8675c`. Rule list: `[]` (Enabled: `True`). {{(pid=44310) check_auth_methods_against_rules /opt/stack/keystone/keystone/auth/core.py:476}}
Jul 22 17:53:40 devstack devstack@keystone.service[44310]: DEBUG keystone.common.fernet_utils [None req-b5dc3b7f-d9a8-48af-9ad5-496d74249e27 None None] Loaded 2 Fernet keys from /etc/keystone/fernet-keys/, but `[fernet_tokens] max_active_keys = 3`; perhaps there have not been enough key rotations to reach `max_active_keys` yet? {{(pid=44310) load_keys /opt/stack/keystone/keystone/common/fernet_utils.py:297}}
Jul 22 17:53:40 devstack devstack@keystone.service[44309]: [pid: 44309|app: 0|req: 6/13] 192.168.122.31 () {58 vars in 1020 bytes} [Wed Jul 22 17:53:40 2026] POST /identity/v3/auth/tokens => generated 865 bytes in 172 msecs (HTTP/1.1 201) 6 headers in 363 bytes (1 switches on core 0)
Jul 22 17:53:40 devstack devstack@keystone.service[44310]: [pid: 44310|app: 0|req: 8/14] 192.168.122.31 () {58 vars in 1020 bytes} [Wed Jul 22 17:53:40 2026] POST /identity/v3/auth/tokens => generated 865 bytes in 141 msecs (HTTP/1.1 201) 6 headers in 363 bytes (1 switches on core 0)
Jul 22 17:53:40 devstack devstack@keystone.service[44309]: DEBUG keystone.server.flask.request_processing.middleware.auth_context [None req-bb5bf40c-4754-4330-b63d-e8a7b6b79e52 None None] Authenticating user token {{(pid=44309) process_request /opt/stack/data/venv/lib/python3.12/site-packages/keystonemiddleware/auth_token/__init__.py:406}}
Jul 22 17:53:40 devstack devstack@keystone.service[44310]: DEBUG keystone.server.flask.request_processing.middleware.auth_context [None req-b5dc3b7f-d9a8-48af-9ad5-496d74249e27 None None] Authenticating user token {{(pid=44310) process_request /opt/stack/data/venv/lib/python3.12/site-packages/keystonemiddleware/auth_token/__init__.py:406}}
Jul 22 17:53:40 devstack devstack@keystone.service[44309]: DEBUG keystone.server.flask.request_processing.middleware.auth_context [None req-bb5bf40c-4754-4330-b63d-e8a7b6b79e52 None None] Validating token access rules against request {{(pid=44309) validate_allowed_request /opt/stack/data/venv/lib/python3.12/site-packages/keystonemiddleware/auth_token/__init__.py:544}}
Jul 22 17:53:40 devstack devstack@keystone.service[44310]: DEBUG keystone.server.flask.request_processing.middleware.auth_context [None req-b5dc3b7f-d9a8-48af-9ad5-496d74249e27 None None] Validating token access rules against request {{(pid=44310) validate_allowed_request /opt/stack/data/venv/lib/python3.12/site-packages/keystonemiddleware/auth_token/__init__.py:544}}
Jul 22 17:53:40 devstack devstack@keystone.service[44309]: DEBUG keystone.server.flask.request_processing.middleware.auth_context [None req-52eb6d19-4312-45a9-a15f-1344bd0af4f0 None admin] RBAC: auth_context: {'token': , 'domain_id': None, 'trust_id': None, 'trustor_id': None, 'trustee_id': None, 'domain_name': None, 'group_ids': [], 'user_id': '9f8d1be08a8349f8bb3c1a7965f8675c', 'user_domain_id': 'default', 'system_scope': 'all', 'project_id': None, 'project_domain_id': None, 'roles': ['admin', 'manager', 'member', 'reader'], 'is_admin_project': True, 'service_user_id': None, 'service_user_domain_id': None, 'service_project_id': None, 'service_project_domain_id': None, 'service_roles': []} {{(pid=44309) fill_context /opt/stack/keystone/keystone/server/flask/request_processing/middleware/auth_context.py:516}}
Jul 22 17:53:40 devstack devstack@keystone.service[44309]: DEBUG keystone.server.flask.request_processing.req_logging [None req-52eb6d19-4312-45a9-a15f-1344bd0af4f0 None admin] REQUEST_METHOD: `GET` {{(pid=44309) log_request_info /opt/stack/keystone/keystone/server/flask/request_processing/req_logging.py:26}}
Jul 22 17:53:40 devstack devstack@keystone.service[44309]: DEBUG keystone.server.flask.request_processing.req_logging [None req-52eb6d19-4312-45a9-a15f-1344bd0af4f0 None admin] SCRIPT_NAME: `/identity` {{(pid=44309) log_request_info /opt/stack/keystone/keystone/server/flask/request_processing/req_logging.py:27}}
Jul 22 17:53:40 devstack devstack@keystone.service[44309]: DEBUG keystone.server.flask.request_processing.req_logging [None req-52eb6d19-4312-45a9-a15f-1344bd0af4f0 None admin] PATH_INFO: `/v3/roles/admin` {{(pid=44309) log_request_info /opt/stack/keystone/keystone/server/flask/request_processing/req_logging.py:28}}
Jul 22 17:53:40 devstack devstack@keystone.service[44310]: DEBUG keystone.server.flask.request_processing.middleware.auth_context [None req-82c12a4b-9eab-456e-8bad-e004df011887 None admin] RBAC: auth_context: {'token': , 'domain_id': None, 'trust_id': None, 'trustor_id': None, 'trustee_id': None, 'domain_name': None, 'group_ids': [], 'user_id': '9f8d1be08a8349f8bb3c1a7965f8675c', 'user_domain_id': 'default', 'system_scope': 'all', 'project_id': None, 'project_domain_id': None, 'roles': ['admin', 'manager', 'member', 'reader'], 'is_admin_project': True, 'service_user_id': None, 'service_user_domain_id': None, 'service_project_id': None, 'service_project_domain_id': None, 'service_roles': []} {{(pid=44310) fill_context /opt/stack/keystone/keystone/server/flask/request_processing/middleware/auth_context.py:516}}
Jul 22 17:53:40 devstack devstack@keystone.service[44309]: DEBUG keystone.common.rbac_enforcer.enforcer [None req-52eb6d19-4312-45a9-a15f-1344bd0af4f0 None admin] Extracting inferred target data resulted in "NOT FOUND (404)". {{(pid=44309) enforce_call /opt/stack/keystone/keystone/common/rbac_enforcer/enforcer.py:445}}
Jul 22 17:53:40 devstack devstack@keystone.service[44310]: DEBUG keystone.server.flask.request_processing.req_logging [None req-82c12a4b-9eab-456e-8bad-e004df011887 None admin] REQUEST_METHOD: `POST` {{(pid=44310) log_request_info /opt/stack/keystone/keystone/server/flask/request_processing/req_logging.py:26}}
Jul 22 17:53:40 devstack devstack@keystone.service[44310]: DEBUG keystone.server.flask.request_processing.req_logging [None req-82c12a4b-9eab-456e-8bad-e004df011887 None admin] SCRIPT_NAME: `/identity` {{(pid=44310) log_request_info /opt/stack/keystone/keystone/server/flask/request_processing/req_logging.py:27}}
Jul 22 17:53:40 devstack devstack@keystone.service[44310]: DEBUG keystone.server.flask.request_processing.req_logging [None req-82c12a4b-9eab-456e-8bad-e004df011887 None admin] PATH_INFO: `/v3/domains` {{(pid=44310) log_request_info /opt/stack/keystone/keystone/server/flask/request_processing/req_logging.py:28}}
Jul 22 17:53:40 devstack devstack@keystone.service[44309]: DEBUG keystone.server.flask.application [None req-52eb6d19-4312-45a9-a15f-1344bd0af4f0 None admin] Could not find role: admin. {{(pid=44309) _handle_keystone_exception /opt/stack/keystone/keystone/server/flask/application.py:146}}
Jul 22 17:53:40 devstack devstack@keystone.service[44310]: DEBUG keystone.common.rbac_enforcer.enforcer [None req-82c12a4b-9eab-456e-8bad-e004df011887 None admin] RBAC: Authorizing `identity:create_domain()` {{(pid=44310) enforce_call /opt/stack/keystone/keystone/common/rbac_enforcer/enforcer.py:501}}
Jul 22 17:53:40 devstack devstack@keystone.service[44309]: [pid: 44309|app: 0|req: 7/15] 192.168.122.31 () {56 vars in 1136 bytes} [Wed Jul 22 17:53:40 2026] GET /identity/v3/roles/admin => generated 83 bytes in 184 msecs (HTTP/1.1 404) 5 headers in 183 bytes (2 switches on core 0)
Jul 22 17:53:40 devstack devstack@keystone.service[44310]: DEBUG keystone.common.rbac_enforcer.enforcer [None req-82c12a4b-9eab-456e-8bad-e004df011887 None admin] RBAC: Authorization granted {{(pid=44310) enforce_call /opt/stack/keystone/keystone/common/rbac_enforcer/enforcer.py:512}}
Jul 22 17:53:40 devstack devstack@keystone.service[44309]: DEBUG keystone.server.flask.request_processing.middleware.auth_context [None req-52eb6d19-4312-45a9-a15f-1344bd0af4f0 None admin] Authenticating user token {{(pid=44309) process_request /opt/stack/data/venv/lib/python3.12/site-packages/keystonemiddleware/auth_token/__init__.py:406}}
Jul 22 17:53:41 devstack devstack@keystone.service[44310]: DEBUG keystone.common.sql.core [None req-82c12a4b-9eab-456e-8bad-e004df011887 None admin] Conflict project: (pymysql.err.IntegrityError) (1062, "Duplicate entry '<>-Default' for key 'project.ixu_project_name_domain_id'")
Jul 22 17:53:41 devstack devstack@keystone.service[44310]: [SQL: INSERT INTO project (id, name, domain_id, description, enabled, extra, parent_id, is_domain) VALUES (%(id)s, %(name)s, %(domain_id)s, %(description)s, %(enabled)s, %(extra)s, %(parent_id)s, %(is_domain)s)]
Jul 22 17:53:41 devstack devstack@keystone.service[44310]: [parameters: {'id': '3f60128dc6cc4ed99018982f56d85ab9', 'name': 'Default', 'domain_id': '<>', 'description': '', 'enabled': 1, 'extra': '{}', 'parent_id': None, 'is_domain': 1}]
Jul 22 17:53:41 devstack devstack@keystone.service[44310]: (Background on this error at: https://sqlalche.me/e/20/gkpj) {{(pid=44310) wrapper /opt/stack/keystone/keystone/common/sql/core.py:580}}
Jul 22 17:53:41 devstack devstack@keystone.service[44310]: ERROR keystone.server.flask.application [None req-82c12a4b-9eab-456e-8bad-e004df011887 None admin] Conflict occurred attempting to store project - it is not permitted to have two projects acting as domains with the same name: Default.: keystone.exception.Conflict: Conflict occurred attempting to store project - it is not permitted to have two projects acting as domains with the same name: Default.
Jul 22 17:53:41 devstack devstack@keystone.service[44310]: ERROR keystone.server.flask.application
Traceback (most recent call last):
Jul 22 17:53:41 devstack devstack@keystone.service[44310]: ERROR keystone.server.flask.application
File "/opt/stack/data/venv/lib/python3.12/site-packages/sqlalchemy/engine/base.py", line 1969, in _exec_single_context
Jul 22 17:53:41 devstack devstack@keystone.service[44310]: ERROR keystone.server.flask.application self.dialect.do_execute(
Jul 22 17:53:41 devstack devstack@keystone.service[44310]: ERROR keystone.server.flask.application
File "/opt/stack/data/venv/lib/python3.12/site-packages/sqlalchemy/engine/default.py", line 952, in do_execute
Jul 22 17:53:41 devstack devstack@keystone.service[44310]: ERROR keystone.server.flask.application cursor.execute(statement, parameters)
Jul 22 17:53:41 devstack devstack@keystone.service[44310]: ERROR keystone.server.flask.application
File "/opt/stack/data/venv/lib/python3.12/site-packages/pymysql/cursors.py", line 159, in execute
Jul 22 17:53:41 devstack devstack@keystone.service[44310]: ERROR keystone.server.flask.application result = self._query(query)
Jul 22 17:53:41 devstack devstack@keystone.service[44310]: ERROR keystone.server.flask.application ^^^^^^^^^^^^^^^^^^
Jul 22 17:53:41 devstack devstack@keystone.service[44310]: ERROR keystone.server.flask.application
File "/opt/stack/data/venv/lib/python3.12/site-packages/pymysql/cursors.py", line 330, in _query
Jul 22 17:53:41 devstack devstack@keystone.service[44310]: ERROR keystone.server.flask.application conn.query(q)
Jul 22 17:53:41 devstack devstack@keystone.service[44310]: ERROR keystone.server.flask.application
File "/opt/stack/data/venv/lib/python3.12/site-packages/pymysql/connections.py", line 582, in query
Jul 22 17:53:41 devstack devstack@keystone.service[44310]: ERROR keystone.server.flask.application self._affected_rows = self._read_query_result(unbuffered=unbuffered)
Jul 22 17:53:41 devstack devstack@keystone.service[44310]: ERROR keystone.server.flask.application ^^^^^^^^^^^^^^^^^^^^^^^^^^^^^^^^^^^^^^^^^^^^^^
Jul 22 17:53:41 devstack devstack@keystone.service[44310]: ERROR keystone.server.flask.application
File "/opt/stack/data/venv/lib/python3.12/site-packages/pymysql/connections.py", line 847, in _read_query_result
Jul 22 17:53:41 devstack devstack@keystone.service[44310]: ERROR keystone.server.flask.application result.read()
Jul 22 17:53:41 devstack devstack@keystone.service[44310]: ERROR keystone.server.flask.application
File "/opt/stack/data/venv/lib/python3.12/site-packages/pymysql/connections.py", line 1245, in read
Jul 22 17:53:41 devstack devstack@keystone.service[44310]: ERROR keystone.server.flask.application first_packet = self.connection._read_packet()
Jul 22 17:53:41 devstack devstack@keystone.service[44310]: ERROR keystone.server.flask.application ^^^^^^^^^^^^^^^^^^^^^^^^^^^^^^
Jul 22 17:53:41 devstack devstack@keystone.service[44310]: ERROR keystone.server.flask.application
File "/opt/stack/data/venv/lib/python3.12/site-packages/pymysql/connections.py", line 803, in _read_packet
Jul 22 17:53:41 devstack devstack@keystone.service[44310]: ERROR keystone.server.flask.application packet.raise_for_error()
Jul 22 17:53:41 devstack devstack@keystone.service[44310]: ERROR keystone.server.flask.application
File "/opt/stack/data/venv/lib/python3.12/site-packages/pymysql/protocol.py", line 219, in raise_for_error
Jul 22 17:53:41 devstack devstack@keystone.service[44310]: ERROR keystone.server.flask.application err.raise_mysql_exception(self._data)
Jul 22 17:53:41 devstack devstack@keystone.service[44310]: ERROR keystone.server.flask.application
File "/opt/stack/data/venv/lib/python3.12/site-packages/pymysql/err.py", line 154, in raise_mysql_exception
Jul 22 17:53:41 devstack devstack@keystone.service[44310]: ERROR keystone.server.flask.application raise errorclass(errno, errval, sqlstate=sqlstate)
Jul 22 17:53:41 devstack devstack@keystone.service[44310]: ERROR keystone.server.flask.application pymysql.err.IntegrityError: (1062, "Duplicate entry '<>-Default' for key 'project.ixu_project_name_domain_id'")
Jul 22 17:53:41 devstack devstack@keystone.service[44310]: ERROR keystone.server.flask.application
Jul 22 17:53:41 devstack devstack@keystone.service[44310]: ERROR keystone.server.flask.application The above exception was the direct cause of the following exception:
Jul 22 17:53:41 devstack devstack@keystone.service[44310]: ERROR keystone.server.flask.application
Jul 22 17:53:41 devstack devstack@keystone.service[44310]: ERROR keystone.server.flask.application
Traceback (most recent call last):
Jul 22 17:53:41 devstack devstack@keystone.service[44310]: ERROR keystone.server.flask.application
File "/opt/stack/keystone/keystone/common/sql/core.py", line 575, in wrapper
Jul 22 17:53:41 devstack devstack@keystone.service[44310]: ERROR keystone.server.flask.application return method(*args, **kwargs)
Jul 22 17:53:41 devstack devstack@keystone.service[44310]: ERROR keystone.server.flask.application ^^^^^^^^^^^^^^^^^^^^^^^
Jul 22 17:53:41 devstack devstack@keystone.service[44310]: ERROR keystone.server.flask.application
File "/opt/stack/keystone/keystone/resource/backends/sql.py", line 278, in create_project
Jul 22 17:53:41 devstack devstack@keystone.service[44310]: ERROR keystone.server.flask.application with sql.session_for_write() as session:
Jul 22 17:53:41 devstack devstack@keystone.service[44310]: ERROR keystone.server.flask.application
File "/usr/lib/python3.12/contextlib.py", line 144, in __exit__
Jul 22 17:53:41 devstack devstack@keystone.service[44310]: ERROR keystone.server.flask.application next(self.gen)
Jul 22 17:53:41 devstack devstack@keystone.service[44310]: ERROR keystone.server.flask.application
File "/opt/stack/data/venv/lib/python3.12/site-packages/oslo_db/sqlalchemy/enginefacade.py", line 1175, in _transaction_scope
Jul 22 17:53:41 devstack devstack@keystone.service[44310]: ERROR keystone.server.flask.application with current._produce_block(
Jul 22 17:53:41 devstack devstack@keystone.service[44310]: ERROR keystone.server.flask.application
File "/usr/lib/python3.12/contextlib.py", line 144, in __exit__
Jul 22 17:53:41 devstack devstack@keystone.service[44310]: ERROR keystone.server.flask.application next(self.gen)
Jul 22 17:53:41 devstack devstack@keystone.service[44310]: ERROR keystone.server.flask.application
File "/opt/stack/data/venv/lib/python3.12/site-packages/oslo_db/sqlalchemy/enginefacade.py", line 837, in _session
Jul 22 17:53:41 devstack devstack@keystone.service[44310]: ERROR keystone.server.flask.application with excutils.save_and_reraise_exception():
Jul 22 17:53:41 devstack devstack@keystone.service[44310]: ERROR keystone.server.flask.application
File "/opt/stack/data/venv/lib/python3.12/site-packages/oslo_utils/excutils.py", line 266, in __exit__
Jul 22 17:53:41 devstack devstack@keystone.service[44310]: ERROR keystone.server.flask.application self.force_reraise()
Jul 22 17:53:41 devstack devstack@keystone.service[44310]: ERROR keystone.server.flask.application
File "/opt/stack/data/venv/lib/python3.12/site-packages/oslo_utils/excutils.py", line 232, in force_reraise
Jul 22 17:53:41 devstack devstack@keystone.service[44310]: ERROR keystone.server.flask.application raise self.value
Jul 22 17:53:41 devstack devstack@keystone.service[44310]: ERROR keystone.server.flask.application
File "/opt/stack/data/venv/lib/python3.12/site-packages/oslo_db/sqlalchemy/enginefacade.py", line 835, in _session
