Jun 11 05:16:08 devstack cinder-volume[92297]: DEBUG oslo_concurrency.processutils [None req-1f48278c-cff7-4dd8-ba31-433f859a9bfd None None] Running cmd (subprocess): sudo cinder-rootwrap /etc/cinder/rootwrap.conf df --portability --block-size 1 /opt/stack/data/cinder/mnt/140bd2260aa1a41ff1d24ca22da84dac {{(pid=92297) execute /opt/stack/data/venv/lib/python3.12/site-packages/oslo_concurrency/processutils.py:440}}
Jun 11 05:16:08 devstack sudo[98892]: quobyte : PWD=/ ; USER=root ; COMMAND=/opt/stack/data/venv/bin/cinder-rootwrap /etc/cinder/rootwrap.conf df --portability --block-size 1 /opt/stack/data/cinder/mnt/140bd2260aa1a41ff1d24ca22da84dac
Jun 11 05:16:08 devstack sudo[98892]: pam_unix(sudo:session): session opened for user root(uid=0) by (uid=1000)
Jun 11 05:16:08 devstack cinder-volume[92297]: DEBUG cinder.volume.flows.manager.create_volume [None req-4e0c44fc-ce51-4f26-b9ee-d1f70bc56bee tempest-VolumesListAdminTestJSON-929382938 None] Volume reschedule parameters: True retry: {'num_attempts': 1, 'backends': ['devstack@QuobyteHD#QuobyteHD'], 'hosts': ['devstack@QuobyteHD#QuobyteHD']} {{(pid=92297) get_flow /opt/stack/cinder/cinder/volume/flows/manager/create_volume.py:1397}}
Jun 11 05:16:08 devstack cinder-volume[92297]: DEBUG cinder.volume.manager [None req-4e0c44fc-ce51-4f26-b9ee-d1f70bc56bee tempest-VolumesListAdminTestJSON-929382938 None] Flow 'volume_create_manager' (76f994cb-70d0-4a3f-b2c9-ad4cca381c98) transitioned into state 'RUNNING' from state 'PENDING' {{(pid=92297) _flow_receiver /opt/stack/data/venv/lib/python3.12/site-packages/taskflow/listeners/logging.py:145}}
Jun 11 05:16:08 devstack cinder-volume[92297]: DEBUG cinder.volume.manager [None req-4e0c44fc-ce51-4f26-b9ee-d1f70bc56bee tempest-VolumesListAdminTestJSON-929382938 None] Task 'cinder.volume.flows.manager.create_volume.ExtractVolumeRefTask;volume:create' (37181a65-ed0d-4544-9217-11341d3c253c) transitioned into state 'RUNNING' from state 'PENDING' {{(pid=92297) _task_receiver /opt/stack/data/venv/lib/python3.12/site-packages/taskflow/listeners/logging.py:194}}
Jun 11 05:16:08 devstack cinder-volume[92297]: DEBUG cinder.volume.manager [None req-4e0c44fc-ce51-4f26-b9ee-d1f70bc56bee tempest-VolumesListAdminTestJSON-929382938 None] Task 'cinder.volume.flows.manager.create_volume.ExtractVolumeRefTask;volume:create' (37181a65-ed0d-4544-9217-11341d3c253c) transitioned into state 'SUCCESS' from state 'RUNNING' with result 'Volume(_name_id=None,admin_metadata=,attach_status='detached',availability_zone='nova',bootable=False,cluster=,cluster_name=None,consistencygroup=,consistencygroup_id=None,created_at=2026-06-11T03:16:08Z,deleted=False,deleted_at=None,display_description=None,display_name='tempest-VolumesListAdminTestJSON-Volume-1694978425',ec2_id=None,encryption_key_id=None,glance_metadata=,group=,group_id=None,host='devstack@QuobyteHD#QuobyteHD',id=a68bb83e-9aba-455f-9f1e-06130c7ba5f0,launched_at=None,metadata={},migration_status=None,multiattach=False,previous_status=None,project_id='63cd7a853bb44edca0e301e5800f5e82',provider_auth=None,provider_geometry=None,provider_id=None,provider_location=None,replication_driver_data=None,replication_extended_status=None,replication_status=None,scheduled_at=2026-06-11T03:16:08Z,service_uuid=None,shared_targets=True,size=1,snapshot_id=None,snapshots=,source_volid=None,status='creating',terminated_at=None,updated_at=2026-06-11T03:16:08Z,use_quota=True,user_id='42240f2e4f3247c6b26f83b46ae33f67',volume_attachment=VolumeAttachmentList,volume_type=VolumeType(2618739b-5bd9-4bea-9cfc-118e62e12253),volume_type_id=2618739b-5bd9-4bea-9cfc-118e62e12253)' {{(pid=92297) _task_receiver /opt/stack/data/venv/lib/python3.12/site-packages/taskflow/listeners/logging.py:182}}
Jun 11 05:16:08 devstack cinder-volume[92297]: DEBUG cinder.volume.manager [None req-4e0c44fc-ce51-4f26-b9ee-d1f70bc56bee tempest-VolumesListAdminTestJSON-929382938 None] Task 'cinder.volume.flows.manager.create_volume.OnFailureRescheduleTask;volume:create' (bece78bb-e546-46d8-a1c3-71a31e32a822) transitioned into state 'RUNNING' from state 'PENDING' {{(pid=92297) _task_receiver /opt/stack/data/venv/lib/python3.12/site-packages/taskflow/listeners/logging.py:194}}
Jun 11 05:16:08 devstack cinder-volume[92297]: DEBUG cinder.volume.manager [None req-4e0c44fc-ce51-4f26-b9ee-d1f70bc56bee tempest-VolumesListAdminTestJSON-929382938 None] Task 'cinder.volume.flows.manager.create_volume.OnFailureRescheduleTask;volume:create' (bece78bb-e546-46d8-a1c3-71a31e32a822) transitioned into state 'SUCCESS' from state 'RUNNING' with result 'None' {{(pid=92297) _task_receiver /opt/stack/data/venv/lib/python3.12/site-packages/taskflow/listeners/logging.py:182}}
Jun 11 05:16:08 devstack cinder-volume[92297]: DEBUG cinder.volume.manager [None req-4e0c44fc-ce51-4f26-b9ee-d1f70bc56bee tempest-VolumesListAdminTestJSON-929382938 None] Task 'cinder.volume.flows.manager.create_volume.ExtractVolumeSpecTask;volume:create' (2a838c63-e795-4fd2-8023-bc17502ebcb8) transitioned into state 'RUNNING' from state 'PENDING' {{(pid=92297) _task_receiver /opt/stack/data/venv/lib/python3.12/site-packages/taskflow/listeners/logging.py:194}}
Jun 11 05:16:08 devstack cinder-volume[92297]: DEBUG cinder.volume.manager [None req-4e0c44fc-ce51-4f26-b9ee-d1f70bc56bee tempest-VolumesListAdminTestJSON-929382938 None] Task 'cinder.volume.flows.manager.create_volume.ExtractVolumeSpecTask;volume:create' (2a838c63-e795-4fd2-8023-bc17502ebcb8) transitioned into state 'SUCCESS' from state 'RUNNING' with result '{'status': 'creating', 'type': 'raw', 'volume_id': 'a68bb83e-9aba-455f-9f1e-06130c7ba5f0', 'volume_name': 'volume-a68bb83e-9aba-455f-9f1e-06130c7ba5f0', 'volume_size': 1}' {{(pid=92297) _task_receiver /opt/stack/data/venv/lib/python3.12/site-packages/taskflow/listeners/logging.py:182}}
Jun 11 05:16:08 devstack cinder-volume[92297]: DEBUG cinder.volume.manager [None req-4e0c44fc-ce51-4f26-b9ee-d1f70bc56bee tempest-VolumesListAdminTestJSON-929382938 None] Task 'cinder.volume.flows.manager.create_volume.NotifyVolumeActionTask;volume:create, create.start' (2cf68b35-dbcc-46df-ba35-8258561cc8b6) transitioned into state 'RUNNING' from state 'PENDING' {{(pid=92297) _task_receiver /opt/stack/data/venv/lib/python3.12/site-packages/taskflow/listeners/logging.py:194}}
Jun 11 05:16:08 devstack cinder-volume[92297]: DEBUG cinder.volume.manager [None req-4e0c44fc-ce51-4f26-b9ee-d1f70bc56bee tempest-VolumesListAdminTestJSON-929382938 None] Task 'cinder.volume.flows.manager.create_volume.NotifyVolumeActionTask;volume:create, create.start' (2cf68b35-dbcc-46df-ba35-8258561cc8b6) transitioned into state 'SUCCESS' from state 'RUNNING' with result 'None' {{(pid=92297) _task_receiver /opt/stack/data/venv/lib/python3.12/site-packages/taskflow/listeners/logging.py:182}}
Jun 11 05:16:08 devstack cinder-volume[92297]: DEBUG cinder.volume.manager [None req-4e0c44fc-ce51-4f26-b9ee-d1f70bc56bee tempest-VolumesListAdminTestJSON-929382938 None] Task 'cinder.volume.flows.manager.create_volume.CreateVolumeFromSpecTask;volume:create' (09b85d84-d674-4ccb-af43-21e43eadd356) transitioned into state 'RUNNING' from state 'PENDING' {{(pid=92297) _task_receiver /opt/stack/data/venv/lib/python3.12/site-packages/taskflow/listeners/logging.py:194}}
Jun 11 05:16:08 devstack cinder-volume[92297]: INFO cinder.volume.flows.manager.create_volume [None req-4e0c44fc-ce51-4f26-b9ee-d1f70bc56bee tempest-VolumesListAdminTestJSON-929382938 None] Volume a68bb83e-9aba-455f-9f1e-06130c7ba5f0: being created as raw with specification: {'status': 'creating', 'volume_name': 'volume-a68bb83e-9aba-455f-9f1e-06130c7ba5f0', 'volume_size': 1}
Jun 11 05:16:08 devstack cinder-volume[92297]: DEBUG oslo_concurrency.lockutils [None req-4e0c44fc-ce51-4f26-b9ee-d1f70bc56bee tempest-VolumesListAdminTestJSON-929382938 None] Acquiring lock "quobyte" by "cinder.volume.drivers.quobyte.QuobyteDriver.create_volume" {{(pid=92297) inner /opt/stack/data/venv/lib/python3.12/site-packages/oslo_concurrency/lockutils.py:506}}
Jun 11 05:16:08 devstack sudo[98890]: pam_unix(sudo:session): session closed for user root
Jun 11 05:16:08 devstack cinder-volume[92297]: DEBUG oslo_concurrency.processutils [None req-0841c25f-21f6-4ae9-8b3e-ae8d07d3cb8a tempest-GroupsV314Test-2130243474 None] CMD "sudo cinder-rootwrap /etc/cinder/rootwrap.conf qemu-img rebase -u -b volume-986eabaf-8534-4d75-9308-76bd68ef9637 -F qcow2 /opt/stack/data/cinder/mnt/140bd2260aa1a41ff1d24ca22da84dac/volume-986eabaf-8534-4d75-9308-76bd68ef9637.1d816bb1-dde1-42e1-a643-e3c4e72a9264" returned: 0 in 0.826s {{(pid=92297) execute /opt/stack/data/venv/lib/python3.12/site-packages/oslo_concurrency/processutils.py:468}}
Jun 11 05:16:08 devstack cinder-volume[92297]: WARNING cinder.volume.drivers.remotefs [None req-0841c25f-21f6-4ae9-8b3e-ae8d07d3cb8a tempest-GroupsV314Test-2130243474 None] /opt/stack/data/cinder/mnt/140bd2260aa1a41ff1d24ca22da84dac/volume-986eabaf-8534-4d75-9308-76bd68ef9637.1d816bb1-dde1-42e1-a643-e3c4e72a9264 is being set with open permissions: ugo+rw: NotImplementedError
Jun 11 05:16:08 devstack cinder-volume[92297]: DEBUG oslo_concurrency.processutils [None req-0841c25f-21f6-4ae9-8b3e-ae8d07d3cb8a tempest-GroupsV314Test-2130243474 None] Running cmd (subprocess): sudo cinder-rootwrap /etc/cinder/rootwrap.conf chmod ugo+rw /opt/stack/data/cinder/mnt/140bd2260aa1a41ff1d24ca22da84dac/volume-986eabaf-8534-4d75-9308-76bd68ef9637.1d816bb1-dde1-42e1-a643-e3c4e72a9264 {{(pid=92297) execute /opt/stack/data/venv/lib/python3.12/site-packages/oslo_concurrency/processutils.py:440}}
Jun 11 05:16:08 devstack sudo[98899]: quobyte : PWD=/ ; USER=root ; COMMAND=/opt/stack/data/venv/bin/cinder-rootwrap /etc/cinder/rootwrap.conf chmod ugo+rw /opt/stack/data/cinder/mnt/140bd2260aa1a41ff1d24ca22da84dac/volume-986eabaf-8534-4d75-9308-76bd68ef9637.1d816bb1-dde1-42e1-a643-e3c4e72a9264
Jun 11 05:16:08 devstack sudo[98899]: pam_unix(sudo:session): session opened for user root(uid=0) by (uid=1000)
Jun 11 05:16:08 devstack sudo[98892]: pam_unix(sudo:session): session closed for user root
Jun 11 05:16:08 devstack cinder-volume[92297]: DEBUG oslo_concurrency.processutils [None req-1f48278c-cff7-4dd8-ba31-433f859a9bfd None None] CMD "sudo cinder-rootwrap /etc/cinder/rootwrap.conf df --portability --block-size 1 /opt/stack/data/cinder/mnt/140bd2260aa1a41ff1d24ca22da84dac" returned: 0 in 0.828s {{(pid=92297) execute /opt/stack/data/venv/lib/python3.12/site-packages/oslo_concurrency/processutils.py:468}}
Jun 11 05:16:08 devstack cinder-volume[92297]: DEBUG cinder.manager [None req-1f48278c-cff7-4dd8-ba31-433f859a9bfd None None] Notifying Schedulers of capabilities ... {{(pid=92297) _publish_service_capabilities /opt/stack/cinder/cinder/manager.py:219}}
Jun 11 05:16:08 devstack cinder-volume[92297]: DEBUG oslo_service.periodic_task [None req-1f48278c-cff7-4dd8-ba31-433f859a9bfd None None] Running periodic task VolumeManager._thread_info {{(pid=92297) run_periodic_tasks /opt/stack/data/venv/lib/python3.12/site-packages/oslo_service/periodic_task.py:210}}
Jun 11 05:16:08 devstack cinder-volume[92297]: DEBUG cinder.volume.manager [None req-1f48278c-cff7-4dd8-ba31-433f859a9bfd None None] thread count: 8 {{(pid=92297) _thread_info /opt/stack/cinder/cinder/volume/manager.py:5472}}
Jun 11 05:16:08 devstack cinder-volume[92297]: DEBUG cinder.volume.manager [None req-1f48278c-cff7-4dd8-ba31-433f859a9bfd None None] thread info: [<_MainThread(MainThread, started 134401203327104)>, , , , , , , ] {{(pid=92297) _thread_info /opt/stack/cinder/cinder/volume/manager.py:5473}}
Jun 11 05:16:09 devstack sudo[98899]: pam_unix(sudo:session): session closed for user root
Jun 11 05:16:09 devstack cinder-volume[92297]: DEBUG oslo_concurrency.processutils [None req-0841c25f-21f6-4ae9-8b3e-ae8d07d3cb8a tempest-GroupsV314Test-2130243474 None] CMD "sudo cinder-rootwrap /etc/cinder/rootwrap.conf chmod ugo+rw /opt/stack/data/cinder/mnt/140bd2260aa1a41ff1d24ca22da84dac/volume-986eabaf-8534-4d75-9308-76bd68ef9637.1d816bb1-dde1-42e1-a643-e3c4e72a9264" returned: 0 in 0.623s {{(pid=92297) execute /opt/stack/data/venv/lib/python3.12/site-packages/oslo_concurrency/processutils.py:468}}
Jun 11 05:16:09 devstack cinder-volume[92297]: DEBUG oslo_concurrency.processutils [None req-0841c25f-21f6-4ae9-8b3e-ae8d07d3cb8a tempest-GroupsV314Test-2130243474 None] Running cmd (subprocess): sudo cinder-rootwrap /etc/cinder/rootwrap.conf truncate -s0 /opt/stack/data/cinder/mnt/140bd2260aa1a41ff1d24ca22da84dac/volume-986eabaf-8534-4d75-9308-76bd68ef9637.info {{(pid=92297) execute /opt/stack/data/venv/lib/python3.12/site-packages/oslo_concurrency/processutils.py:440}}
Jun 11 05:16:09 devstack sudo[98902]: quobyte : PWD=/ ; USER=root ; COMMAND=/opt/stack/data/venv/bin/cinder-rootwrap /etc/cinder/rootwrap.conf truncate -s0 /opt/stack/data/cinder/mnt/140bd2260aa1a41ff1d24ca22da84dac/volume-986eabaf-8534-4d75-9308-76bd68ef9637.info
Jun 11 05:16:09 devstack sudo[98902]: pam_unix(sudo:session): session opened for user root(uid=0) by (uid=1000)
Jun 11 05:16:10 devstack sudo[98902]: pam_unix(sudo:session): session closed for user root
Jun 11 05:16:10 devstack cinder-volume[92297]: DEBUG oslo_concurrency.processutils [None req-0841c25f-21f6-4ae9-8b3e-ae8d07d3cb8a tempest-GroupsV314Test-2130243474 None] CMD "sudo cinder-rootwrap /etc/cinder/rootwrap.conf truncate -s0 /opt/stack/data/cinder/mnt/140bd2260aa1a41ff1d24ca22da84dac/volume-986eabaf-8534-4d75-9308-76bd68ef9637.info" returned: 0 in 0.636s {{(pid=92297) execute /opt/stack/data/venv/lib/python3.12/site-packages/oslo_concurrency/processutils.py:468}}
Jun 11 05:16:10 devstack cinder-volume[92297]: WARNING cinder.volume.drivers.remotefs [None req-0841c25f-21f6-4ae9-8b3e-ae8d07d3cb8a tempest-GroupsV314Test-2130243474 None] /opt/stack/data/cinder/mnt/140bd2260aa1a41ff1d24ca22da84dac/volume-986eabaf-8534-4d75-9308-76bd68ef9637.info is being set with open permissions: ugo+rw: NotImplementedError
Jun 11 05:16:10 devstack cinder-volume[92297]: DEBUG oslo_concurrency.processutils [None req-0841c25f-21f6-4ae9-8b3e-ae8d07d3cb8a tempest-GroupsV314Test-2130243474 None] Running cmd (subprocess): sudo cinder-rootwrap /etc/cinder/rootwrap.conf chmod ugo+rw /opt/stack/data/cinder/mnt/140bd2260aa1a41ff1d24ca22da84dac/volume-986eabaf-8534-4d75-9308-76bd68ef9637.info {{(pid=92297) execute /opt/stack/data/venv/lib/python3.12/site-packages/oslo_concurrency/processutils.py:440}}
Jun 11 05:16:10 devstack sudo[98912]: quobyte : PWD=/ ; USER=root ; COMMAND=/opt/stack/data/venv/bin/cinder-rootwrap /etc/cinder/rootwrap.conf chmod ugo+rw /opt/stack/data/cinder/mnt/140bd2260aa1a41ff1d24ca22da84dac/volume-986eabaf-8534-4d75-9308-76bd68ef9637.info
Jun 11 05:16:10 devstack sudo[98912]: pam_unix(sudo:session): session opened for user root(uid=0) by (uid=1000)
Jun 11 05:16:11 devstack sudo[98912]: pam_unix(sudo:session): session closed for user root
Jun 11 05:16:11 devstack cinder-volume[92297]: DEBUG oslo_concurrency.processutils [None req-0841c25f-21f6-4ae9-8b3e-ae8d07d3cb8a tempest-GroupsV314Test-2130243474 None] CMD "sudo cinder-rootwrap /etc/cinder/rootwrap.conf chmod ugo+rw /opt/stack/data/cinder/mnt/140bd2260aa1a41ff1d24ca22da84dac/volume-986eabaf-8534-4d75-9308-76bd68ef9637.info" returned: 0 in 0.794s {{(pid=92297) execute /opt/stack/data/venv/lib/python3.12/site-packages/oslo_concurrency/processutils.py:468}}
Jun 11 05:16:11 devstack cinder-volume[92297]: DEBUG cinder.coordination [None req-0841c25f-21f6-4ae9-8b3e-ae8d07d3cb8a tempest-GroupsV314Test-2130243474 None] Acquiring lock "cinder-quobyte-c8857db3-a3e0-4fc3-ae8b-917041479081" by "_copy_volume_from_snapshot" {{(pid=92297) __acquire /opt/stack/cinder/cinder/coordination.py:138}}
Jun 11 05:16:11 devstack cinder-volume[92297]: DEBUG cinder.coordination [None req-0841c25f-21f6-4ae9-8b3e-ae8d07d3cb8a tempest-GroupsV314Test-2130243474 None] Lock "cinder-quobyte-c8857db3-a3e0-4fc3-ae8b-917041479081" acquired by "_copy_volume_from_snapshot" :: waited 0.016s {{(pid=92297) __acquire /opt/stack/cinder/cinder/coordination.py:141}}
Jun 11 05:16:11 devstack cinder-volume[92297]: DEBUG cinder.volume.drivers.quobyte [None req-0841c25f-21f6-4ae9-8b3e-ae8d07d3cb8a tempest-GroupsV314Test-2130243474 None] snapshot: 1d816bb1-dde1-42e1-a643-e3c4e72a9264, volume: c8857db3-a3e0-4fc3-ae8b-917041479081, {{(pid=92297) _copy_volume_from_snapshot /opt/stack/cinder/cinder/volume/drivers/quobyte.py:401}}
Jun 11 05:16:11 devstack cinder-volume[92297]: DEBUG oslo_concurrency.lockutils [None req-0841c25f-21f6-4ae9-8b3e-ae8d07d3cb8a tempest-GroupsV314Test-2130243474 None] Acquiring lock "quobyte_ensure" by "cinder.volume.drivers.quobyte.QuobyteDriver._ensure_shares_mounted" {{(pid=92297) inner /opt/stack/data/venv/lib/python3.12/site-packages/oslo_concurrency/lockutils.py:506}}
Jun 11 05:16:11 devstack cinder-volume[92297]: DEBUG oslo_concurrency.lockutils [None req-0841c25f-21f6-4ae9-8b3e-ae8d07d3cb8a tempest-GroupsV314Test-2130243474 None] Lock "quobyte_ensure" acquired by "cinder.volume.drivers.quobyte.QuobyteDriver._ensure_shares_mounted" :: waited 0.001s {{(pid=92297) inner /opt/stack/data/venv/lib/python3.12/site-packages/oslo_concurrency/lockutils.py:519}}
Jun 11 05:16:11 devstack cinder-volume[92297]: DEBUG cinder.volume.drivers.quobyte [None req-0841c25f-21f6-4ae9-8b3e-ae8d07d3cb8a tempest-GroupsV314Test-2130243474 None] Quobyte Volume URL set to: {'osci02.corp.quobyte.com/cinder-vol-c17e601b-61a6-47ae-9ba3-99035870af81': None} {{(pid=92297) _load_shares_config /opt/stack/cinder/cinder/volume/drivers/quobyte.py:617}}
Jun 11 05:16:11 devstack cinder-volume[92297]: DEBUG cinder.volume.drivers.quobyte [None req-0841c25f-21f6-4ae9-8b3e-ae8d07d3cb8a tempest-GroupsV314Test-2130243474 None] Available shares ['osci02.corp.quobyte.com/cinder-vol-c17e601b-61a6-47ae-9ba3-99035870af81'] {{(pid=92297) _ensure_shares_mounted /opt/stack/cinder/cinder/volume/drivers/quobyte.py:647}}
Jun 11 05:16:11 devstack cinder-volume[92297]: DEBUG oslo_concurrency.lockutils [None req-0841c25f-21f6-4ae9-8b3e-ae8d07d3cb8a tempest-GroupsV314Test-2130243474 None] Lock "quobyte_ensure" "released" by "cinder.volume.drivers.quobyte.QuobyteDriver._ensure_shares_mounted" :: held 0.007s {{(pid=92297) inner /opt/stack/data/venv/lib/python3.12/site-packages/oslo_concurrency/lockutils.py:538}}
Jun 11 05:16:11 devstack cinder-volume[92297]: DEBUG oslo.privsep.daemon [-] privsep: reply[ba133c6f-ded4-455e-babb-0f884a8b3a20]: (4, 'qcow2') {{(pid=93179) _call_back /opt/stack/data/venv/lib/python3.12/site-packages/oslo_privsep/daemon.py:573}}
Jun 11 05:16:11 devstack cinder-volume[92297]: DEBUG oslo_concurrency.processutils [None req-0841c25f-21f6-4ae9-8b3e-ae8d07d3cb8a tempest-GroupsV314Test-2130243474 None] Running cmd (subprocess): /opt/stack/data/venv/bin/python3.12 -m oslo_concurrency.prlimit --as=1073741824 --cpu=60 -- sudo cinder-rootwrap /etc/cinder/rootwrap.conf env LC_ALL=C qemu-img info -f qcow2 --output=json --force-share /opt/stack/data/cinder/mnt/140bd2260aa1a41ff1d24ca22da84dac/volume-986eabaf-8534-4d75-9308-76bd68ef9637.1d816bb1-dde1-42e1-a643-e3c4e72a9264 {{(pid=92297) execute /opt/stack/data/venv/lib/python3.12/site-packages/oslo_concurrency/processutils.py:440}}
Jun 11 05:16:11 devstack sudo[98947]: quobyte : PWD=/ ; USER=root ; COMMAND=/opt/stack/data/venv/bin/cinder-rootwrap /etc/cinder/rootwrap.conf env LC_ALL=C qemu-img info -f qcow2 --output=json --force-share /opt/stack/data/cinder/mnt/140bd2260aa1a41ff1d24ca22da84dac/volume-986eabaf-8534-4d75-9308-76bd68ef9637.1d816bb1-dde1-42e1-a643-e3c4e72a9264
Jun 11 05:16:11 devstack sudo[98947]: pam_unix(sudo:session): session opened for user root(uid=0) by (uid=1000)
Jun 11 05:16:12 devstack sudo[98947]: pam_unix(sudo:session): session closed for user root
Jun 11 05:16:12 devstack cinder-volume[92297]: DEBUG oslo_concurrency.processutils [None req-0841c25f-21f6-4ae9-8b3e-ae8d07d3cb8a tempest-GroupsV314Test-2130243474 None] CMD "/opt/stack/data/venv/bin/python3.12 -m oslo_concurrency.prlimit --as=1073741824 --cpu=60 -- sudo cinder-rootwrap /etc/cinder/rootwrap.conf env LC_ALL=C qemu-img info -f qcow2 --output=json --force-share /opt/stack/data/cinder/mnt/140bd2260aa1a41ff1d24ca22da84dac/volume-986eabaf-8534-4d75-9308-76bd68ef9637.1d816bb1-dde1-42e1-a643-e3c4e72a9264" returned: 0 in 0.898s {{(pid=92297) execute /opt/stack/data/venv/lib/python3.12/site-packages/oslo_concurrency/processutils.py:468}}
Jun 11 05:16:12 devstack cinder-volume[92297]: DEBUG cinder.volume.drivers.remotefs [None req-0841c25f-21f6-4ae9-8b3e-ae8d07d3cb8a tempest-GroupsV314Test-2130243474 None] Fetching qemu-img info with special backing_file_template: (/opt/stack/data/cinder/mnt/[0-9a-f]+/)?(volume-986eabaf-8534-4d75-9308-76bd68ef9637(.(tmp-snap-)?[0-9a-f-]+)?|volume_from_snapshot_cache/(tmp-snap-)?[0-9a-f-]+(.(child-|parent-)[0-9a-f-]+)?)$ {{(pid=92297) _qemu_img_info_base /opt/stack/cinder/cinder/volume/drivers/remotefs.py:896}}
Jun 11 05:16:12 devstack cinder-volume[92297]: DEBUG cinder.volume.drivers.quobyte [None req-0841c25f-21f6-4ae9-8b3e-ae8d07d3cb8a tempest-GroupsV314Test-2130243474 None] will copy from snapshot at /opt/stack/data/cinder/mnt/140bd2260aa1a41ff1d24ca22da84dac/volume-986eabaf-8534-4d75-9308-76bd68ef9637 {{(pid=92297) _copy_volume_from_snapshot /opt/stack/cinder/cinder/volume/drivers/quobyte.py:420}}
Jun 11 05:16:12 devstack cinder-volume[92297]: DEBUG cinder.volume.drivers.quobyte [None req-0841c25f-21f6-4ae9-8b3e-ae8d07d3cb8a tempest-GroupsV314Test-2130243474 None] Creating direct copy from snapshot {{(pid=92297) _copy_volume_from_snapshot /opt/stack/cinder/cinder/volume/drivers/quobyte.py:428}}
Jun 11 05:16:12 devstack cinder-volume[92297]: DEBUG oslo.privsep.daemon [-] privsep: reply[dfca45b2-648e-4b74-86ee-7b5aef748fa0]: (4, 'qcow2') {{(pid=93179) _call_back /opt/stack/data/venv/lib/python3.12/site-packages/oslo_privsep/daemon.py:573}}
Jun 11 05:16:12 devstack cinder-volume[92297]: DEBUG oslo_concurrency.processutils [None req-0841c25f-21f6-4ae9-8b3e-ae8d07d3cb8a tempest-GroupsV314Test-2130243474 None] Running cmd (subprocess): /opt/stack/data/venv/bin/python3.12 -m oslo_concurrency.prlimit --as=1073741824 --cpu=60 -- sudo cinder-rootwrap /etc/cinder/rootwrap.conf env LC_ALL=C qemu-img info -f qcow2 --output=json /opt/stack/data/cinder/mnt/140bd2260aa1a41ff1d24ca22da84dac/volume-986eabaf-8534-4d75-9308-76bd68ef9637 {{(pid=92297) execute /opt/stack/data/venv/lib/python3.12/site-packages/oslo_concurrency/processutils.py:440}}
Jun 11 05:16:12 devstack sudo[98952]: quobyte : PWD=/ ; USER=root ; COMMAND=/opt/stack/data/venv/bin/cinder-rootwrap /etc/cinder/rootwrap.conf env LC_ALL=C qemu-img info -f qcow2 --output=json /opt/stack/data/cinder/mnt/140bd2260aa1a41ff1d24ca22da84dac/volume-986eabaf-8534-4d75-9308-76bd68ef9637
Jun 11 05:16:12 devstack sudo[98952]: pam_unix(sudo:session): session opened for user root(uid=0) by (uid=1000)
Jun 11 05:16:12 devstack sudo[98952]: pam_unix(sudo:session): session closed for user root
Jun 11 05:16:12 devstack cinder-volume[92297]: DEBUG oslo_concurrency.processutils [None req-0841c25f-21f6-4ae9-8b3e-ae8d07d3cb8a tempest-GroupsV314Test-2130243474 None] CMD "/opt/stack/data/venv/bin/python3.12 -m oslo_concurrency.prlimit --as=1073741824 --cpu=60 -- sudo cinder-rootwrap /etc/cinder/rootwrap.conf env LC_ALL=C qemu-img info -f qcow2 --output=json /opt/stack/data/cinder/mnt/140bd2260aa1a41ff1d24ca22da84dac/volume-986eabaf-8534-4d75-9308-76bd68ef9637" returned: 0 in 0.788s {{(pid=92297) execute /opt/stack/data/venv/lib/python3.12/site-packages/oslo_concurrency/processutils.py:468}}
Jun 11 05:16:12 devstack cinder-volume[92297]: DEBUG cinder.utils [None req-0841c25f-21f6-4ae9-8b3e-ae8d07d3cb8a tempest-GroupsV314Test-2130243474 None] Path /opt/stack/data/cinder/mnt/140bd2260aa1a41ff1d24ca22da84dac/volume-c8857db3-a3e0-4fc3-ae8b-917041479081 not found in is_blk_device check {{(pid=92297) is_blk_device /opt/stack/cinder/cinder/utils.py:615}}
Jun 11 05:16:12 devstack cinder-volume[92297]: DEBUG oslo_concurrency.processutils [None req-0841c25f-21f6-4ae9-8b3e-ae8d07d3cb8a tempest-GroupsV314Test-2130243474 None] Running cmd (subprocess): sudo cinder-rootwrap /etc/cinder/rootwrap.conf qemu-img convert -O qcow2 /opt/stack/data/cinder/mnt/140bd2260aa1a41ff1d24ca22da84dac/volume-986eabaf-8534-4d75-9308-76bd68ef9637 /opt/stack/data/cinder/mnt/140bd2260aa1a41ff1d24ca22da84dac/volume-c8857db3-a3e0-4fc3-ae8b-917041479081 {{(pid=92297) execute /opt/stack/data/venv/lib/python3.12/site-packages/oslo_concurrency/processutils.py:440}}
Jun 11 05:16:12 devstack sudo[98957]: quobyte : PWD=/ ; USER=root ; COMMAND=/opt/stack/data/venv/bin/cinder-rootwrap /etc/cinder/rootwrap.conf qemu-img convert -O qcow2 /opt/stack/data/cinder/mnt/140bd2260aa1a41ff1d24ca22da84dac/volume-986eabaf-8534-4d75-9308-76bd68ef9637 /opt/stack/data/cinder/mnt/140bd2260aa1a41ff1d24ca22da84dac/volume-c8857db3-a3e0-4fc3-ae8b-917041479081
Jun 11 05:16:12 devstack sudo[98957]: pam_unix(sudo:session): session opened for user root(uid=0) by (uid=1000)
Jun 11 05:16:18 devstack sudo[98957]: pam_unix(sudo:session): session closed for user root
Jun 11 05:16:18 devstack cinder-volume[92297]: DEBUG oslo_concurrency.processutils [None req-0841c25f-21f6-4ae9-8b3e-ae8d07d3cb8a tempest-GroupsV314Test-2130243474 None] CMD "sudo cinder-rootwrap /etc/cinder/rootwrap.conf qemu-img convert -O qcow2 /opt/stack/data/cinder/mnt/140bd2260aa1a41ff1d24ca22da84dac/volume-986eabaf-8534-4d75-9308-76bd68ef9637 /opt/stack/data/cinder/mnt/140bd2260aa1a41ff1d24ca22da84dac/volume-c8857db3-a3e0-4fc3-ae8b-917041479081" returned: 0 in 5.709s {{(pid=92297) execute /opt/stack/data/venv/lib/python3.12/site-packages/oslo_concurrency/processutils.py:468}}
Jun 11 05:16:18 devstack cinder-volume[92297]: DEBUG oslo.privsep.daemon [-] privsep: reply[4a86b6f0-c0c0-497e-b48b-eb046a008fa8]: (4, 'qcow2') {{(pid=93179) _call_back /opt/stack/data/venv/lib/python3.12/site-packages/oslo_privsep/daemon.py:573}}
Jun 11 05:16:18 devstack cinder-volume[92297]: DEBUG oslo_concurrency.processutils [None req-0841c25f-21f6-4ae9-8b3e-ae8d07d3cb8a tempest-GroupsV314Test-2130243474 None] Running cmd (subprocess): /opt/stack/data/venv/bin/python3.12 -m oslo_concurrency.prlimit --as=1073741824 --cpu=60 -- sudo cinder-rootwrap /etc/cinder/rootwrap.conf env LC_ALL=C qemu-img info -f qcow2 --output=json /opt/stack/data/cinder/mnt/140bd2260aa1a41ff1d24ca22da84dac/volume-986eabaf-8534-4d75-9308-76bd68ef9637 {{(pid=92297) execute /opt/stack/data/venv/lib/python3.12/site-packages/oslo_concurrency/processutils.py:440}}
Jun 11 05:16:18 devstack sudo[99011]: quobyte : PWD=/ ; USER=root ; COMMAND=/opt/stack/data/venv/bin/cinder-rootwrap /etc/cinder/rootwrap.conf env LC_ALL=C qemu-img info -f qcow2 --output=json /opt/stack/data/cinder/mnt/140bd2260aa1a41ff1d24ca22da84dac/volume-986eabaf-8534-4d75-9308-76bd68ef9637
Jun 11 05:16:18 devstack sudo[99011]: pam_unix(sudo:session): session opened for user root(uid=0) by (uid=1000)
Jun 11 05:16:19 devstack cinder-volume[92297]: DEBUG dbcounter [-] [92297] Writing DB stats cinder:SELECT=39,cinder:INSERT=13,cinder:UPDATE=44,cinder:DELETE=5 {{(pid=92297) stat_writer /opt/stack/data/venv/lib/python3.12/site-packages/dbcounter.py:115}}
Jun 11 05:16:19 devstack cinder-volume[92297]: DEBUG dbcounter [-] [92297] Writing DB stats cinder:SELECT=42,cinder:UPDATE=57,cinder:INSERT=12,cinder:DELETE=3 {{(pid=92297) stat_writer /opt/stack/data/venv/lib/python3.12/site-packages/dbcounter.py:115}}
Jun 11 05:16:19 devstack sudo[99011]: pam_unix(sudo:session): session closed for user root
Jun 11 05:16:19 devstack cinder-volume[92297]: DEBUG oslo_concurrency.processutils [None req-0841c25f-21f6-4ae9-8b3e-ae8d07d3cb8a tempest-GroupsV314Test-2130243474 None] CMD "/opt/stack/data/venv/bin/python3.12 -m oslo_concurrency.prlimit --as=1073741824 --cpu=60 -- sudo cinder-rootwrap /etc/cinder/rootwrap.conf env LC_ALL=C qemu-img info -f qcow2 --output=json /opt/stack/data/cinder/mnt/140bd2260aa1a41ff1d24ca22da84dac/volume-986eabaf-8534-4d75-9308-76bd68ef9637" returned: 0 in 1.309s {{(pid=92297) execute /opt/stack/data/venv/lib/python3.12/site-packages/oslo_concurrency/processutils.py:468}}
Jun 11 05:16:19 devstack cinder-volume[92297]: DEBUG cinder.image.image_utils [None req-0841c25f-21f6-4ae9-8b3e-ae8d07d3cb8a tempest-GroupsV314Test-2130243474 None] Image conversion details: src /opt/stack/data/cinder/mnt/140bd2260aa1a41ff1d24ca22da84dac/volume-986eabaf-8534-4d75-9308-76bd68ef9637, size 1024.00 MB, duration 5.71 sec, destination /opt/stack/data/cinder/mnt/140bd2260aa1a41ff1d24ca22da84dac/volume-c8857db3-a3e0-4fc3-ae8b-917041479081 {{(pid=92297) _convert_image /opt/stack/cinder/cinder/image/image_utils.py:536}}
Jun 11 05:16:19 devstack cinder-volume[92297]: INFO cinder.image.image_utils [None req-0841c25f-21f6-4ae9-8b3e-ae8d07d3cb8a tempest-GroupsV314Test-2130243474 None] Converted 1024.00 MB image at 179.34 MB/s
Jun 11 05:16:19 devstack cinder-volume[92297]: WARNING cinder.volume.drivers.remotefs [None req-0841c25f-21f6-4ae9-8b3e-ae8d07d3cb8a tempest-GroupsV314Test-2130243474 None] /opt/stack/data/cinder/mnt/140bd2260aa1a41ff1d24ca22da84dac/volume-c8857db3-a3e0-4fc3-ae8b-917041479081 is being set with open permissions: ugo+rw: NotImplementedError
Jun 11 05:16:19 devstack cinder-volume[92297]: DEBUG oslo_concurrency.processutils [None req-0841c25f-21f6-4ae9-8b3e-ae8d07d3cb8a tempest-GroupsV314Test-2130243474 None] Running cmd (subprocess): sudo cinder-rootwrap /etc/cinder/rootwrap.conf chmod ugo+rw /opt/stack/data/cinder/mnt/140bd2260aa1a41ff1d24ca22da84dac/volume-c8857db3-a3e0-4fc3-ae8b-917041479081 {{(pid=92297) execute /opt/stack/data/venv/lib/python3.12/site-packages/oslo_concurrency/processutils.py:440}}
Jun 11 05:16:19 devstack sudo[99075]: quobyte : PWD=/ ; USER=root ; COMMAND=/opt/stack/data/venv/bin/cinder-rootwrap /etc/cinder/rootwrap.conf chmod ugo+rw /opt/stack/data/cinder/mnt/140bd2260aa1a41ff1d24ca22da84dac/volume-c8857db3-a3e0-4fc3-ae8b-917041479081
Jun 11 05:16:19 devstack sudo[99075]: pam_unix(sudo:session): session opened for user root(uid=0) by (uid=1000)
Jun 11 05:16:20 devstack sudo[99075]: pam_unix(sudo:session): session closed for user root
Jun 11 05:16:20 devstack cinder-volume[92297]: DEBUG oslo_concurrency.processutils [None req-0841c25f-21f6-4ae9-8b3e-ae8d07d3cb8a tempest-GroupsV314Test-2130243474 None] CMD "sudo cinder-rootwrap /etc/cinder/rootwrap.conf chmod ugo+rw /opt/stack/data/cinder/mnt/140bd2260aa1a41ff1d24ca22da84dac/volume-c8857db3-a3e0-4fc3-ae8b-917041479081" returned: 0 in 0.667s {{(pid=92297) execute /opt/stack/data/venv/lib/python3.12/site-packages/oslo_concurrency/processutils.py:468}}
Jun 11 05:16:20 devstack cinder-volume[92297]: DEBUG cinder.coordination [None req-0841c25f-21f6-4ae9-8b3e-ae8d07d3cb8a tempest-GroupsV314Test-2130243474 None] Lock "cinder-quobyte-c8857db3-a3e0-4fc3-ae8b-917041479081" released by "_copy_volume_from_snapshot" :: held 9.492s {{(pid=92297) __release /opt/stack/cinder/cinder/coordination.py:152}}
Jun 11 05:16:20 devstack cinder-volume[92297]: DEBUG cinder.coordination [None req-0841c25f-21f6-4ae9-8b3e-ae8d07d3cb8a tempest-GroupsV314Test-2130243474 None] Acquiring lock "cinder-quobyte-1d816bb1-dde1-42e1-a643-e3c4e72a9264" by "_delete_snapshot" {{(pid=92297) __acquire /opt/stack/cinder/cinder/coordination.py:138}}
Jun 11 05:16:20 devstack cinder-volume[92297]: DEBUG cinder.coordination [None req-0841c25f-21f6-4ae9-8b3e-ae8d07d3cb8a tempest-GroupsV314Test-2130243474 None] Lock "cinder-quobyte-1d816bb1-dde1-42e1-a643-e3c4e72a9264" acquired by "_delete_snapshot" :: waited 0.018s {{(pid=92297) __acquire /opt/stack/cinder/cinder/coordination.py:141}}
Jun 11 05:16:20 devstack cinder-volume[92297]: DEBUG cinder.volume.drivers.remotefs [None req-0841c25f-21f6-4ae9-8b3e-ae8d07d3cb8a tempest-GroupsV314Test-2130243474 None] Deleting offline snapshot 1d816bb1-dde1-42e1-a643-e3c4e72a9264 of volume 986eabaf-8534-4d75-9308-76bd68ef9637 {{(pid=92297) _delete_snapshot /opt/stack/cinder/cinder/volume/drivers/remotefs.py:1288}}
Jun 11 05:16:20 devstack cinder-volume[92297]: DEBUG cinder.volume.drivers.remotefs [None req-0841c25f-21f6-4ae9-8b3e-ae8d07d3cb8a tempest-GroupsV314Test-2130243474 None] snapshot_file for this snap is: volume-986eabaf-8534-4d75-9308-76bd68ef9637.1d816bb1-dde1-42e1-a643-e3c4e72a9264 {{(pid=92297) _delete_snapshot /opt/stack/cinder/cinder/volume/drivers/remotefs.py:1317}}
Jun 11 05:16:20 devstack cinder-volume[92297]: DEBUG oslo.privsep.daemon [-] privsep: reply[c21c45bb-299d-497b-9e80-20a6238d1b93]: (4, 'qcow2') {{(pid=93179) _call_back /opt/stack/data/venv/lib/python3.12/site-packages/oslo_privsep/daemon.py:573}}
Jun 11 05:16:20 devstack cinder-volume[92297]: DEBUG oslo_concurrency.processutils [None req-0841c25f-21f6-4ae9-8b3e-ae8d07d3cb8a tempest-GroupsV314Test-2130243474 None] Running cmd (subprocess): /opt/stack/data/venv/bin/python3.12 -m oslo_concurrency.prlimit --as=1073741824 --cpu=60 -- sudo cinder-rootwrap /etc/cinder/rootwrap.conf env LC_ALL=C qemu-img info -f qcow2 --output=json --force-share /opt/stack/data/cinder/mnt/140bd2260aa1a41ff1d24ca22da84dac/volume-986eabaf-8534-4d75-9308-76bd68ef9637.1d816bb1-dde1-42e1-a643-e3c4e72a9264 {{(pid=92297) execute /opt/stack/data/venv/lib/python3.12/site-packages/oslo_concurrency/processutils.py:440}}
Jun 11 05:16:20 devstack sudo[99085]: quobyte : PWD=/ ; USER=root ; COMMAND=/opt/stack/data/venv/bin/cinder-rootwrap /etc/cinder/rootwrap.conf env LC_ALL=C qemu-img info -f qcow2 --output=json --force-share /opt/stack/data/cinder/mnt/140bd2260aa1a41ff1d24ca22da84dac/volume-986eabaf-8534-4d75-9308-76bd68ef9637.1d816bb1-dde1-42e1-a643-e3c4e72a9264
Jun 11 05:16:20 devstack sudo[99085]: pam_unix(sudo:session): session opened for user root(uid=0) by (uid=1000)
Jun 11 05:16:21 devstack sudo[99085]: pam_unix(sudo:session): session closed for user root
Jun 11 05:16:21 devstack cinder-volume[92297]: DEBUG oslo_concurrency.processutils [None req-0841c25f-21f6-4ae9-8b3e-ae8d07d3cb8a tempest-GroupsV314Test-2130243474 None] CMD "/opt/stack/data/venv/bin/python3.12 -m oslo_concurrency.prlimit --as=1073741824 --cpu=60 -- sudo cinder-rootwrap /etc/cinder/rootwrap.conf env LC_ALL=C qemu-img info -f qcow2 --output=json --force-share /opt/stack/data/cinder/mnt/140bd2260aa1a41ff1d24ca22da84dac/volume-986eabaf-8534-4d75-9308-76bd68ef9637.1d816bb1-dde1-42e1-a643-e3c4e72a9264" returned: 0 in 1.207s {{(pid=92297) execute /opt/stack/data/venv/lib/python3.12/site-packages/oslo_concurrency/processutils.py:468}}
Jun 11 05:16:21 devstack cinder-volume[92297]: DEBUG cinder.volume.drivers.remotefs [None req-0841c25f-21f6-4ae9-8b3e-ae8d07d3cb8a tempest-GroupsV314Test-2130243474 None] Fetching qemu-img info with special backing_file_template: (/opt/stack/data/cinder/mnt/[0-9a-f]+/)?(volume-986eabaf-8534-4d75-9308-76bd68ef9637(.(tmp-snap-)?[0-9a-f-]+)?|volume_from_snapshot_cache/(tmp-snap-)?[0-9a-f-]+(.(child-|parent-)[0-9a-f-]+)?)$ {{(pid=92297) _qemu_img_info_base /opt/stack/cinder/cinder/volume/drivers/remotefs.py:896}}
Jun 11 05:16:21 devstack cinder-volume[92297]: DEBUG oslo.privsep.daemon [-] privsep: reply[a3c69aaf-a1ae-40e8-9849-bb775196f4b9]: (4, 'qcow2') {{(pid=93179) _call_back /opt/stack/data/venv/lib/python3.12/site-packages/oslo_privsep/daemon.py:573}}
Jun 11 05:16:21 devstack cinder-volume[92297]: DEBUG oslo_concurrency.processutils [None req-0841c25f-21f6-4ae9-8b3e-ae8d07d3cb8a tempest-GroupsV314Test-2130243474 None] Running cmd (subprocess): /opt/stack/data/venv/bin/python3.12 -m oslo_concurrency.prlimit --as=1073741824 --cpu=60 -- sudo cinder-rootwrap /etc/cinder/rootwrap.conf env LC_ALL=C qemu-img info -f qcow2 --output=json --force-share /opt/stack/data/cinder/mnt/140bd2260aa1a41ff1d24ca22da84dac/volume-986eabaf-8534-4d75-9308-76bd68ef9637 {{(pid=92297) execute /opt/stack/data/venv/lib/python3.12/site-packages/oslo_concurrency/processutils.py:440}}
Jun 11 05:16:22 devstack sudo[99134]: quobyte : PWD=/ ; USER=root ; COMMAND=/opt/stack/data/venv/bin/cinder-rootwrap /etc/cinder/rootwrap.conf env LC_ALL=C qemu-img info -f qcow2 --output=json --force-share /opt/stack/data/cinder/mnt/140bd2260aa1a41ff1d24ca22da84dac/volume-986eabaf-8534-4d75-9308-76bd68ef9637
Jun 11 05:16:22 devstack sudo[99134]: pam_unix(sudo:session): session opened for user root(uid=0) by (uid=1000)
Jun 11 05:16:23 devstack sudo[99134]: pam_unix(sudo:session): session closed for user root
Jun 11 05:16:23 devstack cinder-volume[92297]: DEBUG oslo_concurrency.processutils [None req-0841c25f-21f6-4ae9-8b3e-ae8d07d3cb8a tempest-GroupsV314Test-2130243474 None] CMD "/opt/stack/data/venv/bin/python3.12 -m oslo_concurrency.prlimit --as=1073741824 --cpu=60 -- sudo cinder-rootwrap /etc/cinder/rootwrap.conf env LC_ALL=C qemu-img info -f qcow2 --output=json --force-share /opt/stack/data/cinder/mnt/140bd2260aa1a41ff1d24ca22da84dac/volume-986eabaf-8534-4d75-9308-76bd68ef9637" returned: 0 in 1.414s {{(pid=92297) execute /opt/stack/data/venv/lib/python3.12/site-packages/oslo_concurrency/processutils.py:468}}
Jun 11 05:16:23 devstack cinder-volume[92297]: DEBUG oslo_concurrency.processutils [None req-0841c25f-21f6-4ae9-8b3e-ae8d07d3cb8a tempest-GroupsV314Test-2130243474 None] Running cmd (subprocess): sudo cinder-rootwrap /etc/cinder/rootwrap.conf qemu-img commit -d /opt/stack/data/cinder/mnt/140bd2260aa1a41ff1d24ca22da84dac/volume-986eabaf-8534-4d75-9308-76bd68ef9637.1d816bb1-dde1-42e1-a643-e3c4e72a9264 {{(pid=92297) execute /opt/stack/data/venv/lib/python3.12/site-packages/oslo_concurrency/processutils.py:440}}
Jun 11 05:16:23 devstack sudo[99155]: quobyte : PWD=/ ; USER=root ; COMMAND=/opt/stack/data/venv/bin/cinder-rootwrap /etc/cinder/rootwrap.conf qemu-img commit -d /opt/stack/data/cinder/mnt/140bd2260aa1a41ff1d24ca22da84dac/volume-986eabaf-8534-4d75-9308-76bd68ef9637.1d816bb1-dde1-42e1-a643-e3c4e72a9264
Jun 11 05:16:23 devstack sudo[99155]: pam_unix(sudo:session): session opened for user root(uid=0) by (uid=1000)
Jun 11 05:16:24 devstack sudo[99155]: pam_unix(sudo:session): session closed for user root
Jun 11 05:16:24 devstack cinder-volume[92297]: DEBUG oslo_concurrency.processutils [None req-0841c25f-21f6-4ae9-8b3e-ae8d07d3cb8a tempest-GroupsV314Test-2130243474 None] CMD "sudo cinder-rootwrap /etc/cinder/rootwrap.conf qemu-img commit -d /opt/stack/data/cinder/mnt/140bd2260aa1a41ff1d24ca22da84dac/volume-986eabaf-8534-4d75-9308-76bd68ef9637.1d816bb1-dde1-42e1-a643-e3c4e72a9264" returned: 0 in 1.115s {{(pid=92297) execute /opt/stack/data/venv/lib/python3.12/site-packages/oslo_concurrency/processutils.py:468}}
Jun 11 05:16:24 devstack cinder-volume[92297]: DEBUG oslo_concurrency.processutils [None req-0841c25f-21f6-4ae9-8b3e-ae8d07d3cb8a tempest-GroupsV314Test-2130243474 None] Running cmd (subprocess): sudo cinder-rootwrap /etc/cinder/rootwrap.conf rm -f /opt/stack/data/cinder/mnt/140bd2260aa1a41ff1d24ca22da84dac/volume-986eabaf-8534-4d75-9308-76bd68ef9637.1d816bb1-dde1-42e1-a643-e3c4e72a9264 {{(pid=92297) execute /opt/stack/data/venv/lib/python3.12/site-packages/oslo_concurrency/processutils.py:440}}
Jun 11 05:16:24 devstack sudo[99163]: quobyte : PWD=/ ; USER=root ; COMMAND=/opt/stack/data/venv/bin/cinder-rootwrap /etc/cinder/rootwrap.conf rm -f /opt/stack/data/cinder/mnt/140bd2260aa1a41ff1d24ca22da84dac/volume-986eabaf-8534-4d75-9308-76bd68ef9637.1d816bb1-dde1-42e1-a643-e3c4e72a9264
Jun 11 05:16:24 devstack sudo[99163]: pam_unix(sudo:session): session opened for user root(uid=0) by (uid=1000)
Jun 11 05:16:25 devstack sudo[99163]: pam_unix(sudo:session): session closed for user root
Jun 11 05:16:25 devstack cinder-volume[92297]: DEBUG oslo_concurrency.processutils [None req-0841c25f-21f6-4ae9-8b3e-ae8d07d3cb8a tempest-GroupsV314Test-2130243474 None] CMD "sudo cinder-rootwrap /etc/cinder/rootwrap.conf rm -f /opt/stack/data/cinder/mnt/140bd2260aa1a41ff1d24ca22da84dac/volume-986eabaf-8534-4d75-9308-76bd68ef9637.1d816bb1-dde1-42e1-a643-e3c4e72a9264" returned: 0 in 0.663s {{(pid=92297) execute /opt/stack/data/venv/lib/python3.12/site-packages/oslo_concurrency/processutils.py:468}}
Jun 11 05:16:25 devstack cinder-volume[92297]: DEBUG cinder.coordination [None req-0841c25f-21f6-4ae9-8b3e-ae8d07d3cb8a tempest-GroupsV314Test-2130243474 None] Lock "cinder-quobyte-1d816bb1-dde1-42e1-a643-e3c4e72a9264" released by "_delete_snapshot" :: held 4.575s {{(pid=92297) __release /opt/stack/cinder/cinder/coordination.py:152}}
Jun 11 05:16:25 devstack cinder-volume[92297]: DEBUG oslo_concurrency.lockutils [None req-0841c25f-21f6-4ae9-8b3e-ae8d07d3cb8a tempest-GroupsV314Test-2130243474 None] Lock "quobyte" "released" by "cinder.volume.drivers.quobyte.QuobyteDriver.create_cloned_volume" :: held 18.961s {{(pid=92297) inner /opt/stack/data/venv/lib/python3.12/site-packages/oslo_concurrency/lockutils.py:538}}
Jun 11 05:16:25 devstack cinder-volume[92297]: DEBUG oslo_concurrency.lockutils [None req-4e0c44fc-ce51-4f26-b9ee-d1f70bc56bee tempest-VolumesListAdminTestJSON-929382938 None] Lock "quobyte" acquired by "cinder.volume.drivers.quobyte.QuobyteDriver.create_volume" :: waited 16.700s {{(pid=92297) inner /opt/stack/data/venv/lib/python3.12/site-packages/oslo_concurrency/lockutils.py:519}}
Jun 11 05:16:25 devstack cinder-volume[92297]: DEBUG cinder.volume.drivers.quobyte [None req-4e0c44fc-ce51-4f26-b9ee-d1f70bc56bee tempest-VolumesListAdminTestJSON-929382938 None] ==> create_volume: call "{'self': , 'volume': Volume(_name_id=None,admin_metadata=,attach_status='detached',availability_zone='nova',bootable=False,cluster=,cluster_name=None,consistencygroup=,consistencygroup_id=None,created_at=2026-06-11T03:16:08Z,deleted=False,deleted_at=None,display_description=None,display_name='tempest-VolumesListAdminTestJSON-Volume-1694978425',ec2_id=None,encryption_key_id=None,glance_metadata=,group=,group_id=None,host='devstack@QuobyteHD#QuobyteHD',id=a68bb83e-9aba-455f-9f1e-06130c7ba5f0,launched_at=None,metadata={},migration_status=None,multiattach=False,previous_status=None,project_id='63cd7a853bb44edca0e301e5800f5e82',provider_auth=None,provider_geometry=None,provider_id=None,provider_location=None,replication_driver_data=None,replication_extended_status=None,replication_status=None,scheduled_at=2026-06-11T03:16:08Z,service_uuid=None,shared_targets=True,size=1,snapshot_id=None,snapshots=,source_volid=None,status='creating',terminated_at=None,updated_at=2026-06-11T03:16:08Z,use_quota=True,user_id='42240f2e4f3247c6b26f83b46ae33f67',volume_attachment=VolumeAttachmentList,volume_type=VolumeType(2618739b-5bd9-4bea-9cfc-118e62e12253),volume_type_id=2618739b-5bd9-4bea-9cfc-118e62e12253)}" {{(pid=92297) trace_logging_wrapper /opt/stack/cinder/cinder/volume/volume_utils.py:1497}}
Jun 11 05:16:25 devstack cinder-volume[92297]: DEBUG cinder.volume.drivers.remotefs [None req-4e0c44fc-ce51-4f26-b9ee-d1f70bc56bee tempest-VolumesListAdminTestJSON-929382938 None] Creating volume a68bb83e-9aba-455f-9f1e-06130c7ba5f0 {{(pid=92297) create_volume /opt/stack/cinder/cinder/volume/drivers/remotefs.py:292}}
Jun 11 05:16:25 devstack cinder-volume[92297]: DEBUG oslo_concurrency.lockutils [None req-4e0c44fc-ce51-4f26-b9ee-d1f70bc56bee tempest-VolumesListAdminTestJSON-929382938 None] Acquiring lock "quobyte_ensure" by "cinder.volume.drivers.quobyte.QuobyteDriver._ensure_shares_mounted" {{(pid=92297) inner /opt/stack/data/venv/lib/python3.12/site-packages/oslo_concurrency/lockutils.py:506}}
Jun 11 05:16:25 devstack cinder-volume[92297]: DEBUG oslo_concurrency.lockutils [None req-4e0c44fc-ce51-4f26-b9ee-d1f70bc56bee tempest-VolumesListAdminTestJSON-929382938 None] Lock "quobyte_ensure" acquired by "cinder.volume.drivers.quobyte.QuobyteDriver._ensure_shares_mounted" :: waited 0.001s {{(pid=92297) inner /opt/stack/data/venv/lib/python3.12/site-packages/oslo_concurrency/lockutils.py:519}}
Jun 11 05:16:25 devstack cinder-volume[92297]: DEBUG cinder.volume.drivers.quobyte [None req-4e0c44fc-ce51-4f26-b9ee-d1f70bc56bee tempest-VolumesListAdminTestJSON-929382938 None] Quobyte Volume URL set to: {'osci02.corp.quobyte.com/cinder-vol-c17e601b-61a6-47ae-9ba3-99035870af81': None} {{(pid=92297) _load_shares_config /opt/stack/cinder/cinder/volume/drivers/quobyte.py:617}}
Jun 11 05:16:25 devstack cinder-volume[92297]: DEBUG cinder.volume.drivers.quobyte [None req-4e0c44fc-ce51-4f26-b9ee-d1f70bc56bee tempest-VolumesListAdminTestJSON-929382938 None] Available shares ['osci02.corp.quobyte.com/cinder-vol-c17e601b-61a6-47ae-9ba3-99035870af81'] {{(pid=92297) _ensure_shares_mounted /opt/stack/cinder/cinder/volume/drivers/quobyte.py:647}}
Jun 11 05:16:25 devstack cinder-volume[92297]: DEBUG oslo_concurrency.lockutils [None req-4e0c44fc-ce51-4f26-b9ee-d1f70bc56bee tempest-VolumesListAdminTestJSON-929382938 None] Lock "quobyte_ensure" "released" by "cinder.volume.drivers.quobyte.QuobyteDriver._ensure_shares_mounted" :: held 0.007s {{(pid=92297) inner /opt/stack/data/venv/lib/python3.12/site-packages/oslo_concurrency/lockutils.py:538}}
Jun 11 05:16:25 devstack cinder-volume[92297]: DEBUG cinder.volume.drivers.quobyte [None req-4e0c44fc-ce51-4f26-b9ee-d1f70bc56bee tempest-VolumesListAdminTestJSON-929382938 None] Selected osci02.corp.quobyte.com/cinder-vol-c17e601b-61a6-47ae-9ba3-99035870af81 as target Quobyte volume. {{(pid=92297) _find_share /opt/stack/cinder/cinder/volume/drivers/quobyte.py:668}}
Jun 11 05:16:25 devstack cinder-volume[92297]: INFO cinder.volume.drivers.remotefs [None req-4e0c44fc-ce51-4f26-b9ee-d1f70bc56bee tempest-VolumesListAdminTestJSON-929382938 None] casted to osci02.corp.quobyte.com/cinder-vol-c17e601b-61a6-47ae-9ba3-99035870af81
Jun 11 05:16:25 devstack cinder-volume[92297]: DEBUG oslo_concurrency.processutils [None req-4e0c44fc-ce51-4f26-b9ee-d1f70bc56bee tempest-VolumesListAdminTestJSON-929382938 None] Running cmd (subprocess): sudo cinder-rootwrap /etc/cinder/rootwrap.conf qemu-img create -f qcow2 -o preallocation=metadata /opt/stack/data/cinder/mnt/140bd2260aa1a41ff1d24ca22da84dac/volume-a68bb83e-9aba-455f-9f1e-06130c7ba5f0 1073741824 {{(pid=92297) execute /opt/stack/data/venv/lib/python3.12/site-packages/oslo_concurrency/processutils.py:440}}
Jun 11 05:16:25 devstack sudo[99166]: quobyte : PWD=/ ; USER=root ; COMMAND=/opt/stack/data/venv/bin/cinder-rootwrap /etc/cinder/rootwrap.conf qemu-img create -f qcow2 -o preallocation=metadata /opt/stack/data/cinder/mnt/140bd2260aa1a41ff1d24ca22da84dac/volume-a68bb83e-9aba-455f-9f1e-06130c7ba5f0 1073741824
Jun 11 05:16:25 devstack sudo[99166]: pam_unix(sudo:session): session opened for user root(uid=0) by (uid=1000)
Jun 11 05:16:25 devstack cinder-volume[92297]: INFO cinder.volume.manager [None req-0841c25f-21f6-4ae9-8b3e-ae8d07d3cb8a tempest-GroupsV314Test-2130243474 None] Create group from source-group-102b738d-c7c1-41cf-8b59-6e79a69b6014 completed successfully.
Jun 11 05:16:26 devstack sudo[99166]: pam_unix(sudo:session): session closed for user root
Jun 11 05:16:26 devstack cinder-volume[92297]: DEBUG oslo_concurrency.processutils [None req-4e0c44fc-ce51-4f26-b9ee-d1f70bc56bee tempest-VolumesListAdminTestJSON-929382938 None] CMD "sudo cinder-rootwrap /etc/cinder/rootwrap.conf qemu-img create -f qcow2 -o preallocation=metadata /opt/stack/data/cinder/mnt/140bd2260aa1a41ff1d24ca22da84dac/volume-a68bb83e-9aba-455f-9f1e-06130c7ba5f0 1073741824" returned: 0 in 1.014s {{(pid=92297) execute /opt/stack/data/venv/lib/python3.12/site-packages/oslo_concurrency/processutils.py:468}}
Jun 11 05:16:26 devstack cinder-volume[92297]: DEBUG oslo_concurrency.processutils [None req-4e0c44fc-ce51-4f26-b9ee-d1f70bc56bee tempest-VolumesListAdminTestJSON-929382938 None] Running cmd (subprocess): sudo cinder-rootwrap /etc/cinder/rootwrap.conf chmod ugo+rw /opt/stack/data/cinder/mnt/140bd2260aa1a41ff1d24ca22da84dac/volume-a68bb83e-9aba-455f-9f1e-06130c7ba5f0 {{(pid=92297) execute /opt/stack/data/venv/lib/python3.12/site-packages/oslo_concurrency/processutils.py:440}}
Jun 11 05:16:26 devstack sudo[99171]: quobyte : PWD=/ ; USER=root ; COMMAND=/opt/stack/data/venv/bin/cinder-rootwrap /etc/cinder/rootwrap.conf chmod ugo+rw /opt/stack/data/cinder/mnt/140bd2260aa1a41ff1d24ca22da84dac/volume-a68bb83e-9aba-455f-9f1e-06130c7ba5f0
Jun 11 05:16:26 devstack sudo[99171]: pam_unix(sudo:session): session opened for user root(uid=0) by (uid=1000)
Jun 11 05:16:26 devstack cinder-volume[92297]: DEBUG cinder.coordination [None req-9abb1322-e2bc-406c-8e5e-8e0a3ec07362 tempest-GroupsV314Test-2130243474 None] Acquiring lock "cinder-quobyte-c8857db3-a3e0-4fc3-ae8b-917041479081" by "delete_volume" {{(pid=92297) __acquire /opt/stack/cinder/cinder/coordination.py:138}}
Jun 11 05:16:26 devstack cinder-volume[92297]: DEBUG cinder.coordination [None req-9abb1322-e2bc-406c-8e5e-8e0a3ec07362 tempest-GroupsV314Test-2130243474 None] Lock "cinder-quobyte-c8857db3-a3e0-4fc3-ae8b-917041479081" acquired by "delete_volume" :: waited 0.043s {{(pid=92297) __acquire /opt/stack/cinder/cinder/coordination.py:141}}
Jun 11 05:16:26 devstack cinder-volume[92297]: DEBUG oslo.privsep.daemon [-] privsep: reply[781908d8-a581-42f2-8273-37c984c3fecf]: (4, 'qcow2') {{(pid=93179) _call_back /opt/stack/data/venv/lib/python3.12/site-packages/oslo_privsep/daemon.py:573}}
Jun 11 05:16:26 devstack cinder-volume[92297]: DEBUG oslo_concurrency.processutils [None req-9abb1322-e2bc-406c-8e5e-8e0a3ec07362 tempest-GroupsV314Test-2130243474 None] Running cmd (subprocess): /opt/stack/data/venv/bin/python3.12 -m oslo_concurrency.prlimit --as=1073741824 --cpu=60 -- sudo cinder-rootwrap /etc/cinder/rootwrap.conf env LC_ALL=C qemu-img info -f qcow2 --output=json --force-share /opt/stack/data/cinder/mnt/140bd2260aa1a41ff1d24ca22da84dac/volume-c8857db3-a3e0-4fc3-ae8b-917041479081 {{(pid=92297) execute /opt/stack/data/venv/lib/python3.12/site-packages/oslo_concurrency/processutils.py:440}}
Jun 11 05:16:27 devstack sudo[99173]: quobyte : PWD=/ ; USER=root ; COMMAND=/opt/stack/data/venv/bin/cinder-rootwrap /etc/cinder/rootwrap.conf env LC_ALL=C qemu-img info -f qcow2 --output=json --force-share /opt/stack/data/cinder/mnt/140bd2260aa1a41ff1d24ca22da84dac/volume-c8857db3-a3e0-4fc3-ae8b-917041479081
