Jul 10 07:37:56 devstack devstack@g-api.service[76802]: DEBUG glance.common.config [None req-5562e40b-2a39-4114-b32f-00161707c5f6 None None] barbican_service_user.keyfile = None {{(pid=76802) log_opt_values /opt/stack/data/venv/lib/python3.12/site-packages/oslo_config/cfg.py:3253}}
Jul 10 07:37:56 devstack devstack@g-api.service[76802]: DEBUG glance.common.config [None req-5562e40b-2a39-4114-b32f-00161707c5f6 None None] barbican_service_user.split_loggers = False {{(pid=76802) log_opt_values /opt/stack/data/venv/lib/python3.12/site-packages/oslo_config/cfg.py:3253}}
Jul 10 07:37:56 devstack devstack@g-api.service[76802]: DEBUG glance.common.config [None req-5562e40b-2a39-4114-b32f-00161707c5f6 None None] barbican_service_user.timeout = None {{(pid=76802) log_opt_values /opt/stack/data/venv/lib/python3.12/site-packages/oslo_config/cfg.py:3253}}
Jul 10 07:37:56 devstack devstack@g-api.service[76802]: DEBUG glance.common.config [None req-5562e40b-2a39-4114-b32f-00161707c5f6 None None] database.asyncio_connection = **** {{(pid=76802) log_opt_values /opt/stack/data/venv/lib/python3.12/site-packages/oslo_config/cfg.py:3253}}
Jul 10 07:37:56 devstack devstack@g-api.service[76802]: DEBUG glance.common.config [None req-5562e40b-2a39-4114-b32f-00161707c5f6 None None] database.asyncio_slave_connection = **** {{(pid=76802) log_opt_values /opt/stack/data/venv/lib/python3.12/site-packages/oslo_config/cfg.py:3253}}
Jul 10 07:37:56 devstack devstack@g-api.service[76802]: DEBUG glance.common.config [None req-5562e40b-2a39-4114-b32f-00161707c5f6 None None] database.backend = sqlalchemy {{(pid=76802) log_opt_values /opt/stack/data/venv/lib/python3.12/site-packages/oslo_config/cfg.py:3253}}
Jul 10 07:37:56 devstack devstack@g-api.service[76802]: DEBUG glance.common.config [None req-5562e40b-2a39-4114-b32f-00161707c5f6 None None] database.connection = **** {{(pid=76802) log_opt_values /opt/stack/data/venv/lib/python3.12/site-packages/oslo_config/cfg.py:3253}}
Jul 10 07:37:56 devstack devstack@g-api.service[76802]: DEBUG glance.common.config [None req-5562e40b-2a39-4114-b32f-00161707c5f6 None None] database.connection_debug = 0 {{(pid=76802) log_opt_values /opt/stack/data/venv/lib/python3.12/site-packages/oslo_config/cfg.py:3253}}
Jul 10 07:37:56 devstack devstack@g-api.service[76802]: DEBUG glance.common.config [None req-5562e40b-2a39-4114-b32f-00161707c5f6 None None] database.connection_parameters = {{(pid=76802) log_opt_values /opt/stack/data/venv/lib/python3.12/site-packages/oslo_config/cfg.py:3253}}
Jul 10 07:37:56 devstack devstack@g-api.service[76802]: DEBUG glance.common.config [None req-5562e40b-2a39-4114-b32f-00161707c5f6 None None] database.connection_recycle_time = 3600 {{(pid=76802) log_opt_values /opt/stack/data/venv/lib/python3.12/site-packages/oslo_config/cfg.py:3253}}
Jul 10 07:37:56 devstack devstack@g-api.service[76802]: DEBUG glance.common.config [None req-5562e40b-2a39-4114-b32f-00161707c5f6 None None] database.connection_trace = False {{(pid=76802) log_opt_values /opt/stack/data/venv/lib/python3.12/site-packages/oslo_config/cfg.py:3253}}
Jul 10 07:37:56 devstack devstack@g-api.service[76802]: DEBUG glance.common.config [None req-5562e40b-2a39-4114-b32f-00161707c5f6 None None] database.db_inc_retry_interval = True {{(pid=76802) log_opt_values /opt/stack/data/venv/lib/python3.12/site-packages/oslo_config/cfg.py:3253}}
Jul 10 07:37:56 devstack devstack@g-api.service[76802]: DEBUG glance.common.config [None req-5562e40b-2a39-4114-b32f-00161707c5f6 None None] database.db_max_retries = 20 {{(pid=76802) log_opt_values /opt/stack/data/venv/lib/python3.12/site-packages/oslo_config/cfg.py:3253}}
Jul 10 07:37:56 devstack devstack@g-api.service[76802]: DEBUG glance.common.config [None req-5562e40b-2a39-4114-b32f-00161707c5f6 None None] database.db_max_retry_interval = 10 {{(pid=76802) log_opt_values /opt/stack/data/venv/lib/python3.12/site-packages/oslo_config/cfg.py:3253}}
Jul 10 07:37:56 devstack devstack@g-api.service[76802]: DEBUG glance.common.config [None req-5562e40b-2a39-4114-b32f-00161707c5f6 None None] database.db_retry_interval = 1 {{(pid=76802) log_opt_values /opt/stack/data/venv/lib/python3.12/site-packages/oslo_config/cfg.py:3253}}
Jul 10 07:37:56 devstack devstack@g-api.service[76802]: DEBUG glance.common.config [None req-5562e40b-2a39-4114-b32f-00161707c5f6 None None] database.max_overflow = 50 {{(pid=76802) log_opt_values /opt/stack/data/venv/lib/python3.12/site-packages/oslo_config/cfg.py:3253}}
Jul 10 07:37:56 devstack devstack@g-api.service[76802]: DEBUG glance.common.config [None req-5562e40b-2a39-4114-b32f-00161707c5f6 None None] database.max_pool_size = 5 {{(pid=76802) log_opt_values /opt/stack/data/venv/lib/python3.12/site-packages/oslo_config/cfg.py:3253}}
Jul 10 07:37:56 devstack devstack@g-api.service[76802]: DEBUG glance.common.config [None req-5562e40b-2a39-4114-b32f-00161707c5f6 None None] database.max_retries = 10 {{(pid=76802) log_opt_values /opt/stack/data/venv/lib/python3.12/site-packages/oslo_config/cfg.py:3253}}
Jul 10 07:37:56 devstack devstack@g-api.service[76802]: DEBUG glance.common.config [None req-5562e40b-2a39-4114-b32f-00161707c5f6 None None] database.mysql_sql_mode = TRADITIONAL {{(pid=76802) log_opt_values /opt/stack/data/venv/lib/python3.12/site-packages/oslo_config/cfg.py:3253}}
Jul 10 07:37:56 devstack devstack@g-api.service[76802]: DEBUG glance.common.config [None req-5562e40b-2a39-4114-b32f-00161707c5f6 None None] database.mysql_wsrep_sync_wait = None {{(pid=76802) log_opt_values /opt/stack/data/venv/lib/python3.12/site-packages/oslo_config/cfg.py:3253}}
Jul 10 07:37:56 devstack devstack@g-api.service[76802]: DEBUG glance.common.config [None req-5562e40b-2a39-4114-b32f-00161707c5f6 None None] database.pool_timeout = None {{(pid=76802) log_opt_values /opt/stack/data/venv/lib/python3.12/site-packages/oslo_config/cfg.py:3253}}
Jul 10 07:37:56 devstack devstack@g-api.service[76802]: DEBUG glance.common.config [None req-5562e40b-2a39-4114-b32f-00161707c5f6 None None] database.retry_interval = 10 {{(pid=76802) log_opt_values /opt/stack/data/venv/lib/python3.12/site-packages/oslo_config/cfg.py:3253}}
Jul 10 07:37:56 devstack devstack@g-api.service[76802]: DEBUG glance.common.config [None req-5562e40b-2a39-4114-b32f-00161707c5f6 None None] database.slave_connection = **** {{(pid=76802) log_opt_values /opt/stack/data/venv/lib/python3.12/site-packages/oslo_config/cfg.py:3253}}
Jul 10 07:37:56 devstack devstack@g-api.service[76802]: DEBUG glance.common.config [None req-5562e40b-2a39-4114-b32f-00161707c5f6 None None] database.sqlite_synchronous = True {{(pid=76802) log_opt_values /opt/stack/data/venv/lib/python3.12/site-packages/oslo_config/cfg.py:3253}}
Jul 10 07:37:56 devstack devstack@g-api.service[76802]: DEBUG glance.common.config [None req-5562e40b-2a39-4114-b32f-00161707c5f6 None None] database.synchronous_reader = True {{(pid=76802) log_opt_values /opt/stack/data/venv/lib/python3.12/site-packages/oslo_config/cfg.py:3253}}
Jul 10 07:37:56 devstack devstack@g-api.service[76802]: DEBUG glance.common.config [None req-5562e40b-2a39-4114-b32f-00161707c5f6 None None] database.use_db_reconnect = False {{(pid=76802) log_opt_values /opt/stack/data/venv/lib/python3.12/site-packages/oslo_config/cfg.py:3253}}
Jul 10 07:37:56 devstack devstack@g-api.service[76802]: DEBUG glance.common.config [None req-5562e40b-2a39-4114-b32f-00161707c5f6 None None] healthcheck.allowed_source_ranges = [] {{(pid=76802) log_opt_values /opt/stack/data/venv/lib/python3.12/site-packages/oslo_config/cfg.py:3253}}
Jul 10 07:37:56 devstack devstack@g-api.service[76802]: DEBUG glance.common.config [None req-5562e40b-2a39-4114-b32f-00161707c5f6 None None] healthcheck.backends = ['disable_by_file'] {{(pid=76802) log_opt_values /opt/stack/data/venv/lib/python3.12/site-packages/oslo_config/cfg.py:3253}}
Jul 10 07:37:56 devstack devstack@g-api.service[76802]: DEBUG glance.common.config [None req-5562e40b-2a39-4114-b32f-00161707c5f6 None None] healthcheck.detailed = False {{(pid=76802) log_opt_values /opt/stack/data/venv/lib/python3.12/site-packages/oslo_config/cfg.py:3253}}
Jul 10 07:37:56 devstack devstack@g-api.service[76802]: DEBUG glance.common.config [None req-5562e40b-2a39-4114-b32f-00161707c5f6 None None] healthcheck.disable_by_file_path = None {{(pid=76802) log_opt_values /opt/stack/data/venv/lib/python3.12/site-packages/oslo_config/cfg.py:3253}}
Jul 10 07:37:56 devstack devstack@g-api.service[76802]: DEBUG glance.common.config [None req-5562e40b-2a39-4114-b32f-00161707c5f6 None None] healthcheck.ignore_proxied_requests = False {{(pid=76802) log_opt_values /opt/stack/data/venv/lib/python3.12/site-packages/oslo_config/cfg.py:3253}}
Jul 10 07:37:56 devstack devstack@g-api.service[76802]: DEBUG glance.common.config [None req-5562e40b-2a39-4114-b32f-00161707c5f6 None None] ******************************************************************************** {{(pid=76802) log_opt_values /opt/stack/data/venv/lib/python3.12/site-packages/oslo_config/cfg.py:3260}}
Jul 10 07:37:56 devstack devstack@g-api.service[76802]: WSGI app 0 (mountpoint='') ready in 6 seconds on interpreter 0x793cd24a4668 pid: 76802 (default app)
Jul 10 07:38:00 devstack devstack@g-api.service[76800]: DEBUG glance.api.middleware.version_negotiation [None req-bbdcfa05-dd9a-4bb0-ab85-3d0d6c677a13 None None] Determining version of request: GET / Accept: application/json {{(pid=76800) process_request /opt/stack/glance/glance/api/middleware/version_negotiation.py:44}}
Jul 10 07:38:00 devstack devstack@g-api.service[76800]: DEBUG glance.api.middleware.version_negotiation [None req-bbdcfa05-dd9a-4bb0-ab85-3d0d6c677a13 None None] Using url versioning {{(pid=76800) process_request /opt/stack/glance/glance/api/middleware/version_negotiation.py:57}}
Jul 10 07:38:00 devstack devstack@g-api.service[76800]: DEBUG glance.api.middleware.version_negotiation [None req-bbdcfa05-dd9a-4bb0-ab85-3d0d6c677a13 None None] Unknown version. Returning version choices. {{(pid=76800) process_request /opt/stack/glance/glance/api/middleware/version_negotiation.py:64}}
Jul 10 07:38:00 devstack devstack@g-api.service[76800]: [pid: 76800|app: 0|req: 2/2] 127.0.0.1 () {34 vars in 516 bytes} [Fri Jul 10 07:38:00 2026] GET / => generated 1557 bytes in 4 msecs (HTTP/1.1 300) 3 headers in 106 bytes (1 switches on core 0)
Jul 10 07:38:00 devstack devstack@g-api.service[76802]: DEBUG glance.api.middleware.version_negotiation [None req-5562e40b-2a39-4114-b32f-00161707c5f6 None None] Determining version of request: POST /v2/images Accept: */* {{(pid=76802) process_request /opt/stack/glance/glance/api/middleware/version_negotiation.py:44}}
Jul 10 07:38:00 devstack devstack@g-api.service[76802]: DEBUG glance.api.middleware.version_negotiation [None req-5562e40b-2a39-4114-b32f-00161707c5f6 None None] Using url versioning {{(pid=76802) process_request /opt/stack/glance/glance/api/middleware/version_negotiation.py:57}}
Jul 10 07:38:00 devstack devstack@g-api.service[76802]: DEBUG glance.api.middleware.version_negotiation [None req-5562e40b-2a39-4114-b32f-00161707c5f6 None None] Matched version: v2 {{(pid=76802) process_request /opt/stack/glance/glance/api/middleware/version_negotiation.py:69}}
Jul 10 07:38:00 devstack devstack@g-api.service[76802]: DEBUG glance.api.middleware.version_negotiation [None req-5562e40b-2a39-4114-b32f-00161707c5f6 None None] new path /v2/images {{(pid=76802) process_request /opt/stack/glance/glance/api/middleware/version_negotiation.py:70}}
Jul 10 07:38:01 devstack devstack@g-api.service[76802]: [pid: 76802|app: 0|req: 1/3] 127.0.0.1 () {40 vars in 779 bytes} [Fri Jul 10 07:38:00 2026] POST /v2/images => generated 807 bytes in 1165 msecs (HTTP/1.1 201) 6 headers in 314 bytes (1 switches on core 0)
Jul 10 07:38:01 devstack devstack@g-api.service[76800]: DEBUG glance.api.middleware.version_negotiation [None req-bbdcfa05-dd9a-4bb0-ab85-3d0d6c677a13 None None] Determining version of request: PUT /v2/images/9bc87e1f-1cb0-4ae7-93b3-08985100bc61/file Accept: {{(pid=76800) process_request /opt/stack/glance/glance/api/middleware/version_negotiation.py:44}}
Jul 10 07:38:01 devstack devstack@g-api.service[76800]: DEBUG glance.api.middleware.version_negotiation [None req-bbdcfa05-dd9a-4bb0-ab85-3d0d6c677a13 None None] Using url versioning {{(pid=76800) process_request /opt/stack/glance/glance/api/middleware/version_negotiation.py:57}}
Jul 10 07:38:01 devstack devstack@g-api.service[76800]: DEBUG glance.api.middleware.version_negotiation [None req-bbdcfa05-dd9a-4bb0-ab85-3d0d6c677a13 None None] Matched version: v2 {{(pid=76800) process_request /opt/stack/glance/glance/api/middleware/version_negotiation.py:69}}
Jul 10 07:38:01 devstack devstack@g-api.service[76800]: DEBUG glance.api.middleware.version_negotiation [None req-bbdcfa05-dd9a-4bb0-ab85-3d0d6c677a13 None None] new path /v2/images/9bc87e1f-1cb0-4ae7-93b3-08985100bc61/file {{(pid=76800) process_request /opt/stack/glance/glance/api/middleware/version_negotiation.py:70}}
Jul 10 07:38:02 devstack devstack@g-api.service[76800]: INFO glance.api.v2.image_data [None req-6e24fd11-3fc6-4e2f-9c76-70a2cf2df7d9 admin admin] Unable to create trust: no such option collect_timing in group [keystone_authtoken] Use the existing user token.
Jul 10 07:38:03 devstack devstack@g-api.service[76800]: DEBUG glance.location [None req-6e24fd11-3fc6-4e2f-9c76-70a2cf2df7d9 admin admin] Enabling in-flight format inspection for qcow2 {{(pid=76800) set_data /opt/stack/glance/glance/location.py:596}}
Jul 10 07:38:03 devstack devstack@g-api.service[76800]: DEBUG oslo_utils.imageutils.format_inspector [None req-6e24fd11-3fc6-4e2f-9c76-70a2cf2df7d9 admin admin] Format inspector for vmdk does not match, excluding from consideration (Signature KDMV not found: b'QFI\xfb') {{(pid=76800) _process_chunk /opt/stack/data/venv/lib/python3.12/site-packages/oslo_utils/imageutils/format_inspector.py:1758}}
Jul 10 07:38:03 devstack devstack@g-api.service[76800]: DEBUG oslo_utils.imageutils.format_inspector [None req-6e24fd11-3fc6-4e2f-9c76-70a2cf2df7d9 admin admin] Format inspector for vhdx does not match, excluding from consideration (Region signature not found at 30000) {{(pid=76800) _process_chunk /opt/stack/data/venv/lib/python3.12/site-packages/oslo_utils/imageutils/format_inspector.py:1758}}
Jul 10 07:38:03 devstack devstack@g-api.service[76800]: DEBUG glance_store._drivers.filesystem [None req-6e24fd11-3fc6-4e2f-9c76-70a2cf2df7d9 admin admin] Wrote 21692416 bytes to /opt/stack/data/glance/images/9bc87e1f-1cb0-4ae7-93b3-08985100bc61 with checksum 87617e24a5e30cb3b87fda8c0764838f and multihash 9a9bce0083a00939ec17c11febbfc767aa211aaa54f51e75c5a8b271a9b5637c77205a518b7a2007cb391d23cceb01e0e4e8d64832317151bc85b734b92a7be0 {{(pid=76800) add /opt/stack/data/venv/lib/python3.12/site-packages/glance_store/_drivers/filesystem.py:899}}
Jul 10 07:38:03 devstack devstack@g-api.service[76800]: INFO glance.location [None req-6e24fd11-3fc6-4e2f-9c76-70a2cf2df7d9 admin admin] Image format matched and virtual size computed: 117440512
Jul 10 07:38:03 devstack devstack@g-api.service[76800]: DEBUG glance_store.backend [None req-6e24fd11-3fc6-4e2f-9c76-70a2cf2df7d9 admin admin] Skipping store.set_acls... not implemented. {{(pid=76800) set_acls /opt/stack/data/venv/lib/python3.12/site-packages/glance_store/backend.py:507}}
Jul 10 07:38:03 devstack devstack@g-api.service[76800]: [pid: 76800|app: 0|req: 3/4] 127.0.0.1 () {40 vars in 872 bytes} [Fri Jul 10 07:38:01 2026] PUT /v2/images/9bc87e1f-1cb0-4ae7-93b3-08985100bc61/file => generated 0 bytes in 1806 msecs (HTTP/1.1 204) 4 headers in 171 bytes (1 switches on core 0)
Jul 10 07:38:03 devstack devstack@g-api.service[76802]: DEBUG glance.api.middleware.version_negotiation [None req-1306c71f-854d-4960-9bfa-8f757f2e257c admin admin] Determining version of request: GET /v2/images/9bc87e1f-1cb0-4ae7-93b3-08985100bc61 Accept: */* {{(pid=76802) process_request /opt/stack/glance/glance/api/middleware/version_negotiation.py:44}}
Jul 10 07:38:03 devstack devstack@g-api.service[76802]: DEBUG glance.api.middleware.version_negotiation [None req-1306c71f-854d-4960-9bfa-8f757f2e257c admin admin] Using url versioning {{(pid=76802) process_request /opt/stack/glance/glance/api/middleware/version_negotiation.py:57}}
Jul 10 07:38:03 devstack devstack@g-api.service[76802]: DEBUG glance.api.middleware.version_negotiation [None req-1306c71f-854d-4960-9bfa-8f757f2e257c admin admin] Matched version: v2 {{(pid=76802) process_request /opt/stack/glance/glance/api/middleware/version_negotiation.py:69}}
Jul 10 07:38:03 devstack devstack@g-api.service[76802]: DEBUG glance.api.middleware.version_negotiation [None req-1306c71f-854d-4960-9bfa-8f757f2e257c admin admin] new path /v2/images/9bc87e1f-1cb0-4ae7-93b3-08985100bc61 {{(pid=76802) process_request /opt/stack/glance/glance/api/middleware/version_negotiation.py:70}}
Jul 10 07:38:03 devstack devstack@g-api.service[76802]: [pid: 76802|app: 0|req: 2/5] 127.0.0.1 () {36 vars in 799 bytes} [Fri Jul 10 07:38:03 2026] GET /v2/images/9bc87e1f-1cb0-4ae7-93b3-08985100bc61 => generated 976 bytes in 22 msecs (HTTP/1.1 200) 4 headers in 157 bytes (1 switches on core 0)
Jul 10 07:38:13 devstack devstack@g-api.service[76800]: DEBUG dbcounter [-] [76800] Writing DB stats glance:INSERT=5,glance:SELECT=16,glance:UPDATE=2 {{(pid=76800) stat_writer /opt/stack/data/venv/lib/python3.12/site-packages/dbcounter.py:115}}
Jul 10 07:38:13 devstack devstack@g-api.service[76802]: DEBUG dbcounter [-] [76802] Writing DB stats glance:INSERT=9,glance:SELECT=6 {{(pid=76802) stat_writer /opt/stack/data/venv/lib/python3.12/site-packages/dbcounter.py:115}}
Jul 10 07:38:50 devstack devstack@g-api.service[76800]: DEBUG glance.api.middleware.version_negotiation [None req-6e24fd11-3fc6-4e2f-9c76-70a2cf2df7d9 admin admin] Determining version of request: GET / Accept: application/json {{(pid=76800) process_request /opt/stack/glance/glance/api/middleware/version_negotiation.py:44}}
Jul 10 07:38:50 devstack devstack@g-api.service[76800]: DEBUG glance.api.middleware.version_negotiation [None req-6e24fd11-3fc6-4e2f-9c76-70a2cf2df7d9 admin admin] Using url versioning {{(pid=76800) process_request /opt/stack/glance/glance/api/middleware/version_negotiation.py:57}}
Jul 10 07:38:50 devstack devstack@g-api.service[76800]: DEBUG glance.api.middleware.version_negotiation [None req-6e24fd11-3fc6-4e2f-9c76-70a2cf2df7d9 admin admin] Unknown version. Returning version choices. {{(pid=76800) process_request /opt/stack/glance/glance/api/middleware/version_negotiation.py:64}}
Jul 10 07:38:50 devstack devstack@g-api.service[76800]: [pid: 76800|app: 0|req: 4/6] 127.0.0.1 () {34 vars in 516 bytes} [Fri Jul 10 07:38:50 2026] GET / => generated 1557 bytes in 3 msecs (HTTP/1.1 300) 3 headers in 106 bytes (1 switches on core 0)
Jul 10 07:38:50 devstack devstack@g-api.service[76802]: DEBUG glance.api.middleware.version_negotiation [None req-481c24da-6b88-41dd-8be9-6d04aacc34b5 admin admin] Determining version of request: GET /v2/images Accept: application/json {{(pid=76802) process_request /opt/stack/glance/glance/api/middleware/version_negotiation.py:44}}
Jul 10 07:38:50 devstack devstack@g-api.service[76802]: DEBUG glance.api.middleware.version_negotiation [None req-481c24da-6b88-41dd-8be9-6d04aacc34b5 admin admin] Using url versioning {{(pid=76802) process_request /opt/stack/glance/glance/api/middleware/version_negotiation.py:57}}
Jul 10 07:38:50 devstack devstack@g-api.service[76802]: DEBUG glance.api.middleware.version_negotiation [None req-481c24da-6b88-41dd-8be9-6d04aacc34b5 admin admin] Matched version: v2 {{(pid=76802) process_request /opt/stack/glance/glance/api/middleware/version_negotiation.py:69}}
Jul 10 07:38:50 devstack devstack@g-api.service[76802]: DEBUG glance.api.middleware.version_negotiation [None req-481c24da-6b88-41dd-8be9-6d04aacc34b5 admin admin] new path /v2/images {{(pid=76802) process_request /opt/stack/glance/glance/api/middleware/version_negotiation.py:70}}
Jul 10 07:38:50 devstack devstack@g-api.service[76802]: [pid: 76802|app: 0|req: 3/7] 127.0.0.1 () {36 vars in 738 bytes} [Fri Jul 10 07:38:50 2026] GET /v2/images => generated 1045 bytes in 93 msecs (HTTP/1.1 200) 4 headers in 158 bytes (1 switches on core 0)
Jul 10 07:39:00 devstack devstack@g-api.service[76802]: DEBUG dbcounter [-] [76802] Writing DB stats glance:SELECT=1 {{(pid=76802) stat_writer /opt/stack/data/venv/lib/python3.12/site-packages/dbcounter.py:115}}
Jul 10 07:39:01 devstack devstack@g-api.service[76800]: DEBUG glance.api.middleware.version_negotiation [None req-6e24fd11-3fc6-4e2f-9c76-70a2cf2df7d9 admin admin] Determining version of request: GET / Accept: application/json {{(pid=76800) process_request /opt/stack/glance/glance/api/middleware/version_negotiation.py:44}}
Jul 10 07:39:01 devstack devstack@g-api.service[76800]: DEBUG glance.api.middleware.version_negotiation [None req-6e24fd11-3fc6-4e2f-9c76-70a2cf2df7d9 admin admin] Using url versioning {{(pid=76800) process_request /opt/stack/glance/glance/api/middleware/version_negotiation.py:57}}
Jul 10 07:39:01 devstack devstack@g-api.service[76800]: DEBUG glance.api.middleware.version_negotiation [None req-6e24fd11-3fc6-4e2f-9c76-70a2cf2df7d9 admin admin] Unknown version. Returning version choices. {{(pid=76800) process_request /opt/stack/glance/glance/api/middleware/version_negotiation.py:64}}
Jul 10 07:39:01 devstack devstack@g-api.service[76800]: [pid: 76800|app: 0|req: 5/8] 127.0.0.1 () {34 vars in 516 bytes} [Fri Jul 10 07:39:01 2026] GET / => generated 1557 bytes in 2 msecs (HTTP/1.1 300) 3 headers in 106 bytes (1 switches on core 0)
Jul 10 07:39:01 devstack devstack@g-api.service[76802]: DEBUG glance.api.middleware.version_negotiation [None req-f3ab1a26-6229-4424-b9f7-c2a96cf15999 admin admin] Determining version of request: GET /v2/images/9bc87e1f-1cb0-4ae7-93b3-08985100bc61 Accept: */* {{(pid=76802) process_request /opt/stack/glance/glance/api/middleware/version_negotiation.py:44}}
Jul 10 07:39:01 devstack devstack@g-api.service[76802]: DEBUG glance.api.middleware.version_negotiation [None req-f3ab1a26-6229-4424-b9f7-c2a96cf15999 admin admin] Using url versioning {{(pid=76802) process_request /opt/stack/glance/glance/api/middleware/version_negotiation.py:57}}
Jul 10 07:39:01 devstack devstack@g-api.service[76802]: DEBUG glance.api.middleware.version_negotiation [None req-f3ab1a26-6229-4424-b9f7-c2a96cf15999 admin admin] Matched version: v2 {{(pid=76802) process_request /opt/stack/glance/glance/api/middleware/version_negotiation.py:69}}
Jul 10 07:39:01 devstack devstack@g-api.service[76802]: DEBUG glance.api.middleware.version_negotiation [None req-f3ab1a26-6229-4424-b9f7-c2a96cf15999 admin admin] new path /v2/images/9bc87e1f-1cb0-4ae7-93b3-08985100bc61 {{(pid=76802) process_request /opt/stack/glance/glance/api/middleware/version_negotiation.py:70}}
Jul 10 07:39:01 devstack devstack@g-api.service[76802]: [pid: 76802|app: 0|req: 4/9] 127.0.0.1 () {36 vars in 799 bytes} [Fri Jul 10 07:39:01 2026] GET /v2/images/9bc87e1f-1cb0-4ae7-93b3-08985100bc61 => generated 976 bytes in 71 msecs (HTTP/1.1 200) 4 headers in 157 bytes (1 switches on core 0)
Jul 10 07:39:08 devstack devstack@g-api.service[76800]: DEBUG glance.api.middleware.version_negotiation [None req-6e24fd11-3fc6-4e2f-9c76-70a2cf2df7d9 admin admin] Determining version of request: GET / Accept: application/json {{(pid=76800) process_request /opt/stack/glance/glance/api/middleware/version_negotiation.py:44}}
Jul 10 07:39:08 devstack devstack@g-api.service[76800]: DEBUG glance.api.middleware.version_negotiation [None req-6e24fd11-3fc6-4e2f-9c76-70a2cf2df7d9 admin admin] Using url versioning {{(pid=76800) process_request /opt/stack/glance/glance/api/middleware/version_negotiation.py:57}}
Jul 10 07:39:08 devstack devstack@g-api.service[76800]: DEBUG glance.api.middleware.version_negotiation [None req-6e24fd11-3fc6-4e2f-9c76-70a2cf2df7d9 admin admin] Unknown version. Returning version choices. {{(pid=76800) process_request /opt/stack/glance/glance/api/middleware/version_negotiation.py:64}}
Jul 10 07:39:08 devstack devstack@g-api.service[76800]: [pid: 76800|app: 0|req: 6/10] 127.0.0.1 () {34 vars in 516 bytes} [Fri Jul 10 07:39:08 2026] GET / => generated 1557 bytes in 2 msecs (HTTP/1.1 300) 3 headers in 106 bytes (1 switches on core 0)
Jul 10 07:39:08 devstack devstack@g-api.service[76802]: DEBUG glance.api.middleware.version_negotiation [None req-944e0cd2-bc0b-4958-bad1-8a9e608c4f4c admin admin] Determining version of request: GET /v2/images/9bc87e1f-1cb0-4ae7-93b3-08985100bc61 Accept: */* {{(pid=76802) process_request /opt/stack/glance/glance/api/middleware/version_negotiation.py:44}}
Jul 10 07:39:08 devstack devstack@g-api.service[76802]: DEBUG glance.api.middleware.version_negotiation [None req-944e0cd2-bc0b-4958-bad1-8a9e608c4f4c admin admin] Using url versioning {{(pid=76802) process_request /opt/stack/glance/glance/api/middleware/version_negotiation.py:57}}
Jul 10 07:39:08 devstack devstack@g-api.service[76802]: DEBUG glance.api.middleware.version_negotiation [None req-944e0cd2-bc0b-4958-bad1-8a9e608c4f4c admin admin] Matched version: v2 {{(pid=76802) process_request /opt/stack/glance/glance/api/middleware/version_negotiation.py:69}}
Jul 10 07:39:08 devstack devstack@g-api.service[76802]: DEBUG glance.api.middleware.version_negotiation [None req-944e0cd2-bc0b-4958-bad1-8a9e608c4f4c admin admin] new path /v2/images/9bc87e1f-1cb0-4ae7-93b3-08985100bc61 {{(pid=76802) process_request /opt/stack/glance/glance/api/middleware/version_negotiation.py:70}}
Jul 10 07:39:08 devstack devstack@g-api.service[76802]: [pid: 76802|app: 0|req: 5/11] 127.0.0.1 () {36 vars in 799 bytes} [Fri Jul 10 07:39:08 2026] GET /v2/images/9bc87e1f-1cb0-4ae7-93b3-08985100bc61 => generated 976 bytes in 70 msecs (HTTP/1.1 200) 4 headers in 157 bytes (1 switches on core 0)
Jul 10 07:39:18 devstack devstack@g-api.service[76802]: DEBUG dbcounter [-] [76802] Writing DB stats glance:SELECT=4 {{(pid=76802) stat_writer /opt/stack/data/venv/lib/python3.12/site-packages/dbcounter.py:115}}
Jul 10 07:40:24 devstack devstack@g-api.service[76800]: DEBUG glance.api.middleware.version_negotiation [None req-6e24fd11-3fc6-4e2f-9c76-70a2cf2df7d9 admin admin] Determining version of request: GET / Accept: application/json {{(pid=76800) process_request /opt/stack/glance/glance/api/middleware/version_negotiation.py:44}}
Jul 10 07:40:24 devstack devstack@g-api.service[76800]: DEBUG glance.api.middleware.version_negotiation [None req-6e24fd11-3fc6-4e2f-9c76-70a2cf2df7d9 admin admin] Using url versioning {{(pid=76800) process_request /opt/stack/glance/glance/api/middleware/version_negotiation.py:57}}
Jul 10 07:40:24 devstack devstack@g-api.service[76800]: DEBUG glance.api.middleware.version_negotiation [None req-6e24fd11-3fc6-4e2f-9c76-70a2cf2df7d9 admin admin] Unknown version. Returning version choices. {{(pid=76800) process_request /opt/stack/glance/glance/api/middleware/version_negotiation.py:64}}
Jul 10 07:40:24 devstack devstack@g-api.service[76800]: [pid: 76800|app: 0|req: 7/12] 127.0.0.1 () {36 vars in 485 bytes} [Fri Jul 10 07:40:24 2026] GET / => generated 1557 bytes in 2 msecs (HTTP/1.1 300) 3 headers in 106 bytes (1 switches on core 0)
Jul 10 07:43:13 devstack devstack@g-api.service[76802]: DEBUG glance.api.middleware.version_negotiation [None req-5d06f506-4603-46df-9f26-f9c3db46a33e admin admin] Determining version of request: GET / Accept: application/json {{(pid=76802) process_request /opt/stack/glance/glance/api/middleware/version_negotiation.py:44}}
Jul 10 07:43:13 devstack devstack@g-api.service[76802]: DEBUG glance.api.middleware.version_negotiation [None req-5d06f506-4603-46df-9f26-f9c3db46a33e admin admin] Using url versioning {{(pid=76802) process_request /opt/stack/glance/glance/api/middleware/version_negotiation.py:57}}
Jul 10 07:43:13 devstack devstack@g-api.service[76802]: DEBUG glance.api.middleware.version_negotiation [None req-5d06f506-4603-46df-9f26-f9c3db46a33e admin admin] Unknown version. Returning version choices. {{(pid=76802) process_request /opt/stack/glance/glance/api/middleware/version_negotiation.py:64}}
Jul 10 07:43:13 devstack devstack@g-api.service[76802]: [pid: 76802|app: 0|req: 6/13] 127.0.0.1 () {34 vars in 502 bytes} [Fri Jul 10 07:43:13 2026] GET / => generated 1557 bytes in 9 msecs (HTTP/1.1 300) 3 headers in 106 bytes (1 switches on core 0)
Jul 10 07:43:14 devstack devstack@g-api.service[76800]: DEBUG glance.api.middleware.version_negotiation [None req-6e24fd11-3fc6-4e2f-9c76-70a2cf2df7d9 admin admin] Determining version of request: GET /v2/images/9bc87e1f-1cb0-4ae7-93b3-08985100bc61 Accept: */* {{(pid=76800) process_request /opt/stack/glance/glance/api/middleware/version_negotiation.py:44}}
Jul 10 07:43:14 devstack devstack@g-api.service[76800]: DEBUG glance.api.middleware.version_negotiation [None req-6e24fd11-3fc6-4e2f-9c76-70a2cf2df7d9 admin admin] Using url versioning {{(pid=76800) process_request /opt/stack/glance/glance/api/middleware/version_negotiation.py:57}}
Jul 10 07:43:14 devstack devstack@g-api.service[76800]: DEBUG glance.api.middleware.version_negotiation [None req-6e24fd11-3fc6-4e2f-9c76-70a2cf2df7d9 admin admin] Matched version: v2 {{(pid=76800) process_request /opt/stack/glance/glance/api/middleware/version_negotiation.py:69}}
Jul 10 07:43:14 devstack devstack@g-api.service[76800]: DEBUG glance.api.middleware.version_negotiation [None req-6e24fd11-3fc6-4e2f-9c76-70a2cf2df7d9 admin admin] new path /v2/images/9bc87e1f-1cb0-4ae7-93b3-08985100bc61 {{(pid=76800) process_request /opt/stack/glance/glance/api/middleware/version_negotiation.py:70}}
Jul 10 07:43:14 devstack devstack@g-api.service[76800]: [pid: 76800|app: 0|req: 8/14] 127.0.0.1 () {42 vars in 1058 bytes} [Fri Jul 10 07:43:14 2026] GET /v2/images/9bc87e1f-1cb0-4ae7-93b3-08985100bc61 => generated 976 bytes in 473 msecs (HTTP/1.1 200) 4 headers in 157 bytes (1 switches on core 0)
Jul 10 07:43:14 devstack devstack@g-api.service[76802]: DEBUG glance.api.middleware.version_negotiation [None req-5d06f506-4603-46df-9f26-f9c3db46a33e admin admin] Determining version of request: GET /v2/schemas/image Accept: */* {{(pid=76802) process_request /opt/stack/glance/glance/api/middleware/version_negotiation.py:44}}
Jul 10 07:43:14 devstack devstack@g-api.service[76802]: DEBUG glance.api.middleware.version_negotiation [None req-5d06f506-4603-46df-9f26-f9c3db46a33e admin admin] Using url versioning {{(pid=76802) process_request /opt/stack/glance/glance/api/middleware/version_negotiation.py:57}}
Jul 10 07:43:14 devstack devstack@g-api.service[76802]: DEBUG glance.api.middleware.version_negotiation [None req-5d06f506-4603-46df-9f26-f9c3db46a33e admin admin] Matched version: v2 {{(pid=76802) process_request /opt/stack/glance/glance/api/middleware/version_negotiation.py:69}}
Jul 10 07:43:14 devstack devstack@g-api.service[76802]: DEBUG glance.api.middleware.version_negotiation [None req-5d06f506-4603-46df-9f26-f9c3db46a33e admin admin] new path /v2/schemas/image {{(pid=76802) process_request /opt/stack/glance/glance/api/middleware/version_negotiation.py:70}}
Jul 10 07:43:14 devstack devstack@g-api.service[76802]: [pid: 76802|app: 0|req: 7/15] 127.0.0.1 () {42 vars in 998 bytes} [Fri Jul 10 07:43:14 2026] GET /v2/schemas/image => generated 6083 bytes in 10 msecs (HTTP/1.1 200) 4 headers in 158 bytes (1 switches on core 0)
Jul 10 07:43:24 devstack devstack@g-api.service[76800]: DEBUG dbcounter [-] [76800] Writing DB stats glance:SELECT=2 {{(pid=76800) stat_writer /opt/stack/data/venv/lib/python3.12/site-packages/dbcounter.py:115}}
Jul 10 07:43:34 devstack devstack@g-api.service[76800]: DEBUG glance.api.middleware.version_negotiation [None req-c1f55358-ebad-4d93-af32-d78f5c4e6afa tempest-ServerRescueNegativeTestJSON-1443966443 tempest-ServerRescueNegativeTestJSON-1443966443-project-member] Determining version of request: GET /v2/images/9bc87e1f-1cb0-4ae7-93b3-08985100bc61 Accept: */* {{(pid=76800) process_request /opt/stack/glance/glance/api/middleware/version_negotiation.py:44}}
Jul 10 07:43:34 devstack devstack@g-api.service[76800]: DEBUG glance.api.middleware.version_negotiation [None req-c1f55358-ebad-4d93-af32-d78f5c4e6afa tempest-ServerRescueNegativeTestJSON-1443966443 tempest-ServerRescueNegativeTestJSON-1443966443-project-member] Using url versioning {{(pid=76800) process_request /opt/stack/glance/glance/api/middleware/version_negotiation.py:57}}
Jul 10 07:43:34 devstack devstack@g-api.service[76800]: DEBUG glance.api.middleware.version_negotiation [None req-c1f55358-ebad-4d93-af32-d78f5c4e6afa tempest-ServerRescueNegativeTestJSON-1443966443 tempest-ServerRescueNegativeTestJSON-1443966443-project-member] Matched version: v2 {{(pid=76800) process_request /opt/stack/glance/glance/api/middleware/version_negotiation.py:69}}
Jul 10 07:43:34 devstack devstack@g-api.service[76800]: DEBUG glance.api.middleware.version_negotiation [None req-c1f55358-ebad-4d93-af32-d78f5c4e6afa tempest-ServerRescueNegativeTestJSON-1443966443 tempest-ServerRescueNegativeTestJSON-1443966443-project-member] new path /v2/images/9bc87e1f-1cb0-4ae7-93b3-08985100bc61 {{(pid=76800) process_request /opt/stack/glance/glance/api/middleware/version_negotiation.py:70}}
Jul 10 07:43:34 devstack devstack@g-api.service[76800]: [pid: 76800|app: 0|req: 9/16] 127.0.0.1 () {42 vars in 1058 bytes} [Fri Jul 10 07:43:34 2026] GET /v2/images/9bc87e1f-1cb0-4ae7-93b3-08985100bc61 => generated 976 bytes in 33 msecs (HTTP/1.1 200) 4 headers in 157 bytes (1 switches on core 0)
Jul 10 07:43:34 devstack devstack@g-api.service[76802]: DEBUG glance.api.middleware.version_negotiation [None req-c1f55358-ebad-4d93-af32-d78f5c4e6afa tempest-ServerRescueNegativeTestJSON-1443966443 tempest-ServerRescueNegativeTestJSON-1443966443-project-member] Determining version of request: GET /v2/schemas/image Accept: */* {{(pid=76802) process_request /opt/stack/glance/glance/api/middleware/version_negotiation.py:44}}
Jul 10 07:43:34 devstack devstack@g-api.service[76802]: DEBUG glance.api.middleware.version_negotiation [None req-c1f55358-ebad-4d93-af32-d78f5c4e6afa tempest-ServerRescueNegativeTestJSON-1443966443 tempest-ServerRescueNegativeTestJSON-1443966443-project-member] Using url versioning {{(pid=76802) process_request /opt/stack/glance/glance/api/middleware/version_negotiation.py:57}}
Jul 10 07:43:34 devstack devstack@g-api.service[76802]: DEBUG glance.api.middleware.version_negotiation [None req-c1f55358-ebad-4d93-af32-d78f5c4e6afa tempest-ServerRescueNegativeTestJSON-1443966443 tempest-ServerRescueNegativeTestJSON-1443966443-project-member] Matched version: v2 {{(pid=76802) process_request /opt/stack/glance/glance/api/middleware/version_negotiation.py:69}}
Jul 10 07:43:34 devstack devstack@g-api.service[76802]: DEBUG glance.api.middleware.version_negotiation [None req-c1f55358-ebad-4d93-af32-d78f5c4e6afa tempest-ServerRescueNegativeTestJSON-1443966443 tempest-ServerRescueNegativeTestJSON-1443966443-project-member] new path /v2/schemas/image {{(pid=76802) process_request /opt/stack/glance/glance/api/middleware/version_negotiation.py:70}}
Jul 10 07:43:34 devstack devstack@g-api.service[76802]: [pid: 76802|app: 0|req: 8/17] 127.0.0.1 () {42 vars in 998 bytes} [Fri Jul 10 07:43:34 2026] GET /v2/schemas/image => generated 6083 bytes in 13 msecs (HTTP/1.1 200) 4 headers in 158 bytes (1 switches on core 0)
Jul 10 07:43:40 devstack devstack@g-api.service[76800]: DEBUG glance.api.middleware.version_negotiation [None req-661f73f4-8d70-4b37-9273-929afd57451a tempest-ServerRescueNegativeTestJSON-1443966443 tempest-ServerRescueNegativeTestJSON-1443966443-project-member] Determining version of request: GET /v2/images/9bc87e1f-1cb0-4ae7-93b3-08985100bc61 Accept: */* {{(pid=76800) process_request /opt/stack/glance/glance/api/middleware/version_negotiation.py:44}}
Jul 10 07:43:40 devstack devstack@g-api.service[76800]: DEBUG glance.api.middleware.version_negotiation [None req-661f73f4-8d70-4b37-9273-929afd57451a tempest-ServerRescueNegativeTestJSON-1443966443 tempest-ServerRescueNegativeTestJSON-1443966443-project-member] Using url versioning {{(pid=76800) process_request /opt/stack/glance/glance/api/middleware/version_negotiation.py:57}}
Jul 10 07:43:40 devstack devstack@g-api.service[76800]: DEBUG glance.api.middleware.version_negotiation [None req-661f73f4-8d70-4b37-9273-929afd57451a tempest-ServerRescueNegativeTestJSON-1443966443 tempest-ServerRescueNegativeTestJSON-1443966443-project-member] Matched version: v2 {{(pid=76800) process_request /opt/stack/glance/glance/api/middleware/version_negotiation.py:69}}
Jul 10 07:43:40 devstack devstack@g-api.service[76800]: DEBUG glance.api.middleware.version_negotiation [None req-661f73f4-8d70-4b37-9273-929afd57451a tempest-ServerRescueNegativeTestJSON-1443966443 tempest-ServerRescueNegativeTestJSON-1443966443-project-member] new path /v2/images/9bc87e1f-1cb0-4ae7-93b3-08985100bc61 {{(pid=76800) process_request /opt/stack/glance/glance/api/middleware/version_negotiation.py:70}}
Jul 10 07:43:40 devstack devstack@g-api.service[76800]: [pid: 76800|app: 0|req: 10/18] 127.0.0.1 () {42 vars in 1058 bytes} [Fri Jul 10 07:43:40 2026] GET /v2/images/9bc87e1f-1cb0-4ae7-93b3-08985100bc61 => generated 976 bytes in 245 msecs (HTTP/1.1 200) 4 headers in 157 bytes (1 switches on core 0)
Jul 10 07:43:40 devstack devstack@g-api.service[76802]: DEBUG glance.api.middleware.version_negotiation [None req-661f73f4-8d70-4b37-9273-929afd57451a tempest-ServerRescueNegativeTestJSON-1443966443 tempest-ServerRescueNegativeTestJSON-1443966443-project-member] Determining version of request: GET /v2/images/9bc87e1f-1cb0-4ae7-93b3-08985100bc61/file Accept: */* {{(pid=76802) process_request /opt/stack/glance/glance/api/middleware/version_negotiation.py:44}}
Jul 10 07:43:40 devstack devstack@g-api.service[76802]: DEBUG glance.api.middleware.version_negotiation [None req-661f73f4-8d70-4b37-9273-929afd57451a tempest-ServerRescueNegativeTestJSON-1443966443 tempest-ServerRescueNegativeTestJSON-1443966443-project-member] Using url versioning {{(pid=76802) process_request /opt/stack/glance/glance/api/middleware/version_negotiation.py:57}}
Jul 10 07:43:40 devstack devstack@g-api.service[76802]: DEBUG glance.api.middleware.version_negotiation [None req-661f73f4-8d70-4b37-9273-929afd57451a tempest-ServerRescueNegativeTestJSON-1443966443 tempest-ServerRescueNegativeTestJSON-1443966443-project-member] Matched version: v2 {{(pid=76802) process_request /opt/stack/glance/glance/api/middleware/version_negotiation.py:69}}
Jul 10 07:43:40 devstack devstack@g-api.service[76802]: DEBUG glance.api.middleware.version_negotiation [None req-661f73f4-8d70-4b37-9273-929afd57451a tempest-ServerRescueNegativeTestJSON-1443966443 tempest-ServerRescueNegativeTestJSON-1443966443-project-member] new path /v2/images/9bc87e1f-1cb0-4ae7-93b3-08985100bc61/file {{(pid=76802) process_request /opt/stack/glance/glance/api/middleware/version_negotiation.py:70}}
Jul 10 07:43:40 devstack devstack@g-api.service[76802]: DEBUG glance_store._drivers.filesystem [None req-c1f55358-ebad-4d93-af32-d78f5c4e6afa tempest-ServerRescueNegativeTestJSON-1443966443 tempest-ServerRescueNegativeTestJSON-1443966443-project-member] Found image at /opt/stack/data/glance/images/9bc87e1f-1cb0-4ae7-93b3-08985100bc61. Returning in ChunkedFile. {{(pid=76802) get /opt/stack/data/venv/lib/python3.12/site-packages/glance_store/_drivers/filesystem.py:724}}
Jul 10 07:43:40 devstack devstack@g-api.service[76802]: DEBUG glance.image_cache [None req-c1f55358-ebad-4d93-af32-d78f5c4e6afa tempest-ServerRescueNegativeTestJSON-1443966443 tempest-ServerRescueNegativeTestJSON-1443966443-project-member] Tee'ing image '9bc87e1f-1cb0-4ae7-93b3-08985100bc61' into cache {{(pid=76802) get_caching_iter /opt/stack/glance/glance/image_cache/__init__.py:356}}
Jul 10 07:43:41 devstack devstack@g-api.service[76802]: DEBUG glance.image_cache.drivers.centralized_db [None req-c1f55358-ebad-4d93-af32-d78f5c4e6afa tempest-ServerRescueNegativeTestJSON-1443966443 tempest-ServerRescueNegativeTestJSON-1443966443-project-member] Fetch finished, moving '/opt/stack/data/glance/cache/incomplete/9bc87e1f-1cb0-4ae7-93b3-08985100bc61' to '/opt/stack/data/glance/cache/9bc87e1f-1cb0-4ae7-93b3-08985100bc61' {{(pid=76802) commit /opt/stack/glance/glance/image_cache/drivers/centralized_db.py:243}}
Jul 10 07:43:41 devstack devstack@g-api.service[76802]: DEBUG glance.image_cache.drivers.centralized_db [None req-c1f55358-ebad-4d93-af32-d78f5c4e6afa tempest-ServerRescueNegativeTestJSON-1443966443 tempest-ServerRescueNegativeTestJSON-1443966443-project-member] Image cached successfully. {{(pid=76802) commit /opt/stack/glance/glance/image_cache/drivers/centralized_db.py:258}}
Jul 10 07:43:41 devstack devstack@g-api.service[76802]: [pid: 76802|app: 0|req: 9/19] 127.0.0.1 () {42 vars in 1068 bytes} [Fri Jul 10 07:43:40 2026] GET /v2/images/9bc87e1f-1cb0-4ae7-93b3-08985100bc61/file => generated 21692416 bytes in 572 msecs (HTTP/1.1 200) 4 headers in 191 bytes (337 switches on core 0)
Jul 10 07:43:41 devstack devstack@g-api.service[76800]: DEBUG glance.api.middleware.version_negotiation [None req-c1f55358-ebad-4d93-af32-d78f5c4e6afa tempest-ServerRescueNegativeTestJSON-1443966443 tempest-ServerRescueNegativeTestJSON-1443966443-project-member] Determining version of request: GET /v2/images/9bc87e1f-1cb0-4ae7-93b3-08985100bc61 Accept: */* {{(pid=76800) process_request /opt/stack/glance/glance/api/middleware/version_negotiation.py:44}}
Jul 10 07:43:41 devstack devstack@g-api.service[76800]: DEBUG glance.api.middleware.version_negotiation [None req-c1f55358-ebad-4d93-af32-d78f5c4e6afa tempest-ServerRescueNegativeTestJSON-1443966443 tempest-ServerRescueNegativeTestJSON-1443966443-project-member] Using url versioning {{(pid=76800) process_request /opt/stack/glance/glance/api/middleware/version_negotiation.py:57}}
Jul 10 07:43:41 devstack devstack@g-api.service[76800]: DEBUG glance.api.middleware.version_negotiation [None req-c1f55358-ebad-4d93-af32-d78f5c4e6afa tempest-ServerRescueNegativeTestJSON-1443966443 tempest-ServerRescueNegativeTestJSON-1443966443-project-member] Matched version: v2 {{(pid=76800) process_request /opt/stack/glance/glance/api/middleware/version_negotiation.py:69}}
Jul 10 07:43:41 devstack devstack@g-api.service[76800]: DEBUG glance.api.middleware.version_negotiation [None req-c1f55358-ebad-4d93-af32-d78f5c4e6afa tempest-ServerRescueNegativeTestJSON-1443966443 tempest-ServerRescueNegativeTestJSON-1443966443-project-member] new path /v2/images/9bc87e1f-1cb0-4ae7-93b3-08985100bc61 {{(pid=76800) process_request /opt/stack/glance/glance/api/middleware/version_negotiation.py:70}}
Jul 10 07:43:41 devstack devstack@g-api.service[76800]: [pid: 76800|app: 0|req: 11/20] 127.0.0.1 () {42 vars in 1058 bytes} [Fri Jul 10 07:43:41 2026] GET /v2/images/9bc87e1f-1cb0-4ae7-93b3-08985100bc61 => generated 976 bytes in 25 msecs (HTTP/1.1 200) 4 headers in 157 bytes (1 switches on core 0)
Jul 10 07:43:41 devstack devstack@g-api.service[76802]: DEBUG glance.api.middleware.version_negotiation [None req-c1f55358-ebad-4d93-af32-d78f5c4e6afa tempest-ServerRescueNegativeTestJSON-1443966443 tempest-ServerRescueNegativeTestJSON-1443966443-project-member] Determining version of request: GET /v2/schemas/image Accept: */* {{(pid=76802) process_request /opt/stack/glance/glance/api/middleware/version_negotiation.py:44}}
Jul 10 07:43:41 devstack devstack@g-api.service[76802]: DEBUG glance.api.middleware.version_negotiation [None req-c1f55358-ebad-4d93-af32-d78f5c4e6afa tempest-ServerRescueNegativeTestJSON-1443966443 tempest-ServerRescueNegativeTestJSON-1443966443-project-member] Using url versioning {{(pid=76802) process_request /opt/stack/glance/glance/api/middleware/version_negotiation.py:57}}
Jul 10 07:43:41 devstack devstack@g-api.service[76802]: DEBUG glance.api.middleware.version_negotiation [None req-c1f55358-ebad-4d93-af32-d78f5c4e6afa tempest-ServerRescueNegativeTestJSON-1443966443 tempest-ServerRescueNegativeTestJSON-1443966443-project-member] Matched version: v2 {{(pid=76802) process_request /opt/stack/glance/glance/api/middleware/version_negotiation.py:69}}
Jul 10 07:43:41 devstack devstack@g-api.service[76802]: DEBUG glance.api.middleware.version_negotiation [None req-c1f55358-ebad-4d93-af32-d78f5c4e6afa tempest-ServerRescueNegativeTestJSON-1443966443 tempest-ServerRescueNegativeTestJSON-1443966443-project-member] new path /v2/schemas/image {{(pid=76802) process_request /opt/stack/glance/glance/api/middleware/version_negotiation.py:70}}
Jul 10 07:43:41 devstack devstack@g-api.service[76802]: [pid: 76802|app: 0|req: 10/21] 127.0.0.1 () {42 vars in 998 bytes} [Fri Jul 10 07:43:41 2026] GET /v2/schemas/image => generated 6083 bytes in 12 msecs (HTTP/1.1 200) 4 headers in 158 bytes (1 switches on core 0)
Jul 10 07:43:51 devstack devstack@g-api.service[76802]: DEBUG dbcounter [-] [76802] Writing DB stats glance:SELECT=5,glance:INSERT=1 {{(pid=76802) stat_writer /opt/stack/data/venv/lib/python3.12/site-packages/dbcounter.py:115}}
Jul 10 07:43:51 devstack devstack@g-api.service[76800]: DEBUG dbcounter [-] [76800] Writing DB stats glance:SELECT=6 {{(pid=76800) stat_writer /opt/stack/data/venv/lib/python3.12/site-packages/dbcounter.py:115}}
Jul 10 07:43:54 devstack devstack@g-api.service[76800]: DEBUG glance.api.middleware.version_negotiation [None req-c1f55358-ebad-4d93-af32-d78f5c4e6afa tempest-ServerRescueNegativeTestJSON-1443966443 tempest-ServerRescueNegativeTestJSON-1443966443-project-member] Determining version of request: GET /v2/images/9bc87e1f-1cb0-4ae7-93b3-08985100bc61 Accept: */* {{(pid=76800) process_request /opt/stack/glance/glance/api/middleware/version_negotiation.py:44}}
Jul 10 07:43:54 devstack devstack@g-api.service[76800]: DEBUG glance.api.middleware.version_negotiation [None req-c1f55358-ebad-4d93-af32-d78f5c4e6afa tempest-ServerRescueNegativeTestJSON-1443966443 tempest-ServerRescueNegativeTestJSON-1443966443-project-member] Using url versioning {{(pid=76800) process_request /opt/stack/glance/glance/api/middleware/version_negotiation.py:57}}
Jul 10 07:43:54 devstack devstack@g-api.service[76800]: DEBUG glance.api.middleware.version_negotiation [None req-c1f55358-ebad-4d93-af32-d78f5c4e6afa tempest-ServerRescueNegativeTestJSON-1443966443 tempest-ServerRescueNegativeTestJSON-1443966443-project-member] Matched version: v2 {{(pid=76800) process_request /opt/stack/glance/glance/api/middleware/version_negotiation.py:69}}
Jul 10 07:43:54 devstack devstack@g-api.service[76800]: DEBUG glance.api.middleware.version_negotiation [None req-c1f55358-ebad-4d93-af32-d78f5c4e6afa tempest-ServerRescueNegativeTestJSON-1443966443 tempest-ServerRescueNegativeTestJSON-1443966443-project-member] new path /v2/images/9bc87e1f-1cb0-4ae7-93b3-08985100bc61 {{(pid=76800) process_request /opt/stack/glance/glance/api/middleware/version_negotiation.py:70}}
Jul 10 07:43:54 devstack devstack@g-api.service[76800]: [pid: 76800|app: 0|req: 12/22] 127.0.0.1 () {42 vars in 1058 bytes} [Fri Jul 10 07:43:54 2026] GET /v2/images/9bc87e1f-1cb0-4ae7-93b3-08985100bc61 => generated 976 bytes in 44 msecs (HTTP/1.1 200) 4 headers in 157 bytes (1 switches on core 0)
Jul 10 07:43:54 devstack devstack@g-api.service[76802]: DEBUG glance.api.middleware.version_negotiation [None req-c1f55358-ebad-4d93-af32-d78f5c4e6afa tempest-ServerRescueNegativeTestJSON-1443966443 tempest-ServerRescueNegativeTestJSON-1443966443-project-member] Determining version of request: GET /v2/schemas/image Accept: */* {{(pid=76802) process_request /opt/stack/glance/glance/api/middleware/version_negotiation.py:44}}
Jul 10 07:43:54 devstack devstack@g-api.service[76802]: DEBUG glance.api.middleware.version_negotiation [None req-c1f55358-ebad-4d93-af32-d78f5c4e6afa tempest-ServerRescueNegativeTestJSON-1443966443 tempest-ServerRescueNegativeTestJSON-1443966443-project-member] Using url versioning {{(pid=76802) process_request /opt/stack/glance/glance/api/middleware/version_negotiation.py:57}}
Jul 10 07:43:54 devstack devstack@g-api.service[76802]: DEBUG glance.api.middleware.version_negotiation [None req-c1f55358-ebad-4d93-af32-d78f5c4e6afa tempest-ServerRescueNegativeTestJSON-1443966443 tempest-ServerRescueNegativeTestJSON-1443966443-project-member] Matched version: v2 {{(pid=76802) process_request /opt/stack/glance/glance/api/middleware/version_negotiation.py:69}}
Jul 10 07:43:54 devstack devstack@g-api.service[76802]: DEBUG glance.api.middleware.version_negotiation [None req-c1f55358-ebad-4d93-af32-d78f5c4e6afa tempest-ServerRescueNegativeTestJSON-1443966443 tempest-ServerRescueNegativeTestJSON-1443966443-project-member] new path /v2/schemas/image {{(pid=76802) process_request /opt/stack/glance/glance/api/middleware/version_negotiation.py:70}}
Jul 10 07:43:54 devstack devstack@g-api.service[76802]: [pid: 76802|app: 0|req: 11/23] 127.0.0.1 () {42 vars in 998 bytes} [Fri Jul 10 07:43:54 2026] GET /v2/schemas/image => generated 6083 bytes in 15 msecs (HTTP/1.1 200) 4 headers in 158 bytes (1 switches on core 0)
Jul 10 07:43:57 devstack devstack@g-api.service[76800]: DEBUG glance.api.middleware.version_negotiation [None req-165a757d-1f2a-4630-aff2-3af7e334c055 tempest-VolumesAdminNegativeTest-1433474515 tempest-VolumesAdminNegativeTest-1433474515-project-member] Determining version of request: GET / Accept: application/json {{(pid=76800) process_request /opt/stack/glance/glance/api/middleware/version_negotiation.py:44}}
Jul 10 07:43:57 devstack devstack@g-api.service[76800]: DEBUG glance.api.middleware.version_negotiation [None req-165a757d-1f2a-4630-aff2-3af7e334c055 tempest-VolumesAdminNegativeTest-1433474515 tempest-VolumesAdminNegativeTest-1433474515-project-member] Using url versioning {{(pid=76800) process_request /opt/stack/glance/glance/api/middleware/version_negotiation.py:57}}
