Jul 10 07:46:20 devstack cinder-volume[87192]: DEBUG cinder.volume.manager [req-40dbc204-586f-41ff-8ec6-6cc393937f02 req-eb6f6267-56f2-4b9e-bb1b-2f627b5649f7 tempest-ServerActionsTestOtherA-1371437059 None] Connection info returned from driver {'export': 'osci02.corp.quobyte.com/cinder-vol-6430a336-5028-4c73-8347-6cbc0eabd895', 'name': 'volume-f418eb5a-be2b-4f1c-a146-831e41d6d24e', 'options': None, 'format': 'qcow2', 'qos_specs': None, 'access_mode': 'rw', 'encrypted': False, 'cacheable': False, 'driver_volume_type': 'quobyte', 'mount_point_base': '/opt/stack/data/cinder/mnt', 'attachment_id': '21d7442e-8d6f-4ebc-8a0c-a7ddba0c9232', 'enforce_multipath': True} {{(pid=87192) _connection_create /opt/stack/cinder/cinder/volume/manager.py:4924}}
Jul 10 07:46:20 devstack cinder-volume[87192]: DEBUG cinder.volume.drivers.remotefs [None req-dcdf971a-442d-4aaa-ae69-d30f0e9a14d3 tempest-GroupsV314Test-2077336607 None] Creating offline snapshot d7e4170a-daa1-4c3b-ab6e-10cdeba5d8a7 of volume b635a80e-4c38-4963-be39-f8879afe94fe {{(pid=87192) _create_snapshot /opt/stack/cinder/cinder/volume/drivers/remotefs.py:1816}}
Jul 10 07:46:20 devstack cinder-volume[87192]: DEBUG oslo.privsep.daemon [-] privsep: reply[c8580d92-5cb1-4914-8451-015a1ddbbb06]: (4, 'qcow2') {{(pid=88292) _call_back /opt/stack/data/venv/lib/python3.12/site-packages/oslo_privsep/daemon.py:580}}
Jul 10 07:46:20 devstack cinder-volume[87192]: DEBUG oslo_concurrency.processutils [None req-dcdf971a-442d-4aaa-ae69-d30f0e9a14d3 tempest-GroupsV314Test-2077336607 None] Running cmd (subprocess): /opt/stack/data/venv/bin/python3.12 -m oslo_concurrency.prlimit --as=1073741824 --cpu=60 -- sudo cinder-rootwrap /etc/cinder/rootwrap.conf env LC_ALL=C qemu-img info -f qcow2 --output=json --force-share /opt/stack/data/cinder/mnt/787e82fe3791c1e3d268bda1c213e374/volume-b635a80e-4c38-4963-be39-f8879afe94fe {{(pid=87192) execute /opt/stack/data/venv/lib/python3.12/site-packages/oslo_concurrency/processutils.py:440}}
Jul 10 07:46:20 devstack cinder-volume[87192]: INFO cinder.volume.manager [req-40dbc204-586f-41ff-8ec6-6cc393937f02 req-eb6f6267-56f2-4b9e-bb1b-2f627b5649f7 tempest-ServerActionsTestOtherA-1371437059 None] attachment_update completed successfully.
Jul 10 07:46:20 devstack sudo[90286]: quobyte : PWD=/ ; USER=root ; COMMAND=/opt/stack/data/venv/bin/cinder-rootwrap /etc/cinder/rootwrap.conf env LC_ALL=C qemu-img info -f qcow2 --output=json --force-share /opt/stack/data/cinder/mnt/787e82fe3791c1e3d268bda1c213e374/volume-b635a80e-4c38-4963-be39-f8879afe94fe
Jul 10 07:46:20 devstack sudo[90286]: pam_unix(sudo:session): session opened for user root(uid=0) by (uid=1000)
Jul 10 07:46:21 devstack sudo[90286]: pam_unix(sudo:session): session closed for user root
Jul 10 07:46:21 devstack cinder-volume[87192]: DEBUG oslo_concurrency.processutils [None req-dcdf971a-442d-4aaa-ae69-d30f0e9a14d3 tempest-GroupsV314Test-2077336607 None] CMD "/opt/stack/data/venv/bin/python3.12 -m oslo_concurrency.prlimit --as=1073741824 --cpu=60 -- sudo cinder-rootwrap /etc/cinder/rootwrap.conf env LC_ALL=C qemu-img info -f qcow2 --output=json --force-share /opt/stack/data/cinder/mnt/787e82fe3791c1e3d268bda1c213e374/volume-b635a80e-4c38-4963-be39-f8879afe94fe" returned: 0 in 0.863s {{(pid=87192) execute /opt/stack/data/venv/lib/python3.12/site-packages/oslo_concurrency/processutils.py:468}}
Jul 10 07:46:21 devstack cinder-volume[87192]: DEBUG oslo_concurrency.processutils [None req-dcdf971a-442d-4aaa-ae69-d30f0e9a14d3 tempest-GroupsV314Test-2077336607 None] Running cmd (subprocess): sudo cinder-rootwrap /etc/cinder/rootwrap.conf qemu-img create -f qcow2 -o backing_file=/opt/stack/data/cinder/mnt/787e82fe3791c1e3d268bda1c213e374/volume-b635a80e-4c38-4963-be39-f8879afe94fe,backing_fmt=qcow2 /opt/stack/data/cinder/mnt/787e82fe3791c1e3d268bda1c213e374/volume-b635a80e-4c38-4963-be39-f8879afe94fe.d7e4170a-daa1-4c3b-ab6e-10cdeba5d8a7 1G {{(pid=87192) execute /opt/stack/data/venv/lib/python3.12/site-packages/oslo_concurrency/processutils.py:440}}
Jul 10 07:46:21 devstack sudo[90358]: quobyte : PWD=/ ; USER=root ; COMMAND=/opt/stack/data/venv/bin/cinder-rootwrap /etc/cinder/rootwrap.conf qemu-img create -f qcow2 -o backing_file=/opt/stack/data/cinder/mnt/787e82fe3791c1e3d268bda1c213e374/volume-b635a80e-4c38-4963-be39-f8879afe94fe,backing_fmt=qcow2 /opt/stack/data/cinder/mnt/787e82fe3791c1e3d268bda1c213e374/volume-b635a80e-4c38-4963-be39-f8879afe94fe.d7e4170a-daa1-4c3b-ab6e-10cdeba5d8a7 1G
Jul 10 07:46:21 devstack sudo[90358]: pam_unix(sudo:session): session opened for user root(uid=0) by (uid=1000)
Jul 10 07:46:21 devstack sudo[90358]: pam_unix(sudo:session): session closed for user root
Jul 10 07:46:21 devstack cinder-volume[87192]: DEBUG oslo_concurrency.processutils [None req-dcdf971a-442d-4aaa-ae69-d30f0e9a14d3 tempest-GroupsV314Test-2077336607 None] CMD "sudo cinder-rootwrap /etc/cinder/rootwrap.conf qemu-img create -f qcow2 -o backing_file=/opt/stack/data/cinder/mnt/787e82fe3791c1e3d268bda1c213e374/volume-b635a80e-4c38-4963-be39-f8879afe94fe,backing_fmt=qcow2 /opt/stack/data/cinder/mnt/787e82fe3791c1e3d268bda1c213e374/volume-b635a80e-4c38-4963-be39-f8879afe94fe.d7e4170a-daa1-4c3b-ab6e-10cdeba5d8a7 1G" returned: 0 in 0.848s {{(pid=87192) execute /opt/stack/data/venv/lib/python3.12/site-packages/oslo_concurrency/processutils.py:468}}
Jul 10 07:46:21 devstack cinder-volume[87192]: DEBUG oslo_concurrency.processutils [None req-dcdf971a-442d-4aaa-ae69-d30f0e9a14d3 tempest-GroupsV314Test-2077336607 None] Running cmd (subprocess): sudo cinder-rootwrap /etc/cinder/rootwrap.conf qemu-img rebase -u -b volume-b635a80e-4c38-4963-be39-f8879afe94fe -F qcow2 /opt/stack/data/cinder/mnt/787e82fe3791c1e3d268bda1c213e374/volume-b635a80e-4c38-4963-be39-f8879afe94fe.d7e4170a-daa1-4c3b-ab6e-10cdeba5d8a7 {{(pid=87192) execute /opt/stack/data/venv/lib/python3.12/site-packages/oslo_concurrency/processutils.py:440}}
Jul 10 07:46:21 devstack sudo[90680]: quobyte : PWD=/ ; USER=root ; COMMAND=/opt/stack/data/venv/bin/cinder-rootwrap /etc/cinder/rootwrap.conf qemu-img rebase -u -b volume-b635a80e-4c38-4963-be39-f8879afe94fe -F qcow2 /opt/stack/data/cinder/mnt/787e82fe3791c1e3d268bda1c213e374/volume-b635a80e-4c38-4963-be39-f8879afe94fe.d7e4170a-daa1-4c3b-ab6e-10cdeba5d8a7
Jul 10 07:46:21 devstack sudo[90680]: pam_unix(sudo:session): session opened for user root(uid=0) by (uid=1000)
Jul 10 07:46:22 devstack sudo[90680]: pam_unix(sudo:session): session closed for user root
Jul 10 07:46:22 devstack cinder-volume[87192]: DEBUG oslo_concurrency.processutils [None req-dcdf971a-442d-4aaa-ae69-d30f0e9a14d3 tempest-GroupsV314Test-2077336607 None] CMD "sudo cinder-rootwrap /etc/cinder/rootwrap.conf qemu-img rebase -u -b volume-b635a80e-4c38-4963-be39-f8879afe94fe -F qcow2 /opt/stack/data/cinder/mnt/787e82fe3791c1e3d268bda1c213e374/volume-b635a80e-4c38-4963-be39-f8879afe94fe.d7e4170a-daa1-4c3b-ab6e-10cdeba5d8a7" returned: 0 in 0.881s {{(pid=87192) execute /opt/stack/data/venv/lib/python3.12/site-packages/oslo_concurrency/processutils.py:468}}
Jul 10 07:46:22 devstack cinder-volume[87192]: WARNING cinder.volume.drivers.remotefs [None req-dcdf971a-442d-4aaa-ae69-d30f0e9a14d3 tempest-GroupsV314Test-2077336607 None] /opt/stack/data/cinder/mnt/787e82fe3791c1e3d268bda1c213e374/volume-b635a80e-4c38-4963-be39-f8879afe94fe.d7e4170a-daa1-4c3b-ab6e-10cdeba5d8a7 is being set with open permissions: ugo+rw: NotImplementedError
Jul 10 07:46:22 devstack cinder-volume[87192]: DEBUG oslo_concurrency.processutils [None req-dcdf971a-442d-4aaa-ae69-d30f0e9a14d3 tempest-GroupsV314Test-2077336607 None] Running cmd (subprocess): sudo cinder-rootwrap /etc/cinder/rootwrap.conf chmod ugo+rw /opt/stack/data/cinder/mnt/787e82fe3791c1e3d268bda1c213e374/volume-b635a80e-4c38-4963-be39-f8879afe94fe.d7e4170a-daa1-4c3b-ab6e-10cdeba5d8a7 {{(pid=87192) execute /opt/stack/data/venv/lib/python3.12/site-packages/oslo_concurrency/processutils.py:440}}
Jul 10 07:46:22 devstack sudo[90686]: quobyte : PWD=/ ; USER=root ; COMMAND=/opt/stack/data/venv/bin/cinder-rootwrap /etc/cinder/rootwrap.conf chmod ugo+rw /opt/stack/data/cinder/mnt/787e82fe3791c1e3d268bda1c213e374/volume-b635a80e-4c38-4963-be39-f8879afe94fe.d7e4170a-daa1-4c3b-ab6e-10cdeba5d8a7
Jul 10 07:46:22 devstack sudo[90686]: pam_unix(sudo:session): session opened for user root(uid=0) by (uid=1000)
Jul 10 07:46:23 devstack sudo[90686]: pam_unix(sudo:session): session closed for user root
Jul 10 07:46:23 devstack cinder-volume[87192]: DEBUG oslo_concurrency.processutils [None req-dcdf971a-442d-4aaa-ae69-d30f0e9a14d3 tempest-GroupsV314Test-2077336607 None] CMD "sudo cinder-rootwrap /etc/cinder/rootwrap.conf chmod ugo+rw /opt/stack/data/cinder/mnt/787e82fe3791c1e3d268bda1c213e374/volume-b635a80e-4c38-4963-be39-f8879afe94fe.d7e4170a-daa1-4c3b-ab6e-10cdeba5d8a7" returned: 0 in 0.727s {{(pid=87192) execute /opt/stack/data/venv/lib/python3.12/site-packages/oslo_concurrency/processutils.py:468}}
Jul 10 07:46:23 devstack cinder-volume[87192]: DEBUG oslo_concurrency.processutils [None req-dcdf971a-442d-4aaa-ae69-d30f0e9a14d3 tempest-GroupsV314Test-2077336607 None] Running cmd (subprocess): sudo cinder-rootwrap /etc/cinder/rootwrap.conf truncate -s0 /opt/stack/data/cinder/mnt/787e82fe3791c1e3d268bda1c213e374/volume-b635a80e-4c38-4963-be39-f8879afe94fe.info {{(pid=87192) execute /opt/stack/data/venv/lib/python3.12/site-packages/oslo_concurrency/processutils.py:440}}
Jul 10 07:46:23 devstack sudo[90689]: quobyte : PWD=/ ; USER=root ; COMMAND=/opt/stack/data/venv/bin/cinder-rootwrap /etc/cinder/rootwrap.conf truncate -s0 /opt/stack/data/cinder/mnt/787e82fe3791c1e3d268bda1c213e374/volume-b635a80e-4c38-4963-be39-f8879afe94fe.info
Jul 10 07:46:23 devstack sudo[90689]: pam_unix(sudo:session): session opened for user root(uid=0) by (uid=1000)
Jul 10 07:46:24 devstack sudo[90689]: pam_unix(sudo:session): session closed for user root
Jul 10 07:46:24 devstack cinder-volume[87192]: DEBUG oslo_concurrency.processutils [None req-dcdf971a-442d-4aaa-ae69-d30f0e9a14d3 tempest-GroupsV314Test-2077336607 None] CMD "sudo cinder-rootwrap /etc/cinder/rootwrap.conf truncate -s0 /opt/stack/data/cinder/mnt/787e82fe3791c1e3d268bda1c213e374/volume-b635a80e-4c38-4963-be39-f8879afe94fe.info" returned: 0 in 0.712s {{(pid=87192) execute /opt/stack/data/venv/lib/python3.12/site-packages/oslo_concurrency/processutils.py:468}}
Jul 10 07:46:24 devstack cinder-volume[87192]: WARNING cinder.volume.drivers.remotefs [None req-dcdf971a-442d-4aaa-ae69-d30f0e9a14d3 tempest-GroupsV314Test-2077336607 None] /opt/stack/data/cinder/mnt/787e82fe3791c1e3d268bda1c213e374/volume-b635a80e-4c38-4963-be39-f8879afe94fe.info is being set with open permissions: ugo+rw: NotImplementedError
Jul 10 07:46:24 devstack cinder-volume[87192]: DEBUG oslo_concurrency.processutils [None req-dcdf971a-442d-4aaa-ae69-d30f0e9a14d3 tempest-GroupsV314Test-2077336607 None] Running cmd (subprocess): sudo cinder-rootwrap /etc/cinder/rootwrap.conf chmod ugo+rw /opt/stack/data/cinder/mnt/787e82fe3791c1e3d268bda1c213e374/volume-b635a80e-4c38-4963-be39-f8879afe94fe.info {{(pid=87192) execute /opt/stack/data/venv/lib/python3.12/site-packages/oslo_concurrency/processutils.py:440}}
Jul 10 07:46:24 devstack sudo[90692]: quobyte : PWD=/ ; USER=root ; COMMAND=/opt/stack/data/venv/bin/cinder-rootwrap /etc/cinder/rootwrap.conf chmod ugo+rw /opt/stack/data/cinder/mnt/787e82fe3791c1e3d268bda1c213e374/volume-b635a80e-4c38-4963-be39-f8879afe94fe.info
Jul 10 07:46:24 devstack sudo[90692]: pam_unix(sudo:session): session opened for user root(uid=0) by (uid=1000)
Jul 10 07:46:25 devstack sudo[90692]: pam_unix(sudo:session): session closed for user root
Jul 10 07:46:25 devstack cinder-volume[87192]: DEBUG oslo_concurrency.processutils [None req-dcdf971a-442d-4aaa-ae69-d30f0e9a14d3 tempest-GroupsV314Test-2077336607 None] CMD "sudo cinder-rootwrap /etc/cinder/rootwrap.conf chmod ugo+rw /opt/stack/data/cinder/mnt/787e82fe3791c1e3d268bda1c213e374/volume-b635a80e-4c38-4963-be39-f8879afe94fe.info" returned: 0 in 0.846s {{(pid=87192) execute /opt/stack/data/venv/lib/python3.12/site-packages/oslo_concurrency/processutils.py:468}}
Jul 10 07:46:25 devstack cinder-volume[87192]: DEBUG cinder.coordination [None req-dcdf971a-442d-4aaa-ae69-d30f0e9a14d3 tempest-GroupsV314Test-2077336607 None] Acquiring lock "cinder-quobyte-3af18f93-e215-4415-878b-98f9ca8ada47" by "_copy_volume_from_snapshot" {{(pid=87192) __acquire /opt/stack/cinder/cinder/coordination.py:138}}
Jul 10 07:46:25 devstack cinder-volume[87192]: DEBUG cinder.coordination [None req-dcdf971a-442d-4aaa-ae69-d30f0e9a14d3 tempest-GroupsV314Test-2077336607 None] Lock "cinder-quobyte-3af18f93-e215-4415-878b-98f9ca8ada47" acquired by "_copy_volume_from_snapshot" :: waited 0.027s {{(pid=87192) __acquire /opt/stack/cinder/cinder/coordination.py:141}}
Jul 10 07:46:25 devstack cinder-volume[87192]: DEBUG cinder.volume.drivers.quobyte [None req-dcdf971a-442d-4aaa-ae69-d30f0e9a14d3 tempest-GroupsV314Test-2077336607 None] snapshot: d7e4170a-daa1-4c3b-ab6e-10cdeba5d8a7, volume: 3af18f93-e215-4415-878b-98f9ca8ada47, {{(pid=87192) _copy_volume_from_snapshot /opt/stack/cinder/cinder/volume/drivers/quobyte.py:401}}
Jul 10 07:46:25 devstack cinder-volume[87192]: DEBUG oslo_concurrency.lockutils [None req-dcdf971a-442d-4aaa-ae69-d30f0e9a14d3 tempest-GroupsV314Test-2077336607 None] Acquiring lock "quobyte_ensure" by "cinder.volume.drivers.quobyte.QuobyteDriver._ensure_shares_mounted" {{(pid=87192) inner /opt/stack/data/venv/lib/python3.12/site-packages/oslo_concurrency/lockutils.py:511}}
Jul 10 07:46:25 devstack cinder-volume[87192]: DEBUG oslo_concurrency.lockutils [None req-dcdf971a-442d-4aaa-ae69-d30f0e9a14d3 tempest-GroupsV314Test-2077336607 None] Lock "quobyte_ensure" acquired by "cinder.volume.drivers.quobyte.QuobyteDriver._ensure_shares_mounted" :: waited 0.001s {{(pid=87192) inner /opt/stack/data/venv/lib/python3.12/site-packages/oslo_concurrency/lockutils.py:524}}
Jul 10 07:46:25 devstack cinder-volume[87192]: DEBUG cinder.volume.drivers.quobyte [None req-dcdf971a-442d-4aaa-ae69-d30f0e9a14d3 tempest-GroupsV314Test-2077336607 None] Quobyte Volume URL set to: {'osci02.corp.quobyte.com/cinder-vol-6430a336-5028-4c73-8347-6cbc0eabd895': None} {{(pid=87192) _load_shares_config /opt/stack/cinder/cinder/volume/drivers/quobyte.py:617}}
Jul 10 07:46:25 devstack cinder-volume[87192]: DEBUG cinder.volume.drivers.quobyte [None req-dcdf971a-442d-4aaa-ae69-d30f0e9a14d3 tempest-GroupsV314Test-2077336607 None] Available shares ['osci02.corp.quobyte.com/cinder-vol-6430a336-5028-4c73-8347-6cbc0eabd895'] {{(pid=87192) _ensure_shares_mounted /opt/stack/cinder/cinder/volume/drivers/quobyte.py:647}}
Jul 10 07:46:25 devstack cinder-volume[87192]: DEBUG oslo_concurrency.lockutils [None req-dcdf971a-442d-4aaa-ae69-d30f0e9a14d3 tempest-GroupsV314Test-2077336607 None] Lock "quobyte_ensure" "released" by "cinder.volume.drivers.quobyte.QuobyteDriver._ensure_shares_mounted" :: held 0.006s {{(pid=87192) inner /opt/stack/data/venv/lib/python3.12/site-packages/oslo_concurrency/lockutils.py:543}}
Jul 10 07:46:25 devstack cinder-volume[87192]: DEBUG oslo.privsep.daemon [-] privsep: reply[e03ce7ed-d034-4f7f-b4e9-798a9a1cc8dd]: (4, 'qcow2') {{(pid=88292) _call_back /opt/stack/data/venv/lib/python3.12/site-packages/oslo_privsep/daemon.py:580}}
Jul 10 07:46:25 devstack cinder-volume[87192]: DEBUG oslo_concurrency.processutils [None req-dcdf971a-442d-4aaa-ae69-d30f0e9a14d3 tempest-GroupsV314Test-2077336607 None] Running cmd (subprocess): /opt/stack/data/venv/bin/python3.12 -m oslo_concurrency.prlimit --as=1073741824 --cpu=60 -- sudo cinder-rootwrap /etc/cinder/rootwrap.conf env LC_ALL=C qemu-img info -f qcow2 --output=json --force-share /opt/stack/data/cinder/mnt/787e82fe3791c1e3d268bda1c213e374/volume-b635a80e-4c38-4963-be39-f8879afe94fe.d7e4170a-daa1-4c3b-ab6e-10cdeba5d8a7 {{(pid=87192) execute /opt/stack/data/venv/lib/python3.12/site-packages/oslo_concurrency/processutils.py:440}}
Jul 10 07:46:25 devstack sudo[90697]: quobyte : PWD=/ ; USER=root ; COMMAND=/opt/stack/data/venv/bin/cinder-rootwrap /etc/cinder/rootwrap.conf env LC_ALL=C qemu-img info -f qcow2 --output=json --force-share /opt/stack/data/cinder/mnt/787e82fe3791c1e3d268bda1c213e374/volume-b635a80e-4c38-4963-be39-f8879afe94fe.d7e4170a-daa1-4c3b-ab6e-10cdeba5d8a7
Jul 10 07:46:25 devstack sudo[90697]: pam_unix(sudo:session): session opened for user root(uid=0) by (uid=1000)
Jul 10 07:46:26 devstack sudo[90697]: pam_unix(sudo:session): session closed for user root
Jul 10 07:46:26 devstack cinder-volume[87192]: DEBUG oslo_concurrency.processutils [None req-dcdf971a-442d-4aaa-ae69-d30f0e9a14d3 tempest-GroupsV314Test-2077336607 None] CMD "/opt/stack/data/venv/bin/python3.12 -m oslo_concurrency.prlimit --as=1073741824 --cpu=60 -- sudo cinder-rootwrap /etc/cinder/rootwrap.conf env LC_ALL=C qemu-img info -f qcow2 --output=json --force-share /opt/stack/data/cinder/mnt/787e82fe3791c1e3d268bda1c213e374/volume-b635a80e-4c38-4963-be39-f8879afe94fe.d7e4170a-daa1-4c3b-ab6e-10cdeba5d8a7" returned: 0 in 0.854s {{(pid=87192) execute /opt/stack/data/venv/lib/python3.12/site-packages/oslo_concurrency/processutils.py:468}}
Jul 10 07:46:26 devstack cinder-volume[87192]: DEBUG cinder.volume.drivers.remotefs [None req-dcdf971a-442d-4aaa-ae69-d30f0e9a14d3 tempest-GroupsV314Test-2077336607 None] Fetching qemu-img info with special backing_file_template: (/opt/stack/data/cinder/mnt/[0-9a-f]+/)?(volume-b635a80e-4c38-4963-be39-f8879afe94fe(.(tmp-snap-)?[0-9a-f-]+)?|volume_from_snapshot_cache/(tmp-snap-)?[0-9a-f-]+(.(child-|parent-)[0-9a-f-]+)?)$ {{(pid=87192) _qemu_img_info_base /opt/stack/cinder/cinder/volume/drivers/remotefs.py:896}}
Jul 10 07:46:26 devstack cinder-volume[87192]: DEBUG cinder.volume.drivers.quobyte [None req-dcdf971a-442d-4aaa-ae69-d30f0e9a14d3 tempest-GroupsV314Test-2077336607 None] will copy from snapshot at /opt/stack/data/cinder/mnt/787e82fe3791c1e3d268bda1c213e374/volume-b635a80e-4c38-4963-be39-f8879afe94fe {{(pid=87192) _copy_volume_from_snapshot /opt/stack/cinder/cinder/volume/drivers/quobyte.py:420}}
Jul 10 07:46:26 devstack cinder-volume[87192]: DEBUG cinder.volume.drivers.quobyte [None req-dcdf971a-442d-4aaa-ae69-d30f0e9a14d3 tempest-GroupsV314Test-2077336607 None] Creating direct copy from snapshot {{(pid=87192) _copy_volume_from_snapshot /opt/stack/cinder/cinder/volume/drivers/quobyte.py:428}}
Jul 10 07:46:26 devstack cinder-volume[87192]: DEBUG oslo.privsep.daemon [-] privsep: reply[4d7993ab-147d-400e-a48f-8575bc0a1698]: (4, 'qcow2') {{(pid=88292) _call_back /opt/stack/data/venv/lib/python3.12/site-packages/oslo_privsep/daemon.py:580}}
Jul 10 07:46:26 devstack cinder-volume[87192]: DEBUG oslo_concurrency.processutils [None req-dcdf971a-442d-4aaa-ae69-d30f0e9a14d3 tempest-GroupsV314Test-2077336607 None] Running cmd (subprocess): /opt/stack/data/venv/bin/python3.12 -m oslo_concurrency.prlimit --as=1073741824 --cpu=60 -- sudo cinder-rootwrap /etc/cinder/rootwrap.conf env LC_ALL=C qemu-img info -f qcow2 --output=json /opt/stack/data/cinder/mnt/787e82fe3791c1e3d268bda1c213e374/volume-b635a80e-4c38-4963-be39-f8879afe94fe {{(pid=87192) execute /opt/stack/data/venv/lib/python3.12/site-packages/oslo_concurrency/processutils.py:440}}
Jul 10 07:46:26 devstack sudo[90705]: quobyte : PWD=/ ; USER=root ; COMMAND=/opt/stack/data/venv/bin/cinder-rootwrap /etc/cinder/rootwrap.conf env LC_ALL=C qemu-img info -f qcow2 --output=json /opt/stack/data/cinder/mnt/787e82fe3791c1e3d268bda1c213e374/volume-b635a80e-4c38-4963-be39-f8879afe94fe
Jul 10 07:46:26 devstack sudo[90705]: pam_unix(sudo:session): session opened for user root(uid=0) by (uid=1000)
Jul 10 07:46:27 devstack cinder-volume[87192]: DEBUG cinder.volume.flows.manager.create_volume [None req-0b5c221d-2d65-4d7e-bc9d-528488e00c4f tempest-AttachVolumeNegativeTest-1771272357 None] Volume reschedule parameters: True retry: {'num_attempts': 1, 'backends': ['devstack@QuobyteHD#QuobyteHD'], 'hosts': ['devstack@QuobyteHD#QuobyteHD']} {{(pid=87192) get_flow /opt/stack/cinder/cinder/volume/flows/manager/create_volume.py:1397}}
Jul 10 07:46:27 devstack cinder-volume[87192]: DEBUG cinder.volume.manager [None req-0b5c221d-2d65-4d7e-bc9d-528488e00c4f tempest-AttachVolumeNegativeTest-1771272357 None] Flow 'volume_create_manager' (db34c697-c206-4d49-ab8d-f21adaedb17b) transitioned into state 'RUNNING' from state 'PENDING' {{(pid=87192) _flow_receiver /opt/stack/data/venv/lib/python3.12/site-packages/taskflow/listeners/logging.py:160}}
Jul 10 07:46:27 devstack cinder-volume[87192]: DEBUG cinder.volume.manager [None req-0b5c221d-2d65-4d7e-bc9d-528488e00c4f tempest-AttachVolumeNegativeTest-1771272357 None] Task 'cinder.volume.flows.manager.create_volume.ExtractVolumeRefTask;volume:create' (56b28ced-7691-47e3-a504-34c7d138a833) transitioned into state 'RUNNING' from state 'PENDING' {{(pid=87192) _task_receiver /opt/stack/data/venv/lib/python3.12/site-packages/taskflow/listeners/logging.py:242}}
Jul 10 07:46:27 devstack cinder-volume[87192]: DEBUG cinder.volume.manager [None req-0b5c221d-2d65-4d7e-bc9d-528488e00c4f tempest-AttachVolumeNegativeTest-1771272357 None] Task 'cinder.volume.flows.manager.create_volume.ExtractVolumeRefTask;volume:create' (56b28ced-7691-47e3-a504-34c7d138a833) transitioned into state 'SUCCESS' from state 'RUNNING' with result 'Volume(_name_id=None,admin_metadata=,attach_status='detached',availability_zone='nova',bootable=False,cluster=,cluster_name=None,consistencygroup=,consistencygroup_id=None,created_at=2026-07-10T05:46:27Z,deleted=False,deleted_at=None,display_description=None,display_name='tempest-AttachVolumeNegativeTest-volume-1029577041',ec2_id=None,encryption_key_id=None,glance_metadata=,group=,group_id=None,host='devstack@QuobyteHD#QuobyteHD',id=8a7284ce-c469-4d54-ae5b-371f72b9311a,launched_at=None,metadata={},migration_status=None,multiattach=False,previous_status=None,project_id='2bc49a74c9bc4e24835e1bebf98df0f1',provider_auth=None,provider_geometry=None,provider_id=None,provider_location=None,replication_driver_data=None,replication_extended_status=None,replication_status=None,scheduled_at=2026-07-10T05:46:27Z,service_uuid=None,shared_targets=True,size=1,snapshot_id=None,snapshots=,source_volid=None,status='creating',terminated_at=None,updated_at=2026-07-10T05:46:27Z,use_quota=True,user_id='56dd096c35dd44e78881d6fa7d2f8d63',volume_attachment=VolumeAttachmentList,volume_type=VolumeType(5056d29d-6c59-48ee-a98e-9d34e91e8bd3),volume_type_id=5056d29d-6c59-48ee-a98e-9d34e91e8bd3)' {{(pid=87192) _task_receiver /opt/stack/data/venv/lib/python3.12/site-packages/taskflow/listeners/logging.py:218}}
Jul 10 07:46:27 devstack cinder-volume[87192]: DEBUG cinder.volume.manager [None req-0b5c221d-2d65-4d7e-bc9d-528488e00c4f tempest-AttachVolumeNegativeTest-1771272357 None] Task 'cinder.volume.flows.manager.create_volume.OnFailureRescheduleTask;volume:create' (1319acde-48ca-401d-93d8-b8c92c8da926) transitioned into state 'RUNNING' from state 'PENDING' {{(pid=87192) _task_receiver /opt/stack/data/venv/lib/python3.12/site-packages/taskflow/listeners/logging.py:242}}
Jul 10 07:46:27 devstack cinder-volume[87192]: DEBUG cinder.volume.manager [None req-0b5c221d-2d65-4d7e-bc9d-528488e00c4f tempest-AttachVolumeNegativeTest-1771272357 None] Task 'cinder.volume.flows.manager.create_volume.OnFailureRescheduleTask;volume:create' (1319acde-48ca-401d-93d8-b8c92c8da926) transitioned into state 'SUCCESS' from state 'RUNNING' with result 'None' {{(pid=87192) _task_receiver /opt/stack/data/venv/lib/python3.12/site-packages/taskflow/listeners/logging.py:218}}
Jul 10 07:46:27 devstack cinder-volume[87192]: DEBUG cinder.volume.manager [None req-0b5c221d-2d65-4d7e-bc9d-528488e00c4f tempest-AttachVolumeNegativeTest-1771272357 None] Task 'cinder.volume.flows.manager.create_volume.ExtractVolumeSpecTask;volume:create' (82eb2e15-384b-47bb-b218-b5afd4d8d64d) transitioned into state 'RUNNING' from state 'PENDING' {{(pid=87192) _task_receiver /opt/stack/data/venv/lib/python3.12/site-packages/taskflow/listeners/logging.py:242}}
Jul 10 07:46:27 devstack cinder-volume[87192]: DEBUG cinder.volume.manager [None req-0b5c221d-2d65-4d7e-bc9d-528488e00c4f tempest-AttachVolumeNegativeTest-1771272357 None] Task 'cinder.volume.flows.manager.create_volume.ExtractVolumeSpecTask;volume:create' (82eb2e15-384b-47bb-b218-b5afd4d8d64d) transitioned into state 'SUCCESS' from state 'RUNNING' with result '{'status': 'creating', 'type': 'raw', 'volume_id': '8a7284ce-c469-4d54-ae5b-371f72b9311a', 'volume_name': 'volume-8a7284ce-c469-4d54-ae5b-371f72b9311a', 'volume_size': 1}' {{(pid=87192) _task_receiver /opt/stack/data/venv/lib/python3.12/site-packages/taskflow/listeners/logging.py:218}}
Jul 10 07:46:27 devstack cinder-volume[87192]: DEBUG cinder.volume.manager [None req-0b5c221d-2d65-4d7e-bc9d-528488e00c4f tempest-AttachVolumeNegativeTest-1771272357 None] Task 'cinder.volume.flows.manager.create_volume.NotifyVolumeActionTask;volume:create, create.start' (8c641d60-308a-47a9-9e42-222aab54772e) transitioned into state 'RUNNING' from state 'PENDING' {{(pid=87192) _task_receiver /opt/stack/data/venv/lib/python3.12/site-packages/taskflow/listeners/logging.py:242}}
Jul 10 07:46:27 devstack cinder-volume[87192]: DEBUG cinder.volume.manager [None req-0b5c221d-2d65-4d7e-bc9d-528488e00c4f tempest-AttachVolumeNegativeTest-1771272357 None] Task 'cinder.volume.flows.manager.create_volume.NotifyVolumeActionTask;volume:create, create.start' (8c641d60-308a-47a9-9e42-222aab54772e) transitioned into state 'SUCCESS' from state 'RUNNING' with result 'None' {{(pid=87192) _task_receiver /opt/stack/data/venv/lib/python3.12/site-packages/taskflow/listeners/logging.py:218}}
Jul 10 07:46:27 devstack cinder-volume[87192]: DEBUG cinder.volume.manager [None req-0b5c221d-2d65-4d7e-bc9d-528488e00c4f tempest-AttachVolumeNegativeTest-1771272357 None] Task 'cinder.volume.flows.manager.create_volume.CreateVolumeFromSpecTask;volume:create' (d0030a7b-7677-4a67-a88f-755c3a7e1a62) transitioned into state 'RUNNING' from state 'PENDING' {{(pid=87192) _task_receiver /opt/stack/data/venv/lib/python3.12/site-packages/taskflow/listeners/logging.py:242}}
Jul 10 07:46:27 devstack cinder-volume[87192]: INFO cinder.volume.flows.manager.create_volume [None req-0b5c221d-2d65-4d7e-bc9d-528488e00c4f tempest-AttachVolumeNegativeTest-1771272357 None] Volume 8a7284ce-c469-4d54-ae5b-371f72b9311a: being created as raw with specification: {'status': 'creating', 'volume_name': 'volume-8a7284ce-c469-4d54-ae5b-371f72b9311a', 'volume_size': 1}
Jul 10 07:46:27 devstack cinder-volume[87192]: DEBUG oslo_concurrency.lockutils [None req-0b5c221d-2d65-4d7e-bc9d-528488e00c4f tempest-AttachVolumeNegativeTest-1771272357 None] Acquiring lock "quobyte" by "cinder.volume.drivers.quobyte.QuobyteDriver.create_volume" {{(pid=87192) inner /opt/stack/data/venv/lib/python3.12/site-packages/oslo_concurrency/lockutils.py:511}}
Jul 10 07:46:27 devstack sudo[90705]: pam_unix(sudo:session): session closed for user root
Jul 10 07:46:27 devstack cinder-volume[87192]: DEBUG oslo_concurrency.processutils [None req-dcdf971a-442d-4aaa-ae69-d30f0e9a14d3 tempest-GroupsV314Test-2077336607 None] CMD "/opt/stack/data/venv/bin/python3.12 -m oslo_concurrency.prlimit --as=1073741824 --cpu=60 -- sudo cinder-rootwrap /etc/cinder/rootwrap.conf env LC_ALL=C qemu-img info -f qcow2 --output=json /opt/stack/data/cinder/mnt/787e82fe3791c1e3d268bda1c213e374/volume-b635a80e-4c38-4963-be39-f8879afe94fe" returned: 0 in 1.246s {{(pid=87192) execute /opt/stack/data/venv/lib/python3.12/site-packages/oslo_concurrency/processutils.py:468}}
Jul 10 07:46:27 devstack cinder-volume[87192]: DEBUG cinder.utils [None req-dcdf971a-442d-4aaa-ae69-d30f0e9a14d3 tempest-GroupsV314Test-2077336607 None] Path /opt/stack/data/cinder/mnt/787e82fe3791c1e3d268bda1c213e374/volume-3af18f93-e215-4415-878b-98f9ca8ada47 not found in is_blk_device check {{(pid=87192) is_blk_device /opt/stack/cinder/cinder/utils.py:615}}
Jul 10 07:46:27 devstack cinder-volume[87192]: DEBUG oslo_concurrency.processutils [None req-dcdf971a-442d-4aaa-ae69-d30f0e9a14d3 tempest-GroupsV314Test-2077336607 None] Running cmd (subprocess): sudo cinder-rootwrap /etc/cinder/rootwrap.conf qemu-img convert -O qcow2 /opt/stack/data/cinder/mnt/787e82fe3791c1e3d268bda1c213e374/volume-b635a80e-4c38-4963-be39-f8879afe94fe /opt/stack/data/cinder/mnt/787e82fe3791c1e3d268bda1c213e374/volume-3af18f93-e215-4415-878b-98f9ca8ada47 {{(pid=87192) execute /opt/stack/data/venv/lib/python3.12/site-packages/oslo_concurrency/processutils.py:440}}
Jul 10 07:46:27 devstack sudo[90725]: quobyte : PWD=/ ; USER=root ; COMMAND=/opt/stack/data/venv/bin/cinder-rootwrap /etc/cinder/rootwrap.conf qemu-img convert -O qcow2 /opt/stack/data/cinder/mnt/787e82fe3791c1e3d268bda1c213e374/volume-b635a80e-4c38-4963-be39-f8879afe94fe /opt/stack/data/cinder/mnt/787e82fe3791c1e3d268bda1c213e374/volume-3af18f93-e215-4415-878b-98f9ca8ada47
Jul 10 07:46:27 devstack sudo[90725]: pam_unix(sudo:session): session opened for user root(uid=0) by (uid=1000)
Jul 10 07:46:30 devstack cinder-volume[87192]: INFO cinder.volume.manager [req-08e75a00-8fe5-46e5-815f-f905c453bc73 req-ced6c47b-fc44-40d2-a0d8-f8103b90dd06 tempest-ServerActionsTestOtherA-1371437059 None] Terminate volume connection completed successfully.
Jul 10 07:46:30 devstack cinder-volume[87192]: DEBUG cinder.volume.manager [req-08e75a00-8fe5-46e5-815f-f905c453bc73 req-ced6c47b-fc44-40d2-a0d8-f8103b90dd06 tempest-ServerActionsTestOtherA-1371437059 None] Deleting attachment 21d7442e-8d6f-4ebc-8a0c-a7ddba0c9232. {{(pid=87192) attachment_delete /opt/stack/cinder/cinder/volume/manager.py:5055}}
Jul 10 07:46:34 devstack cinder-volume[87192]: DEBUG oslo_concurrency.lockutils [req-08e75a00-8fe5-46e5-815f-f905c453bc73 req-c39d9dd6-1b9f-45ba-ab43-a20c5c3a20ce tempest-ServerActionsTestOtherA-1371437059 None] Acquiring lock "quobyte" by "cinder.volume.drivers.quobyte.QuobyteDriver.initialize_connection" {{(pid=87192) inner /opt/stack/data/venv/lib/python3.12/site-packages/oslo_concurrency/lockutils.py:511}}
Jul 10 07:46:34 devstack sudo[90725]: pam_unix(sudo:session): session closed for user root
Jul 10 07:46:34 devstack cinder-volume[87192]: DEBUG oslo_concurrency.processutils [None req-dcdf971a-442d-4aaa-ae69-d30f0e9a14d3 tempest-GroupsV314Test-2077336607 None] CMD "sudo cinder-rootwrap /etc/cinder/rootwrap.conf qemu-img convert -O qcow2 /opt/stack/data/cinder/mnt/787e82fe3791c1e3d268bda1c213e374/volume-b635a80e-4c38-4963-be39-f8879afe94fe /opt/stack/data/cinder/mnt/787e82fe3791c1e3d268bda1c213e374/volume-3af18f93-e215-4415-878b-98f9ca8ada47" returned: 0 in 6.891s {{(pid=87192) execute /opt/stack/data/venv/lib/python3.12/site-packages/oslo_concurrency/processutils.py:468}}
Jul 10 07:46:34 devstack cinder-volume[87192]: DEBUG oslo.privsep.daemon [-] privsep: reply[32a677b4-14af-4bdc-a232-7b280af611e8]: (4, 'qcow2') {{(pid=88292) _call_back /opt/stack/data/venv/lib/python3.12/site-packages/oslo_privsep/daemon.py:580}}
Jul 10 07:46:34 devstack cinder-volume[87192]: DEBUG oslo_concurrency.processutils [None req-dcdf971a-442d-4aaa-ae69-d30f0e9a14d3 tempest-GroupsV314Test-2077336607 None] Running cmd (subprocess): /opt/stack/data/venv/bin/python3.12 -m oslo_concurrency.prlimit --as=1073741824 --cpu=60 -- sudo cinder-rootwrap /etc/cinder/rootwrap.conf env LC_ALL=C qemu-img info -f qcow2 --output=json /opt/stack/data/cinder/mnt/787e82fe3791c1e3d268bda1c213e374/volume-b635a80e-4c38-4963-be39-f8879afe94fe {{(pid=87192) execute /opt/stack/data/venv/lib/python3.12/site-packages/oslo_concurrency/processutils.py:440}}
Jul 10 07:46:34 devstack sudo[90816]: quobyte : PWD=/ ; USER=root ; COMMAND=/opt/stack/data/venv/bin/cinder-rootwrap /etc/cinder/rootwrap.conf env LC_ALL=C qemu-img info -f qcow2 --output=json /opt/stack/data/cinder/mnt/787e82fe3791c1e3d268bda1c213e374/volume-b635a80e-4c38-4963-be39-f8879afe94fe
Jul 10 07:46:34 devstack sudo[90816]: pam_unix(sudo:session): session opened for user root(uid=0) by (uid=1000)
Jul 10 07:46:35 devstack sudo[90816]: pam_unix(sudo:session): session closed for user root
Jul 10 07:46:35 devstack cinder-volume[87192]: DEBUG oslo_concurrency.processutils [None req-dcdf971a-442d-4aaa-ae69-d30f0e9a14d3 tempest-GroupsV314Test-2077336607 None] CMD "/opt/stack/data/venv/bin/python3.12 -m oslo_concurrency.prlimit --as=1073741824 --cpu=60 -- sudo cinder-rootwrap /etc/cinder/rootwrap.conf env LC_ALL=C qemu-img info -f qcow2 --output=json /opt/stack/data/cinder/mnt/787e82fe3791c1e3d268bda1c213e374/volume-b635a80e-4c38-4963-be39-f8879afe94fe" returned: 0 in 0.941s {{(pid=87192) execute /opt/stack/data/venv/lib/python3.12/site-packages/oslo_concurrency/processutils.py:468}}
Jul 10 07:46:35 devstack cinder-volume[87192]: DEBUG cinder.image.image_utils [None req-dcdf971a-442d-4aaa-ae69-d30f0e9a14d3 tempest-GroupsV314Test-2077336607 None] Image conversion details: src /opt/stack/data/cinder/mnt/787e82fe3791c1e3d268bda1c213e374/volume-b635a80e-4c38-4963-be39-f8879afe94fe, size 1024.00 MB, duration 6.89 sec, destination /opt/stack/data/cinder/mnt/787e82fe3791c1e3d268bda1c213e374/volume-3af18f93-e215-4415-878b-98f9ca8ada47 {{(pid=87192) _convert_image /opt/stack/cinder/cinder/image/image_utils.py:536}}
Jul 10 07:46:35 devstack cinder-volume[87192]: INFO cinder.image.image_utils [None req-dcdf971a-442d-4aaa-ae69-d30f0e9a14d3 tempest-GroupsV314Test-2077336607 None] Converted 1024.00 MB image at 148.59 MB/s
Jul 10 07:46:35 devstack cinder-volume[87192]: WARNING cinder.volume.drivers.remotefs [None req-dcdf971a-442d-4aaa-ae69-d30f0e9a14d3 tempest-GroupsV314Test-2077336607 None] /opt/stack/data/cinder/mnt/787e82fe3791c1e3d268bda1c213e374/volume-3af18f93-e215-4415-878b-98f9ca8ada47 is being set with open permissions: ugo+rw: NotImplementedError
Jul 10 07:46:35 devstack cinder-volume[87192]: DEBUG oslo_concurrency.processutils [None req-dcdf971a-442d-4aaa-ae69-d30f0e9a14d3 tempest-GroupsV314Test-2077336607 None] Running cmd (subprocess): sudo cinder-rootwrap /etc/cinder/rootwrap.conf chmod ugo+rw /opt/stack/data/cinder/mnt/787e82fe3791c1e3d268bda1c213e374/volume-3af18f93-e215-4415-878b-98f9ca8ada47 {{(pid=87192) execute /opt/stack/data/venv/lib/python3.12/site-packages/oslo_concurrency/processutils.py:440}}
Jul 10 07:46:35 devstack sudo[90822]: quobyte : PWD=/ ; USER=root ; COMMAND=/opt/stack/data/venv/bin/cinder-rootwrap /etc/cinder/rootwrap.conf chmod ugo+rw /opt/stack/data/cinder/mnt/787e82fe3791c1e3d268bda1c213e374/volume-3af18f93-e215-4415-878b-98f9ca8ada47
Jul 10 07:46:35 devstack sudo[90822]: pam_unix(sudo:session): session opened for user root(uid=0) by (uid=1000)
Jul 10 07:46:35 devstack sudo[90822]: pam_unix(sudo:session): session closed for user root
Jul 10 07:46:35 devstack cinder-volume[87192]: DEBUG oslo_concurrency.processutils [None req-dcdf971a-442d-4aaa-ae69-d30f0e9a14d3 tempest-GroupsV314Test-2077336607 None] CMD "sudo cinder-rootwrap /etc/cinder/rootwrap.conf chmod ugo+rw /opt/stack/data/cinder/mnt/787e82fe3791c1e3d268bda1c213e374/volume-3af18f93-e215-4415-878b-98f9ca8ada47" returned: 0 in 0.658s {{(pid=87192) execute /opt/stack/data/venv/lib/python3.12/site-packages/oslo_concurrency/processutils.py:468}}
Jul 10 07:46:35 devstack cinder-volume[87192]: DEBUG cinder.coordination [None req-dcdf971a-442d-4aaa-ae69-d30f0e9a14d3 tempest-GroupsV314Test-2077336607 None] Lock "cinder-quobyte-3af18f93-e215-4415-878b-98f9ca8ada47" released by "_copy_volume_from_snapshot" :: held 10.717s {{(pid=87192) __release /opt/stack/cinder/cinder/coordination.py:152}}
Jul 10 07:46:35 devstack cinder-volume[87192]: DEBUG cinder.coordination [None req-dcdf971a-442d-4aaa-ae69-d30f0e9a14d3 tempest-GroupsV314Test-2077336607 None] Acquiring lock "cinder-quobyte-d7e4170a-daa1-4c3b-ab6e-10cdeba5d8a7" by "_delete_snapshot" {{(pid=87192) __acquire /opt/stack/cinder/cinder/coordination.py:138}}
Jul 10 07:46:35 devstack cinder-volume[87192]: DEBUG cinder.coordination [None req-dcdf971a-442d-4aaa-ae69-d30f0e9a14d3 tempest-GroupsV314Test-2077336607 None] Lock "cinder-quobyte-d7e4170a-daa1-4c3b-ab6e-10cdeba5d8a7" acquired by "_delete_snapshot" :: waited 0.016s {{(pid=87192) __acquire /opt/stack/cinder/cinder/coordination.py:141}}
Jul 10 07:46:35 devstack cinder-volume[87192]: DEBUG cinder.volume.drivers.remotefs [None req-dcdf971a-442d-4aaa-ae69-d30f0e9a14d3 tempest-GroupsV314Test-2077336607 None] Deleting offline snapshot d7e4170a-daa1-4c3b-ab6e-10cdeba5d8a7 of volume b635a80e-4c38-4963-be39-f8879afe94fe {{(pid=87192) _delete_snapshot /opt/stack/cinder/cinder/volume/drivers/remotefs.py:1288}}
Jul 10 07:46:35 devstack cinder-volume[87192]: DEBUG cinder.volume.drivers.remotefs [None req-dcdf971a-442d-4aaa-ae69-d30f0e9a14d3 tempest-GroupsV314Test-2077336607 None] snapshot_file for this snap is: volume-b635a80e-4c38-4963-be39-f8879afe94fe.d7e4170a-daa1-4c3b-ab6e-10cdeba5d8a7 {{(pid=87192) _delete_snapshot /opt/stack/cinder/cinder/volume/drivers/remotefs.py:1317}}
Jul 10 07:46:35 devstack cinder-volume[87192]: DEBUG oslo.privsep.daemon [-] privsep: reply[4c72ea8d-178a-401b-a40a-b2b2a95f3ce0]: (4, 'qcow2') {{(pid=88292) _call_back /opt/stack/data/venv/lib/python3.12/site-packages/oslo_privsep/daemon.py:580}}
Jul 10 07:46:35 devstack cinder-volume[87192]: DEBUG oslo_concurrency.processutils [None req-dcdf971a-442d-4aaa-ae69-d30f0e9a14d3 tempest-GroupsV314Test-2077336607 None] Running cmd (subprocess): /opt/stack/data/venv/bin/python3.12 -m oslo_concurrency.prlimit --as=1073741824 --cpu=60 -- sudo cinder-rootwrap /etc/cinder/rootwrap.conf env LC_ALL=C qemu-img info -f qcow2 --output=json --force-share /opt/stack/data/cinder/mnt/787e82fe3791c1e3d268bda1c213e374/volume-b635a80e-4c38-4963-be39-f8879afe94fe.d7e4170a-daa1-4c3b-ab6e-10cdeba5d8a7 {{(pid=87192) execute /opt/stack/data/venv/lib/python3.12/site-packages/oslo_concurrency/processutils.py:440}}
Jul 10 07:46:36 devstack sudo[90829]: quobyte : PWD=/ ; USER=root ; COMMAND=/opt/stack/data/venv/bin/cinder-rootwrap /etc/cinder/rootwrap.conf env LC_ALL=C qemu-img info -f qcow2 --output=json --force-share /opt/stack/data/cinder/mnt/787e82fe3791c1e3d268bda1c213e374/volume-b635a80e-4c38-4963-be39-f8879afe94fe.d7e4170a-daa1-4c3b-ab6e-10cdeba5d8a7
Jul 10 07:46:36 devstack sudo[90829]: pam_unix(sudo:session): session opened for user root(uid=0) by (uid=1000)
Jul 10 07:46:36 devstack cinder-volume[87192]: DEBUG oslo_service.periodic_task [None req-a8a45179-9bfb-4b43-8796-70e26f370409 None None] Running periodic task VolumeManager.publish_service_capabilities {{(pid=87192) run_periodic_tasks /opt/stack/data/venv/lib/python3.12/site-packages/oslo_service/periodic_task.py:225}}
Jul 10 07:46:36 devstack cinder-volume[87192]: DEBUG oslo_concurrency.lockutils [None req-a8a45179-9bfb-4b43-8796-70e26f370409 None None] Acquiring lock "quobyte_ensure" by "cinder.volume.drivers.quobyte.QuobyteDriver._ensure_shares_mounted" {{(pid=87192) inner /opt/stack/data/venv/lib/python3.12/site-packages/oslo_concurrency/lockutils.py:511}}
Jul 10 07:46:36 devstack cinder-volume[87192]: DEBUG oslo_concurrency.lockutils [None req-a8a45179-9bfb-4b43-8796-70e26f370409 None None] Lock "quobyte_ensure" acquired by "cinder.volume.drivers.quobyte.QuobyteDriver._ensure_shares_mounted" :: waited 0.000s {{(pid=87192) inner /opt/stack/data/venv/lib/python3.12/site-packages/oslo_concurrency/lockutils.py:524}}
Jul 10 07:46:36 devstack cinder-volume[87192]: DEBUG cinder.volume.drivers.quobyte [None req-a8a45179-9bfb-4b43-8796-70e26f370409 None None] Quobyte Volume URL set to: {'osci02.corp.quobyte.com/cinder-vol-6430a336-5028-4c73-8347-6cbc0eabd895': None} {{(pid=87192) _load_shares_config /opt/stack/cinder/cinder/volume/drivers/quobyte.py:617}}
Jul 10 07:46:36 devstack cinder-volume[87192]: DEBUG cinder.volume.drivers.quobyte [None req-a8a45179-9bfb-4b43-8796-70e26f370409 None None] Available shares ['osci02.corp.quobyte.com/cinder-vol-6430a336-5028-4c73-8347-6cbc0eabd895'] {{(pid=87192) _ensure_shares_mounted /opt/stack/cinder/cinder/volume/drivers/quobyte.py:647}}
Jul 10 07:46:36 devstack cinder-volume[87192]: DEBUG oslo_concurrency.lockutils [None req-a8a45179-9bfb-4b43-8796-70e26f370409 None None] Lock "quobyte_ensure" "released" by "cinder.volume.drivers.quobyte.QuobyteDriver._ensure_shares_mounted" :: held 0.006s {{(pid=87192) inner /opt/stack/data/venv/lib/python3.12/site-packages/oslo_concurrency/lockutils.py:543}}
Jul 10 07:46:36 devstack cinder-volume[87192]: DEBUG oslo_concurrency.processutils [None req-a8a45179-9bfb-4b43-8796-70e26f370409 None None] Running cmd (subprocess): sudo cinder-rootwrap /etc/cinder/rootwrap.conf df --portability --block-size 1 /opt/stack/data/cinder/mnt/787e82fe3791c1e3d268bda1c213e374 {{(pid=87192) execute /opt/stack/data/venv/lib/python3.12/site-packages/oslo_concurrency/processutils.py:440}}
Jul 10 07:46:36 devstack sudo[90835]: quobyte : PWD=/ ; USER=root ; COMMAND=/opt/stack/data/venv/bin/cinder-rootwrap /etc/cinder/rootwrap.conf df --portability --block-size 1 /opt/stack/data/cinder/mnt/787e82fe3791c1e3d268bda1c213e374
Jul 10 07:46:36 devstack sudo[90835]: pam_unix(sudo:session): session opened for user root(uid=0) by (uid=1000)
Jul 10 07:46:36 devstack sudo[90829]: pam_unix(sudo:session): session closed for user root
Jul 10 07:46:36 devstack cinder-volume[87192]: DEBUG oslo_concurrency.processutils [None req-dcdf971a-442d-4aaa-ae69-d30f0e9a14d3 tempest-GroupsV314Test-2077336607 None] CMD "/opt/stack/data/venv/bin/python3.12 -m oslo_concurrency.prlimit --as=1073741824 --cpu=60 -- sudo cinder-rootwrap /etc/cinder/rootwrap.conf env LC_ALL=C qemu-img info -f qcow2 --output=json --force-share /opt/stack/data/cinder/mnt/787e82fe3791c1e3d268bda1c213e374/volume-b635a80e-4c38-4963-be39-f8879afe94fe.d7e4170a-daa1-4c3b-ab6e-10cdeba5d8a7" returned: 0 in 0.792s {{(pid=87192) execute /opt/stack/data/venv/lib/python3.12/site-packages/oslo_concurrency/processutils.py:468}}
Jul 10 07:46:36 devstack cinder-volume[87192]: DEBUG cinder.volume.drivers.remotefs [None req-dcdf971a-442d-4aaa-ae69-d30f0e9a14d3 tempest-GroupsV314Test-2077336607 None] Fetching qemu-img info with special backing_file_template: (/opt/stack/data/cinder/mnt/[0-9a-f]+/)?(volume-b635a80e-4c38-4963-be39-f8879afe94fe(.(tmp-snap-)?[0-9a-f-]+)?|volume_from_snapshot_cache/(tmp-snap-)?[0-9a-f-]+(.(child-|parent-)[0-9a-f-]+)?)$ {{(pid=87192) _qemu_img_info_base /opt/stack/cinder/cinder/volume/drivers/remotefs.py:896}}
Jul 10 07:46:36 devstack cinder-volume[87192]: DEBUG oslo.privsep.daemon [-] privsep: reply[ffb9e1a7-61a7-4dbb-ba51-593ff52c66fe]: (4, 'qcow2') {{(pid=88292) _call_back /opt/stack/data/venv/lib/python3.12/site-packages/oslo_privsep/daemon.py:580}}
Jul 10 07:46:36 devstack cinder-volume[87192]: DEBUG oslo_concurrency.processutils [None req-dcdf971a-442d-4aaa-ae69-d30f0e9a14d3 tempest-GroupsV314Test-2077336607 None] Running cmd (subprocess): /opt/stack/data/venv/bin/python3.12 -m oslo_concurrency.prlimit --as=1073741824 --cpu=60 -- sudo cinder-rootwrap /etc/cinder/rootwrap.conf env LC_ALL=C qemu-img info -f qcow2 --output=json --force-share /opt/stack/data/cinder/mnt/787e82fe3791c1e3d268bda1c213e374/volume-b635a80e-4c38-4963-be39-f8879afe94fe {{(pid=87192) execute /opt/stack/data/venv/lib/python3.12/site-packages/oslo_concurrency/processutils.py:440}}
Jul 10 07:46:36 devstack sudo[90840]: quobyte : PWD=/ ; USER=root ; COMMAND=/opt/stack/data/venv/bin/cinder-rootwrap /etc/cinder/rootwrap.conf env LC_ALL=C qemu-img info -f qcow2 --output=json --force-share /opt/stack/data/cinder/mnt/787e82fe3791c1e3d268bda1c213e374/volume-b635a80e-4c38-4963-be39-f8879afe94fe
Jul 10 07:46:36 devstack sudo[90840]: pam_unix(sudo:session): session opened for user root(uid=0) by (uid=1000)
Jul 10 07:46:37 devstack sudo[90835]: pam_unix(sudo:session): session closed for user root
Jul 10 07:46:37 devstack cinder-volume[87192]: DEBUG oslo_concurrency.processutils [None req-a8a45179-9bfb-4b43-8796-70e26f370409 None None] CMD "sudo cinder-rootwrap /etc/cinder/rootwrap.conf df --portability --block-size 1 /opt/stack/data/cinder/mnt/787e82fe3791c1e3d268bda1c213e374" returned: 0 in 0.681s {{(pid=87192) execute /opt/stack/data/venv/lib/python3.12/site-packages/oslo_concurrency/processutils.py:468}}
Jul 10 07:46:37 devstack cinder-volume[87192]: DEBUG cinder.manager [None req-a8a45179-9bfb-4b43-8796-70e26f370409 None None] Notifying Schedulers of capabilities ... {{(pid=87192) _publish_service_capabilities /opt/stack/cinder/cinder/manager.py:219}}
Jul 10 07:46:37 devstack sudo[90840]: pam_unix(sudo:session): session closed for user root
Jul 10 07:46:37 devstack cinder-volume[87192]: DEBUG oslo_concurrency.processutils [None req-dcdf971a-442d-4aaa-ae69-d30f0e9a14d3 tempest-GroupsV314Test-2077336607 None] CMD "/opt/stack/data/venv/bin/python3.12 -m oslo_concurrency.prlimit --as=1073741824 --cpu=60 -- sudo cinder-rootwrap /etc/cinder/rootwrap.conf env LC_ALL=C qemu-img info -f qcow2 --output=json --force-share /opt/stack/data/cinder/mnt/787e82fe3791c1e3d268bda1c213e374/volume-b635a80e-4c38-4963-be39-f8879afe94fe" returned: 0 in 0.759s {{(pid=87192) execute /opt/stack/data/venv/lib/python3.12/site-packages/oslo_concurrency/processutils.py:468}}
Jul 10 07:46:37 devstack cinder-volume[87192]: DEBUG oslo_concurrency.processutils [None req-dcdf971a-442d-4aaa-ae69-d30f0e9a14d3 tempest-GroupsV314Test-2077336607 None] Running cmd (subprocess): sudo cinder-rootwrap /etc/cinder/rootwrap.conf qemu-img commit -d /opt/stack/data/cinder/mnt/787e82fe3791c1e3d268bda1c213e374/volume-b635a80e-4c38-4963-be39-f8879afe94fe.d7e4170a-daa1-4c3b-ab6e-10cdeba5d8a7 {{(pid=87192) execute /opt/stack/data/venv/lib/python3.12/site-packages/oslo_concurrency/processutils.py:440}}
Jul 10 07:46:37 devstack sudo[90846]: quobyte : PWD=/ ; USER=root ; COMMAND=/opt/stack/data/venv/bin/cinder-rootwrap /etc/cinder/rootwrap.conf qemu-img commit -d /opt/stack/data/cinder/mnt/787e82fe3791c1e3d268bda1c213e374/volume-b635a80e-4c38-4963-be39-f8879afe94fe.d7e4170a-daa1-4c3b-ab6e-10cdeba5d8a7
Jul 10 07:46:37 devstack sudo[90846]: pam_unix(sudo:session): session opened for user root(uid=0) by (uid=1000)
Jul 10 07:46:38 devstack sudo[90846]: pam_unix(sudo:session): session closed for user root
Jul 10 07:46:38 devstack cinder-volume[87192]: DEBUG oslo_concurrency.processutils [None req-dcdf971a-442d-4aaa-ae69-d30f0e9a14d3 tempest-GroupsV314Test-2077336607 None] CMD "sudo cinder-rootwrap /etc/cinder/rootwrap.conf qemu-img commit -d /opt/stack/data/cinder/mnt/787e82fe3791c1e3d268bda1c213e374/volume-b635a80e-4c38-4963-be39-f8879afe94fe.d7e4170a-daa1-4c3b-ab6e-10cdeba5d8a7" returned: 0 in 0.719s {{(pid=87192) execute /opt/stack/data/venv/lib/python3.12/site-packages/oslo_concurrency/processutils.py:468}}
Jul 10 07:46:38 devstack cinder-volume[87192]: DEBUG oslo_concurrency.processutils [None req-dcdf971a-442d-4aaa-ae69-d30f0e9a14d3 tempest-GroupsV314Test-2077336607 None] Running cmd (subprocess): sudo cinder-rootwrap /etc/cinder/rootwrap.conf rm -f /opt/stack/data/cinder/mnt/787e82fe3791c1e3d268bda1c213e374/volume-b635a80e-4c38-4963-be39-f8879afe94fe.d7e4170a-daa1-4c3b-ab6e-10cdeba5d8a7 {{(pid=87192) execute /opt/stack/data/venv/lib/python3.12/site-packages/oslo_concurrency/processutils.py:440}}
Jul 10 07:46:38 devstack sudo[90851]: quobyte : PWD=/ ; USER=root ; COMMAND=/opt/stack/data/venv/bin/cinder-rootwrap /etc/cinder/rootwrap.conf rm -f /opt/stack/data/cinder/mnt/787e82fe3791c1e3d268bda1c213e374/volume-b635a80e-4c38-4963-be39-f8879afe94fe.d7e4170a-daa1-4c3b-ab6e-10cdeba5d8a7
Jul 10 07:46:38 devstack sudo[90851]: pam_unix(sudo:session): session opened for user root(uid=0) by (uid=1000)
Jul 10 07:46:38 devstack sudo[90851]: pam_unix(sudo:session): session closed for user root
Jul 10 07:46:38 devstack cinder-volume[87192]: DEBUG oslo_concurrency.processutils [None req-dcdf971a-442d-4aaa-ae69-d30f0e9a14d3 tempest-GroupsV314Test-2077336607 None] CMD "sudo cinder-rootwrap /etc/cinder/rootwrap.conf rm -f /opt/stack/data/cinder/mnt/787e82fe3791c1e3d268bda1c213e374/volume-b635a80e-4c38-4963-be39-f8879afe94fe.d7e4170a-daa1-4c3b-ab6e-10cdeba5d8a7" returned: 0 in 0.632s {{(pid=87192) execute /opt/stack/data/venv/lib/python3.12/site-packages/oslo_concurrency/processutils.py:468}}
Jul 10 07:46:38 devstack cinder-volume[87192]: DEBUG cinder.coordination [None req-dcdf971a-442d-4aaa-ae69-d30f0e9a14d3 tempest-GroupsV314Test-2077336607 None] Lock "cinder-quobyte-d7e4170a-daa1-4c3b-ab6e-10cdeba5d8a7" released by "_delete_snapshot" :: held 3.003s {{(pid=87192) __release /opt/stack/cinder/cinder/coordination.py:152}}
Jul 10 07:46:38 devstack cinder-volume[87192]: DEBUG oslo_concurrency.lockutils [None req-dcdf971a-442d-4aaa-ae69-d30f0e9a14d3 tempest-GroupsV314Test-2077336607 None] Lock "quobyte" "released" by "cinder.volume.drivers.quobyte.QuobyteDriver.create_cloned_volume" :: held 18.897s {{(pid=87192) inner /opt/stack/data/venv/lib/python3.12/site-packages/oslo_concurrency/lockutils.py:543}}
Jul 10 07:46:38 devstack cinder-volume[87192]: DEBUG oslo_concurrency.lockutils [None req-0b5c221d-2d65-4d7e-bc9d-528488e00c4f tempest-AttachVolumeNegativeTest-1771272357 None] Lock "quobyte" acquired by "cinder.volume.drivers.quobyte.QuobyteDriver.create_volume" :: waited 11.797s {{(pid=87192) inner /opt/stack/data/venv/lib/python3.12/site-packages/oslo_concurrency/lockutils.py:524}}
