Sep 17 07:15:18 devstack devstack@g-api.service[76155]: DEBUG glance.common.config [None req-0d99a50c-fda5-4584-82b9-97185201bf40 None None] barbican_service_user.cafile = None {{(pid=76155) log_opt_values /opt/stack/data/venv/lib/python3.10/site-packages/oslo_config/cfg.py:2824}}
Sep 17 07:15:18 devstack devstack@g-api.service[76155]: DEBUG glance.common.config [None req-0d99a50c-fda5-4584-82b9-97185201bf40 None None] barbican_service_user.certfile = None {{(pid=76155) log_opt_values /opt/stack/data/venv/lib/python3.10/site-packages/oslo_config/cfg.py:2824}}
Sep 17 07:15:18 devstack devstack@g-api.service[76155]: DEBUG glance.common.config [None req-0d99a50c-fda5-4584-82b9-97185201bf40 None None] barbican_service_user.collect_timing = False {{(pid=76155) log_opt_values /opt/stack/data/venv/lib/python3.10/site-packages/oslo_config/cfg.py:2824}}
Sep 17 07:15:18 devstack devstack@g-api.service[76155]: DEBUG glance.common.config [None req-0d99a50c-fda5-4584-82b9-97185201bf40 None None] barbican_service_user.insecure = False {{(pid=76155) log_opt_values /opt/stack/data/venv/lib/python3.10/site-packages/oslo_config/cfg.py:2824}}
Sep 17 07:15:18 devstack devstack@g-api.service[76154]: DEBUG glance.api.middleware.version_negotiation [None req-27954d51-5e2d-4a28-84de-83553426732d None None] Determining version of request: GET / Accept: */* {{(pid=76154) process_request /opt/stack/glance/glance/api/middleware/version_negotiation.py:44}}
Sep 17 07:15:18 devstack devstack@g-api.service[76155]: DEBUG glance.common.config [None req-0d99a50c-fda5-4584-82b9-97185201bf40 None None] barbican_service_user.keyfile = None {{(pid=76155) log_opt_values /opt/stack/data/venv/lib/python3.10/site-packages/oslo_config/cfg.py:2824}}
Sep 17 07:15:18 devstack devstack@g-api.service[76154]: DEBUG glance.api.middleware.version_negotiation [None req-27954d51-5e2d-4a28-84de-83553426732d None None] Using url versioning {{(pid=76154) process_request /opt/stack/glance/glance/api/middleware/version_negotiation.py:57}}
Sep 17 07:15:18 devstack devstack@g-api.service[76155]: DEBUG glance.common.config [None req-0d99a50c-fda5-4584-82b9-97185201bf40 None None] barbican_service_user.split_loggers = False {{(pid=76155) log_opt_values /opt/stack/data/venv/lib/python3.10/site-packages/oslo_config/cfg.py:2824}}
Sep 17 07:15:18 devstack devstack@g-api.service[76154]: DEBUG glance.api.middleware.version_negotiation [None req-27954d51-5e2d-4a28-84de-83553426732d None None] Unknown version. Returning version choices. {{(pid=76154) process_request /opt/stack/glance/glance/api/middleware/version_negotiation.py:64}}
Sep 17 07:15:18 devstack devstack@g-api.service[76155]: DEBUG glance.common.config [None req-0d99a50c-fda5-4584-82b9-97185201bf40 None None] barbican_service_user.timeout = None {{(pid=76155) log_opt_values /opt/stack/data/venv/lib/python3.10/site-packages/oslo_config/cfg.py:2824}}
Sep 17 07:15:18 devstack devstack@g-api.service[76155]: DEBUG glance.common.config [None req-0d99a50c-fda5-4584-82b9-97185201bf40 None None] database.asyncio_connection = **** {{(pid=76155) log_opt_values /opt/stack/data/venv/lib/python3.10/site-packages/oslo_config/cfg.py:2824}}
Sep 17 07:15:18 devstack devstack@g-api.service[76155]: DEBUG glance.common.config [None req-0d99a50c-fda5-4584-82b9-97185201bf40 None None] database.asyncio_slave_connection = **** {{(pid=76155) log_opt_values /opt/stack/data/venv/lib/python3.10/site-packages/oslo_config/cfg.py:2824}}
Sep 17 07:15:18 devstack devstack@g-api.service[76155]: DEBUG glance.common.config [None req-0d99a50c-fda5-4584-82b9-97185201bf40 None None] database.backend = sqlalchemy {{(pid=76155) log_opt_values /opt/stack/data/venv/lib/python3.10/site-packages/oslo_config/cfg.py:2824}}
Sep 17 07:15:18 devstack devstack@g-api.service[76155]: DEBUG glance.common.config [None req-0d99a50c-fda5-4584-82b9-97185201bf40 None None] database.connection = **** {{(pid=76155) log_opt_values /opt/stack/data/venv/lib/python3.10/site-packages/oslo_config/cfg.py:2824}}
Sep 17 07:15:18 devstack devstack@g-api.service[76155]: DEBUG glance.common.config [None req-0d99a50c-fda5-4584-82b9-97185201bf40 None None] database.connection_debug = 0 {{(pid=76155) log_opt_values /opt/stack/data/venv/lib/python3.10/site-packages/oslo_config/cfg.py:2824}}
Sep 17 07:15:18 devstack devstack@g-api.service[76155]: DEBUG glance.common.config [None req-0d99a50c-fda5-4584-82b9-97185201bf40 None None] database.connection_parameters = {{(pid=76155) log_opt_values /opt/stack/data/venv/lib/python3.10/site-packages/oslo_config/cfg.py:2824}}
Sep 17 07:15:18 devstack devstack@g-api.service[76155]: DEBUG glance.common.config [None req-0d99a50c-fda5-4584-82b9-97185201bf40 None None] database.connection_recycle_time = 3600 {{(pid=76155) log_opt_values /opt/stack/data/venv/lib/python3.10/site-packages/oslo_config/cfg.py:2824}}
Sep 17 07:15:18 devstack devstack@g-api.service[76155]: DEBUG glance.common.config [None req-0d99a50c-fda5-4584-82b9-97185201bf40 None None] database.connection_trace = False {{(pid=76155) log_opt_values /opt/stack/data/venv/lib/python3.10/site-packages/oslo_config/cfg.py:2824}}
Sep 17 07:15:18 devstack devstack@g-api.service[76155]: DEBUG glance.common.config [None req-0d99a50c-fda5-4584-82b9-97185201bf40 None None] database.db_inc_retry_interval = True {{(pid=76155) log_opt_values /opt/stack/data/venv/lib/python3.10/site-packages/oslo_config/cfg.py:2824}}
Sep 17 07:15:18 devstack devstack@g-api.service[76155]: DEBUG glance.common.config [None req-0d99a50c-fda5-4584-82b9-97185201bf40 None None] database.db_max_retries = 20 {{(pid=76155) log_opt_values /opt/stack/data/venv/lib/python3.10/site-packages/oslo_config/cfg.py:2824}}
Sep 17 07:15:18 devstack devstack@g-api.service[76155]: DEBUG glance.common.config [None req-0d99a50c-fda5-4584-82b9-97185201bf40 None None] database.db_max_retry_interval = 10 {{(pid=76155) log_opt_values /opt/stack/data/venv/lib/python3.10/site-packages/oslo_config/cfg.py:2824}}
Sep 17 07:15:18 devstack devstack@g-api.service[76155]: DEBUG glance.common.config [None req-0d99a50c-fda5-4584-82b9-97185201bf40 None None] database.db_retry_interval = 1 {{(pid=76155) log_opt_values /opt/stack/data/venv/lib/python3.10/site-packages/oslo_config/cfg.py:2824}}
Sep 17 07:15:18 devstack devstack@g-api.service[76155]: DEBUG glance.common.config [None req-0d99a50c-fda5-4584-82b9-97185201bf40 None None] database.max_overflow = 50 {{(pid=76155) log_opt_values /opt/stack/data/venv/lib/python3.10/site-packages/oslo_config/cfg.py:2824}}
Sep 17 07:15:18 devstack devstack@g-api.service[76155]: DEBUG glance.common.config [None req-0d99a50c-fda5-4584-82b9-97185201bf40 None None] database.max_pool_size = 5 {{(pid=76155) log_opt_values /opt/stack/data/venv/lib/python3.10/site-packages/oslo_config/cfg.py:2824}}
Sep 17 07:15:18 devstack devstack@g-api.service[76155]: DEBUG glance.common.config [None req-0d99a50c-fda5-4584-82b9-97185201bf40 None None] database.max_retries = 10 {{(pid=76155) log_opt_values /opt/stack/data/venv/lib/python3.10/site-packages/oslo_config/cfg.py:2824}}
Sep 17 07:15:18 devstack devstack@g-api.service[76155]: DEBUG glance.common.config [None req-0d99a50c-fda5-4584-82b9-97185201bf40 None None] database.mysql_sql_mode = TRADITIONAL {{(pid=76155) log_opt_values /opt/stack/data/venv/lib/python3.10/site-packages/oslo_config/cfg.py:2824}}
Sep 17 07:15:18 devstack devstack@g-api.service[76155]: DEBUG glance.common.config [None req-0d99a50c-fda5-4584-82b9-97185201bf40 None None] database.mysql_wsrep_sync_wait = None {{(pid=76155) log_opt_values /opt/stack/data/venv/lib/python3.10/site-packages/oslo_config/cfg.py:2824}}
Sep 17 07:15:18 devstack devstack@g-api.service[76155]: DEBUG glance.common.config [None req-0d99a50c-fda5-4584-82b9-97185201bf40 None None] database.pool_timeout = None {{(pid=76155) log_opt_values /opt/stack/data/venv/lib/python3.10/site-packages/oslo_config/cfg.py:2824}}
Sep 17 07:15:18 devstack devstack@g-api.service[76155]: DEBUG glance.common.config [None req-0d99a50c-fda5-4584-82b9-97185201bf40 None None] database.retry_interval = 10 {{(pid=76155) log_opt_values /opt/stack/data/venv/lib/python3.10/site-packages/oslo_config/cfg.py:2824}}
Sep 17 07:15:18 devstack devstack@g-api.service[76155]: DEBUG glance.common.config [None req-0d99a50c-fda5-4584-82b9-97185201bf40 None None] database.slave_connection = **** {{(pid=76155) log_opt_values /opt/stack/data/venv/lib/python3.10/site-packages/oslo_config/cfg.py:2824}}
Sep 17 07:15:18 devstack devstack@g-api.service[76155]: DEBUG glance.common.config [None req-0d99a50c-fda5-4584-82b9-97185201bf40 None None] database.sqlite_synchronous = True {{(pid=76155) log_opt_values /opt/stack/data/venv/lib/python3.10/site-packages/oslo_config/cfg.py:2824}}
Sep 17 07:15:18 devstack devstack@g-api.service[76155]: DEBUG glance.common.config [None req-0d99a50c-fda5-4584-82b9-97185201bf40 None None] database.use_db_reconnect = False {{(pid=76155) log_opt_values /opt/stack/data/venv/lib/python3.10/site-packages/oslo_config/cfg.py:2824}}
Sep 17 07:15:18 devstack devstack@g-api.service[76155]: DEBUG glance.common.config [None req-0d99a50c-fda5-4584-82b9-97185201bf40 None None] healthcheck.allowed_source_ranges = [] {{(pid=76155) log_opt_values /opt/stack/data/venv/lib/python3.10/site-packages/oslo_config/cfg.py:2824}}
Sep 17 07:15:18 devstack devstack@g-api.service[76155]: DEBUG glance.common.config [None req-0d99a50c-fda5-4584-82b9-97185201bf40 None None] healthcheck.backends = ['disable_by_file'] {{(pid=76155) log_opt_values /opt/stack/data/venv/lib/python3.10/site-packages/oslo_config/cfg.py:2824}}
Sep 17 07:15:18 devstack devstack@g-api.service[76155]: DEBUG glance.common.config [None req-0d99a50c-fda5-4584-82b9-97185201bf40 None None] healthcheck.detailed = False {{(pid=76155) log_opt_values /opt/stack/data/venv/lib/python3.10/site-packages/oslo_config/cfg.py:2824}}
Sep 17 07:15:18 devstack devstack@g-api.service[76155]: DEBUG glance.common.config [None req-0d99a50c-fda5-4584-82b9-97185201bf40 None None] healthcheck.disable_by_file_path = None {{(pid=76155) log_opt_values /opt/stack/data/venv/lib/python3.10/site-packages/oslo_config/cfg.py:2824}}
Sep 17 07:15:18 devstack devstack@g-api.service[76155]: DEBUG glance.common.config [None req-0d99a50c-fda5-4584-82b9-97185201bf40 None None] healthcheck.ignore_proxied_requests = False {{(pid=76155) log_opt_values /opt/stack/data/venv/lib/python3.10/site-packages/oslo_config/cfg.py:2824}}
Sep 17 07:15:18 devstack devstack@g-api.service[76155]: DEBUG glance.common.config [None req-0d99a50c-fda5-4584-82b9-97185201bf40 None None] healthcheck.path = /healthcheck {{(pid=76155) log_opt_values /opt/stack/data/venv/lib/python3.10/site-packages/oslo_config/cfg.py:2824}}
Sep 17 07:15:18 devstack devstack@g-api.service[76155]: DEBUG glance.common.config [None req-0d99a50c-fda5-4584-82b9-97185201bf40 None None] ******************************************************************************** {{(pid=76155) log_opt_values /opt/stack/data/venv/lib/python3.10/site-packages/oslo_config/cfg.py:2828}}
Sep 17 07:15:18 devstack devstack@g-api.service[76155]: WSGI app 0 (mountpoint='') ready in 13 seconds on interpreter 0x5585b52196a0 pid: 76155 (default app)
Sep 17 07:15:18 devstack devstack@g-api.service[76154]: [pid: 76154|app: 0|req: 1/1] 127.0.0.1 () {32 vars in 402 bytes} [Wed Sep 17 07:15:18 2025] GET / => generated 1459 bytes in 17 msecs (HTTP/1.1 300) 3 headers in 106 bytes (1 switches on core 0)
Sep 17 07:15:28 devstack devstack@g-api.service[76155]: DEBUG dbcounter [-] [76155] Writing DB stats glance:INSERT=4 {{(pid=76155) stat_writer /opt/stack/data/venv/lib/python3.10/site-packages/dbcounter.py:115}}
Sep 17 07:15:28 devstack devstack@g-api.service[76154]: DEBUG dbcounter [-] [76154] Writing DB stats glance:INSERT=4 {{(pid=76154) stat_writer /opt/stack/data/venv/lib/python3.10/site-packages/dbcounter.py:115}}
Sep 17 07:15:29 devstack devstack@g-api.service[76155]: DEBUG glance.api.middleware.version_negotiation [None req-0d99a50c-fda5-4584-82b9-97185201bf40 None None] Determining version of request: GET / Accept: application/json {{(pid=76155) process_request /opt/stack/glance/glance/api/middleware/version_negotiation.py:44}}
Sep 17 07:15:29 devstack devstack@g-api.service[76155]: DEBUG glance.api.middleware.version_negotiation [None req-0d99a50c-fda5-4584-82b9-97185201bf40 None None] Using url versioning {{(pid=76155) process_request /opt/stack/glance/glance/api/middleware/version_negotiation.py:57}}
Sep 17 07:15:29 devstack devstack@g-api.service[76155]: DEBUG glance.api.middleware.version_negotiation [None req-0d99a50c-fda5-4584-82b9-97185201bf40 None None] Unknown version. Returning version choices. {{(pid=76155) process_request /opt/stack/glance/glance/api/middleware/version_negotiation.py:64}}
Sep 17 07:15:29 devstack devstack@g-api.service[76155]: [pid: 76155|app: 0|req: 1/2] 127.0.0.1 () {34 vars in 519 bytes} [Wed Sep 17 07:15:29 2025] GET / => generated 1459 bytes in 10 msecs (HTTP/1.1 300) 3 headers in 106 bytes (1 switches on core 0)
Sep 17 07:15:29 devstack devstack@g-api.service[76154]: DEBUG glance.api.middleware.version_negotiation [None req-27954d51-5e2d-4a28-84de-83553426732d None None] Determining version of request: POST /v2/images Accept: */* {{(pid=76154) process_request /opt/stack/glance/glance/api/middleware/version_negotiation.py:44}}
Sep 17 07:15:29 devstack devstack@g-api.service[76154]: DEBUG glance.api.middleware.version_negotiation [None req-27954d51-5e2d-4a28-84de-83553426732d None None] Using url versioning {{(pid=76154) process_request /opt/stack/glance/glance/api/middleware/version_negotiation.py:57}}
Sep 17 07:15:29 devstack devstack@g-api.service[76154]: DEBUG glance.api.middleware.version_negotiation [None req-27954d51-5e2d-4a28-84de-83553426732d None None] Matched version: v2 {{(pid=76154) process_request /opt/stack/glance/glance/api/middleware/version_negotiation.py:69}}
Sep 17 07:15:29 devstack devstack@g-api.service[76154]: DEBUG glance.api.middleware.version_negotiation [None req-27954d51-5e2d-4a28-84de-83553426732d None None] new path /v2/images {{(pid=76154) process_request /opt/stack/glance/glance/api/middleware/version_negotiation.py:70}}
Sep 17 07:15:30 devstack devstack@g-api.service[76154]: [pid: 76154|app: 0|req: 2/3] 127.0.0.1 () {40 vars in 782 bytes} [Wed Sep 17 07:15:29 2025] POST /v2/images => generated 807 bytes in 1497 msecs (HTTP/1.1 201) 6 headers in 314 bytes (1 switches on core 0)
Sep 17 07:15:30 devstack devstack@g-api.service[76155]: DEBUG glance.api.middleware.version_negotiation [None req-0d99a50c-fda5-4584-82b9-97185201bf40 None None] Determining version of request: PUT /v2/images/c23af952-419c-402d-9c13-65fae52513d0/file Accept: {{(pid=76155) process_request /opt/stack/glance/glance/api/middleware/version_negotiation.py:44}}
Sep 17 07:15:30 devstack devstack@g-api.service[76155]: DEBUG glance.api.middleware.version_negotiation [None req-0d99a50c-fda5-4584-82b9-97185201bf40 None None] Using url versioning {{(pid=76155) process_request /opt/stack/glance/glance/api/middleware/version_negotiation.py:57}}
Sep 17 07:15:30 devstack devstack@g-api.service[76155]: DEBUG glance.api.middleware.version_negotiation [None req-0d99a50c-fda5-4584-82b9-97185201bf40 None None] Matched version: v2 {{(pid=76155) process_request /opt/stack/glance/glance/api/middleware/version_negotiation.py:69}}
Sep 17 07:15:30 devstack devstack@g-api.service[76155]: DEBUG glance.api.middleware.version_negotiation [None req-0d99a50c-fda5-4584-82b9-97185201bf40 None None] new path /v2/images/c23af952-419c-402d-9c13-65fae52513d0/file {{(pid=76155) process_request /opt/stack/glance/glance/api/middleware/version_negotiation.py:70}}
Sep 17 07:15:31 devstack devstack@g-api.service[76155]: INFO glance.api.v2.image_data [None req-7b71246b-2225-4921-9313-1961142b2946 admin admin] Unable to create trust: no such option collect_timing in group [keystone_authtoken] Use the existing user token.
Sep 17 07:15:32 devstack devstack@g-api.service[76155]: DEBUG glance.location [None req-7b71246b-2225-4921-9313-1961142b2946 admin admin] Enabling in-flight format inspection for qcow2 {{(pid=76155) set_data /opt/stack/glance/glance/location.py:586}}
Sep 17 07:15:32 devstack devstack@g-api.service[76155]: DEBUG oslo_utils.imageutils.format_inspector [None req-7b71246b-2225-4921-9313-1961142b2946 admin admin] Format inspector for vmdk does not match, excluding from consideration (Signature KDMV not found: b'QFI\xfb') {{(pid=76155) _process_chunk /opt/stack/data/venv/lib/python3.10/site-packages/oslo_utils/imageutils/format_inspector.py:1365}}
Sep 17 07:15:32 devstack devstack@g-api.service[76155]: DEBUG oslo_utils.imageutils.format_inspector [None req-7b71246b-2225-4921-9313-1961142b2946 admin admin] Format inspector for vhdx does not match, excluding from consideration (Region signature not found at 30000) {{(pid=76155) _process_chunk /opt/stack/data/venv/lib/python3.10/site-packages/oslo_utils/imageutils/format_inspector.py:1365}}
Sep 17 07:15:32 devstack devstack@g-api.service[76155]: DEBUG glance_store._drivers.filesystem [None req-7b71246b-2225-4921-9313-1961142b2946 admin admin] Wrote 21692416 bytes to /opt/stack/data/glance/images/c23af952-419c-402d-9c13-65fae52513d0 with checksum 87617e24a5e30cb3b87fda8c0764838f and multihash 9a9bce0083a00939ec17c11febbfc767aa211aaa54f51e75c5a8b271a9b5637c77205a518b7a2007cb391d23cceb01e0e4e8d64832317151bc85b734b92a7be0 {{(pid=76155) add /opt/stack/data/venv/lib/python3.10/site-packages/glance_store/_drivers/filesystem.py:794}}
Sep 17 07:15:32 devstack devstack@g-api.service[76155]: INFO glance.location [None req-7b71246b-2225-4921-9313-1961142b2946 admin admin] Image format matched and virtual size computed: 117440512
Sep 17 07:15:32 devstack devstack@g-api.service[76155]: DEBUG glance_store.backend [None req-7b71246b-2225-4921-9313-1961142b2946 admin admin] Skipping store.set_acls... not implemented. {{(pid=76155) set_acls /opt/stack/data/venv/lib/python3.10/site-packages/glance_store/backend.py:507}}
Sep 17 07:15:32 devstack devstack@g-api.service[76155]: [pid: 76155|app: 0|req: 2/4] 127.0.0.1 () {40 vars in 875 bytes} [Wed Sep 17 07:15:30 2025] PUT /v2/images/c23af952-419c-402d-9c13-65fae52513d0/file => generated 0 bytes in 2112 msecs (HTTP/1.1 204) 4 headers in 171 bytes (1 switches on core 0)
Sep 17 07:15:32 devstack devstack@g-api.service[76154]: DEBUG glance.api.middleware.version_negotiation [None req-6c59eda8-a89e-410a-a244-62fe676618c8 admin admin] Determining version of request: GET /v2/images/c23af952-419c-402d-9c13-65fae52513d0 Accept: */* {{(pid=76154) process_request /opt/stack/glance/glance/api/middleware/version_negotiation.py:44}}
Sep 17 07:15:32 devstack devstack@g-api.service[76154]: DEBUG glance.api.middleware.version_negotiation [None req-6c59eda8-a89e-410a-a244-62fe676618c8 admin admin] Using url versioning {{(pid=76154) process_request /opt/stack/glance/glance/api/middleware/version_negotiation.py:57}}
Sep 17 07:15:32 devstack devstack@g-api.service[76154]: DEBUG glance.api.middleware.version_negotiation [None req-6c59eda8-a89e-410a-a244-62fe676618c8 admin admin] Matched version: v2 {{(pid=76154) process_request /opt/stack/glance/glance/api/middleware/version_negotiation.py:69}}
Sep 17 07:15:32 devstack devstack@g-api.service[76154]: DEBUG glance.api.middleware.version_negotiation [None req-6c59eda8-a89e-410a-a244-62fe676618c8 admin admin] new path /v2/images/c23af952-419c-402d-9c13-65fae52513d0 {{(pid=76154) process_request /opt/stack/glance/glance/api/middleware/version_negotiation.py:70}}
Sep 17 07:15:32 devstack devstack@g-api.service[76154]: [pid: 76154|app: 0|req: 3/5] 127.0.0.1 () {36 vars in 802 bytes} [Wed Sep 17 07:15:32 2025] GET /v2/images/c23af952-419c-402d-9c13-65fae52513d0 => generated 976 bytes in 85 msecs (HTTP/1.1 200) 4 headers in 157 bytes (1 switches on core 0)
Sep 17 07:15:42 devstack devstack@g-api.service[76155]: DEBUG dbcounter [-] [76155] Writing DB stats glance:SELECT=16,glance:UPDATE=2,glance:INSERT=1 {{(pid=76155) stat_writer /opt/stack/data/venv/lib/python3.10/site-packages/dbcounter.py:115}}
Sep 17 07:15:42 devstack devstack@g-api.service[76154]: DEBUG dbcounter [-] [76154] Writing DB stats glance:SELECT=6,glance:INSERT=5 {{(pid=76154) stat_writer /opt/stack/data/venv/lib/python3.10/site-packages/dbcounter.py:115}}
Sep 17 07:17:25 devstack devstack@g-api.service[76155]: DEBUG glance.api.middleware.version_negotiation [None req-7b71246b-2225-4921-9313-1961142b2946 admin admin] Determining version of request: GET / Accept: application/json {{(pid=76155) process_request /opt/stack/glance/glance/api/middleware/version_negotiation.py:44}}
Sep 17 07:17:25 devstack devstack@g-api.service[76155]: DEBUG glance.api.middleware.version_negotiation [None req-7b71246b-2225-4921-9313-1961142b2946 admin admin] Using url versioning {{(pid=76155) process_request /opt/stack/glance/glance/api/middleware/version_negotiation.py:57}}
Sep 17 07:17:25 devstack devstack@g-api.service[76155]: DEBUG glance.api.middleware.version_negotiation [None req-7b71246b-2225-4921-9313-1961142b2946 admin admin] Unknown version. Returning version choices. {{(pid=76155) process_request /opt/stack/glance/glance/api/middleware/version_negotiation.py:64}}
Sep 17 07:17:25 devstack devstack@g-api.service[76155]: [pid: 76155|app: 0|req: 3/6] 127.0.0.1 () {34 vars in 515 bytes} [Wed Sep 17 07:17:25 2025] GET / => generated 1459 bytes in 14 msecs (HTTP/1.1 300) 3 headers in 106 bytes (1 switches on core 0)
Sep 17 07:17:26 devstack devstack@g-api.service[76154]: DEBUG glance.api.middleware.version_negotiation [None req-3566d78d-0519-48bd-baf1-e2b3576c7d3d admin admin] Determining version of request: GET /v2/images Accept: application/json {{(pid=76154) process_request /opt/stack/glance/glance/api/middleware/version_negotiation.py:44}}
Sep 17 07:17:26 devstack devstack@g-api.service[76154]: DEBUG glance.api.middleware.version_negotiation [None req-3566d78d-0519-48bd-baf1-e2b3576c7d3d admin admin] Using url versioning {{(pid=76154) process_request /opt/stack/glance/glance/api/middleware/version_negotiation.py:57}}
Sep 17 07:17:26 devstack devstack@g-api.service[76154]: DEBUG glance.api.middleware.version_negotiation [None req-3566d78d-0519-48bd-baf1-e2b3576c7d3d admin admin] Matched version: v2 {{(pid=76154) process_request /opt/stack/glance/glance/api/middleware/version_negotiation.py:69}}
Sep 17 07:17:26 devstack devstack@g-api.service[76154]: DEBUG glance.api.middleware.version_negotiation [None req-3566d78d-0519-48bd-baf1-e2b3576c7d3d admin admin] new path /v2/images {{(pid=76154) process_request /opt/stack/glance/glance/api/middleware/version_negotiation.py:70}}
Sep 17 07:17:26 devstack devstack@g-api.service[76154]: [pid: 76154|app: 0|req: 4/7] 127.0.0.1 () {36 vars in 737 bytes} [Wed Sep 17 07:17:25 2025] GET /v2/images => generated 1045 bytes in 150 msecs (HTTP/1.1 200) 4 headers in 158 bytes (1 switches on core 0)
Sep 17 07:17:36 devstack devstack@g-api.service[76154]: DEBUG dbcounter [-] [76154] Writing DB stats glance:SELECT=1 {{(pid=76154) stat_writer /opt/stack/data/venv/lib/python3.10/site-packages/dbcounter.py:115}}
Sep 17 07:17:39 devstack devstack@g-api.service[76155]: DEBUG glance.api.middleware.version_negotiation [None req-7b71246b-2225-4921-9313-1961142b2946 admin admin] Determining version of request: GET / Accept: application/json {{(pid=76155) process_request /opt/stack/glance/glance/api/middleware/version_negotiation.py:44}}
Sep 17 07:17:39 devstack devstack@g-api.service[76155]: DEBUG glance.api.middleware.version_negotiation [None req-7b71246b-2225-4921-9313-1961142b2946 admin admin] Using url versioning {{(pid=76155) process_request /opt/stack/glance/glance/api/middleware/version_negotiation.py:57}}
Sep 17 07:17:39 devstack devstack@g-api.service[76155]: DEBUG glance.api.middleware.version_negotiation [None req-7b71246b-2225-4921-9313-1961142b2946 admin admin] Unknown version. Returning version choices. {{(pid=76155) process_request /opt/stack/glance/glance/api/middleware/version_negotiation.py:64}}
Sep 17 07:17:39 devstack devstack@g-api.service[76155]: [pid: 76155|app: 0|req: 4/8] 127.0.0.1 () {34 vars in 515 bytes} [Wed Sep 17 07:17:39 2025] GET / => generated 1459 bytes in 3 msecs (HTTP/1.1 300) 3 headers in 106 bytes (1 switches on core 0)
Sep 17 07:17:39 devstack devstack@g-api.service[76154]: DEBUG glance.api.middleware.version_negotiation [None req-db52a877-c5cc-44b7-9f96-050861548069 admin admin] Determining version of request: GET /v2/images/c23af952-419c-402d-9c13-65fae52513d0 Accept: */* {{(pid=76154) process_request /opt/stack/glance/glance/api/middleware/version_negotiation.py:44}}
Sep 17 07:17:39 devstack devstack@g-api.service[76154]: DEBUG glance.api.middleware.version_negotiation [None req-db52a877-c5cc-44b7-9f96-050861548069 admin admin] Using url versioning {{(pid=76154) process_request /opt/stack/glance/glance/api/middleware/version_negotiation.py:57}}
Sep 17 07:17:39 devstack devstack@g-api.service[76154]: DEBUG glance.api.middleware.version_negotiation [None req-db52a877-c5cc-44b7-9f96-050861548069 admin admin] Matched version: v2 {{(pid=76154) process_request /opt/stack/glance/glance/api/middleware/version_negotiation.py:69}}
Sep 17 07:17:39 devstack devstack@g-api.service[76154]: DEBUG glance.api.middleware.version_negotiation [None req-db52a877-c5cc-44b7-9f96-050861548069 admin admin] new path /v2/images/c23af952-419c-402d-9c13-65fae52513d0 {{(pid=76154) process_request /opt/stack/glance/glance/api/middleware/version_negotiation.py:70}}
Sep 17 07:17:39 devstack devstack@g-api.service[76154]: [pid: 76154|app: 0|req: 5/9] 127.0.0.1 () {36 vars in 798 bytes} [Wed Sep 17 07:17:39 2025] GET /v2/images/c23af952-419c-402d-9c13-65fae52513d0 => generated 976 bytes in 55 msecs (HTTP/1.1 200) 4 headers in 157 bytes (1 switches on core 0)
Sep 17 07:17:48 devstack devstack@g-api.service[76155]: DEBUG glance.api.middleware.version_negotiation [None req-7b71246b-2225-4921-9313-1961142b2946 admin admin] Determining version of request: GET / Accept: application/json {{(pid=76155) process_request /opt/stack/glance/glance/api/middleware/version_negotiation.py:44}}
Sep 17 07:17:48 devstack devstack@g-api.service[76155]: DEBUG glance.api.middleware.version_negotiation [None req-7b71246b-2225-4921-9313-1961142b2946 admin admin] Using url versioning {{(pid=76155) process_request /opt/stack/glance/glance/api/middleware/version_negotiation.py:57}}
Sep 17 07:17:48 devstack devstack@g-api.service[76155]: DEBUG glance.api.middleware.version_negotiation [None req-7b71246b-2225-4921-9313-1961142b2946 admin admin] Unknown version. Returning version choices. {{(pid=76155) process_request /opt/stack/glance/glance/api/middleware/version_negotiation.py:64}}
Sep 17 07:17:48 devstack devstack@g-api.service[76155]: [pid: 76155|app: 0|req: 5/10] 127.0.0.1 () {34 vars in 515 bytes} [Wed Sep 17 07:17:48 2025] GET / => generated 1459 bytes in 2 msecs (HTTP/1.1 300) 3 headers in 106 bytes (1 switches on core 0)
Sep 17 07:17:48 devstack devstack@g-api.service[76154]: DEBUG glance.api.middleware.version_negotiation [None req-c585096d-3fd2-42e9-9790-97fc0367c5a1 admin admin] Determining version of request: GET /v2/images/c23af952-419c-402d-9c13-65fae52513d0 Accept: */* {{(pid=76154) process_request /opt/stack/glance/glance/api/middleware/version_negotiation.py:44}}
Sep 17 07:17:48 devstack devstack@g-api.service[76154]: DEBUG glance.api.middleware.version_negotiation [None req-c585096d-3fd2-42e9-9790-97fc0367c5a1 admin admin] Using url versioning {{(pid=76154) process_request /opt/stack/glance/glance/api/middleware/version_negotiation.py:57}}
Sep 17 07:17:48 devstack devstack@g-api.service[76154]: DEBUG glance.api.middleware.version_negotiation [None req-c585096d-3fd2-42e9-9790-97fc0367c5a1 admin admin] Matched version: v2 {{(pid=76154) process_request /opt/stack/glance/glance/api/middleware/version_negotiation.py:69}}
Sep 17 07:17:48 devstack devstack@g-api.service[76154]: DEBUG glance.api.middleware.version_negotiation [None req-c585096d-3fd2-42e9-9790-97fc0367c5a1 admin admin] new path /v2/images/c23af952-419c-402d-9c13-65fae52513d0 {{(pid=76154) process_request /opt/stack/glance/glance/api/middleware/version_negotiation.py:70}}
Sep 17 07:17:48 devstack devstack@g-api.service[76154]: [pid: 76154|app: 0|req: 6/11] 127.0.0.1 () {36 vars in 798 bytes} [Wed Sep 17 07:17:48 2025] GET /v2/images/c23af952-419c-402d-9c13-65fae52513d0 => generated 976 bytes in 57 msecs (HTTP/1.1 200) 4 headers in 157 bytes (1 switches on core 0)
Sep 17 07:17:58 devstack devstack@g-api.service[76154]: DEBUG dbcounter [-] [76154] Writing DB stats glance:SELECT=4 {{(pid=76154) stat_writer /opt/stack/data/venv/lib/python3.10/site-packages/dbcounter.py:115}}
Sep 17 07:20:53 devstack devstack@g-api.service[76155]: DEBUG glance.api.middleware.version_negotiation [None req-7b71246b-2225-4921-9313-1961142b2946 admin admin] Determining version of request: GET / Accept: application/json {{(pid=76155) process_request /opt/stack/glance/glance/api/middleware/version_negotiation.py:44}}
Sep 17 07:20:53 devstack devstack@g-api.service[76155]: DEBUG glance.api.middleware.version_negotiation [None req-7b71246b-2225-4921-9313-1961142b2946 admin admin] Using url versioning {{(pid=76155) process_request /opt/stack/glance/glance/api/middleware/version_negotiation.py:57}}
Sep 17 07:20:53 devstack devstack@g-api.service[76155]: DEBUG glance.api.middleware.version_negotiation [None req-7b71246b-2225-4921-9313-1961142b2946 admin admin] Unknown version. Returning version choices. {{(pid=76155) process_request /opt/stack/glance/glance/api/middleware/version_negotiation.py:64}}
Sep 17 07:20:53 devstack devstack@g-api.service[76155]: [pid: 76155|app: 0|req: 6/12] 127.0.0.1 () {36 vars in 486 bytes} [Wed Sep 17 07:20:53 2025] GET / => generated 1459 bytes in 14 msecs (HTTP/1.1 300) 3 headers in 106 bytes (1 switches on core 0)
Sep 17 07:22:21 devstack devstack@g-api.service[76154]: DEBUG glance.api.middleware.version_negotiation [None req-e420b757-3388-4496-ba3d-766adc21d8b8 admin admin] Determining version of request: GET / Accept: application/json {{(pid=76154) process_request /opt/stack/glance/glance/api/middleware/version_negotiation.py:44}}
Sep 17 07:22:21 devstack devstack@g-api.service[76154]: DEBUG glance.api.middleware.version_negotiation [None req-e420b757-3388-4496-ba3d-766adc21d8b8 admin admin] Using url versioning {{(pid=76154) process_request /opt/stack/glance/glance/api/middleware/version_negotiation.py:57}}
Sep 17 07:22:21 devstack devstack@g-api.service[76154]: DEBUG glance.api.middleware.version_negotiation [None req-e420b757-3388-4496-ba3d-766adc21d8b8 admin admin] Unknown version. Returning version choices. {{(pid=76154) process_request /opt/stack/glance/glance/api/middleware/version_negotiation.py:64}}
Sep 17 07:22:21 devstack devstack@g-api.service[76154]: [pid: 76154|app: 0|req: 7/13] 127.0.0.1 () {34 vars in 502 bytes} [Wed Sep 17 07:22:21 2025] GET / => generated 1459 bytes in 17 msecs (HTTP/1.1 300) 3 headers in 106 bytes (1 switches on core 0)
Sep 17 07:22:21 devstack devstack@g-api.service[76155]: DEBUG glance.api.middleware.version_negotiation [None req-7b71246b-2225-4921-9313-1961142b2946 admin admin] Determining version of request: GET /v2/images/c23af952-419c-402d-9c13-65fae52513d0 Accept: */* {{(pid=76155) process_request /opt/stack/glance/glance/api/middleware/version_negotiation.py:44}}
Sep 17 07:22:21 devstack devstack@g-api.service[76155]: DEBUG glance.api.middleware.version_negotiation [None req-7b71246b-2225-4921-9313-1961142b2946 admin admin] Using url versioning {{(pid=76155) process_request /opt/stack/glance/glance/api/middleware/version_negotiation.py:57}}
Sep 17 07:22:21 devstack devstack@g-api.service[76155]: DEBUG glance.api.middleware.version_negotiation [None req-7b71246b-2225-4921-9313-1961142b2946 admin admin] Matched version: v2 {{(pid=76155) process_request /opt/stack/glance/glance/api/middleware/version_negotiation.py:69}}
Sep 17 07:22:21 devstack devstack@g-api.service[76155]: DEBUG glance.api.middleware.version_negotiation [None req-7b71246b-2225-4921-9313-1961142b2946 admin admin] new path /v2/images/c23af952-419c-402d-9c13-65fae52513d0 {{(pid=76155) process_request /opt/stack/glance/glance/api/middleware/version_negotiation.py:70}}
Sep 17 07:22:22 devstack devstack@g-api.service[76155]: WARNING keystonemiddleware.auth_token [None req-7b71246b-2225-4921-9313-1961142b2946 admin admin] A valid token was submitted as a service token, but it was not a valid service token. This is incorrect but backwards compatible behaviour. This will be removed in future releases.
Sep 17 07:22:22 devstack devstack@g-api.service[76155]: [pid: 76155|app: 0|req: 7/14] 127.0.0.1 () {42 vars in 1057 bytes} [Wed Sep 17 07:22:21 2025] GET /v2/images/c23af952-419c-402d-9c13-65fae52513d0 => generated 976 bytes in 416 msecs (HTTP/1.1 200) 4 headers in 157 bytes (1 switches on core 0)
Sep 17 07:22:22 devstack devstack@g-api.service[76154]: DEBUG glance.api.middleware.version_negotiation [None req-e420b757-3388-4496-ba3d-766adc21d8b8 admin admin] Determining version of request: GET /v2/schemas/image Accept: */* {{(pid=76154) process_request /opt/stack/glance/glance/api/middleware/version_negotiation.py:44}}
Sep 17 07:22:22 devstack devstack@g-api.service[76154]: DEBUG glance.api.middleware.version_negotiation [None req-e420b757-3388-4496-ba3d-766adc21d8b8 admin admin] Using url versioning {{(pid=76154) process_request /opt/stack/glance/glance/api/middleware/version_negotiation.py:57}}
Sep 17 07:22:22 devstack devstack@g-api.service[76154]: DEBUG glance.api.middleware.version_negotiation [None req-e420b757-3388-4496-ba3d-766adc21d8b8 admin admin] Matched version: v2 {{(pid=76154) process_request /opt/stack/glance/glance/api/middleware/version_negotiation.py:69}}
Sep 17 07:22:22 devstack devstack@g-api.service[76154]: DEBUG glance.api.middleware.version_negotiation [None req-e420b757-3388-4496-ba3d-766adc21d8b8 admin admin] new path /v2/schemas/image {{(pid=76154) process_request /opt/stack/glance/glance/api/middleware/version_negotiation.py:70}}
Sep 17 07:22:22 devstack devstack@g-api.service[76154]: WARNING keystonemiddleware.auth_token [None req-e420b757-3388-4496-ba3d-766adc21d8b8 admin admin] A valid token was submitted as a service token, but it was not a valid service token. This is incorrect but backwards compatible behaviour. This will be removed in future releases.
Sep 17 07:22:22 devstack devstack@g-api.service[76154]: [pid: 76154|app: 0|req: 8/15] 127.0.0.1 () {42 vars in 997 bytes} [Wed Sep 17 07:22:22 2025] GET /v2/schemas/image => generated 6083 bytes in 20 msecs (HTTP/1.1 200) 4 headers in 158 bytes (1 switches on core 0)
Sep 17 07:22:32 devstack devstack@g-api.service[76155]: DEBUG dbcounter [-] [76155] Writing DB stats glance:SELECT=2 {{(pid=76155) stat_writer /opt/stack/data/venv/lib/python3.10/site-packages/dbcounter.py:115}}
Sep 17 07:22:40 devstack devstack@g-api.service[76155]: DEBUG glance.api.middleware.version_negotiation [None req-716c8cea-179a-443b-a28b-4651332111bb tempest-DeleteServersTestJSON-698808233 tempest-DeleteServersTestJSON-698808233-project-member] Determining version of request: GET /v2/images/c23af952-419c-402d-9c13-65fae52513d0 Accept: */* {{(pid=76155) process_request /opt/stack/glance/glance/api/middleware/version_negotiation.py:44}}
Sep 17 07:22:40 devstack devstack@g-api.service[76155]: DEBUG glance.api.middleware.version_negotiation [None req-716c8cea-179a-443b-a28b-4651332111bb tempest-DeleteServersTestJSON-698808233 tempest-DeleteServersTestJSON-698808233-project-member] Using url versioning {{(pid=76155) process_request /opt/stack/glance/glance/api/middleware/version_negotiation.py:57}}
Sep 17 07:22:40 devstack devstack@g-api.service[76155]: DEBUG glance.api.middleware.version_negotiation [None req-716c8cea-179a-443b-a28b-4651332111bb tempest-DeleteServersTestJSON-698808233 tempest-DeleteServersTestJSON-698808233-project-member] Matched version: v2 {{(pid=76155) process_request /opt/stack/glance/glance/api/middleware/version_negotiation.py:69}}
Sep 17 07:22:40 devstack devstack@g-api.service[76155]: DEBUG glance.api.middleware.version_negotiation [None req-716c8cea-179a-443b-a28b-4651332111bb tempest-DeleteServersTestJSON-698808233 tempest-DeleteServersTestJSON-698808233-project-member] new path /v2/images/c23af952-419c-402d-9c13-65fae52513d0 {{(pid=76155) process_request /opt/stack/glance/glance/api/middleware/version_negotiation.py:70}}
Sep 17 07:22:40 devstack devstack@g-api.service[76155]: [pid: 76155|app: 0|req: 8/16] 127.0.0.1 () {42 vars in 1057 bytes} [Wed Sep 17 07:22:40 2025] GET /v2/images/c23af952-419c-402d-9c13-65fae52513d0 => generated 976 bytes in 57 msecs (HTTP/1.1 200) 4 headers in 157 bytes (1 switches on core 0)
Sep 17 07:22:40 devstack devstack@g-api.service[76154]: DEBUG glance.api.middleware.version_negotiation [None req-716c8cea-179a-443b-a28b-4651332111bb tempest-DeleteServersTestJSON-698808233 tempest-DeleteServersTestJSON-698808233-project-member] Determining version of request: GET /v2/images/c23af952-419c-402d-9c13-65fae52513d0/file Accept: */* {{(pid=76154) process_request /opt/stack/glance/glance/api/middleware/version_negotiation.py:44}}
Sep 17 07:22:40 devstack devstack@g-api.service[76154]: DEBUG glance.api.middleware.version_negotiation [None req-716c8cea-179a-443b-a28b-4651332111bb tempest-DeleteServersTestJSON-698808233 tempest-DeleteServersTestJSON-698808233-project-member] Using url versioning {{(pid=76154) process_request /opt/stack/glance/glance/api/middleware/version_negotiation.py:57}}
Sep 17 07:22:40 devstack devstack@g-api.service[76154]: DEBUG glance.api.middleware.version_negotiation [None req-716c8cea-179a-443b-a28b-4651332111bb tempest-DeleteServersTestJSON-698808233 tempest-DeleteServersTestJSON-698808233-project-member] Matched version: v2 {{(pid=76154) process_request /opt/stack/glance/glance/api/middleware/version_negotiation.py:69}}
Sep 17 07:22:40 devstack devstack@g-api.service[76154]: DEBUG glance.api.middleware.version_negotiation [None req-716c8cea-179a-443b-a28b-4651332111bb tempest-DeleteServersTestJSON-698808233 tempest-DeleteServersTestJSON-698808233-project-member] new path /v2/images/c23af952-419c-402d-9c13-65fae52513d0/file {{(pid=76154) process_request /opt/stack/glance/glance/api/middleware/version_negotiation.py:70}}
Sep 17 07:22:41 devstack devstack@g-api.service[76154]: DEBUG glance_store._drivers.filesystem [None req-716c8cea-179a-443b-a28b-4651332111bb tempest-DeleteServersTestJSON-698808233 tempest-DeleteServersTestJSON-698808233-project-member] Found image at /opt/stack/data/glance/images/c23af952-419c-402d-9c13-65fae52513d0. Returning in ChunkedFile. {{(pid=76154) get /opt/stack/data/venv/lib/python3.10/site-packages/glance_store/_drivers/filesystem.py:618}}
Sep 17 07:22:41 devstack devstack@g-api.service[76154]: DEBUG glance.image_cache [None req-716c8cea-179a-443b-a28b-4651332111bb tempest-DeleteServersTestJSON-698808233 tempest-DeleteServersTestJSON-698808233-project-member] Tee'ing image 'c23af952-419c-402d-9c13-65fae52513d0' into cache {{(pid=76154) get_caching_iter /opt/stack/glance/glance/image_cache/__init__.py:350}}
Sep 17 07:22:41 devstack devstack@g-api.service[76154]: DEBUG glance.image_cache.drivers.centralized_db [None req-716c8cea-179a-443b-a28b-4651332111bb tempest-DeleteServersTestJSON-698808233 tempest-DeleteServersTestJSON-698808233-project-member] Fetch finished, moving '/opt/stack/data/glance/cache/incomplete/c23af952-419c-402d-9c13-65fae52513d0' to '/opt/stack/data/glance/cache/c23af952-419c-402d-9c13-65fae52513d0' {{(pid=76154) commit /opt/stack/glance/glance/image_cache/drivers/centralized_db.py:235}}
Sep 17 07:22:41 devstack devstack@g-api.service[76154]: DEBUG glance.image_cache.drivers.centralized_db [None req-716c8cea-179a-443b-a28b-4651332111bb tempest-DeleteServersTestJSON-698808233 tempest-DeleteServersTestJSON-698808233-project-member] Image cached successfully. {{(pid=76154) commit /opt/stack/glance/glance/image_cache/drivers/centralized_db.py:250}}
Sep 17 07:22:41 devstack devstack@g-api.service[76154]: [pid: 76154|app: 0|req: 9/17] 127.0.0.1 () {42 vars in 1067 bytes} [Wed Sep 17 07:22:40 2025] GET /v2/images/c23af952-419c-402d-9c13-65fae52513d0/file => generated 21692416 bytes in 831 msecs (HTTP/1.1 200) 4 headers in 191 bytes (331 switches on core 0)
Sep 17 07:22:42 devstack devstack@g-api.service[76155]: DEBUG glance.api.middleware.version_negotiation [None req-716c8cea-179a-443b-a28b-4651332111bb tempest-DeleteServersTestJSON-698808233 tempest-DeleteServersTestJSON-698808233-project-member] Determining version of request: GET /v2/images/c23af952-419c-402d-9c13-65fae52513d0 Accept: */* {{(pid=76155) process_request /opt/stack/glance/glance/api/middleware/version_negotiation.py:44}}
Sep 17 07:22:42 devstack devstack@g-api.service[76155]: DEBUG glance.api.middleware.version_negotiation [None req-716c8cea-179a-443b-a28b-4651332111bb tempest-DeleteServersTestJSON-698808233 tempest-DeleteServersTestJSON-698808233-project-member] Using url versioning {{(pid=76155) process_request /opt/stack/glance/glance/api/middleware/version_negotiation.py:57}}
Sep 17 07:22:42 devstack devstack@g-api.service[76155]: DEBUG glance.api.middleware.version_negotiation [None req-716c8cea-179a-443b-a28b-4651332111bb tempest-DeleteServersTestJSON-698808233 tempest-DeleteServersTestJSON-698808233-project-member] Matched version: v2 {{(pid=76155) process_request /opt/stack/glance/glance/api/middleware/version_negotiation.py:69}}
Sep 17 07:22:42 devstack devstack@g-api.service[76155]: DEBUG glance.api.middleware.version_negotiation [None req-716c8cea-179a-443b-a28b-4651332111bb tempest-DeleteServersTestJSON-698808233 tempest-DeleteServersTestJSON-698808233-project-member] new path /v2/images/c23af952-419c-402d-9c13-65fae52513d0 {{(pid=76155) process_request /opt/stack/glance/glance/api/middleware/version_negotiation.py:70}}
Sep 17 07:22:42 devstack devstack@g-api.service[76155]: [pid: 76155|app: 0|req: 9/18] 127.0.0.1 () {42 vars in 1057 bytes} [Wed Sep 17 07:22:42 2025] GET /v2/images/c23af952-419c-402d-9c13-65fae52513d0 => generated 976 bytes in 37 msecs (HTTP/1.1 200) 4 headers in 157 bytes (1 switches on core 0)
Sep 17 07:22:42 devstack devstack@g-api.service[76154]: DEBUG glance.api.middleware.version_negotiation [None req-716c8cea-179a-443b-a28b-4651332111bb tempest-DeleteServersTestJSON-698808233 tempest-DeleteServersTestJSON-698808233-project-member] Determining version of request: GET /v2/schemas/image Accept: */* {{(pid=76154) process_request /opt/stack/glance/glance/api/middleware/version_negotiation.py:44}}
Sep 17 07:22:42 devstack devstack@g-api.service[76154]: DEBUG glance.api.middleware.version_negotiation [None req-716c8cea-179a-443b-a28b-4651332111bb tempest-DeleteServersTestJSON-698808233 tempest-DeleteServersTestJSON-698808233-project-member] Using url versioning {{(pid=76154) process_request /opt/stack/glance/glance/api/middleware/version_negotiation.py:57}}
Sep 17 07:22:42 devstack devstack@g-api.service[76154]: DEBUG glance.api.middleware.version_negotiation [None req-716c8cea-179a-443b-a28b-4651332111bb tempest-DeleteServersTestJSON-698808233 tempest-DeleteServersTestJSON-698808233-project-member] Matched version: v2 {{(pid=76154) process_request /opt/stack/glance/glance/api/middleware/version_negotiation.py:69}}
Sep 17 07:22:42 devstack devstack@g-api.service[76154]: DEBUG glance.api.middleware.version_negotiation [None req-716c8cea-179a-443b-a28b-4651332111bb tempest-DeleteServersTestJSON-698808233 tempest-DeleteServersTestJSON-698808233-project-member] new path /v2/schemas/image {{(pid=76154) process_request /opt/stack/glance/glance/api/middleware/version_negotiation.py:70}}
Sep 17 07:22:42 devstack devstack@g-api.service[76154]: [pid: 76154|app: 0|req: 10/19] 127.0.0.1 () {42 vars in 997 bytes} [Wed Sep 17 07:22:42 2025] GET /v2/schemas/image => generated 6083 bytes in 17 msecs (HTTP/1.1 200) 4 headers in 158 bytes (1 switches on core 0)
Sep 17 07:22:49 devstack devstack@g-api.service[76155]: DEBUG glance.api.middleware.version_negotiation [None req-716c8cea-179a-443b-a28b-4651332111bb tempest-DeleteServersTestJSON-698808233 tempest-DeleteServersTestJSON-698808233-project-member] Determining version of request: GET /v2/images/c23af952-419c-402d-9c13-65fae52513d0 Accept: application/json {{(pid=76155) process_request /opt/stack/glance/glance/api/middleware/version_negotiation.py:44}}
Sep 17 07:22:49 devstack devstack@g-api.service[76155]: DEBUG glance.api.middleware.version_negotiation [None req-716c8cea-179a-443b-a28b-4651332111bb tempest-DeleteServersTestJSON-698808233 tempest-DeleteServersTestJSON-698808233-project-member] Using url versioning {{(pid=76155) process_request /opt/stack/glance/glance/api/middleware/version_negotiation.py:57}}
Sep 17 07:22:49 devstack devstack@g-api.service[76155]: DEBUG glance.api.middleware.version_negotiation [None req-716c8cea-179a-443b-a28b-4651332111bb tempest-DeleteServersTestJSON-698808233 tempest-DeleteServersTestJSON-698808233-project-member] Matched version: v2 {{(pid=76155) process_request /opt/stack/glance/glance/api/middleware/version_negotiation.py:69}}
Sep 17 07:22:49 devstack devstack@g-api.service[76155]: DEBUG glance.api.middleware.version_negotiation [None req-716c8cea-179a-443b-a28b-4651332111bb tempest-DeleteServersTestJSON-698808233 tempest-DeleteServersTestJSON-698808233-project-member] new path /v2/images/c23af952-419c-402d-9c13-65fae52513d0 {{(pid=76155) process_request /opt/stack/glance/glance/api/middleware/version_negotiation.py:70}}
Sep 17 07:22:50 devstack devstack@g-api.service[76155]: [pid: 76155|app: 0|req: 10/20] 127.0.0.1 () {38 vars in 782 bytes} [Wed Sep 17 07:22:49 2025] GET /v2/images/c23af952-419c-402d-9c13-65fae52513d0 => generated 976 bytes in 420 msecs (HTTP/1.1 200) 4 headers in 157 bytes (1 switches on core 0)
Sep 17 07:22:50 devstack devstack@g-api.service[76154]: DEBUG glance.api.middleware.version_negotiation [None req-716c8cea-179a-443b-a28b-4651332111bb tempest-DeleteServersTestJSON-698808233 tempest-DeleteServersTestJSON-698808233-project-member] Determining version of request: GET /v2/images/c23af952-419c-402d-9c13-65fae52513d0/file Accept: application/json {{(pid=76154) process_request /opt/stack/glance/glance/api/middleware/version_negotiation.py:44}}
Sep 17 07:22:50 devstack devstack@g-api.service[76154]: DEBUG glance.api.middleware.version_negotiation [None req-716c8cea-179a-443b-a28b-4651332111bb tempest-DeleteServersTestJSON-698808233 tempest-DeleteServersTestJSON-698808233-project-member] Using url versioning {{(pid=76154) process_request /opt/stack/glance/glance/api/middleware/version_negotiation.py:57}}
Sep 17 07:22:50 devstack devstack@g-api.service[76154]: DEBUG glance.api.middleware.version_negotiation [None req-716c8cea-179a-443b-a28b-4651332111bb tempest-DeleteServersTestJSON-698808233 tempest-DeleteServersTestJSON-698808233-project-member] Matched version: v2 {{(pid=76154) process_request /opt/stack/glance/glance/api/middleware/version_negotiation.py:69}}
Sep 17 07:22:50 devstack devstack@g-api.service[76154]: DEBUG glance.api.middleware.version_negotiation [None req-716c8cea-179a-443b-a28b-4651332111bb tempest-DeleteServersTestJSON-698808233 tempest-DeleteServersTestJSON-698808233-project-member] new path /v2/images/c23af952-419c-402d-9c13-65fae52513d0/file {{(pid=76154) process_request /opt/stack/glance/glance/api/middleware/version_negotiation.py:70}}
Sep 17 07:22:50 devstack devstack@g-api.service[76154]: DEBUG glance.api.middleware.cache [None req-1028cc82-fab5-4a71-ae6b-708df2909b88 tempest-AttachSCSIVolumeTestJSON-1004627292 tempest-AttachSCSIVolumeTestJSON-1004627292-project-admin] Cache hit for image 'c23af952-419c-402d-9c13-65fae52513d0' {{(pid=76154) process_request /opt/stack/glance/glance/api/middleware/cache.py:160}}
Sep 17 07:22:50 devstack devstack@g-api.service[76155]: DEBUG glance.api.middleware.version_negotiation [None req-5e25f915-a82e-4612-86ac-13dac9e7fdc7 tempest-AttachSCSIVolumeTestJSON-1004627292 tempest-AttachSCSIVolumeTestJSON-1004627292-project-admin] Determining version of request: POST /v2/images Accept: application/json {{(pid=76155) process_request /opt/stack/glance/glance/api/middleware/version_negotiation.py:44}}
Sep 17 07:22:50 devstack devstack@g-api.service[76155]: DEBUG glance.api.middleware.version_negotiation [None req-5e25f915-a82e-4612-86ac-13dac9e7fdc7 tempest-AttachSCSIVolumeTestJSON-1004627292 tempest-AttachSCSIVolumeTestJSON-1004627292-project-admin] Using url versioning {{(pid=76155) process_request /opt/stack/glance/glance/api/middleware/version_negotiation.py:57}}
Sep 17 07:22:50 devstack devstack@g-api.service[76155]: DEBUG glance.api.middleware.version_negotiation [None req-5e25f915-a82e-4612-86ac-13dac9e7fdc7 tempest-AttachSCSIVolumeTestJSON-1004627292 tempest-AttachSCSIVolumeTestJSON-1004627292-project-admin] Matched version: v2 {{(pid=76155) process_request /opt/stack/glance/glance/api/middleware/version_negotiation.py:69}}
Sep 17 07:22:50 devstack devstack@g-api.service[76155]: DEBUG glance.api.middleware.version_negotiation [None req-5e25f915-a82e-4612-86ac-13dac9e7fdc7 tempest-AttachSCSIVolumeTestJSON-1004627292 tempest-AttachSCSIVolumeTestJSON-1004627292-project-admin] new path /v2/images {{(pid=76155) process_request /opt/stack/glance/glance/api/middleware/version_negotiation.py:70}}
Sep 17 07:22:51 devstack devstack@g-api.service[76155]: [pid: 76155|app: 0|req: 11/21] 127.0.0.1 () {40 vars in 730 bytes} [Wed Sep 17 07:22:50 2025] POST /v2/images => generated 690 bytes in 1484 msecs (HTTP/1.1 201) 6 headers in 314 bytes (1 switches on core 0)
