Nov 18 11:29:29 devstack cinder-volume[80839]: DEBUG oslo_concurrency.processutils [None req-e5a95592-6784-4754-a651-bcb2d42682da tempest-VolumesDeleteCascade-41937985 None] CMD "/opt/stack/data/venv/bin/python3.10 -m oslo_concurrency.prlimit --as=1073741824 --cpu=60 -- sudo cinder-rootwrap /etc/cinder/rootwrap.conf env LC_ALL=C qemu-img info -f qcow2 --output=json --force-share /opt/stack/data/cinder/mnt/b3e2c9126332e79f1b7a56ba9860c95b/volume-73393faf-9faf-4617-bfbb-f4abeac65bc7" returned: 0 in 0.567s {{(pid=80839) execute /opt/stack/data/venv/lib/python3.10/site-packages/oslo_concurrency/processutils.py:372}}
Nov 18 11:29:29 devstack cinder-volume[80839]: DEBUG oslo_concurrency.processutils [None req-e5a95592-6784-4754-a651-bcb2d42682da tempest-VolumesDeleteCascade-41937985 None] Running cmd (subprocess): sudo cinder-rootwrap /etc/cinder/rootwrap.conf qemu-img create -f qcow2 -o backing_file=/opt/stack/data/cinder/mnt/b3e2c9126332e79f1b7a56ba9860c95b/volume-73393faf-9faf-4617-bfbb-f4abeac65bc7,backing_fmt=qcow2 /opt/stack/data/cinder/mnt/b3e2c9126332e79f1b7a56ba9860c95b/volume-73393faf-9faf-4617-bfbb-f4abeac65bc7.eaaf497b-b9ed-4c56-966c-cd9601375bdb 1G {{(pid=80839) execute /opt/stack/data/venv/lib/python3.10/site-packages/oslo_concurrency/processutils.py:349}}
Nov 18 11:29:29 devstack sudo[83406]: quobyte : PWD=/ ; USER=root ; COMMAND=/opt/stack/data/venv/bin/cinder-rootwrap /etc/cinder/rootwrap.conf qemu-img create -f qcow2 -o backing_file=/opt/stack/data/cinder/mnt/b3e2c9126332e79f1b7a56ba9860c95b/volume-73393faf-9faf-4617-bfbb-f4abeac65bc7,backing_fmt=qcow2 /opt/stack/data/cinder/mnt/b3e2c9126332e79f1b7a56ba9860c95b/volume-73393faf-9faf-4617-bfbb-f4abeac65bc7.eaaf497b-b9ed-4c56-966c-cd9601375bdb 1G
Nov 18 11:29:29 devstack sudo[83406]: pam_unix(sudo:session): session opened for user root(uid=0) by (uid=1000)
Nov 18 11:29:30 devstack sudo[83406]: pam_unix(sudo:session): session closed for user root
Nov 18 11:29:30 devstack cinder-volume[80839]: DEBUG oslo_concurrency.processutils [None req-e5a95592-6784-4754-a651-bcb2d42682da tempest-VolumesDeleteCascade-41937985 None] CMD "sudo cinder-rootwrap /etc/cinder/rootwrap.conf qemu-img create -f qcow2 -o backing_file=/opt/stack/data/cinder/mnt/b3e2c9126332e79f1b7a56ba9860c95b/volume-73393faf-9faf-4617-bfbb-f4abeac65bc7,backing_fmt=qcow2 /opt/stack/data/cinder/mnt/b3e2c9126332e79f1b7a56ba9860c95b/volume-73393faf-9faf-4617-bfbb-f4abeac65bc7.eaaf497b-b9ed-4c56-966c-cd9601375bdb 1G" returned: 0 in 0.619s {{(pid=80839) execute /opt/stack/data/venv/lib/python3.10/site-packages/oslo_concurrency/processutils.py:372}}
Nov 18 11:29:30 devstack cinder-volume[80839]: DEBUG oslo_concurrency.processutils [None req-e5a95592-6784-4754-a651-bcb2d42682da tempest-VolumesDeleteCascade-41937985 None] Running cmd (subprocess): sudo cinder-rootwrap /etc/cinder/rootwrap.conf qemu-img rebase -u -b volume-73393faf-9faf-4617-bfbb-f4abeac65bc7 -F qcow2 /opt/stack/data/cinder/mnt/b3e2c9126332e79f1b7a56ba9860c95b/volume-73393faf-9faf-4617-bfbb-f4abeac65bc7.eaaf497b-b9ed-4c56-966c-cd9601375bdb {{(pid=80839) execute /opt/stack/data/venv/lib/python3.10/site-packages/oslo_concurrency/processutils.py:349}}
Nov 18 11:29:30 devstack sudo[83411]: quobyte : PWD=/ ; USER=root ; COMMAND=/opt/stack/data/venv/bin/cinder-rootwrap /etc/cinder/rootwrap.conf qemu-img rebase -u -b volume-73393faf-9faf-4617-bfbb-f4abeac65bc7 -F qcow2 /opt/stack/data/cinder/mnt/b3e2c9126332e79f1b7a56ba9860c95b/volume-73393faf-9faf-4617-bfbb-f4abeac65bc7.eaaf497b-b9ed-4c56-966c-cd9601375bdb
Nov 18 11:29:30 devstack sudo[83411]: pam_unix(sudo:session): session opened for user root(uid=0) by (uid=1000)
Nov 18 11:29:31 devstack sudo[83411]: pam_unix(sudo:session): session closed for user root
Nov 18 11:29:31 devstack cinder-volume[80839]: DEBUG oslo_concurrency.processutils [None req-e5a95592-6784-4754-a651-bcb2d42682da tempest-VolumesDeleteCascade-41937985 None] CMD "sudo cinder-rootwrap /etc/cinder/rootwrap.conf qemu-img rebase -u -b volume-73393faf-9faf-4617-bfbb-f4abeac65bc7 -F qcow2 /opt/stack/data/cinder/mnt/b3e2c9126332e79f1b7a56ba9860c95b/volume-73393faf-9faf-4617-bfbb-f4abeac65bc7.eaaf497b-b9ed-4c56-966c-cd9601375bdb" returned: 0 in 0.589s {{(pid=80839) execute /opt/stack/data/venv/lib/python3.10/site-packages/oslo_concurrency/processutils.py:372}}
Nov 18 11:29:31 devstack cinder-volume[80839]: WARNING cinder.volume.drivers.remotefs [None req-e5a95592-6784-4754-a651-bcb2d42682da tempest-VolumesDeleteCascade-41937985 None] /opt/stack/data/cinder/mnt/b3e2c9126332e79f1b7a56ba9860c95b/volume-73393faf-9faf-4617-bfbb-f4abeac65bc7.eaaf497b-b9ed-4c56-966c-cd9601375bdb is being set with open permissions: ugo+rw
Nov 18 11:29:31 devstack cinder-volume[80839]: DEBUG oslo_concurrency.processutils [None req-e5a95592-6784-4754-a651-bcb2d42682da tempest-VolumesDeleteCascade-41937985 None] Running cmd (subprocess): sudo cinder-rootwrap /etc/cinder/rootwrap.conf chmod ugo+rw /opt/stack/data/cinder/mnt/b3e2c9126332e79f1b7a56ba9860c95b/volume-73393faf-9faf-4617-bfbb-f4abeac65bc7.eaaf497b-b9ed-4c56-966c-cd9601375bdb {{(pid=80839) execute /opt/stack/data/venv/lib/python3.10/site-packages/oslo_concurrency/processutils.py:349}}
Nov 18 11:29:31 devstack sudo[83417]: quobyte : PWD=/ ; USER=root ; COMMAND=/opt/stack/data/venv/bin/cinder-rootwrap /etc/cinder/rootwrap.conf chmod ugo+rw /opt/stack/data/cinder/mnt/b3e2c9126332e79f1b7a56ba9860c95b/volume-73393faf-9faf-4617-bfbb-f4abeac65bc7.eaaf497b-b9ed-4c56-966c-cd9601375bdb
Nov 18 11:29:31 devstack sudo[83417]: pam_unix(sudo:session): session opened for user root(uid=0) by (uid=1000)
Nov 18 11:29:31 devstack sudo[83417]: pam_unix(sudo:session): session closed for user root
Nov 18 11:29:31 devstack cinder-volume[80839]: DEBUG oslo_concurrency.processutils [None req-e5a95592-6784-4754-a651-bcb2d42682da tempest-VolumesDeleteCascade-41937985 None] CMD "sudo cinder-rootwrap /etc/cinder/rootwrap.conf chmod ugo+rw /opt/stack/data/cinder/mnt/b3e2c9126332e79f1b7a56ba9860c95b/volume-73393faf-9faf-4617-bfbb-f4abeac65bc7.eaaf497b-b9ed-4c56-966c-cd9601375bdb" returned: 0 in 0.457s {{(pid=80839) execute /opt/stack/data/venv/lib/python3.10/site-packages/oslo_concurrency/processutils.py:372}}
Nov 18 11:29:31 devstack cinder-volume[80839]: DEBUG oslo_concurrency.processutils [None req-e5a95592-6784-4754-a651-bcb2d42682da tempest-VolumesDeleteCascade-41937985 None] Running cmd (subprocess): sudo cinder-rootwrap /etc/cinder/rootwrap.conf truncate -s0 /opt/stack/data/cinder/mnt/b3e2c9126332e79f1b7a56ba9860c95b/volume-73393faf-9faf-4617-bfbb-f4abeac65bc7.info {{(pid=80839) execute /opt/stack/data/venv/lib/python3.10/site-packages/oslo_concurrency/processutils.py:349}}
Nov 18 11:29:31 devstack sudo[83420]: quobyte : PWD=/ ; USER=root ; COMMAND=/opt/stack/data/venv/bin/cinder-rootwrap /etc/cinder/rootwrap.conf truncate -s0 /opt/stack/data/cinder/mnt/b3e2c9126332e79f1b7a56ba9860c95b/volume-73393faf-9faf-4617-bfbb-f4abeac65bc7.info
Nov 18 11:29:31 devstack sudo[83420]: pam_unix(sudo:session): session opened for user root(uid=0) by (uid=1000)
Nov 18 11:29:32 devstack sudo[83420]: pam_unix(sudo:session): session closed for user root
Nov 18 11:29:32 devstack cinder-volume[80839]: DEBUG oslo_concurrency.processutils [None req-e5a95592-6784-4754-a651-bcb2d42682da tempest-VolumesDeleteCascade-41937985 None] CMD "sudo cinder-rootwrap /etc/cinder/rootwrap.conf truncate -s0 /opt/stack/data/cinder/mnt/b3e2c9126332e79f1b7a56ba9860c95b/volume-73393faf-9faf-4617-bfbb-f4abeac65bc7.info" returned: 0 in 0.849s {{(pid=80839) execute /opt/stack/data/venv/lib/python3.10/site-packages/oslo_concurrency/processutils.py:372}}
Nov 18 11:29:32 devstack cinder-volume[80839]: WARNING cinder.volume.drivers.remotefs [None req-e5a95592-6784-4754-a651-bcb2d42682da tempest-VolumesDeleteCascade-41937985 None] /opt/stack/data/cinder/mnt/b3e2c9126332e79f1b7a56ba9860c95b/volume-73393faf-9faf-4617-bfbb-f4abeac65bc7.info is being set with open permissions: ugo+rw
Nov 18 11:29:32 devstack cinder-volume[80839]: DEBUG oslo_concurrency.processutils [None req-e5a95592-6784-4754-a651-bcb2d42682da tempest-VolumesDeleteCascade-41937985 None] Running cmd (subprocess): sudo cinder-rootwrap /etc/cinder/rootwrap.conf chmod ugo+rw /opt/stack/data/cinder/mnt/b3e2c9126332e79f1b7a56ba9860c95b/volume-73393faf-9faf-4617-bfbb-f4abeac65bc7.info {{(pid=80839) execute /opt/stack/data/venv/lib/python3.10/site-packages/oslo_concurrency/processutils.py:349}}
Nov 18 11:29:32 devstack sudo[83456]: quobyte : PWD=/ ; USER=root ; COMMAND=/opt/stack/data/venv/bin/cinder-rootwrap /etc/cinder/rootwrap.conf chmod ugo+rw /opt/stack/data/cinder/mnt/b3e2c9126332e79f1b7a56ba9860c95b/volume-73393faf-9faf-4617-bfbb-f4abeac65bc7.info
Nov 18 11:29:32 devstack sudo[83456]: pam_unix(sudo:session): session opened for user root(uid=0) by (uid=1000)
Nov 18 11:29:32 devstack sudo[83456]: pam_unix(sudo:session): session closed for user root
Nov 18 11:29:32 devstack cinder-volume[80839]: DEBUG oslo_concurrency.processutils [None req-e5a95592-6784-4754-a651-bcb2d42682da tempest-VolumesDeleteCascade-41937985 None] CMD "sudo cinder-rootwrap /etc/cinder/rootwrap.conf chmod ugo+rw /opt/stack/data/cinder/mnt/b3e2c9126332e79f1b7a56ba9860c95b/volume-73393faf-9faf-4617-bfbb-f4abeac65bc7.info" returned: 0 in 0.493s {{(pid=80839) execute /opt/stack/data/venv/lib/python3.10/site-packages/oslo_concurrency/processutils.py:372}}
Nov 18 11:29:32 devstack cinder-volume[80839]: DEBUG oslo_concurrency.lockutils [None req-e5a95592-6784-4754-a651-bcb2d42682da tempest-VolumesDeleteCascade-41937985 None] Lock "quobyte" "released" by "cinder.volume.drivers.quobyte.QuobyteDriver.create_snapshot" :: held 3.652s {{(pid=80839) inner /opt/stack/data/venv/lib/python3.10/site-packages/oslo_concurrency/lockutils.py:424}}
Nov 18 11:29:32 devstack cinder-volume[80839]: INFO cinder.volume.manager [None req-e5a95592-6784-4754-a651-bcb2d42682da tempest-VolumesDeleteCascade-41937985 None] Create snapshot completed successfully
Nov 18 11:29:33 devstack cinder-volume[80839]: WARNING cinder.volume.volume_utils [None req-6accd35d-9baa-4a77-99b7-807bc93a6dc9 tempest-VolumesDeleteCascade-41937985 None] Volume driver (QuobyteDriver 1.1.13) is currently unsupported and may be removed in the next release of OpenStack. Use at your own risk.
Nov 18 11:29:33 devstack cinder-volume[80839]: DEBUG oslo_concurrency.lockutils [None req-6accd35d-9baa-4a77-99b7-807bc93a6dc9 tempest-VolumesDeleteCascade-41937985 None] Acquiring lock "quobyte" by "cinder.volume.drivers.quobyte.QuobyteDriver.create_snapshot" {{(pid=80839) inner /opt/stack/data/venv/lib/python3.10/site-packages/oslo_concurrency/lockutils.py:405}}
Nov 18 11:29:33 devstack cinder-volume[80839]: DEBUG oslo_concurrency.lockutils [None req-6accd35d-9baa-4a77-99b7-807bc93a6dc9 tempest-VolumesDeleteCascade-41937985 None] Lock "quobyte" acquired by "cinder.volume.drivers.quobyte.QuobyteDriver.create_snapshot" :: waited 0.000s {{(pid=80839) inner /opt/stack/data/venv/lib/python3.10/site-packages/oslo_concurrency/lockutils.py:410}}
Nov 18 11:29:33 devstack cinder-volume[80839]: DEBUG cinder.volume.drivers.remotefs [None req-6accd35d-9baa-4a77-99b7-807bc93a6dc9 tempest-VolumesDeleteCascade-41937985 None] Creating offline snapshot d1eef2d8-396a-4ed5-a7b4-bf904644890d of volume 73393faf-9faf-4617-bfbb-f4abeac65bc7 {{(pid=80839) _create_snapshot /opt/stack/cinder/cinder/volume/drivers/remotefs.py:1694}}
Nov 18 11:29:33 devstack cinder-volume[80839]: DEBUG oslo.privsep.daemon [-] privsep: reply[aead9b82-a5b1-4f2b-866a-5a2aa352a96b]: (4, 'qcow2') {{(pid=81716) _call_back /opt/stack/data/venv/lib/python3.10/site-packages/oslo_privsep/daemon.py:515}}
Nov 18 11:29:33 devstack cinder-volume[80839]: DEBUG oslo_concurrency.processutils [None req-6accd35d-9baa-4a77-99b7-807bc93a6dc9 tempest-VolumesDeleteCascade-41937985 None] Running cmd (subprocess): /opt/stack/data/venv/bin/python3.10 -m oslo_concurrency.prlimit --as=1073741824 --cpu=60 -- sudo cinder-rootwrap /etc/cinder/rootwrap.conf env LC_ALL=C qemu-img info -f qcow2 --output=json --force-share /opt/stack/data/cinder/mnt/b3e2c9126332e79f1b7a56ba9860c95b/volume-73393faf-9faf-4617-bfbb-f4abeac65bc7.eaaf497b-b9ed-4c56-966c-cd9601375bdb {{(pid=80839) execute /opt/stack/data/venv/lib/python3.10/site-packages/oslo_concurrency/processutils.py:349}}
Nov 18 11:29:33 devstack sudo[83460]: quobyte : PWD=/ ; USER=root ; COMMAND=/opt/stack/data/venv/bin/cinder-rootwrap /etc/cinder/rootwrap.conf env LC_ALL=C qemu-img info -f qcow2 --output=json --force-share /opt/stack/data/cinder/mnt/b3e2c9126332e79f1b7a56ba9860c95b/volume-73393faf-9faf-4617-bfbb-f4abeac65bc7.eaaf497b-b9ed-4c56-966c-cd9601375bdb
Nov 18 11:29:33 devstack sudo[83460]: pam_unix(sudo:session): session opened for user root(uid=0) by (uid=1000)
Nov 18 11:29:34 devstack sudo[83460]: pam_unix(sudo:session): session closed for user root
Nov 18 11:29:34 devstack cinder-volume[80839]: DEBUG oslo_concurrency.processutils [None req-6accd35d-9baa-4a77-99b7-807bc93a6dc9 tempest-VolumesDeleteCascade-41937985 None] CMD "/opt/stack/data/venv/bin/python3.10 -m oslo_concurrency.prlimit --as=1073741824 --cpu=60 -- sudo cinder-rootwrap /etc/cinder/rootwrap.conf env LC_ALL=C qemu-img info -f qcow2 --output=json --force-share /opt/stack/data/cinder/mnt/b3e2c9126332e79f1b7a56ba9860c95b/volume-73393faf-9faf-4617-bfbb-f4abeac65bc7.eaaf497b-b9ed-4c56-966c-cd9601375bdb" returned: 0 in 0.643s {{(pid=80839) execute /opt/stack/data/venv/lib/python3.10/site-packages/oslo_concurrency/processutils.py:372}}
Nov 18 11:29:34 devstack cinder-volume[80839]: DEBUG cinder.volume.drivers.remotefs [None req-6accd35d-9baa-4a77-99b7-807bc93a6dc9 tempest-VolumesDeleteCascade-41937985 None] Fetching qemu-img info with special backing_file_template: (/opt/stack/data/cinder/mnt/[0-9a-f]+/)?(volume-73393faf-9faf-4617-bfbb-f4abeac65bc7(.(tmp-snap-)?[0-9a-f-]+)?|volume_from_snapshot_cache/(tmp-snap-)?[0-9a-f-]+(.(child-|parent-)[0-9a-f-]+)?)$ {{(pid=80839) _qemu_img_info_base /opt/stack/cinder/cinder/volume/drivers/remotefs.py:886}}
Nov 18 11:29:34 devstack cinder-volume[80839]: DEBUG oslo_concurrency.processutils [None req-6accd35d-9baa-4a77-99b7-807bc93a6dc9 tempest-VolumesDeleteCascade-41937985 None] Running cmd (subprocess): sudo cinder-rootwrap /etc/cinder/rootwrap.conf qemu-img create -f qcow2 -o backing_file=/opt/stack/data/cinder/mnt/b3e2c9126332e79f1b7a56ba9860c95b/volume-73393faf-9faf-4617-bfbb-f4abeac65bc7.eaaf497b-b9ed-4c56-966c-cd9601375bdb,backing_fmt=qcow2 /opt/stack/data/cinder/mnt/b3e2c9126332e79f1b7a56ba9860c95b/volume-73393faf-9faf-4617-bfbb-f4abeac65bc7.d1eef2d8-396a-4ed5-a7b4-bf904644890d 1G {{(pid=80839) execute /opt/stack/data/venv/lib/python3.10/site-packages/oslo_concurrency/processutils.py:349}}
Nov 18 11:29:34 devstack sudo[83466]: quobyte : PWD=/ ; USER=root ; COMMAND=/opt/stack/data/venv/bin/cinder-rootwrap /etc/cinder/rootwrap.conf qemu-img create -f qcow2 -o backing_file=/opt/stack/data/cinder/mnt/b3e2c9126332e79f1b7a56ba9860c95b/volume-73393faf-9faf-4617-bfbb-f4abeac65bc7.eaaf497b-b9ed-4c56-966c-cd9601375bdb,backing_fmt=qcow2 /opt/stack/data/cinder/mnt/b3e2c9126332e79f1b7a56ba9860c95b/volume-73393faf-9faf-4617-bfbb-f4abeac65bc7.d1eef2d8-396a-4ed5-a7b4-bf904644890d 1G
Nov 18 11:29:34 devstack sudo[83466]: pam_unix(sudo:session): session opened for user root(uid=0) by (uid=1000)
Nov 18 11:29:34 devstack sudo[83466]: pam_unix(sudo:session): session closed for user root
Nov 18 11:29:34 devstack cinder-volume[80839]: DEBUG oslo_concurrency.processutils [None req-6accd35d-9baa-4a77-99b7-807bc93a6dc9 tempest-VolumesDeleteCascade-41937985 None] CMD "sudo cinder-rootwrap /etc/cinder/rootwrap.conf qemu-img create -f qcow2 -o backing_file=/opt/stack/data/cinder/mnt/b3e2c9126332e79f1b7a56ba9860c95b/volume-73393faf-9faf-4617-bfbb-f4abeac65bc7.eaaf497b-b9ed-4c56-966c-cd9601375bdb,backing_fmt=qcow2 /opt/stack/data/cinder/mnt/b3e2c9126332e79f1b7a56ba9860c95b/volume-73393faf-9faf-4617-bfbb-f4abeac65bc7.d1eef2d8-396a-4ed5-a7b4-bf904644890d 1G" returned: 0 in 0.539s {{(pid=80839) execute /opt/stack/data/venv/lib/python3.10/site-packages/oslo_concurrency/processutils.py:372}}
Nov 18 11:29:34 devstack cinder-volume[80839]: DEBUG oslo_concurrency.processutils [None req-6accd35d-9baa-4a77-99b7-807bc93a6dc9 tempest-VolumesDeleteCascade-41937985 None] Running cmd (subprocess): sudo cinder-rootwrap /etc/cinder/rootwrap.conf qemu-img rebase -u -b volume-73393faf-9faf-4617-bfbb-f4abeac65bc7.eaaf497b-b9ed-4c56-966c-cd9601375bdb -F qcow2 /opt/stack/data/cinder/mnt/b3e2c9126332e79f1b7a56ba9860c95b/volume-73393faf-9faf-4617-bfbb-f4abeac65bc7.d1eef2d8-396a-4ed5-a7b4-bf904644890d {{(pid=80839) execute /opt/stack/data/venv/lib/python3.10/site-packages/oslo_concurrency/processutils.py:349}}
Nov 18 11:29:34 devstack sudo[83471]: quobyte : PWD=/ ; USER=root ; COMMAND=/opt/stack/data/venv/bin/cinder-rootwrap /etc/cinder/rootwrap.conf qemu-img rebase -u -b volume-73393faf-9faf-4617-bfbb-f4abeac65bc7.eaaf497b-b9ed-4c56-966c-cd9601375bdb -F qcow2 /opt/stack/data/cinder/mnt/b3e2c9126332e79f1b7a56ba9860c95b/volume-73393faf-9faf-4617-bfbb-f4abeac65bc7.d1eef2d8-396a-4ed5-a7b4-bf904644890d
Nov 18 11:29:34 devstack sudo[83471]: pam_unix(sudo:session): session opened for user root(uid=0) by (uid=1000)
Nov 18 11:29:35 devstack sudo[83471]: pam_unix(sudo:session): session closed for user root
Nov 18 11:29:35 devstack cinder-volume[80839]: DEBUG oslo_concurrency.processutils [None req-6accd35d-9baa-4a77-99b7-807bc93a6dc9 tempest-VolumesDeleteCascade-41937985 None] CMD "sudo cinder-rootwrap /etc/cinder/rootwrap.conf qemu-img rebase -u -b volume-73393faf-9faf-4617-bfbb-f4abeac65bc7.eaaf497b-b9ed-4c56-966c-cd9601375bdb -F qcow2 /opt/stack/data/cinder/mnt/b3e2c9126332e79f1b7a56ba9860c95b/volume-73393faf-9faf-4617-bfbb-f4abeac65bc7.d1eef2d8-396a-4ed5-a7b4-bf904644890d" returned: 0 in 0.435s {{(pid=80839) execute /opt/stack/data/venv/lib/python3.10/site-packages/oslo_concurrency/processutils.py:372}}
Nov 18 11:29:35 devstack cinder-volume[80839]: WARNING cinder.volume.drivers.remotefs [None req-6accd35d-9baa-4a77-99b7-807bc93a6dc9 tempest-VolumesDeleteCascade-41937985 None] /opt/stack/data/cinder/mnt/b3e2c9126332e79f1b7a56ba9860c95b/volume-73393faf-9faf-4617-bfbb-f4abeac65bc7.d1eef2d8-396a-4ed5-a7b4-bf904644890d is being set with open permissions: ugo+rw
Nov 18 11:29:35 devstack cinder-volume[80839]: DEBUG oslo_concurrency.processutils [None req-6accd35d-9baa-4a77-99b7-807bc93a6dc9 tempest-VolumesDeleteCascade-41937985 None] Running cmd (subprocess): sudo cinder-rootwrap /etc/cinder/rootwrap.conf chmod ugo+rw /opt/stack/data/cinder/mnt/b3e2c9126332e79f1b7a56ba9860c95b/volume-73393faf-9faf-4617-bfbb-f4abeac65bc7.d1eef2d8-396a-4ed5-a7b4-bf904644890d {{(pid=80839) execute /opt/stack/data/venv/lib/python3.10/site-packages/oslo_concurrency/processutils.py:349}}
Nov 18 11:29:35 devstack sudo[83476]: quobyte : PWD=/ ; USER=root ; COMMAND=/opt/stack/data/venv/bin/cinder-rootwrap /etc/cinder/rootwrap.conf chmod ugo+rw /opt/stack/data/cinder/mnt/b3e2c9126332e79f1b7a56ba9860c95b/volume-73393faf-9faf-4617-bfbb-f4abeac65bc7.d1eef2d8-396a-4ed5-a7b4-bf904644890d
Nov 18 11:29:35 devstack sudo[83476]: pam_unix(sudo:session): session opened for user root(uid=0) by (uid=1000)
Nov 18 11:29:35 devstack sudo[83476]: pam_unix(sudo:session): session closed for user root
Nov 18 11:29:35 devstack cinder-volume[80839]: DEBUG oslo_concurrency.processutils [None req-6accd35d-9baa-4a77-99b7-807bc93a6dc9 tempest-VolumesDeleteCascade-41937985 None] CMD "sudo cinder-rootwrap /etc/cinder/rootwrap.conf chmod ugo+rw /opt/stack/data/cinder/mnt/b3e2c9126332e79f1b7a56ba9860c95b/volume-73393faf-9faf-4617-bfbb-f4abeac65bc7.d1eef2d8-396a-4ed5-a7b4-bf904644890d" returned: 0 in 0.431s {{(pid=80839) execute /opt/stack/data/venv/lib/python3.10/site-packages/oslo_concurrency/processutils.py:372}}
Nov 18 11:29:35 devstack cinder-volume[80839]: DEBUG oslo_concurrency.lockutils [None req-6accd35d-9baa-4a77-99b7-807bc93a6dc9 tempest-VolumesDeleteCascade-41937985 None] Lock "quobyte" "released" by "cinder.volume.drivers.quobyte.QuobyteDriver.create_snapshot" :: held 2.116s {{(pid=80839) inner /opt/stack/data/venv/lib/python3.10/site-packages/oslo_concurrency/lockutils.py:424}}
Nov 18 11:29:35 devstack cinder-volume[80839]: INFO cinder.volume.manager [None req-6accd35d-9baa-4a77-99b7-807bc93a6dc9 tempest-VolumesDeleteCascade-41937985 None] Create snapshot completed successfully
Nov 18 11:29:36 devstack cinder-volume[80839]: DEBUG cinder.coordination [None req-b23a4766-474e-4aa8-9656-0f7015f087c3 tempest-VolumesDeleteCascade-41937985 None] Acquiring lock "cinder-73393faf-9faf-4617-bfbb-f4abeac65bc7-delete_volume" by "delete_volume" {{(pid=80839) __acquire /opt/stack/cinder/cinder/coordination.py:143}}
Nov 18 11:29:36 devstack cinder-volume[80839]: DEBUG cinder.coordination [None req-b23a4766-474e-4aa8-9656-0f7015f087c3 tempest-VolumesDeleteCascade-41937985 None] Lock "cinder-73393faf-9faf-4617-bfbb-f4abeac65bc7-delete_volume" acquired by "delete_volume" :: waited 0.015s {{(pid=80839) __acquire /opt/stack/cinder/cinder/coordination.py:146}}
Nov 18 11:29:36 devstack cinder-volume[80839]: WARNING cinder.volume.volume_utils [None req-b23a4766-474e-4aa8-9656-0f7015f087c3 tempest-VolumesDeleteCascade-41937985 None] Volume driver (QuobyteDriver 1.1.13) is currently unsupported and may be removed in the next release of OpenStack. Use at your own risk.
Nov 18 11:29:36 devstack cinder-volume[80839]: DEBUG cinder.volume.manager [None req-b23a4766-474e-4aa8-9656-0f7015f087c3 tempest-VolumesDeleteCascade-41937985 None] Performing cascade delete. {{(pid=80839) delete_volume /opt/stack/cinder/cinder/volume/manager.py:995}}
Nov 18 11:29:36 devstack cinder-volume[80839]: DEBUG cinder.coordination [None req-b23a4766-474e-4aa8-9656-0f7015f087c3 tempest-VolumesDeleteCascade-41937985 None] Acquiring lock "cinder-d1eef2d8-396a-4ed5-a7b4-bf904644890d-delete_snapshot" by "delete_snapshot" {{(pid=80839) __acquire /opt/stack/cinder/cinder/coordination.py:143}}
Nov 18 11:29:36 devstack cinder-volume[80839]: DEBUG cinder.coordination [None req-b23a4766-474e-4aa8-9656-0f7015f087c3 tempest-VolumesDeleteCascade-41937985 None] Lock "cinder-d1eef2d8-396a-4ed5-a7b4-bf904644890d-delete_snapshot" acquired by "delete_snapshot" :: waited 0.013s {{(pid=80839) __acquire /opt/stack/cinder/cinder/coordination.py:146}}
Nov 18 11:29:36 devstack cinder-volume[80839]: WARNING cinder.volume.volume_utils [None req-b23a4766-474e-4aa8-9656-0f7015f087c3 tempest-VolumesDeleteCascade-41937985 None] Volume driver (QuobyteDriver 1.1.13) is currently unsupported and may be removed in the next release of OpenStack. Use at your own risk.
Nov 18 11:29:36 devstack cinder-volume[80839]: DEBUG cinder.coordination [None req-b23a4766-474e-4aa8-9656-0f7015f087c3 tempest-VolumesDeleteCascade-41937985 None] Acquiring lock "cinder-quobyte-73393faf-9faf-4617-bfbb-f4abeac65bc7" by "delete_snapshot" {{(pid=80839) __acquire /opt/stack/cinder/cinder/coordination.py:143}}
Nov 18 11:29:36 devstack cinder-volume[80839]: DEBUG cinder.coordination [None req-b23a4766-474e-4aa8-9656-0f7015f087c3 tempest-VolumesDeleteCascade-41937985 None] Lock "cinder-quobyte-73393faf-9faf-4617-bfbb-f4abeac65bc7" acquired by "delete_snapshot" :: waited 0.008s {{(pid=80839) __acquire /opt/stack/cinder/cinder/coordination.py:146}}
Nov 18 11:29:36 devstack cinder-volume[80839]: DEBUG cinder.coordination [None req-b23a4766-474e-4aa8-9656-0f7015f087c3 tempest-VolumesDeleteCascade-41937985 None] Acquiring lock "cinder-quobyte-d1eef2d8-396a-4ed5-a7b4-bf904644890d" by "_delete_snapshot" {{(pid=80839) __acquire /opt/stack/cinder/cinder/coordination.py:143}}
Nov 18 11:29:36 devstack cinder-volume[80839]: DEBUG cinder.coordination [None req-b23a4766-474e-4aa8-9656-0f7015f087c3 tempest-VolumesDeleteCascade-41937985 None] Lock "cinder-quobyte-d1eef2d8-396a-4ed5-a7b4-bf904644890d" acquired by "_delete_snapshot" :: waited 0.007s {{(pid=80839) __acquire /opt/stack/cinder/cinder/coordination.py:146}}
Nov 18 11:29:36 devstack cinder-volume[80839]: DEBUG cinder.volume.drivers.remotefs [None req-b23a4766-474e-4aa8-9656-0f7015f087c3 tempest-VolumesDeleteCascade-41937985 None] Deleting offline snapshot d1eef2d8-396a-4ed5-a7b4-bf904644890d of volume 73393faf-9faf-4617-bfbb-f4abeac65bc7 {{(pid=80839) _delete_snapshot /opt/stack/cinder/cinder/volume/drivers/remotefs.py:1278}}
Nov 18 11:29:36 devstack cinder-volume[80839]: DEBUG cinder.volume.drivers.remotefs [None req-b23a4766-474e-4aa8-9656-0f7015f087c3 tempest-VolumesDeleteCascade-41937985 None] snapshot_file for this snap is: volume-73393faf-9faf-4617-bfbb-f4abeac65bc7.d1eef2d8-396a-4ed5-a7b4-bf904644890d {{(pid=80839) _delete_snapshot /opt/stack/cinder/cinder/volume/drivers/remotefs.py:1307}}
Nov 18 11:29:36 devstack cinder-volume[80839]: DEBUG oslo.privsep.daemon [-] privsep: reply[d382cecc-ef70-4d52-990d-54c47e060fe7]: (4, 'qcow2') {{(pid=81716) _call_back /opt/stack/data/venv/lib/python3.10/site-packages/oslo_privsep/daemon.py:515}}
Nov 18 11:29:36 devstack cinder-volume[80839]: DEBUG oslo_concurrency.processutils [None req-b23a4766-474e-4aa8-9656-0f7015f087c3 tempest-VolumesDeleteCascade-41937985 None] Running cmd (subprocess): /opt/stack/data/venv/bin/python3.10 -m oslo_concurrency.prlimit --as=1073741824 --cpu=60 -- sudo cinder-rootwrap /etc/cinder/rootwrap.conf env LC_ALL=C qemu-img info -f qcow2 --output=json --force-share /opt/stack/data/cinder/mnt/b3e2c9126332e79f1b7a56ba9860c95b/volume-73393faf-9faf-4617-bfbb-f4abeac65bc7.d1eef2d8-396a-4ed5-a7b4-bf904644890d {{(pid=80839) execute /opt/stack/data/venv/lib/python3.10/site-packages/oslo_concurrency/processutils.py:349}}
Nov 18 11:29:37 devstack sudo[83479]: quobyte : PWD=/ ; USER=root ; COMMAND=/opt/stack/data/venv/bin/cinder-rootwrap /etc/cinder/rootwrap.conf env LC_ALL=C qemu-img info -f qcow2 --output=json --force-share /opt/stack/data/cinder/mnt/b3e2c9126332e79f1b7a56ba9860c95b/volume-73393faf-9faf-4617-bfbb-f4abeac65bc7.d1eef2d8-396a-4ed5-a7b4-bf904644890d
Nov 18 11:29:37 devstack sudo[83479]: pam_unix(sudo:session): session opened for user root(uid=0) by (uid=1000)
Nov 18 11:29:37 devstack sudo[83479]: pam_unix(sudo:session): session closed for user root
Nov 18 11:29:37 devstack cinder-volume[80839]: DEBUG oslo_concurrency.processutils [None req-b23a4766-474e-4aa8-9656-0f7015f087c3 tempest-VolumesDeleteCascade-41937985 None] CMD "/opt/stack/data/venv/bin/python3.10 -m oslo_concurrency.prlimit --as=1073741824 --cpu=60 -- sudo cinder-rootwrap /etc/cinder/rootwrap.conf env LC_ALL=C qemu-img info -f qcow2 --output=json --force-share /opt/stack/data/cinder/mnt/b3e2c9126332e79f1b7a56ba9860c95b/volume-73393faf-9faf-4617-bfbb-f4abeac65bc7.d1eef2d8-396a-4ed5-a7b4-bf904644890d" returned: 0 in 0.532s {{(pid=80839) execute /opt/stack/data/venv/lib/python3.10/site-packages/oslo_concurrency/processutils.py:372}}
Nov 18 11:29:37 devstack cinder-volume[80839]: DEBUG cinder.volume.drivers.remotefs [None req-b23a4766-474e-4aa8-9656-0f7015f087c3 tempest-VolumesDeleteCascade-41937985 None] Fetching qemu-img info with special backing_file_template: (/opt/stack/data/cinder/mnt/[0-9a-f]+/)?(volume-73393faf-9faf-4617-bfbb-f4abeac65bc7(.(tmp-snap-)?[0-9a-f-]+)?|volume_from_snapshot_cache/(tmp-snap-)?[0-9a-f-]+(.(child-|parent-)[0-9a-f-]+)?)$ {{(pid=80839) _qemu_img_info_base /opt/stack/cinder/cinder/volume/drivers/remotefs.py:886}}
Nov 18 11:29:37 devstack cinder-volume[80839]: DEBUG oslo.privsep.daemon [-] privsep: reply[a4fcdce7-ce99-4698-bb35-5857977cfec7]: (4, 'qcow2') {{(pid=81716) _call_back /opt/stack/data/venv/lib/python3.10/site-packages/oslo_privsep/daemon.py:515}}
Nov 18 11:29:37 devstack cinder-volume[80839]: DEBUG oslo_concurrency.processutils [None req-b23a4766-474e-4aa8-9656-0f7015f087c3 tempest-VolumesDeleteCascade-41937985 None] Running cmd (subprocess): /opt/stack/data/venv/bin/python3.10 -m oslo_concurrency.prlimit --as=1073741824 --cpu=60 -- sudo cinder-rootwrap /etc/cinder/rootwrap.conf env LC_ALL=C qemu-img info -f qcow2 --output=json --force-share /opt/stack/data/cinder/mnt/b3e2c9126332e79f1b7a56ba9860c95b/volume-73393faf-9faf-4617-bfbb-f4abeac65bc7.eaaf497b-b9ed-4c56-966c-cd9601375bdb {{(pid=80839) execute /opt/stack/data/venv/lib/python3.10/site-packages/oslo_concurrency/processutils.py:349}}
Nov 18 11:29:37 devstack sudo[83484]: quobyte : PWD=/ ; USER=root ; COMMAND=/opt/stack/data/venv/bin/cinder-rootwrap /etc/cinder/rootwrap.conf env LC_ALL=C qemu-img info -f qcow2 --output=json --force-share /opt/stack/data/cinder/mnt/b3e2c9126332e79f1b7a56ba9860c95b/volume-73393faf-9faf-4617-bfbb-f4abeac65bc7.eaaf497b-b9ed-4c56-966c-cd9601375bdb
Nov 18 11:29:37 devstack sudo[83484]: pam_unix(sudo:session): session opened for user root(uid=0) by (uid=1000)
Nov 18 11:29:38 devstack sudo[83484]: pam_unix(sudo:session): session closed for user root
Nov 18 11:29:38 devstack cinder-volume[80839]: DEBUG oslo_concurrency.processutils [None req-b23a4766-474e-4aa8-9656-0f7015f087c3 tempest-VolumesDeleteCascade-41937985 None] CMD "/opt/stack/data/venv/bin/python3.10 -m oslo_concurrency.prlimit --as=1073741824 --cpu=60 -- sudo cinder-rootwrap /etc/cinder/rootwrap.conf env LC_ALL=C qemu-img info -f qcow2 --output=json --force-share /opt/stack/data/cinder/mnt/b3e2c9126332e79f1b7a56ba9860c95b/volume-73393faf-9faf-4617-bfbb-f4abeac65bc7.eaaf497b-b9ed-4c56-966c-cd9601375bdb" returned: 0 in 0.604s {{(pid=80839) execute /opt/stack/data/venv/lib/python3.10/site-packages/oslo_concurrency/processutils.py:372}}
Nov 18 11:29:38 devstack cinder-volume[80839]: DEBUG cinder.volume.drivers.remotefs [None req-b23a4766-474e-4aa8-9656-0f7015f087c3 tempest-VolumesDeleteCascade-41937985 None] Fetching qemu-img info with special backing_file_template: (/opt/stack/data/cinder/mnt/[0-9a-f]+/)?(volume-73393faf-9faf-4617-bfbb-f4abeac65bc7(.(tmp-snap-)?[0-9a-f-]+)?|volume_from_snapshot_cache/(tmp-snap-)?[0-9a-f-]+(.(child-|parent-)[0-9a-f-]+)?)$ {{(pid=80839) _qemu_img_info_base /opt/stack/cinder/cinder/volume/drivers/remotefs.py:886}}
Nov 18 11:29:38 devstack cinder-volume[80839]: DEBUG oslo_concurrency.processutils [None req-b23a4766-474e-4aa8-9656-0f7015f087c3 tempest-VolumesDeleteCascade-41937985 None] Running cmd (subprocess): sudo cinder-rootwrap /etc/cinder/rootwrap.conf qemu-img commit -d /opt/stack/data/cinder/mnt/b3e2c9126332e79f1b7a56ba9860c95b/volume-73393faf-9faf-4617-bfbb-f4abeac65bc7.d1eef2d8-396a-4ed5-a7b4-bf904644890d {{(pid=80839) execute /opt/stack/data/venv/lib/python3.10/site-packages/oslo_concurrency/processutils.py:349}}
Nov 18 11:29:38 devstack sudo[83490]: quobyte : PWD=/ ; USER=root ; COMMAND=/opt/stack/data/venv/bin/cinder-rootwrap /etc/cinder/rootwrap.conf qemu-img commit -d /opt/stack/data/cinder/mnt/b3e2c9126332e79f1b7a56ba9860c95b/volume-73393faf-9faf-4617-bfbb-f4abeac65bc7.d1eef2d8-396a-4ed5-a7b4-bf904644890d
Nov 18 11:29:38 devstack sudo[83490]: pam_unix(sudo:session): session opened for user root(uid=0) by (uid=1000)
Nov 18 11:29:38 devstack cinder-volume[80839]: DEBUG cinder.coordination [None req-a08aab83-6128-48aa-9eaf-634149aacc5a tempest-AttachSCSIVolumeTestJSON-602383529 None] Acquiring lock "cinder-a880f46d-36f4-41ae-9a1d-5b2dff1ab6f2-delete_volume" by "delete_volume" {{(pid=80839) __acquire /opt/stack/cinder/cinder/coordination.py:143}}
Nov 18 11:29:38 devstack cinder-volume[80839]: DEBUG cinder.coordination [None req-a08aab83-6128-48aa-9eaf-634149aacc5a tempest-AttachSCSIVolumeTestJSON-602383529 None] Lock "cinder-a880f46d-36f4-41ae-9a1d-5b2dff1ab6f2-delete_volume" acquired by "delete_volume" :: waited 0.010s {{(pid=80839) __acquire /opt/stack/cinder/cinder/coordination.py:146}}
Nov 18 11:29:38 devstack cinder-volume[80839]: WARNING cinder.volume.volume_utils [None req-a08aab83-6128-48aa-9eaf-634149aacc5a tempest-AttachSCSIVolumeTestJSON-602383529 None] Volume driver (QuobyteDriver 1.1.13) is currently unsupported and may be removed in the next release of OpenStack. Use at your own risk.
Nov 18 11:29:38 devstack cinder-volume[80839]: DEBUG cinder.coordination [None req-a08aab83-6128-48aa-9eaf-634149aacc5a tempest-AttachSCSIVolumeTestJSON-602383529 None] Acquiring lock "cinder-quobyte-a880f46d-36f4-41ae-9a1d-5b2dff1ab6f2" by "delete_volume" {{(pid=80839) __acquire /opt/stack/cinder/cinder/coordination.py:143}}
Nov 18 11:29:38 devstack cinder-volume[80839]: DEBUG cinder.coordination [None req-a08aab83-6128-48aa-9eaf-634149aacc5a tempest-AttachSCSIVolumeTestJSON-602383529 None] Lock "cinder-quobyte-a880f46d-36f4-41ae-9a1d-5b2dff1ab6f2" acquired by "delete_volume" :: waited 0.013s {{(pid=80839) __acquire /opt/stack/cinder/cinder/coordination.py:146}}
Nov 18 11:29:38 devstack cinder-volume[80839]: DEBUG oslo.privsep.daemon [-] privsep: reply[47f62ea8-20f9-4e0c-bc41-a0a14ec326ca]: (4, 'qcow2') {{(pid=81716) _call_back /opt/stack/data/venv/lib/python3.10/site-packages/oslo_privsep/daemon.py:515}}
Nov 18 11:29:38 devstack cinder-volume[80839]: DEBUG oslo_concurrency.processutils [None req-a08aab83-6128-48aa-9eaf-634149aacc5a tempest-AttachSCSIVolumeTestJSON-602383529 None] Running cmd (subprocess): /opt/stack/data/venv/bin/python3.10 -m oslo_concurrency.prlimit --as=1073741824 --cpu=60 -- sudo cinder-rootwrap /etc/cinder/rootwrap.conf env LC_ALL=C qemu-img info -f qcow2 --output=json --force-share /opt/stack/data/cinder/mnt/b3e2c9126332e79f1b7a56ba9860c95b/volume-a880f46d-36f4-41ae-9a1d-5b2dff1ab6f2 {{(pid=80839) execute /opt/stack/data/venv/lib/python3.10/site-packages/oslo_concurrency/processutils.py:349}}
Nov 18 11:29:38 devstack sudo[83490]: pam_unix(sudo:session): session closed for user root
Nov 18 11:29:38 devstack cinder-volume[80839]: DEBUG oslo_concurrency.processutils [None req-b23a4766-474e-4aa8-9656-0f7015f087c3 tempest-VolumesDeleteCascade-41937985 None] CMD "sudo cinder-rootwrap /etc/cinder/rootwrap.conf qemu-img commit -d /opt/stack/data/cinder/mnt/b3e2c9126332e79f1b7a56ba9860c95b/volume-73393faf-9faf-4617-bfbb-f4abeac65bc7.d1eef2d8-396a-4ed5-a7b4-bf904644890d" returned: 0 in 0.562s {{(pid=80839) execute /opt/stack/data/venv/lib/python3.10/site-packages/oslo_concurrency/processutils.py:372}}
Nov 18 11:29:38 devstack cinder-volume[80839]: DEBUG oslo_concurrency.processutils [None req-b23a4766-474e-4aa8-9656-0f7015f087c3 tempest-VolumesDeleteCascade-41937985 None] Running cmd (subprocess): sudo cinder-rootwrap /etc/cinder/rootwrap.conf rm -f /opt/stack/data/cinder/mnt/b3e2c9126332e79f1b7a56ba9860c95b/volume-73393faf-9faf-4617-bfbb-f4abeac65bc7.d1eef2d8-396a-4ed5-a7b4-bf904644890d {{(pid=80839) execute /opt/stack/data/venv/lib/python3.10/site-packages/oslo_concurrency/processutils.py:349}}
Nov 18 11:29:38 devstack sudo[83496]: quobyte : PWD=/ ; USER=root ; COMMAND=/opt/stack/data/venv/bin/cinder-rootwrap /etc/cinder/rootwrap.conf rm -f /opt/stack/data/cinder/mnt/b3e2c9126332e79f1b7a56ba9860c95b/volume-73393faf-9faf-4617-bfbb-f4abeac65bc7.d1eef2d8-396a-4ed5-a7b4-bf904644890d
Nov 18 11:29:38 devstack sudo[83496]: pam_unix(sudo:session): session opened for user root(uid=0) by (uid=1000)
Nov 18 11:29:38 devstack sudo[83495]: quobyte : PWD=/ ; USER=root ; COMMAND=/opt/stack/data/venv/bin/cinder-rootwrap /etc/cinder/rootwrap.conf env LC_ALL=C qemu-img info -f qcow2 --output=json --force-share /opt/stack/data/cinder/mnt/b3e2c9126332e79f1b7a56ba9860c95b/volume-a880f46d-36f4-41ae-9a1d-5b2dff1ab6f2
Nov 18 11:29:38 devstack sudo[83495]: pam_unix(sudo:session): session opened for user root(uid=0) by (uid=1000)
Nov 18 11:29:39 devstack sudo[83496]: pam_unix(sudo:session): session closed for user root
Nov 18 11:29:39 devstack cinder-volume[80839]: DEBUG oslo_concurrency.processutils [None req-b23a4766-474e-4aa8-9656-0f7015f087c3 tempest-VolumesDeleteCascade-41937985 None] CMD "sudo cinder-rootwrap /etc/cinder/rootwrap.conf rm -f /opt/stack/data/cinder/mnt/b3e2c9126332e79f1b7a56ba9860c95b/volume-73393faf-9faf-4617-bfbb-f4abeac65bc7.d1eef2d8-396a-4ed5-a7b4-bf904644890d" returned: 0 in 0.474s {{(pid=80839) execute /opt/stack/data/venv/lib/python3.10/site-packages/oslo_concurrency/processutils.py:372}}
Nov 18 11:29:39 devstack cinder-volume[80839]: DEBUG cinder.coordination [None req-b23a4766-474e-4aa8-9656-0f7015f087c3 tempest-VolumesDeleteCascade-41937985 None] Lock "cinder-quobyte-d1eef2d8-396a-4ed5-a7b4-bf904644890d" released by "_delete_snapshot" :: held 2.231s {{(pid=80839) __release /opt/stack/cinder/cinder/coordination.py:157}}
Nov 18 11:29:39 devstack cinder-volume[80839]: DEBUG cinder.coordination [None req-b23a4766-474e-4aa8-9656-0f7015f087c3 tempest-VolumesDeleteCascade-41937985 None] Lock "cinder-quobyte-73393faf-9faf-4617-bfbb-f4abeac65bc7" released by "delete_snapshot" :: held 2.242s {{(pid=80839) __release /opt/stack/cinder/cinder/coordination.py:157}}
Nov 18 11:29:39 devstack cinder-volume[80839]: DEBUG cinder.quota [None req-b23a4766-474e-4aa8-9656-0f7015f087c3 tempest-VolumesDeleteCascade-41937985 None] Created reservations ['aeace7ec-afc9-4e3f-ab60-97bdd84aec7e', 'e408dc14-fd7e-437b-af2e-c67f5d64a518', '38f984ec-79d3-4af2-90eb-ec0253929bd4', '38467554-12ab-4c89-9a7e-f57c0889e7f8'] {{(pid=80839) reserve /opt/stack/cinder/cinder/quota.py:752}}
Nov 18 11:29:39 devstack sudo[83495]: pam_unix(sudo:session): session closed for user root
Nov 18 11:29:39 devstack cinder-volume[80839]: DEBUG oslo_concurrency.processutils [None req-a08aab83-6128-48aa-9eaf-634149aacc5a tempest-AttachSCSIVolumeTestJSON-602383529 None] CMD "/opt/stack/data/venv/bin/python3.10 -m oslo_concurrency.prlimit --as=1073741824 --cpu=60 -- sudo cinder-rootwrap /etc/cinder/rootwrap.conf env LC_ALL=C qemu-img info -f qcow2 --output=json --force-share /opt/stack/data/cinder/mnt/b3e2c9126332e79f1b7a56ba9860c95b/volume-a880f46d-36f4-41ae-9a1d-5b2dff1ab6f2" returned: 0 in 0.589s {{(pid=80839) execute /opt/stack/data/venv/lib/python3.10/site-packages/oslo_concurrency/processutils.py:372}}
Nov 18 11:29:39 devstack cinder-volume[80839]: DEBUG oslo_concurrency.processutils [None req-a08aab83-6128-48aa-9eaf-634149aacc5a tempest-AttachSCSIVolumeTestJSON-602383529 None] Running cmd (subprocess): sudo cinder-rootwrap /etc/cinder/rootwrap.conf rm -f /opt/stack/data/cinder/mnt/b3e2c9126332e79f1b7a56ba9860c95b/volume-a880f46d-36f4-41ae-9a1d-5b2dff1ab6f2 {{(pid=80839) execute /opt/stack/data/venv/lib/python3.10/site-packages/oslo_concurrency/processutils.py:349}}
Nov 18 11:29:39 devstack sudo[83504]: quobyte : PWD=/ ; USER=root ; COMMAND=/opt/stack/data/venv/bin/cinder-rootwrap /etc/cinder/rootwrap.conf rm -f /opt/stack/data/cinder/mnt/b3e2c9126332e79f1b7a56ba9860c95b/volume-a880f46d-36f4-41ae-9a1d-5b2dff1ab6f2
Nov 18 11:29:39 devstack sudo[83504]: pam_unix(sudo:session): session opened for user root(uid=0) by (uid=1000)
Nov 18 11:29:39 devstack cinder-volume[80839]: INFO cinder.volume.manager [None req-b23a4766-474e-4aa8-9656-0f7015f087c3 tempest-VolumesDeleteCascade-41937985 None] Delete snapshot completed successfully.
Nov 18 11:29:39 devstack cinder-volume[80839]: DEBUG cinder.coordination [None req-b23a4766-474e-4aa8-9656-0f7015f087c3 tempest-VolumesDeleteCascade-41937985 None] Lock "cinder-d1eef2d8-396a-4ed5-a7b4-bf904644890d-delete_snapshot" released by "delete_snapshot" :: held 2.353s {{(pid=80839) __release /opt/stack/cinder/cinder/coordination.py:157}}
Nov 18 11:29:39 devstack cinder-volume[80839]: DEBUG cinder.coordination [None req-b23a4766-474e-4aa8-9656-0f7015f087c3 tempest-VolumesDeleteCascade-41937985 None] Acquiring lock "cinder-eaaf497b-b9ed-4c56-966c-cd9601375bdb-delete_snapshot" by "delete_snapshot" {{(pid=80839) __acquire /opt/stack/cinder/cinder/coordination.py:143}}
Nov 18 11:29:39 devstack cinder-volume[80839]: DEBUG cinder.coordination [None req-b23a4766-474e-4aa8-9656-0f7015f087c3 tempest-VolumesDeleteCascade-41937985 None] Lock "cinder-eaaf497b-b9ed-4c56-966c-cd9601375bdb-delete_snapshot" acquired by "delete_snapshot" :: waited 0.007s {{(pid=80839) __acquire /opt/stack/cinder/cinder/coordination.py:146}}
Nov 18 11:29:39 devstack cinder-volume[80839]: WARNING cinder.volume.volume_utils [None req-b23a4766-474e-4aa8-9656-0f7015f087c3 tempest-VolumesDeleteCascade-41937985 None] Volume driver (QuobyteDriver 1.1.13) is currently unsupported and may be removed in the next release of OpenStack. Use at your own risk.
Nov 18 11:29:39 devstack cinder-volume[80839]: DEBUG cinder.coordination [None req-b23a4766-474e-4aa8-9656-0f7015f087c3 tempest-VolumesDeleteCascade-41937985 None] Acquiring lock "cinder-quobyte-73393faf-9faf-4617-bfbb-f4abeac65bc7" by "delete_snapshot" {{(pid=80839) __acquire /opt/stack/cinder/cinder/coordination.py:143}}
Nov 18 11:29:39 devstack cinder-volume[80839]: DEBUG cinder.coordination [None req-b23a4766-474e-4aa8-9656-0f7015f087c3 tempest-VolumesDeleteCascade-41937985 None] Lock "cinder-quobyte-73393faf-9faf-4617-bfbb-f4abeac65bc7" acquired by "delete_snapshot" :: waited 0.007s {{(pid=80839) __acquire /opt/stack/cinder/cinder/coordination.py:146}}
Nov 18 11:29:39 devstack cinder-volume[80839]: DEBUG cinder.coordination [None req-b23a4766-474e-4aa8-9656-0f7015f087c3 tempest-VolumesDeleteCascade-41937985 None] Acquiring lock "cinder-quobyte-eaaf497b-b9ed-4c56-966c-cd9601375bdb" by "_delete_snapshot" {{(pid=80839) __acquire /opt/stack/cinder/cinder/coordination.py:143}}
Nov 18 11:29:39 devstack cinder-volume[80839]: DEBUG cinder.coordination [None req-b23a4766-474e-4aa8-9656-0f7015f087c3 tempest-VolumesDeleteCascade-41937985 None] Lock "cinder-quobyte-eaaf497b-b9ed-4c56-966c-cd9601375bdb" acquired by "_delete_snapshot" :: waited 0.005s {{(pid=80839) __acquire /opt/stack/cinder/cinder/coordination.py:146}}
Nov 18 11:29:39 devstack cinder-volume[80839]: DEBUG cinder.volume.drivers.remotefs [None req-b23a4766-474e-4aa8-9656-0f7015f087c3 tempest-VolumesDeleteCascade-41937985 None] Deleting offline snapshot eaaf497b-b9ed-4c56-966c-cd9601375bdb of volume 73393faf-9faf-4617-bfbb-f4abeac65bc7 {{(pid=80839) _delete_snapshot /opt/stack/cinder/cinder/volume/drivers/remotefs.py:1278}}
Nov 18 11:29:39 devstack cinder-volume[80839]: DEBUG cinder.volume.drivers.remotefs [None req-b23a4766-474e-4aa8-9656-0f7015f087c3 tempest-VolumesDeleteCascade-41937985 None] snapshot_file for this snap is: volume-73393faf-9faf-4617-bfbb-f4abeac65bc7.eaaf497b-b9ed-4c56-966c-cd9601375bdb {{(pid=80839) _delete_snapshot /opt/stack/cinder/cinder/volume/drivers/remotefs.py:1307}}
Nov 18 11:29:39 devstack cinder-volume[80839]: DEBUG oslo.privsep.daemon [-] privsep: reply[a04f8afc-f382-4ba7-be43-157e15669c12]: (4, 'qcow2') {{(pid=81716) _call_back /opt/stack/data/venv/lib/python3.10/site-packages/oslo_privsep/daemon.py:515}}
Nov 18 11:29:39 devstack cinder-volume[80839]: DEBUG oslo_concurrency.processutils [None req-b23a4766-474e-4aa8-9656-0f7015f087c3 tempest-VolumesDeleteCascade-41937985 None] Running cmd (subprocess): /opt/stack/data/venv/bin/python3.10 -m oslo_concurrency.prlimit --as=1073741824 --cpu=60 -- sudo cinder-rootwrap /etc/cinder/rootwrap.conf env LC_ALL=C qemu-img info -f qcow2 --output=json --force-share /opt/stack/data/cinder/mnt/b3e2c9126332e79f1b7a56ba9860c95b/volume-73393faf-9faf-4617-bfbb-f4abeac65bc7.eaaf497b-b9ed-4c56-966c-cd9601375bdb {{(pid=80839) execute /opt/stack/data/venv/lib/python3.10/site-packages/oslo_concurrency/processutils.py:349}}
Nov 18 11:29:39 devstack sudo[83506]: quobyte : PWD=/ ; USER=root ; COMMAND=/opt/stack/data/venv/bin/cinder-rootwrap /etc/cinder/rootwrap.conf env LC_ALL=C qemu-img info -f qcow2 --output=json --force-share /opt/stack/data/cinder/mnt/b3e2c9126332e79f1b7a56ba9860c95b/volume-73393faf-9faf-4617-bfbb-f4abeac65bc7.eaaf497b-b9ed-4c56-966c-cd9601375bdb
Nov 18 11:29:39 devstack sudo[83506]: pam_unix(sudo:session): session opened for user root(uid=0) by (uid=1000)
Nov 18 11:29:39 devstack sudo[83504]: pam_unix(sudo:session): session closed for user root
Nov 18 11:29:39 devstack cinder-volume[80839]: DEBUG oslo_concurrency.processutils [None req-a08aab83-6128-48aa-9eaf-634149aacc5a tempest-AttachSCSIVolumeTestJSON-602383529 None] CMD "sudo cinder-rootwrap /etc/cinder/rootwrap.conf rm -f /opt/stack/data/cinder/mnt/b3e2c9126332e79f1b7a56ba9860c95b/volume-a880f46d-36f4-41ae-9a1d-5b2dff1ab6f2" returned: 0 in 0.471s {{(pid=80839) execute /opt/stack/data/venv/lib/python3.10/site-packages/oslo_concurrency/processutils.py:372}}
Nov 18 11:29:39 devstack cinder-volume[80839]: DEBUG cinder.coordination [None req-a08aab83-6128-48aa-9eaf-634149aacc5a tempest-AttachSCSIVolumeTestJSON-602383529 None] Lock "cinder-quobyte-a880f46d-36f4-41ae-9a1d-5b2dff1ab6f2" released by "delete_volume" :: held 1.092s {{(pid=80839) __release /opt/stack/cinder/cinder/coordination.py:157}}
Nov 18 11:29:39 devstack cinder-volume[80839]: DEBUG cinder.quota [None req-a08aab83-6128-48aa-9eaf-634149aacc5a tempest-AttachSCSIVolumeTestJSON-602383529 None] Created reservations ['276cc930-162d-47e0-9944-cb67df7f4341', 'f6a376ca-640c-4291-ae87-eb52a85de68c', '4b4c788e-f24a-4373-b9d6-2724a11e1954', 'b94239a3-b504-4d2b-8ce9-667e7f42cef9'] {{(pid=80839) reserve /opt/stack/cinder/cinder/quota.py:752}}
Nov 18 11:29:39 devstack cinder-volume[80839]: DEBUG oslo_concurrency.lockutils [None req-a08aab83-6128-48aa-9eaf-634149aacc5a tempest-AttachSCSIVolumeTestJSON-602383529 None] Acquiring lock "quobyte_ensure" by "cinder.volume.drivers.quobyte.QuobyteDriver._ensure_shares_mounted" {{(pid=80839) inner /opt/stack/data/venv/lib/python3.10/site-packages/oslo_concurrency/lockutils.py:405}}
Nov 18 11:29:39 devstack cinder-volume[80839]: DEBUG oslo_concurrency.lockutils [None req-a08aab83-6128-48aa-9eaf-634149aacc5a tempest-AttachSCSIVolumeTestJSON-602383529 None] Lock "quobyte_ensure" acquired by "cinder.volume.drivers.quobyte.QuobyteDriver._ensure_shares_mounted" :: waited 0.001s {{(pid=80839) inner /opt/stack/data/venv/lib/python3.10/site-packages/oslo_concurrency/lockutils.py:410}}
Nov 18 11:29:39 devstack cinder-volume[80839]: DEBUG cinder.volume.drivers.quobyte [None req-a08aab83-6128-48aa-9eaf-634149aacc5a tempest-AttachSCSIVolumeTestJSON-602383529 None] Quobyte Volume URL set to: {'osci02.corp.quobyte.com/cinder-vol-5384998d-815c-4b97-824b-d1d2d7c819a9': None} {{(pid=80839) _load_shares_config /opt/stack/cinder/cinder/volume/drivers/quobyte.py:604}}
Nov 18 11:29:39 devstack cinder-volume[80839]: DEBUG cinder.volume.drivers.quobyte [None req-a08aab83-6128-48aa-9eaf-634149aacc5a tempest-AttachSCSIVolumeTestJSON-602383529 None] Available shares ['osci02.corp.quobyte.com/cinder-vol-5384998d-815c-4b97-824b-d1d2d7c819a9'] {{(pid=80839) _ensure_shares_mounted /opt/stack/cinder/cinder/volume/drivers/quobyte.py:634}}
Nov 18 11:29:39 devstack cinder-volume[80839]: DEBUG oslo_concurrency.lockutils [None req-a08aab83-6128-48aa-9eaf-634149aacc5a tempest-AttachSCSIVolumeTestJSON-602383529 None] Lock "quobyte_ensure" "released" by "cinder.volume.drivers.quobyte.QuobyteDriver._ensure_shares_mounted" :: held 0.005s {{(pid=80839) inner /opt/stack/data/venv/lib/python3.10/site-packages/oslo_concurrency/lockutils.py:424}}
Nov 18 11:29:39 devstack cinder-volume[80839]: DEBUG oslo_concurrency.processutils [None req-a08aab83-6128-48aa-9eaf-634149aacc5a tempest-AttachSCSIVolumeTestJSON-602383529 None] Running cmd (subprocess): sudo cinder-rootwrap /etc/cinder/rootwrap.conf df --portability --block-size 1 /opt/stack/data/cinder/mnt/b3e2c9126332e79f1b7a56ba9860c95b {{(pid=80839) execute /opt/stack/data/venv/lib/python3.10/site-packages/oslo_concurrency/processutils.py:349}}
Nov 18 11:29:39 devstack sudo[83510]: quobyte : PWD=/ ; USER=root ; COMMAND=/opt/stack/data/venv/bin/cinder-rootwrap /etc/cinder/rootwrap.conf df --portability --block-size 1 /opt/stack/data/cinder/mnt/b3e2c9126332e79f1b7a56ba9860c95b
Nov 18 11:29:39 devstack sudo[83510]: pam_unix(sudo:session): session opened for user root(uid=0) by (uid=1000)
Nov 18 11:29:39 devstack sudo[83506]: pam_unix(sudo:session): session closed for user root
Nov 18 11:29:39 devstack cinder-volume[80839]: DEBUG oslo_concurrency.processutils [None req-b23a4766-474e-4aa8-9656-0f7015f087c3 tempest-VolumesDeleteCascade-41937985 None] CMD "/opt/stack/data/venv/bin/python3.10 -m oslo_concurrency.prlimit --as=1073741824 --cpu=60 -- sudo cinder-rootwrap /etc/cinder/rootwrap.conf env LC_ALL=C qemu-img info -f qcow2 --output=json --force-share /opt/stack/data/cinder/mnt/b3e2c9126332e79f1b7a56ba9860c95b/volume-73393faf-9faf-4617-bfbb-f4abeac65bc7.eaaf497b-b9ed-4c56-966c-cd9601375bdb" returned: 0 in 0.542s {{(pid=80839) execute /opt/stack/data/venv/lib/python3.10/site-packages/oslo_concurrency/processutils.py:372}}
Nov 18 11:29:39 devstack cinder-volume[80839]: DEBUG cinder.volume.drivers.remotefs [None req-b23a4766-474e-4aa8-9656-0f7015f087c3 tempest-VolumesDeleteCascade-41937985 None] Fetching qemu-img info with special backing_file_template: (/opt/stack/data/cinder/mnt/[0-9a-f]+/)?(volume-73393faf-9faf-4617-bfbb-f4abeac65bc7(.(tmp-snap-)?[0-9a-f-]+)?|volume_from_snapshot_cache/(tmp-snap-)?[0-9a-f-]+(.(child-|parent-)[0-9a-f-]+)?)$ {{(pid=80839) _qemu_img_info_base /opt/stack/cinder/cinder/volume/drivers/remotefs.py:886}}
Nov 18 11:29:39 devstack cinder-volume[80839]: DEBUG oslo.privsep.daemon [-] privsep: reply[8a06a7f3-d839-45ea-99f1-6fb6db18166c]: (4, 'qcow2') {{(pid=81716) _call_back /opt/stack/data/venv/lib/python3.10/site-packages/oslo_privsep/daemon.py:515}}
Nov 18 11:29:39 devstack cinder-volume[80839]: DEBUG oslo_concurrency.processutils [None req-b23a4766-474e-4aa8-9656-0f7015f087c3 tempest-VolumesDeleteCascade-41937985 None] Running cmd (subprocess): /opt/stack/data/venv/bin/python3.10 -m oslo_concurrency.prlimit --as=1073741824 --cpu=60 -- sudo cinder-rootwrap /etc/cinder/rootwrap.conf env LC_ALL=C qemu-img info -f qcow2 --output=json --force-share /opt/stack/data/cinder/mnt/b3e2c9126332e79f1b7a56ba9860c95b/volume-73393faf-9faf-4617-bfbb-f4abeac65bc7 {{(pid=80839) execute /opt/stack/data/venv/lib/python3.10/site-packages/oslo_concurrency/processutils.py:349}}
