Jan 27 00:18:39 devstack cinder-volume[83024]: DEBUG cinder.coordination [None req-90efa82c-ecc1-4b66-8a97-99dcd3990bfa tempest-VolumesNegativeTest-1445247091 None] Acquiring lock "cinder-76108fb6-3027-4aca-8bde-c32747e39488-delete_volume" by "delete_volume" {{(pid=83024) __acquire /opt/stack/cinder/cinder/coordination.py:143}}
Jan 27 00:18:39 devstack cinder-volume[83024]: DEBUG cinder.coordination [None req-90efa82c-ecc1-4b66-8a97-99dcd3990bfa tempest-VolumesNegativeTest-1445247091 None] Lock "cinder-76108fb6-3027-4aca-8bde-c32747e39488-delete_volume" acquired by "delete_volume" :: waited 0.015s {{(pid=83024) __acquire /opt/stack/cinder/cinder/coordination.py:146}}
Jan 27 00:18:39 devstack cinder-volume[83024]: WARNING cinder.volume.volume_utils [None req-90efa82c-ecc1-4b66-8a97-99dcd3990bfa tempest-VolumesNegativeTest-1445247091 None] Volume driver (QuobyteDriver 1.1.13) is currently unsupported and may be removed in the next release of OpenStack. Use at your own risk.
Jan 27 00:18:39 devstack cinder-volume[83024]: DEBUG cinder.coordination [None req-90efa82c-ecc1-4b66-8a97-99dcd3990bfa tempest-VolumesNegativeTest-1445247091 None] Acquiring lock "cinder-quobyte-76108fb6-3027-4aca-8bde-c32747e39488" by "delete_volume" {{(pid=83024) __acquire /opt/stack/cinder/cinder/coordination.py:143}}
Jan 27 00:18:39 devstack cinder-volume[83024]: DEBUG cinder.coordination [None req-90efa82c-ecc1-4b66-8a97-99dcd3990bfa tempest-VolumesNegativeTest-1445247091 None] Lock "cinder-quobyte-76108fb6-3027-4aca-8bde-c32747e39488" acquired by "delete_volume" :: waited 0.010s {{(pid=83024) __acquire /opt/stack/cinder/cinder/coordination.py:146}}
Jan 27 00:18:39 devstack cinder-volume[83024]: DEBUG oslo.privsep.daemon [-] privsep: reply[982a1f81-9cca-428e-a017-f552899676af]: (4, 'qcow2') {{(pid=84767) _call_back /opt/stack/data/venv/lib/python3.10/site-packages/oslo_privsep/daemon.py:515}}
Jan 27 00:18:39 devstack cinder-volume[83024]: DEBUG oslo_concurrency.processutils [None req-90efa82c-ecc1-4b66-8a97-99dcd3990bfa tempest-VolumesNegativeTest-1445247091 None] Running cmd (subprocess): /opt/stack/data/venv/bin/python3.10 -m oslo_concurrency.prlimit --as=1073741824 --cpu=60 -- sudo cinder-rootwrap /etc/cinder/rootwrap.conf env LC_ALL=C qemu-img info -f qcow2 --output=json --force-share /opt/stack/data/cinder/mnt/b80926666c35ded78b0a41aa86f79b91/volume-76108fb6-3027-4aca-8bde-c32747e39488 {{(pid=83024) execute /opt/stack/data/venv/lib/python3.10/site-packages/oslo_concurrency/processutils.py:349}}
Jan 27 00:18:39 devstack sudo[93025]: quobyte : PWD=/ ; USER=root ; COMMAND=/opt/stack/data/venv/bin/cinder-rootwrap /etc/cinder/rootwrap.conf env LC_ALL=C qemu-img info -f qcow2 --output=json --force-share /opt/stack/data/cinder/mnt/b80926666c35ded78b0a41aa86f79b91/volume-6b7e4b36-403e-41c9-918e-c773714babc4
Jan 27 00:18:39 devstack sudo[93025]: pam_unix(sudo:session): session opened for user root(uid=0) by (uid=1000)
Jan 27 00:18:39 devstack sudo[93026]: quobyte : PWD=/ ; USER=root ; COMMAND=/opt/stack/data/venv/bin/cinder-rootwrap /etc/cinder/rootwrap.conf env LC_ALL=C qemu-img info -f qcow2 --output=json --force-share /opt/stack/data/cinder/mnt/b80926666c35ded78b0a41aa86f79b91/volume-76108fb6-3027-4aca-8bde-c32747e39488
Jan 27 00:18:39 devstack sudo[93026]: pam_unix(sudo:session): session opened for user root(uid=0) by (uid=1000)
Jan 27 00:18:40 devstack sudo[93025]: pam_unix(sudo:session): session closed for user root
Jan 27 00:18:40 devstack cinder-volume[83024]: DEBUG oslo_concurrency.processutils [None req-b35e68ff-e19f-443b-90b1-b79669f012ee tempest-GroupSnapshotsTest-746059384 None] CMD "/opt/stack/data/venv/bin/python3.10 -m oslo_concurrency.prlimit --as=1073741824 --cpu=60 -- sudo cinder-rootwrap /etc/cinder/rootwrap.conf env LC_ALL=C qemu-img info -f qcow2 --output=json --force-share /opt/stack/data/cinder/mnt/b80926666c35ded78b0a41aa86f79b91/volume-6b7e4b36-403e-41c9-918e-c773714babc4" returned: 0 in 0.702s {{(pid=83024) execute /opt/stack/data/venv/lib/python3.10/site-packages/oslo_concurrency/processutils.py:372}}
Jan 27 00:18:40 devstack cinder-volume[83024]: DEBUG oslo_concurrency.processutils [None req-b35e68ff-e19f-443b-90b1-b79669f012ee tempest-GroupSnapshotsTest-746059384 None] Running cmd (subprocess): sudo cinder-rootwrap /etc/cinder/rootwrap.conf qemu-img create -f qcow2 -o backing_file=/opt/stack/data/cinder/mnt/b80926666c35ded78b0a41aa86f79b91/volume-6b7e4b36-403e-41c9-918e-c773714babc4,backing_fmt=qcow2 /opt/stack/data/cinder/mnt/b80926666c35ded78b0a41aa86f79b91/volume-6b7e4b36-403e-41c9-918e-c773714babc4.987ca2f0-bf5a-4aef-aa97-3075479b60ce 1G {{(pid=83024) execute /opt/stack/data/venv/lib/python3.10/site-packages/oslo_concurrency/processutils.py:349}}
Jan 27 00:18:40 devstack sudo[93035]: quobyte : PWD=/ ; USER=root ; COMMAND=/opt/stack/data/venv/bin/cinder-rootwrap /etc/cinder/rootwrap.conf qemu-img create -f qcow2 -o backing_file=/opt/stack/data/cinder/mnt/b80926666c35ded78b0a41aa86f79b91/volume-6b7e4b36-403e-41c9-918e-c773714babc4,backing_fmt=qcow2 /opt/stack/data/cinder/mnt/b80926666c35ded78b0a41aa86f79b91/volume-6b7e4b36-403e-41c9-918e-c773714babc4.987ca2f0-bf5a-4aef-aa97-3075479b60ce 1G
Jan 27 00:18:40 devstack sudo[93035]: pam_unix(sudo:session): session opened for user root(uid=0) by (uid=1000)
Jan 27 00:18:40 devstack sudo[93026]: pam_unix(sudo:session): session closed for user root
Jan 27 00:18:40 devstack cinder-volume[83024]: DEBUG oslo_concurrency.processutils [None req-90efa82c-ecc1-4b66-8a97-99dcd3990bfa tempest-VolumesNegativeTest-1445247091 None] CMD "/opt/stack/data/venv/bin/python3.10 -m oslo_concurrency.prlimit --as=1073741824 --cpu=60 -- sudo cinder-rootwrap /etc/cinder/rootwrap.conf env LC_ALL=C qemu-img info -f qcow2 --output=json --force-share /opt/stack/data/cinder/mnt/b80926666c35ded78b0a41aa86f79b91/volume-76108fb6-3027-4aca-8bde-c32747e39488" returned: 0 in 0.669s {{(pid=83024) execute /opt/stack/data/venv/lib/python3.10/site-packages/oslo_concurrency/processutils.py:372}}
Jan 27 00:18:40 devstack cinder-volume[83024]: DEBUG oslo_concurrency.processutils [None req-90efa82c-ecc1-4b66-8a97-99dcd3990bfa tempest-VolumesNegativeTest-1445247091 None] Running cmd (subprocess): sudo cinder-rootwrap /etc/cinder/rootwrap.conf rm -f /opt/stack/data/cinder/mnt/b80926666c35ded78b0a41aa86f79b91/volume-76108fb6-3027-4aca-8bde-c32747e39488 {{(pid=83024) execute /opt/stack/data/venv/lib/python3.10/site-packages/oslo_concurrency/processutils.py:349}}
Jan 27 00:18:40 devstack sudo[93038]: quobyte : PWD=/ ; USER=root ; COMMAND=/opt/stack/data/venv/bin/cinder-rootwrap /etc/cinder/rootwrap.conf rm -f /opt/stack/data/cinder/mnt/b80926666c35ded78b0a41aa86f79b91/volume-76108fb6-3027-4aca-8bde-c32747e39488
Jan 27 00:18:40 devstack sudo[93038]: pam_unix(sudo:session): session opened for user root(uid=0) by (uid=1000)
Jan 27 00:18:40 devstack sudo[93035]: pam_unix(sudo:session): session closed for user root
Jan 27 00:18:40 devstack cinder-volume[83024]: DEBUG oslo_concurrency.processutils [None req-b35e68ff-e19f-443b-90b1-b79669f012ee tempest-GroupSnapshotsTest-746059384 None] CMD "sudo cinder-rootwrap /etc/cinder/rootwrap.conf qemu-img create -f qcow2 -o backing_file=/opt/stack/data/cinder/mnt/b80926666c35ded78b0a41aa86f79b91/volume-6b7e4b36-403e-41c9-918e-c773714babc4,backing_fmt=qcow2 /opt/stack/data/cinder/mnt/b80926666c35ded78b0a41aa86f79b91/volume-6b7e4b36-403e-41c9-918e-c773714babc4.987ca2f0-bf5a-4aef-aa97-3075479b60ce 1G" returned: 0 in 0.717s {{(pid=83024) execute /opt/stack/data/venv/lib/python3.10/site-packages/oslo_concurrency/processutils.py:372}}
Jan 27 00:18:40 devstack cinder-volume[83024]: DEBUG oslo_concurrency.processutils [None req-b35e68ff-e19f-443b-90b1-b79669f012ee tempest-GroupSnapshotsTest-746059384 None] Running cmd (subprocess): sudo cinder-rootwrap /etc/cinder/rootwrap.conf qemu-img rebase -u -b volume-6b7e4b36-403e-41c9-918e-c773714babc4 -F qcow2 /opt/stack/data/cinder/mnt/b80926666c35ded78b0a41aa86f79b91/volume-6b7e4b36-403e-41c9-918e-c773714babc4.987ca2f0-bf5a-4aef-aa97-3075479b60ce {{(pid=83024) execute /opt/stack/data/venv/lib/python3.10/site-packages/oslo_concurrency/processutils.py:349}}
Jan 27 00:18:40 devstack sudo[93046]: quobyte : PWD=/ ; USER=root ; COMMAND=/opt/stack/data/venv/bin/cinder-rootwrap /etc/cinder/rootwrap.conf qemu-img rebase -u -b volume-6b7e4b36-403e-41c9-918e-c773714babc4 -F qcow2 /opt/stack/data/cinder/mnt/b80926666c35ded78b0a41aa86f79b91/volume-6b7e4b36-403e-41c9-918e-c773714babc4.987ca2f0-bf5a-4aef-aa97-3075479b60ce
Jan 27 00:18:40 devstack sudo[93046]: pam_unix(sudo:session): session opened for user root(uid=0) by (uid=1000)
Jan 27 00:18:40 devstack sudo[93038]: pam_unix(sudo:session): session closed for user root
Jan 27 00:18:40 devstack cinder-volume[83024]: DEBUG oslo_concurrency.processutils [None req-90efa82c-ecc1-4b66-8a97-99dcd3990bfa tempest-VolumesNegativeTest-1445247091 None] CMD "sudo cinder-rootwrap /etc/cinder/rootwrap.conf rm -f /opt/stack/data/cinder/mnt/b80926666c35ded78b0a41aa86f79b91/volume-76108fb6-3027-4aca-8bde-c32747e39488" returned: 0 in 0.685s {{(pid=83024) execute /opt/stack/data/venv/lib/python3.10/site-packages/oslo_concurrency/processutils.py:372}}
Jan 27 00:18:40 devstack cinder-volume[83024]: DEBUG cinder.coordination [None req-90efa82c-ecc1-4b66-8a97-99dcd3990bfa tempest-VolumesNegativeTest-1445247091 None] Lock "cinder-quobyte-76108fb6-3027-4aca-8bde-c32747e39488" released by "delete_volume" :: held 1.378s {{(pid=83024) __release /opt/stack/cinder/cinder/coordination.py:157}}
Jan 27 00:18:40 devstack cinder-volume[83024]: DEBUG cinder.quota [None req-90efa82c-ecc1-4b66-8a97-99dcd3990bfa tempest-VolumesNegativeTest-1445247091 None] Created reservations ['59182c75-8e12-42fb-9c2a-b750d482dd3f', 'd7a23110-5a27-41f6-a4c6-7a38cda81f1e', '02a5b979-d6b3-4fb9-a2d9-ac3f200cbdc6', '1f35c2ee-3cb4-4f51-a328-49dfc434e9fd'] {{(pid=83024) reserve /opt/stack/cinder/cinder/quota.py:752}}
Jan 27 00:18:40 devstack cinder-volume[83024]: DEBUG oslo_concurrency.lockutils [None req-90efa82c-ecc1-4b66-8a97-99dcd3990bfa tempest-VolumesNegativeTest-1445247091 None] Acquiring lock "quobyte_ensure" by "cinder.volume.drivers.quobyte.QuobyteDriver._ensure_shares_mounted" {{(pid=83024) inner /opt/stack/data/venv/lib/python3.10/site-packages/oslo_concurrency/lockutils.py:405}}
Jan 27 00:18:40 devstack cinder-volume[83024]: DEBUG oslo_concurrency.lockutils [None req-90efa82c-ecc1-4b66-8a97-99dcd3990bfa tempest-VolumesNegativeTest-1445247091 None] Lock "quobyte_ensure" acquired by "cinder.volume.drivers.quobyte.QuobyteDriver._ensure_shares_mounted" :: waited 0.001s {{(pid=83024) inner /opt/stack/data/venv/lib/python3.10/site-packages/oslo_concurrency/lockutils.py:410}}
Jan 27 00:18:40 devstack cinder-volume[83024]: DEBUG cinder.volume.drivers.quobyte [None req-90efa82c-ecc1-4b66-8a97-99dcd3990bfa tempest-VolumesNegativeTest-1445247091 None] Quobyte Volume URL set to: {'osci02.corp.quobyte.com/cinder-vol-d175637c-ef94-415c-b213-2792940cb641': None} {{(pid=83024) _load_shares_config /opt/stack/cinder/cinder/volume/drivers/quobyte.py:611}}
Jan 27 00:18:40 devstack cinder-volume[83024]: DEBUG cinder.volume.drivers.quobyte [None req-90efa82c-ecc1-4b66-8a97-99dcd3990bfa tempest-VolumesNegativeTest-1445247091 None] Available shares ['osci02.corp.quobyte.com/cinder-vol-d175637c-ef94-415c-b213-2792940cb641'] {{(pid=83024) _ensure_shares_mounted /opt/stack/cinder/cinder/volume/drivers/quobyte.py:641}}
Jan 27 00:18:40 devstack cinder-volume[83024]: DEBUG oslo_concurrency.lockutils [None req-90efa82c-ecc1-4b66-8a97-99dcd3990bfa tempest-VolumesNegativeTest-1445247091 None] Lock "quobyte_ensure" "released" by "cinder.volume.drivers.quobyte.QuobyteDriver._ensure_shares_mounted" :: held 0.005s {{(pid=83024) inner /opt/stack/data/venv/lib/python3.10/site-packages/oslo_concurrency/lockutils.py:424}}
Jan 27 00:18:40 devstack cinder-volume[83024]: DEBUG oslo_concurrency.processutils [None req-90efa82c-ecc1-4b66-8a97-99dcd3990bfa tempest-VolumesNegativeTest-1445247091 None] Running cmd (subprocess): sudo cinder-rootwrap /etc/cinder/rootwrap.conf df --portability --block-size 1 /opt/stack/data/cinder/mnt/b80926666c35ded78b0a41aa86f79b91 {{(pid=83024) execute /opt/stack/data/venv/lib/python3.10/site-packages/oslo_concurrency/processutils.py:349}}
Jan 27 00:18:40 devstack sudo[93048]: quobyte : PWD=/ ; USER=root ; COMMAND=/opt/stack/data/venv/bin/cinder-rootwrap /etc/cinder/rootwrap.conf df --portability --block-size 1 /opt/stack/data/cinder/mnt/b80926666c35ded78b0a41aa86f79b91
Jan 27 00:18:40 devstack sudo[93048]: pam_unix(sudo:session): session opened for user root(uid=0) by (uid=1000)
Jan 27 00:18:41 devstack sudo[93046]: pam_unix(sudo:session): session closed for user root
Jan 27 00:18:41 devstack cinder-volume[83024]: DEBUG oslo_concurrency.processutils [None req-b35e68ff-e19f-443b-90b1-b79669f012ee tempest-GroupSnapshotsTest-746059384 None] CMD "sudo cinder-rootwrap /etc/cinder/rootwrap.conf qemu-img rebase -u -b volume-6b7e4b36-403e-41c9-918e-c773714babc4 -F qcow2 /opt/stack/data/cinder/mnt/b80926666c35ded78b0a41aa86f79b91/volume-6b7e4b36-403e-41c9-918e-c773714babc4.987ca2f0-bf5a-4aef-aa97-3075479b60ce" returned: 0 in 0.543s {{(pid=83024) execute /opt/stack/data/venv/lib/python3.10/site-packages/oslo_concurrency/processutils.py:372}}
Jan 27 00:18:41 devstack cinder-volume[83024]: WARNING cinder.volume.drivers.remotefs [None req-b35e68ff-e19f-443b-90b1-b79669f012ee tempest-GroupSnapshotsTest-746059384 None] /opt/stack/data/cinder/mnt/b80926666c35ded78b0a41aa86f79b91/volume-6b7e4b36-403e-41c9-918e-c773714babc4.987ca2f0-bf5a-4aef-aa97-3075479b60ce is being set with open permissions: ugo+rw: NotImplementedError
Jan 27 00:18:41 devstack cinder-volume[83024]: DEBUG oslo_concurrency.processutils [None req-b35e68ff-e19f-443b-90b1-b79669f012ee tempest-GroupSnapshotsTest-746059384 None] Running cmd (subprocess): sudo cinder-rootwrap /etc/cinder/rootwrap.conf chmod ugo+rw /opt/stack/data/cinder/mnt/b80926666c35ded78b0a41aa86f79b91/volume-6b7e4b36-403e-41c9-918e-c773714babc4.987ca2f0-bf5a-4aef-aa97-3075479b60ce {{(pid=83024) execute /opt/stack/data/venv/lib/python3.10/site-packages/oslo_concurrency/processutils.py:349}}
Jan 27 00:18:41 devstack sudo[93053]: quobyte : PWD=/ ; USER=root ; COMMAND=/opt/stack/data/venv/bin/cinder-rootwrap /etc/cinder/rootwrap.conf chmod ugo+rw /opt/stack/data/cinder/mnt/b80926666c35ded78b0a41aa86f79b91/volume-6b7e4b36-403e-41c9-918e-c773714babc4.987ca2f0-bf5a-4aef-aa97-3075479b60ce
Jan 27 00:18:41 devstack sudo[93053]: pam_unix(sudo:session): session opened for user root(uid=0) by (uid=1000)
Jan 27 00:18:41 devstack sudo[93048]: pam_unix(sudo:session): session closed for user root
Jan 27 00:18:41 devstack cinder-volume[83024]: DEBUG oslo_concurrency.processutils [None req-90efa82c-ecc1-4b66-8a97-99dcd3990bfa tempest-VolumesNegativeTest-1445247091 None] CMD "sudo cinder-rootwrap /etc/cinder/rootwrap.conf df --portability --block-size 1 /opt/stack/data/cinder/mnt/b80926666c35ded78b0a41aa86f79b91" returned: 0 in 0.483s {{(pid=83024) execute /opt/stack/data/venv/lib/python3.10/site-packages/oslo_concurrency/processutils.py:372}}
Jan 27 00:18:41 devstack cinder-volume[83024]: DEBUG cinder.manager [None req-90efa82c-ecc1-4b66-8a97-99dcd3990bfa tempest-VolumesNegativeTest-1445247091 None] Notifying Schedulers of capabilities ... {{(pid=83024) _publish_service_capabilities /opt/stack/cinder/cinder/manager.py:202}}
Jan 27 00:18:41 devstack cinder-volume[83024]: INFO cinder.volume.manager [None req-90efa82c-ecc1-4b66-8a97-99dcd3990bfa tempest-VolumesNegativeTest-1445247091 None] Deleted volume successfully.
Jan 27 00:18:41 devstack cinder-volume[83024]: DEBUG cinder.coordination [None req-90efa82c-ecc1-4b66-8a97-99dcd3990bfa tempest-VolumesNegativeTest-1445247091 None] Lock "cinder-76108fb6-3027-4aca-8bde-c32747e39488-delete_volume" released by "delete_volume" :: held 1.999s {{(pid=83024) __release /opt/stack/cinder/cinder/coordination.py:157}}
Jan 27 00:18:41 devstack sudo[93053]: pam_unix(sudo:session): session closed for user root
Jan 27 00:18:41 devstack cinder-volume[83024]: DEBUG oslo_concurrency.processutils [None req-b35e68ff-e19f-443b-90b1-b79669f012ee tempest-GroupSnapshotsTest-746059384 None] CMD "sudo cinder-rootwrap /etc/cinder/rootwrap.conf chmod ugo+rw /opt/stack/data/cinder/mnt/b80926666c35ded78b0a41aa86f79b91/volume-6b7e4b36-403e-41c9-918e-c773714babc4.987ca2f0-bf5a-4aef-aa97-3075479b60ce" returned: 0 in 0.576s {{(pid=83024) execute /opt/stack/data/venv/lib/python3.10/site-packages/oslo_concurrency/processutils.py:372}}
Jan 27 00:18:41 devstack cinder-volume[83024]: DEBUG oslo_concurrency.processutils [None req-b35e68ff-e19f-443b-90b1-b79669f012ee tempest-GroupSnapshotsTest-746059384 None] Running cmd (subprocess): sudo cinder-rootwrap /etc/cinder/rootwrap.conf truncate -s0 /opt/stack/data/cinder/mnt/b80926666c35ded78b0a41aa86f79b91/volume-6b7e4b36-403e-41c9-918e-c773714babc4.info {{(pid=83024) execute /opt/stack/data/venv/lib/python3.10/site-packages/oslo_concurrency/processutils.py:349}}
Jan 27 00:18:41 devstack sudo[93057]: quobyte : PWD=/ ; USER=root ; COMMAND=/opt/stack/data/venv/bin/cinder-rootwrap /etc/cinder/rootwrap.conf truncate -s0 /opt/stack/data/cinder/mnt/b80926666c35ded78b0a41aa86f79b91/volume-6b7e4b36-403e-41c9-918e-c773714babc4.info
Jan 27 00:18:41 devstack sudo[93057]: pam_unix(sudo:session): session opened for user root(uid=0) by (uid=1000)
Jan 27 00:18:42 devstack sudo[93057]: pam_unix(sudo:session): session closed for user root
Jan 27 00:18:42 devstack cinder-volume[83024]: DEBUG oslo_concurrency.processutils [None req-b35e68ff-e19f-443b-90b1-b79669f012ee tempest-GroupSnapshotsTest-746059384 None] CMD "sudo cinder-rootwrap /etc/cinder/rootwrap.conf truncate -s0 /opt/stack/data/cinder/mnt/b80926666c35ded78b0a41aa86f79b91/volume-6b7e4b36-403e-41c9-918e-c773714babc4.info" returned: 0 in 0.504s {{(pid=83024) execute /opt/stack/data/venv/lib/python3.10/site-packages/oslo_concurrency/processutils.py:372}}
Jan 27 00:18:42 devstack cinder-volume[83024]: WARNING cinder.volume.drivers.remotefs [None req-b35e68ff-e19f-443b-90b1-b79669f012ee tempest-GroupSnapshotsTest-746059384 None] /opt/stack/data/cinder/mnt/b80926666c35ded78b0a41aa86f79b91/volume-6b7e4b36-403e-41c9-918e-c773714babc4.info is being set with open permissions: ugo+rw: NotImplementedError
Jan 27 00:18:42 devstack cinder-volume[83024]: DEBUG oslo_concurrency.processutils [None req-b35e68ff-e19f-443b-90b1-b79669f012ee tempest-GroupSnapshotsTest-746059384 None] Running cmd (subprocess): sudo cinder-rootwrap /etc/cinder/rootwrap.conf chmod ugo+rw /opt/stack/data/cinder/mnt/b80926666c35ded78b0a41aa86f79b91/volume-6b7e4b36-403e-41c9-918e-c773714babc4.info {{(pid=83024) execute /opt/stack/data/venv/lib/python3.10/site-packages/oslo_concurrency/processutils.py:349}}
Jan 27 00:18:42 devstack sudo[93060]: quobyte : PWD=/ ; USER=root ; COMMAND=/opt/stack/data/venv/bin/cinder-rootwrap /etc/cinder/rootwrap.conf chmod ugo+rw /opt/stack/data/cinder/mnt/b80926666c35ded78b0a41aa86f79b91/volume-6b7e4b36-403e-41c9-918e-c773714babc4.info
Jan 27 00:18:42 devstack sudo[93060]: pam_unix(sudo:session): session opened for user root(uid=0) by (uid=1000)
Jan 27 00:18:42 devstack sudo[93060]: pam_unix(sudo:session): session closed for user root
Jan 27 00:18:42 devstack cinder-volume[83024]: DEBUG oslo_concurrency.processutils [None req-b35e68ff-e19f-443b-90b1-b79669f012ee tempest-GroupSnapshotsTest-746059384 None] CMD "sudo cinder-rootwrap /etc/cinder/rootwrap.conf chmod ugo+rw /opt/stack/data/cinder/mnt/b80926666c35ded78b0a41aa86f79b91/volume-6b7e4b36-403e-41c9-918e-c773714babc4.info" returned: 0 in 0.515s {{(pid=83024) execute /opt/stack/data/venv/lib/python3.10/site-packages/oslo_concurrency/processutils.py:372}}
Jan 27 00:18:42 devstack cinder-volume[83024]: DEBUG oslo_concurrency.lockutils [None req-b35e68ff-e19f-443b-90b1-b79669f012ee tempest-GroupSnapshotsTest-746059384 None] Lock "quobyte" "released" by "cinder.volume.drivers.quobyte.QuobyteDriver.create_snapshot" :: held 3.642s {{(pid=83024) inner /opt/stack/data/venv/lib/python3.10/site-packages/oslo_concurrency/lockutils.py:424}}
Jan 27 00:18:42 devstack cinder-volume[83024]: DEBUG oslo_concurrency.lockutils [None req-b35e68ff-e19f-443b-90b1-b79669f012ee tempest-GroupSnapshotsTest-746059384 None] Acquiring lock "quobyte" by "cinder.volume.drivers.quobyte.QuobyteDriver.create_snapshot" {{(pid=83024) inner /opt/stack/data/venv/lib/python3.10/site-packages/oslo_concurrency/lockutils.py:405}}
Jan 27 00:18:42 devstack cinder-volume[83024]: DEBUG oslo_concurrency.lockutils [None req-b35e68ff-e19f-443b-90b1-b79669f012ee tempest-GroupSnapshotsTest-746059384 None] Lock "quobyte" acquired by "cinder.volume.drivers.quobyte.QuobyteDriver.create_snapshot" :: waited 0.001s {{(pid=83024) inner /opt/stack/data/venv/lib/python3.10/site-packages/oslo_concurrency/lockutils.py:410}}
Jan 27 00:18:42 devstack cinder-volume[83024]: DEBUG cinder.volume.drivers.remotefs [None req-b35e68ff-e19f-443b-90b1-b79669f012ee tempest-GroupSnapshotsTest-746059384 None] Creating offline snapshot b0102c7d-9e77-4d65-b765-7a9a6adcd3e1 of volume 6a19c800-633d-4060-ae60-50ca5cdb3ece {{(pid=83024) _create_snapshot /opt/stack/cinder/cinder/volume/drivers/remotefs.py:1817}}
Jan 27 00:18:42 devstack cinder-volume[83024]: DEBUG oslo.privsep.daemon [-] privsep: reply[7537c700-91d9-445c-990d-754048d25ead]: (4, 'qcow2') {{(pid=84767) _call_back /opt/stack/data/venv/lib/python3.10/site-packages/oslo_privsep/daemon.py:515}}
Jan 27 00:18:42 devstack cinder-volume[83024]: DEBUG oslo_concurrency.processutils [None req-b35e68ff-e19f-443b-90b1-b79669f012ee tempest-GroupSnapshotsTest-746059384 None] Running cmd (subprocess): /opt/stack/data/venv/bin/python3.10 -m oslo_concurrency.prlimit --as=1073741824 --cpu=60 -- sudo cinder-rootwrap /etc/cinder/rootwrap.conf env LC_ALL=C qemu-img info -f qcow2 --output=json --force-share /opt/stack/data/cinder/mnt/b80926666c35ded78b0a41aa86f79b91/volume-6a19c800-633d-4060-ae60-50ca5cdb3ece {{(pid=83024) execute /opt/stack/data/venv/lib/python3.10/site-packages/oslo_concurrency/processutils.py:349}}
Jan 27 00:18:43 devstack sudo[93063]: quobyte : PWD=/ ; USER=root ; COMMAND=/opt/stack/data/venv/bin/cinder-rootwrap /etc/cinder/rootwrap.conf env LC_ALL=C qemu-img info -f qcow2 --output=json --force-share /opt/stack/data/cinder/mnt/b80926666c35ded78b0a41aa86f79b91/volume-6a19c800-633d-4060-ae60-50ca5cdb3ece
Jan 27 00:18:43 devstack sudo[93063]: pam_unix(sudo:session): session opened for user root(uid=0) by (uid=1000)
Jan 27 00:18:43 devstack sudo[93063]: pam_unix(sudo:session): session closed for user root
Jan 27 00:18:43 devstack cinder-volume[83024]: DEBUG oslo_concurrency.processutils [None req-b35e68ff-e19f-443b-90b1-b79669f012ee tempest-GroupSnapshotsTest-746059384 None] CMD "/opt/stack/data/venv/bin/python3.10 -m oslo_concurrency.prlimit --as=1073741824 --cpu=60 -- sudo cinder-rootwrap /etc/cinder/rootwrap.conf env LC_ALL=C qemu-img info -f qcow2 --output=json --force-share /opt/stack/data/cinder/mnt/b80926666c35ded78b0a41aa86f79b91/volume-6a19c800-633d-4060-ae60-50ca5cdb3ece" returned: 0 in 0.632s {{(pid=83024) execute /opt/stack/data/venv/lib/python3.10/site-packages/oslo_concurrency/processutils.py:372}}
Jan 27 00:18:43 devstack cinder-volume[83024]: DEBUG oslo_concurrency.processutils [None req-b35e68ff-e19f-443b-90b1-b79669f012ee tempest-GroupSnapshotsTest-746059384 None] Running cmd (subprocess): sudo cinder-rootwrap /etc/cinder/rootwrap.conf qemu-img create -f qcow2 -o backing_file=/opt/stack/data/cinder/mnt/b80926666c35ded78b0a41aa86f79b91/volume-6a19c800-633d-4060-ae60-50ca5cdb3ece,backing_fmt=qcow2 /opt/stack/data/cinder/mnt/b80926666c35ded78b0a41aa86f79b91/volume-6a19c800-633d-4060-ae60-50ca5cdb3ece.b0102c7d-9e77-4d65-b765-7a9a6adcd3e1 1G {{(pid=83024) execute /opt/stack/data/venv/lib/python3.10/site-packages/oslo_concurrency/processutils.py:349}}
Jan 27 00:18:43 devstack sudo[93068]: quobyte : PWD=/ ; USER=root ; COMMAND=/opt/stack/data/venv/bin/cinder-rootwrap /etc/cinder/rootwrap.conf qemu-img create -f qcow2 -o backing_file=/opt/stack/data/cinder/mnt/b80926666c35ded78b0a41aa86f79b91/volume-6a19c800-633d-4060-ae60-50ca5cdb3ece,backing_fmt=qcow2 /opt/stack/data/cinder/mnt/b80926666c35ded78b0a41aa86f79b91/volume-6a19c800-633d-4060-ae60-50ca5cdb3ece.b0102c7d-9e77-4d65-b765-7a9a6adcd3e1 1G
Jan 27 00:18:43 devstack sudo[93068]: pam_unix(sudo:session): session opened for user root(uid=0) by (uid=1000)
Jan 27 00:18:44 devstack sudo[93068]: pam_unix(sudo:session): session closed for user root
Jan 27 00:18:44 devstack cinder-volume[83024]: DEBUG oslo_concurrency.processutils [None req-b35e68ff-e19f-443b-90b1-b79669f012ee tempest-GroupSnapshotsTest-746059384 None] CMD "sudo cinder-rootwrap /etc/cinder/rootwrap.conf qemu-img create -f qcow2 -o backing_file=/opt/stack/data/cinder/mnt/b80926666c35ded78b0a41aa86f79b91/volume-6a19c800-633d-4060-ae60-50ca5cdb3ece,backing_fmt=qcow2 /opt/stack/data/cinder/mnt/b80926666c35ded78b0a41aa86f79b91/volume-6a19c800-633d-4060-ae60-50ca5cdb3ece.b0102c7d-9e77-4d65-b765-7a9a6adcd3e1 1G" returned: 0 in 0.608s {{(pid=83024) execute /opt/stack/data/venv/lib/python3.10/site-packages/oslo_concurrency/processutils.py:372}}
Jan 27 00:18:44 devstack cinder-volume[83024]: DEBUG oslo_concurrency.processutils [None req-b35e68ff-e19f-443b-90b1-b79669f012ee tempest-GroupSnapshotsTest-746059384 None] Running cmd (subprocess): sudo cinder-rootwrap /etc/cinder/rootwrap.conf qemu-img rebase -u -b volume-6a19c800-633d-4060-ae60-50ca5cdb3ece -F qcow2 /opt/stack/data/cinder/mnt/b80926666c35ded78b0a41aa86f79b91/volume-6a19c800-633d-4060-ae60-50ca5cdb3ece.b0102c7d-9e77-4d65-b765-7a9a6adcd3e1 {{(pid=83024) execute /opt/stack/data/venv/lib/python3.10/site-packages/oslo_concurrency/processutils.py:349}}
Jan 27 00:18:44 devstack sudo[93073]: quobyte : PWD=/ ; USER=root ; COMMAND=/opt/stack/data/venv/bin/cinder-rootwrap /etc/cinder/rootwrap.conf qemu-img rebase -u -b volume-6a19c800-633d-4060-ae60-50ca5cdb3ece -F qcow2 /opt/stack/data/cinder/mnt/b80926666c35ded78b0a41aa86f79b91/volume-6a19c800-633d-4060-ae60-50ca5cdb3ece.b0102c7d-9e77-4d65-b765-7a9a6adcd3e1
Jan 27 00:18:44 devstack sudo[93073]: pam_unix(sudo:session): session opened for user root(uid=0) by (uid=1000)
Jan 27 00:18:44 devstack sudo[93073]: pam_unix(sudo:session): session closed for user root
Jan 27 00:18:44 devstack cinder-volume[83024]: DEBUG oslo_concurrency.processutils [None req-b35e68ff-e19f-443b-90b1-b79669f012ee tempest-GroupSnapshotsTest-746059384 None] CMD "sudo cinder-rootwrap /etc/cinder/rootwrap.conf qemu-img rebase -u -b volume-6a19c800-633d-4060-ae60-50ca5cdb3ece -F qcow2 /opt/stack/data/cinder/mnt/b80926666c35ded78b0a41aa86f79b91/volume-6a19c800-633d-4060-ae60-50ca5cdb3ece.b0102c7d-9e77-4d65-b765-7a9a6adcd3e1" returned: 0 in 0.586s {{(pid=83024) execute /opt/stack/data/venv/lib/python3.10/site-packages/oslo_concurrency/processutils.py:372}}
Jan 27 00:18:44 devstack cinder-volume[83024]: WARNING cinder.volume.drivers.remotefs [None req-b35e68ff-e19f-443b-90b1-b79669f012ee tempest-GroupSnapshotsTest-746059384 None] /opt/stack/data/cinder/mnt/b80926666c35ded78b0a41aa86f79b91/volume-6a19c800-633d-4060-ae60-50ca5cdb3ece.b0102c7d-9e77-4d65-b765-7a9a6adcd3e1 is being set with open permissions: ugo+rw: NotImplementedError
Jan 27 00:18:44 devstack cinder-volume[83024]: DEBUG oslo_concurrency.processutils [None req-b35e68ff-e19f-443b-90b1-b79669f012ee tempest-GroupSnapshotsTest-746059384 None] Running cmd (subprocess): sudo cinder-rootwrap /etc/cinder/rootwrap.conf chmod ugo+rw /opt/stack/data/cinder/mnt/b80926666c35ded78b0a41aa86f79b91/volume-6a19c800-633d-4060-ae60-50ca5cdb3ece.b0102c7d-9e77-4d65-b765-7a9a6adcd3e1 {{(pid=83024) execute /opt/stack/data/venv/lib/python3.10/site-packages/oslo_concurrency/processutils.py:349}}
Jan 27 00:18:44 devstack sudo[93079]: quobyte : PWD=/ ; USER=root ; COMMAND=/opt/stack/data/venv/bin/cinder-rootwrap /etc/cinder/rootwrap.conf chmod ugo+rw /opt/stack/data/cinder/mnt/b80926666c35ded78b0a41aa86f79b91/volume-6a19c800-633d-4060-ae60-50ca5cdb3ece.b0102c7d-9e77-4d65-b765-7a9a6adcd3e1
Jan 27 00:18:44 devstack sudo[93079]: pam_unix(sudo:session): session opened for user root(uid=0) by (uid=1000)
Jan 27 00:18:45 devstack sudo[93079]: pam_unix(sudo:session): session closed for user root
Jan 27 00:18:45 devstack cinder-volume[83024]: DEBUG oslo_concurrency.processutils [None req-b35e68ff-e19f-443b-90b1-b79669f012ee tempest-GroupSnapshotsTest-746059384 None] CMD "sudo cinder-rootwrap /etc/cinder/rootwrap.conf chmod ugo+rw /opt/stack/data/cinder/mnt/b80926666c35ded78b0a41aa86f79b91/volume-6a19c800-633d-4060-ae60-50ca5cdb3ece.b0102c7d-9e77-4d65-b765-7a9a6adcd3e1" returned: 0 in 0.549s {{(pid=83024) execute /opt/stack/data/venv/lib/python3.10/site-packages/oslo_concurrency/processutils.py:372}}
Jan 27 00:18:45 devstack cinder-volume[83024]: DEBUG dbcounter [-] [83024] Writing DB stats cinder:SELECT=119,cinder:INSERT=33,cinder:UPDATE=113,cinder:DELETE=3 {{(pid=83024) stat_writer /opt/stack/data/venv/lib/python3.10/site-packages/dbcounter.py:115}}
Jan 27 00:18:45 devstack cinder-volume[83024]: DEBUG oslo_concurrency.processutils [None req-b35e68ff-e19f-443b-90b1-b79669f012ee tempest-GroupSnapshotsTest-746059384 None] Running cmd (subprocess): sudo cinder-rootwrap /etc/cinder/rootwrap.conf truncate -s0 /opt/stack/data/cinder/mnt/b80926666c35ded78b0a41aa86f79b91/volume-6a19c800-633d-4060-ae60-50ca5cdb3ece.info {{(pid=83024) execute /opt/stack/data/venv/lib/python3.10/site-packages/oslo_concurrency/processutils.py:349}}
Jan 27 00:18:45 devstack sudo[93082]: quobyte : PWD=/ ; USER=root ; COMMAND=/opt/stack/data/venv/bin/cinder-rootwrap /etc/cinder/rootwrap.conf truncate -s0 /opt/stack/data/cinder/mnt/b80926666c35ded78b0a41aa86f79b91/volume-6a19c800-633d-4060-ae60-50ca5cdb3ece.info
Jan 27 00:18:45 devstack sudo[93082]: pam_unix(sudo:session): session opened for user root(uid=0) by (uid=1000)
Jan 27 00:18:46 devstack sudo[93082]: pam_unix(sudo:session): session closed for user root
Jan 27 00:18:46 devstack cinder-volume[83024]: DEBUG oslo_concurrency.processutils [None req-b35e68ff-e19f-443b-90b1-b79669f012ee tempest-GroupSnapshotsTest-746059384 None] CMD "sudo cinder-rootwrap /etc/cinder/rootwrap.conf truncate -s0 /opt/stack/data/cinder/mnt/b80926666c35ded78b0a41aa86f79b91/volume-6a19c800-633d-4060-ae60-50ca5cdb3ece.info" returned: 0 in 0.627s {{(pid=83024) execute /opt/stack/data/venv/lib/python3.10/site-packages/oslo_concurrency/processutils.py:372}}
Jan 27 00:18:46 devstack cinder-volume[83024]: WARNING cinder.volume.drivers.remotefs [None req-b35e68ff-e19f-443b-90b1-b79669f012ee tempest-GroupSnapshotsTest-746059384 None] /opt/stack/data/cinder/mnt/b80926666c35ded78b0a41aa86f79b91/volume-6a19c800-633d-4060-ae60-50ca5cdb3ece.info is being set with open permissions: ugo+rw: NotImplementedError
Jan 27 00:18:46 devstack cinder-volume[83024]: DEBUG oslo_concurrency.processutils [None req-b35e68ff-e19f-443b-90b1-b79669f012ee tempest-GroupSnapshotsTest-746059384 None] Running cmd (subprocess): sudo cinder-rootwrap /etc/cinder/rootwrap.conf chmod ugo+rw /opt/stack/data/cinder/mnt/b80926666c35ded78b0a41aa86f79b91/volume-6a19c800-633d-4060-ae60-50ca5cdb3ece.info {{(pid=83024) execute /opt/stack/data/venv/lib/python3.10/site-packages/oslo_concurrency/processutils.py:349}}
Jan 27 00:18:46 devstack sudo[93085]: quobyte : PWD=/ ; USER=root ; COMMAND=/opt/stack/data/venv/bin/cinder-rootwrap /etc/cinder/rootwrap.conf chmod ugo+rw /opt/stack/data/cinder/mnt/b80926666c35ded78b0a41aa86f79b91/volume-6a19c800-633d-4060-ae60-50ca5cdb3ece.info
Jan 27 00:18:46 devstack sudo[93085]: pam_unix(sudo:session): session opened for user root(uid=0) by (uid=1000)
Jan 27 00:18:46 devstack sudo[93085]: pam_unix(sudo:session): session closed for user root
Jan 27 00:18:46 devstack cinder-volume[83024]: DEBUG oslo_concurrency.processutils [None req-b35e68ff-e19f-443b-90b1-b79669f012ee tempest-GroupSnapshotsTest-746059384 None] CMD "sudo cinder-rootwrap /etc/cinder/rootwrap.conf chmod ugo+rw /opt/stack/data/cinder/mnt/b80926666c35ded78b0a41aa86f79b91/volume-6a19c800-633d-4060-ae60-50ca5cdb3ece.info" returned: 0 in 0.524s {{(pid=83024) execute /opt/stack/data/venv/lib/python3.10/site-packages/oslo_concurrency/processutils.py:372}}
Jan 27 00:18:46 devstack cinder-volume[83024]: DEBUG oslo_concurrency.lockutils [None req-b35e68ff-e19f-443b-90b1-b79669f012ee tempest-GroupSnapshotsTest-746059384 None] Lock "quobyte" "released" by "cinder.volume.drivers.quobyte.QuobyteDriver.create_snapshot" :: held 3.600s {{(pid=83024) inner /opt/stack/data/venv/lib/python3.10/site-packages/oslo_concurrency/lockutils.py:424}}
Jan 27 00:18:46 devstack cinder-volume[83024]: INFO cinder.volume.manager [None req-b35e68ff-e19f-443b-90b1-b79669f012ee tempest-GroupSnapshotsTest-746059384 None] group_snapshot 6f7edf1d-88a7-4a08-84b3-67d85b3ba967: created successfully
Jan 27 00:18:47 devstack cinder-volume[83024]: INFO cinder.volume.manager [None req-495574a5-157a-4762-a808-c9df6ac4c8bb tempest-GroupSnapshotsTest-746059384 None] group_snapshot 6f7edf1d-88a7-4a08-84b3-67d85b3ba967: deleting
Jan 27 00:18:47 devstack cinder-volume[83024]: WARNING cinder.volume.volume_utils [None req-495574a5-157a-4762-a808-c9df6ac4c8bb tempest-GroupSnapshotsTest-746059384 None] Volume driver (QuobyteDriver 1.1.13) is currently unsupported and may be removed in the next release of OpenStack. Use at your own risk.
Jan 27 00:18:47 devstack cinder-volume[83024]: DEBUG cinder.volume.manager [None req-495574a5-157a-4762-a808-c9df6ac4c8bb tempest-GroupSnapshotsTest-746059384 None] group_snapshot 6f7edf1d-88a7-4a08-84b3-67d85b3ba967: deleting {{(pid=83024) delete_group_snapshot /opt/stack/cinder/cinder/volume/manager.py:4319}}
Jan 27 00:18:47 devstack cinder-volume[83024]: DEBUG cinder.coordination [None req-495574a5-157a-4762-a808-c9df6ac4c8bb tempest-GroupSnapshotsTest-746059384 None] Acquiring lock "cinder-quobyte-6b7e4b36-403e-41c9-918e-c773714babc4" by "delete_snapshot" {{(pid=83024) __acquire /opt/stack/cinder/cinder/coordination.py:143}}
Jan 27 00:18:47 devstack cinder-volume[83024]: DEBUG cinder.coordination [None req-495574a5-157a-4762-a808-c9df6ac4c8bb tempest-GroupSnapshotsTest-746059384 None] Lock "cinder-quobyte-6b7e4b36-403e-41c9-918e-c773714babc4" acquired by "delete_snapshot" :: waited 0.010s {{(pid=83024) __acquire /opt/stack/cinder/cinder/coordination.py:146}}
Jan 27 00:18:47 devstack cinder-volume[83024]: DEBUG cinder.coordination [None req-495574a5-157a-4762-a808-c9df6ac4c8bb tempest-GroupSnapshotsTest-746059384 None] Acquiring lock "cinder-quobyte-987ca2f0-bf5a-4aef-aa97-3075479b60ce" by "_delete_snapshot" {{(pid=83024) __acquire /opt/stack/cinder/cinder/coordination.py:143}}
Jan 27 00:18:47 devstack cinder-volume[83024]: DEBUG cinder.coordination [None req-495574a5-157a-4762-a808-c9df6ac4c8bb tempest-GroupSnapshotsTest-746059384 None] Lock "cinder-quobyte-987ca2f0-bf5a-4aef-aa97-3075479b60ce" acquired by "_delete_snapshot" :: waited 0.011s {{(pid=83024) __acquire /opt/stack/cinder/cinder/coordination.py:146}}
Jan 27 00:18:47 devstack cinder-volume[83024]: DEBUG cinder.volume.drivers.remotefs [None req-495574a5-157a-4762-a808-c9df6ac4c8bb tempest-GroupSnapshotsTest-746059384 None] Deleting offline snapshot 987ca2f0-bf5a-4aef-aa97-3075479b60ce of volume 6b7e4b36-403e-41c9-918e-c773714babc4 {{(pid=83024) _delete_snapshot /opt/stack/cinder/cinder/volume/drivers/remotefs.py:1290}}
Jan 27 00:18:47 devstack cinder-volume[83024]: DEBUG cinder.volume.drivers.remotefs [None req-495574a5-157a-4762-a808-c9df6ac4c8bb tempest-GroupSnapshotsTest-746059384 None] snapshot_file for this snap is: volume-6b7e4b36-403e-41c9-918e-c773714babc4.987ca2f0-bf5a-4aef-aa97-3075479b60ce {{(pid=83024) _delete_snapshot /opt/stack/cinder/cinder/volume/drivers/remotefs.py:1319}}
Jan 27 00:18:47 devstack cinder-volume[83024]: DEBUG oslo.privsep.daemon [-] privsep: reply[6a9badab-38fc-4d1c-abb1-1485b04098bc]: (4, 'qcow2') {{(pid=84767) _call_back /opt/stack/data/venv/lib/python3.10/site-packages/oslo_privsep/daemon.py:515}}
Jan 27 00:18:47 devstack cinder-volume[83024]: DEBUG oslo_concurrency.processutils [None req-495574a5-157a-4762-a808-c9df6ac4c8bb tempest-GroupSnapshotsTest-746059384 None] Running cmd (subprocess): /opt/stack/data/venv/bin/python3.10 -m oslo_concurrency.prlimit --as=1073741824 --cpu=60 -- sudo cinder-rootwrap /etc/cinder/rootwrap.conf env LC_ALL=C qemu-img info -f qcow2 --output=json --force-share /opt/stack/data/cinder/mnt/b80926666c35ded78b0a41aa86f79b91/volume-6b7e4b36-403e-41c9-918e-c773714babc4.987ca2f0-bf5a-4aef-aa97-3075479b60ce {{(pid=83024) execute /opt/stack/data/venv/lib/python3.10/site-packages/oslo_concurrency/processutils.py:349}}
Jan 27 00:18:48 devstack sudo[93091]: quobyte : PWD=/ ; USER=root ; COMMAND=/opt/stack/data/venv/bin/cinder-rootwrap /etc/cinder/rootwrap.conf env LC_ALL=C qemu-img info -f qcow2 --output=json --force-share /opt/stack/data/cinder/mnt/b80926666c35ded78b0a41aa86f79b91/volume-6b7e4b36-403e-41c9-918e-c773714babc4.987ca2f0-bf5a-4aef-aa97-3075479b60ce
Jan 27 00:18:48 devstack sudo[93091]: pam_unix(sudo:session): session opened for user root(uid=0) by (uid=1000)
Jan 27 00:18:48 devstack sudo[93091]: pam_unix(sudo:session): session closed for user root
Jan 27 00:18:48 devstack cinder-volume[83024]: DEBUG oslo_concurrency.processutils [None req-495574a5-157a-4762-a808-c9df6ac4c8bb tempest-GroupSnapshotsTest-746059384 None] CMD "/opt/stack/data/venv/bin/python3.10 -m oslo_concurrency.prlimit --as=1073741824 --cpu=60 -- sudo cinder-rootwrap /etc/cinder/rootwrap.conf env LC_ALL=C qemu-img info -f qcow2 --output=json --force-share /opt/stack/data/cinder/mnt/b80926666c35ded78b0a41aa86f79b91/volume-6b7e4b36-403e-41c9-918e-c773714babc4.987ca2f0-bf5a-4aef-aa97-3075479b60ce" returned: 0 in 0.722s {{(pid=83024) execute /opt/stack/data/venv/lib/python3.10/site-packages/oslo_concurrency/processutils.py:372}}
Jan 27 00:18:48 devstack cinder-volume[83024]: DEBUG cinder.volume.drivers.remotefs [None req-495574a5-157a-4762-a808-c9df6ac4c8bb tempest-GroupSnapshotsTest-746059384 None] Fetching qemu-img info with special backing_file_template: (/opt/stack/data/cinder/mnt/[0-9a-f]+/)?(volume-6b7e4b36-403e-41c9-918e-c773714babc4(.(tmp-snap-)?[0-9a-f-]+)?|volume_from_snapshot_cache/(tmp-snap-)?[0-9a-f-]+(.(child-|parent-)[0-9a-f-]+)?)$ {{(pid=83024) _qemu_img_info_base /opt/stack/cinder/cinder/volume/drivers/remotefs.py:898}}
Jan 27 00:18:48 devstack cinder-volume[83024]: DEBUG oslo.privsep.daemon [-] privsep: reply[36ad26a7-e1fe-406a-abee-514e5f5288f4]: (4, 'qcow2') {{(pid=84767) _call_back /opt/stack/data/venv/lib/python3.10/site-packages/oslo_privsep/daemon.py:515}}
Jan 27 00:18:48 devstack cinder-volume[83024]: DEBUG oslo_concurrency.processutils [None req-495574a5-157a-4762-a808-c9df6ac4c8bb tempest-GroupSnapshotsTest-746059384 None] Running cmd (subprocess): /opt/stack/data/venv/bin/python3.10 -m oslo_concurrency.prlimit --as=1073741824 --cpu=60 -- sudo cinder-rootwrap /etc/cinder/rootwrap.conf env LC_ALL=C qemu-img info -f qcow2 --output=json --force-share /opt/stack/data/cinder/mnt/b80926666c35ded78b0a41aa86f79b91/volume-6b7e4b36-403e-41c9-918e-c773714babc4 {{(pid=83024) execute /opt/stack/data/venv/lib/python3.10/site-packages/oslo_concurrency/processutils.py:349}}
Jan 27 00:18:48 devstack sudo[93096]: quobyte : PWD=/ ; USER=root ; COMMAND=/opt/stack/data/venv/bin/cinder-rootwrap /etc/cinder/rootwrap.conf env LC_ALL=C qemu-img info -f qcow2 --output=json --force-share /opt/stack/data/cinder/mnt/b80926666c35ded78b0a41aa86f79b91/volume-6b7e4b36-403e-41c9-918e-c773714babc4
Jan 27 00:18:48 devstack sudo[93096]: pam_unix(sudo:session): session opened for user root(uid=0) by (uid=1000)
Jan 27 00:18:49 devstack sudo[93096]: pam_unix(sudo:session): session closed for user root
Jan 27 00:18:49 devstack cinder-volume[83024]: DEBUG oslo_concurrency.processutils [None req-495574a5-157a-4762-a808-c9df6ac4c8bb tempest-GroupSnapshotsTest-746059384 None] CMD "/opt/stack/data/venv/bin/python3.10 -m oslo_concurrency.prlimit --as=1073741824 --cpu=60 -- sudo cinder-rootwrap /etc/cinder/rootwrap.conf env LC_ALL=C qemu-img info -f qcow2 --output=json --force-share /opt/stack/data/cinder/mnt/b80926666c35ded78b0a41aa86f79b91/volume-6b7e4b36-403e-41c9-918e-c773714babc4" returned: 0 in 0.709s {{(pid=83024) execute /opt/stack/data/venv/lib/python3.10/site-packages/oslo_concurrency/processutils.py:372}}
Jan 27 00:18:49 devstack cinder-volume[83024]: DEBUG oslo_concurrency.processutils [None req-495574a5-157a-4762-a808-c9df6ac4c8bb tempest-GroupSnapshotsTest-746059384 None] Running cmd (subprocess): sudo cinder-rootwrap /etc/cinder/rootwrap.conf qemu-img commit -d /opt/stack/data/cinder/mnt/b80926666c35ded78b0a41aa86f79b91/volume-6b7e4b36-403e-41c9-918e-c773714babc4.987ca2f0-bf5a-4aef-aa97-3075479b60ce {{(pid=83024) execute /opt/stack/data/venv/lib/python3.10/site-packages/oslo_concurrency/processutils.py:349}}
Jan 27 00:18:49 devstack sudo[93101]: quobyte : PWD=/ ; USER=root ; COMMAND=/opt/stack/data/venv/bin/cinder-rootwrap /etc/cinder/rootwrap.conf qemu-img commit -d /opt/stack/data/cinder/mnt/b80926666c35ded78b0a41aa86f79b91/volume-6b7e4b36-403e-41c9-918e-c773714babc4.987ca2f0-bf5a-4aef-aa97-3075479b60ce
Jan 27 00:18:49 devstack sudo[93101]: pam_unix(sudo:session): session opened for user root(uid=0) by (uid=1000)
Jan 27 00:18:50 devstack sudo[93101]: pam_unix(sudo:session): session closed for user root
Jan 27 00:18:50 devstack cinder-volume[83024]: DEBUG oslo_concurrency.processutils [None req-495574a5-157a-4762-a808-c9df6ac4c8bb tempest-GroupSnapshotsTest-746059384 None] CMD "sudo cinder-rootwrap /etc/cinder/rootwrap.conf qemu-img commit -d /opt/stack/data/cinder/mnt/b80926666c35ded78b0a41aa86f79b91/volume-6b7e4b36-403e-41c9-918e-c773714babc4.987ca2f0-bf5a-4aef-aa97-3075479b60ce" returned: 0 in 0.707s {{(pid=83024) execute /opt/stack/data/venv/lib/python3.10/site-packages/oslo_concurrency/processutils.py:372}}
Jan 27 00:18:50 devstack cinder-volume[83024]: DEBUG oslo_concurrency.processutils [None req-495574a5-157a-4762-a808-c9df6ac4c8bb tempest-GroupSnapshotsTest-746059384 None] Running cmd (subprocess): sudo cinder-rootwrap /etc/cinder/rootwrap.conf rm -f /opt/stack/data/cinder/mnt/b80926666c35ded78b0a41aa86f79b91/volume-6b7e4b36-403e-41c9-918e-c773714babc4.987ca2f0-bf5a-4aef-aa97-3075479b60ce {{(pid=83024) execute /opt/stack/data/venv/lib/python3.10/site-packages/oslo_concurrency/processutils.py:349}}
Jan 27 00:18:50 devstack sudo[93106]: quobyte : PWD=/ ; USER=root ; COMMAND=/opt/stack/data/venv/bin/cinder-rootwrap /etc/cinder/rootwrap.conf rm -f /opt/stack/data/cinder/mnt/b80926666c35ded78b0a41aa86f79b91/volume-6b7e4b36-403e-41c9-918e-c773714babc4.987ca2f0-bf5a-4aef-aa97-3075479b60ce
Jan 27 00:18:50 devstack sudo[93106]: pam_unix(sudo:session): session opened for user root(uid=0) by (uid=1000)
Jan 27 00:18:50 devstack sudo[93106]: pam_unix(sudo:session): session closed for user root
Jan 27 00:18:50 devstack cinder-volume[83024]: DEBUG oslo_concurrency.processutils [None req-495574a5-157a-4762-a808-c9df6ac4c8bb tempest-GroupSnapshotsTest-746059384 None] CMD "sudo cinder-rootwrap /etc/cinder/rootwrap.conf rm -f /opt/stack/data/cinder/mnt/b80926666c35ded78b0a41aa86f79b91/volume-6b7e4b36-403e-41c9-918e-c773714babc4.987ca2f0-bf5a-4aef-aa97-3075479b60ce" returned: 0 in 0.556s {{(pid=83024) execute /opt/stack/data/venv/lib/python3.10/site-packages/oslo_concurrency/processutils.py:372}}
Jan 27 00:18:50 devstack cinder-volume[83024]: DEBUG cinder.coordination [None req-495574a5-157a-4762-a808-c9df6ac4c8bb tempest-GroupSnapshotsTest-746059384 None] Lock "cinder-quobyte-987ca2f0-bf5a-4aef-aa97-3075479b60ce" released by "_delete_snapshot" :: held 2.828s {{(pid=83024) __release /opt/stack/cinder/cinder/coordination.py:157}}
Jan 27 00:18:50 devstack cinder-volume[83024]: DEBUG cinder.coordination [None req-495574a5-157a-4762-a808-c9df6ac4c8bb tempest-GroupSnapshotsTest-746059384 None] Lock "cinder-quobyte-6b7e4b36-403e-41c9-918e-c773714babc4" released by "delete_snapshot" :: held 2.846s {{(pid=83024) __release /opt/stack/cinder/cinder/coordination.py:157}}
Jan 27 00:18:50 devstack cinder-volume[83024]: DEBUG cinder.coordination [None req-495574a5-157a-4762-a808-c9df6ac4c8bb tempest-GroupSnapshotsTest-746059384 None] Acquiring lock "cinder-quobyte-6a19c800-633d-4060-ae60-50ca5cdb3ece" by "delete_snapshot" {{(pid=83024) __acquire /opt/stack/cinder/cinder/coordination.py:143}}
Jan 27 00:18:50 devstack cinder-volume[83024]: DEBUG cinder.coordination [None req-495574a5-157a-4762-a808-c9df6ac4c8bb tempest-GroupSnapshotsTest-746059384 None] Lock "cinder-quobyte-6a19c800-633d-4060-ae60-50ca5cdb3ece" acquired by "delete_snapshot" :: waited 0.012s {{(pid=83024) __acquire /opt/stack/cinder/cinder/coordination.py:146}}
Jan 27 00:18:50 devstack cinder-volume[83024]: DEBUG cinder.coordination [None req-495574a5-157a-4762-a808-c9df6ac4c8bb tempest-GroupSnapshotsTest-746059384 None] Acquiring lock "cinder-quobyte-b0102c7d-9e77-4d65-b765-7a9a6adcd3e1" by "_delete_snapshot" {{(pid=83024) __acquire /opt/stack/cinder/cinder/coordination.py:143}}
Jan 27 00:18:50 devstack cinder-volume[83024]: DEBUG cinder.coordination [None req-495574a5-157a-4762-a808-c9df6ac4c8bb tempest-GroupSnapshotsTest-746059384 None] Lock "cinder-quobyte-b0102c7d-9e77-4d65-b765-7a9a6adcd3e1" acquired by "_delete_snapshot" :: waited 0.014s {{(pid=83024) __acquire /opt/stack/cinder/cinder/coordination.py:146}}
Jan 27 00:18:50 devstack cinder-volume[83024]: DEBUG cinder.volume.drivers.remotefs [None req-495574a5-157a-4762-a808-c9df6ac4c8bb tempest-GroupSnapshotsTest-746059384 None] Deleting offline snapshot b0102c7d-9e77-4d65-b765-7a9a6adcd3e1 of volume 6a19c800-633d-4060-ae60-50ca5cdb3ece {{(pid=83024) _delete_snapshot /opt/stack/cinder/cinder/volume/drivers/remotefs.py:1290}}
Jan 27 00:18:50 devstack cinder-volume[83024]: DEBUG cinder.volume.drivers.remotefs [None req-495574a5-157a-4762-a808-c9df6ac4c8bb tempest-GroupSnapshotsTest-746059384 None] snapshot_file for this snap is: volume-6a19c800-633d-4060-ae60-50ca5cdb3ece.b0102c7d-9e77-4d65-b765-7a9a6adcd3e1 {{(pid=83024) _delete_snapshot /opt/stack/cinder/cinder/volume/drivers/remotefs.py:1319}}
Jan 27 00:18:50 devstack cinder-volume[83024]: DEBUG oslo.privsep.daemon [-] privsep: reply[992616cd-7dcc-491a-ab82-bd11a85b33f4]: (4, 'qcow2') {{(pid=84767) _call_back /opt/stack/data/venv/lib/python3.10/site-packages/oslo_privsep/daemon.py:515}}
Jan 27 00:18:50 devstack cinder-volume[83024]: DEBUG oslo_concurrency.processutils [None req-495574a5-157a-4762-a808-c9df6ac4c8bb tempest-GroupSnapshotsTest-746059384 None] Running cmd (subprocess): /opt/stack/data/venv/bin/python3.10 -m oslo_concurrency.prlimit --as=1073741824 --cpu=60 -- sudo cinder-rootwrap /etc/cinder/rootwrap.conf env LC_ALL=C qemu-img info -f qcow2 --output=json --force-share /opt/stack/data/cinder/mnt/b80926666c35ded78b0a41aa86f79b91/volume-6a19c800-633d-4060-ae60-50ca5cdb3ece.b0102c7d-9e77-4d65-b765-7a9a6adcd3e1 {{(pid=83024) execute /opt/stack/data/venv/lib/python3.10/site-packages/oslo_concurrency/processutils.py:349}}
Jan 27 00:18:50 devstack sudo[93109]: quobyte : PWD=/ ; USER=root ; COMMAND=/opt/stack/data/venv/bin/cinder-rootwrap /etc/cinder/rootwrap.conf env LC_ALL=C qemu-img info -f qcow2 --output=json --force-share /opt/stack/data/cinder/mnt/b80926666c35ded78b0a41aa86f79b91/volume-6a19c800-633d-4060-ae60-50ca5cdb3ece.b0102c7d-9e77-4d65-b765-7a9a6adcd3e1
Jan 27 00:18:50 devstack sudo[93109]: pam_unix(sudo:session): session opened for user root(uid=0) by (uid=1000)
Jan 27 00:18:51 devstack sudo[93109]: pam_unix(sudo:session): session closed for user root
Jan 27 00:18:51 devstack cinder-volume[83024]: DEBUG oslo_concurrency.processutils [None req-495574a5-157a-4762-a808-c9df6ac4c8bb tempest-GroupSnapshotsTest-746059384 None] CMD "/opt/stack/data/venv/bin/python3.10 -m oslo_concurrency.prlimit --as=1073741824 --cpu=60 -- sudo cinder-rootwrap /etc/cinder/rootwrap.conf env LC_ALL=C qemu-img info -f qcow2 --output=json --force-share /opt/stack/data/cinder/mnt/b80926666c35ded78b0a41aa86f79b91/volume-6a19c800-633d-4060-ae60-50ca5cdb3ece.b0102c7d-9e77-4d65-b765-7a9a6adcd3e1" returned: 0 in 0.641s {{(pid=83024) execute /opt/stack/data/venv/lib/python3.10/site-packages/oslo_concurrency/processutils.py:372}}
Jan 27 00:18:51 devstack cinder-volume[83024]: DEBUG cinder.volume.drivers.remotefs [None req-495574a5-157a-4762-a808-c9df6ac4c8bb tempest-GroupSnapshotsTest-746059384 None] Fetching qemu-img info with special backing_file_template: (/opt/stack/data/cinder/mnt/[0-9a-f]+/)?(volume-6a19c800-633d-4060-ae60-50ca5cdb3ece(.(tmp-snap-)?[0-9a-f-]+)?|volume_from_snapshot_cache/(tmp-snap-)?[0-9a-f-]+(.(child-|parent-)[0-9a-f-]+)?)$ {{(pid=83024) _qemu_img_info_base /opt/stack/cinder/cinder/volume/drivers/remotefs.py:898}}
Jan 27 00:18:51 devstack cinder-volume[83024]: DEBUG oslo.privsep.daemon [-] privsep: reply[57df0eab-aed9-4c28-976b-60c4460ac5bd]: (4, 'qcow2') {{(pid=84767) _call_back /opt/stack/data/venv/lib/python3.10/site-packages/oslo_privsep/daemon.py:515}}
Jan 27 00:18:51 devstack cinder-volume[83024]: DEBUG oslo_concurrency.processutils [None req-495574a5-157a-4762-a808-c9df6ac4c8bb tempest-GroupSnapshotsTest-746059384 None] Running cmd (subprocess): /opt/stack/data/venv/bin/python3.10 -m oslo_concurrency.prlimit --as=1073741824 --cpu=60 -- sudo cinder-rootwrap /etc/cinder/rootwrap.conf env LC_ALL=C qemu-img info -f qcow2 --output=json --force-share /opt/stack/data/cinder/mnt/b80926666c35ded78b0a41aa86f79b91/volume-6a19c800-633d-4060-ae60-50ca5cdb3ece {{(pid=83024) execute /opt/stack/data/venv/lib/python3.10/site-packages/oslo_concurrency/processutils.py:349}}
