Sep 01 11:25:14 devstack devstack@c-api.service[86800]: /opt/stack/data/venv/lib/python3.12/site-packages/oslo_context/context.py:102: DeprecationWarning: Policy enforcement is depending on the value of is_admin. This key is deprecated. Please update your policy file to use the standard policy values.
Sep 01 11:25:14 devstack devstack@c-api.service[86800]: warnings.warn(
Sep 01 11:25:14 devstack devstack@c-api.service[86801]: INFO cinder.api.openstack.wsgi [None req-a137449f-3be4-455c-a15f-1917ba14e253 tempest-GroupTypeSpecsTest-1414282801 tempest-GroupTypeSpecsTest-1414282801-project-admin] HTTP exception thrown: Group Type 88a6fe3c-6d3b-4190-be39-b8d0251db7bf has no extra spec with key key1.
Sep 01 11:25:14 devstack devstack@c-api.service[86801]: INFO cinder.api.openstack.wsgi [None req-a137449f-3be4-455c-a15f-1917ba14e253 tempest-GroupTypeSpecsTest-1414282801 tempest-GroupTypeSpecsTest-1414282801-project-admin] http://192.168.122.48/volume/v3/group_types/88a6fe3c-6d3b-4190-be39-b8d0251db7bf/group_specs/key1 returned with HTTP 404
Sep 01 11:25:14 devstack devstack@c-api.service[86801]: [pid: 86801|app: 0|req: 179/359] 192.168.122.48 () {60 vars in 1331 bytes} [Tue Sep 1 11:25:14 2026] GET /volume/v3/group_types/88a6fe3c-6d3b-4190-be39-b8d0251db7bf/group_specs/key1 => generated 126 bytes in 24 msecs (HTTP/1.1 404) 7 headers in 293 bytes (1 switches on core 0)
Sep 01 11:25:14 devstack devstack@c-api.service[86800]: /opt/stack/cinder/cinder/objects/volume.py:315: DeprecationWarning: Passing item_cls to obj_make_list() is deprecated. The item class is now derived from the list object's field definition.
Sep 01 11:25:14 devstack devstack@c-api.service[86800]: attachments = base.obj_make_list(
Sep 01 11:25:14 devstack devstack@c-api.service[86801]: DEBUG cinder.api.middleware.request_id [None req-771e5ce9-3f74-4e21-a8bc-1f463a95cb0c None None] RequestId filter calling following filter/app {{(pid=86801) _context_setter /opt/stack/cinder/cinder/api/middleware/request_id.py:62}}
Sep 01 11:25:14 devstack devstack@c-api.service[86801]: INFO cinder.api.openstack.wsgi [None req-771e5ce9-3f74-4e21-a8bc-1f463a95cb0c tempest-GroupTypeSpecsTest-1414282801 tempest-GroupTypeSpecsTest-1414282801-project-admin] DELETE http://192.168.122.48/volume/v3/group_types/88a6fe3c-6d3b-4190-be39-b8d0251db7bf/group_specs/key2
Sep 01 11:25:14 devstack devstack@c-api.service[86801]: DEBUG cinder.api.openstack.wsgi [None req-771e5ce9-3f74-4e21-a8bc-1f463a95cb0c tempest-GroupTypeSpecsTest-1414282801 tempest-GroupTypeSpecsTest-1414282801-project-admin] Empty body provided in request {{(pid=86801) get_body /opt/stack/cinder/cinder/api/openstack/wsgi.py:725}}
Sep 01 11:25:14 devstack devstack@c-api.service[86801]: DEBUG cinder.api.openstack.wsgi [None req-771e5ce9-3f74-4e21-a8bc-1f463a95cb0c tempest-GroupTypeSpecsTest-1414282801 tempest-GroupTypeSpecsTest-1414282801-project-admin] Calling method 'version_select' {{(pid=86801) _process_stack /opt/stack/cinder/cinder/api/openstack/wsgi.py:878}}
Sep 01 11:25:14 devstack devstack@c-api.service[86801]: INFO cinder.api.openstack.wsgi [None req-771e5ce9-3f74-4e21-a8bc-1f463a95cb0c tempest-GroupTypeSpecsTest-1414282801 tempest-GroupTypeSpecsTest-1414282801-project-admin] http://192.168.122.48/volume/v3/group_types/88a6fe3c-6d3b-4190-be39-b8d0251db7bf/group_specs/key2 returned with HTTP 202
Sep 01 11:25:14 devstack devstack@c-api.service[86801]: [pid: 86801|app: 0|req: 180/360] 192.168.122.48 () {60 vars in 1334 bytes} [Tue Sep 1 11:25:14 2026] DELETE /volume/v3/group_types/88a6fe3c-6d3b-4190-be39-b8d0251db7bf/group_specs/key2 => generated 0 bytes in 31 msecs (HTTP/1.1 202) 6 headers in 234 bytes (1 switches on core 0)
Sep 01 11:25:14 devstack devstack@c-api.service[86801]: DEBUG cinder.api.middleware.request_id [None req-9b01b66d-e224-4848-a86a-c5c065f84398 None None] RequestId filter calling following filter/app {{(pid=86801) _context_setter /opt/stack/cinder/cinder/api/middleware/request_id.py:62}}
Sep 01 11:25:14 devstack devstack@c-api.service[86801]: INFO cinder.api.openstack.wsgi [None req-9b01b66d-e224-4848-a86a-c5c065f84398 tempest-AttachVolumeShelveTestJSON-1098605733 tempest-AttachVolumeShelveTestJSON-1098605733-project-member] GET http://192.168.122.48/volume/v3/volumes/e83f34da-23a7-40e9-ae6c-a6385aa1ecba
Sep 01 11:25:14 devstack devstack@c-api.service[86801]: DEBUG cinder.api.openstack.wsgi [None req-9b01b66d-e224-4848-a86a-c5c065f84398 tempest-AttachVolumeShelveTestJSON-1098605733 tempest-AttachVolumeShelveTestJSON-1098605733-project-member] Empty body provided in request {{(pid=86801) get_body /opt/stack/cinder/cinder/api/openstack/wsgi.py:725}}
Sep 01 11:25:14 devstack devstack@c-api.service[86801]: DEBUG cinder.api.openstack.wsgi [None req-9b01b66d-e224-4848-a86a-c5c065f84398 tempest-AttachVolumeShelveTestJSON-1098605733 tempest-AttachVolumeShelveTestJSON-1098605733-project-member] Calling method 'show' {{(pid=86801) _process_stack /opt/stack/cinder/cinder/api/openstack/wsgi.py:878}}
Sep 01 11:25:14 devstack devstack@c-api.service[86800]: INFO cinder.api.openstack.wsgi [req-850a6c24-2dde-4dbf-9c97-847a1bd35f96 req-13078b5e-6c09-4855-837e-dd0a9c511872 tempest-ServerActionsTestOtherA-233561984 tempest-ServerActionsTestOtherA-233561984-project-member] http://192.168.122.48/volume/v3/attachments returned with HTTP 200
Sep 01 11:25:14 devstack devstack@c-api.service[86800]: [pid: 86800|app: 0|req: 181/361] 192.168.122.48 () {66 vars in 1478 bytes} [Tue Sep 1 11:25:14 2026] POST /volume/v3/attachments => generated 273 bytes in 113 msecs (HTTP/1.1 200) 7 headers in 286 bytes (1 switches on core 0)
Sep 01 11:25:14 devstack devstack@c-api.service[86801]: /opt/stack/cinder/cinder/objects/volume.py:315: DeprecationWarning: Passing item_cls to obj_make_list() is deprecated. The item class is now derived from the list object's field definition.
Sep 01 11:25:14 devstack devstack@c-api.service[86801]: attachments = base.obj_make_list(
Sep 01 11:25:14 devstack devstack@c-api.service[86800]: DEBUG cinder.api.middleware.request_id [None req-7f3e7a3a-c477-4f83-bb2d-1d7dc8396c69 None None] RequestId filter calling following filter/app {{(pid=86800) _context_setter /opt/stack/cinder/cinder/api/middleware/request_id.py:62}}
Sep 01 11:25:14 devstack devstack@c-api.service[86801]: /opt/stack/data/venv/lib/python3.12/site-packages/oslo_context/context.py:102: DeprecationWarning: Policy enforcement is depending on the value of is_admin. This key is deprecated. Please update your policy file to use the standard policy values.
Sep 01 11:25:14 devstack devstack@c-api.service[86801]: warnings.warn(
Sep 01 11:25:14 devstack devstack@c-api.service[86800]: INFO cinder.api.openstack.wsgi [None req-7f3e7a3a-c477-4f83-bb2d-1d7dc8396c69 tempest-GroupTypeSpecsTest-1414282801 tempest-GroupTypeSpecsTest-1414282801-project-admin] GET http://192.168.122.48/volume/v3/group_types/88a6fe3c-6d3b-4190-be39-b8d0251db7bf/group_specs/key2
Sep 01 11:25:14 devstack devstack@c-api.service[86800]: DEBUG cinder.api.openstack.wsgi [None req-7f3e7a3a-c477-4f83-bb2d-1d7dc8396c69 tempest-GroupTypeSpecsTest-1414282801 tempest-GroupTypeSpecsTest-1414282801-project-admin] Empty body provided in request {{(pid=86800) get_body /opt/stack/cinder/cinder/api/openstack/wsgi.py:725}}
Sep 01 11:25:14 devstack devstack@c-api.service[86800]: DEBUG cinder.api.openstack.wsgi [None req-7f3e7a3a-c477-4f83-bb2d-1d7dc8396c69 tempest-GroupTypeSpecsTest-1414282801 tempest-GroupTypeSpecsTest-1414282801-project-admin] Calling method 'version_select' {{(pid=86800) _process_stack /opt/stack/cinder/cinder/api/openstack/wsgi.py:878}}
Sep 01 11:25:14 devstack devstack@c-api.service[86800]: /opt/stack/data/venv/lib/python3.12/site-packages/oslo_context/context.py:102: DeprecationWarning: Policy enforcement is depending on the value of is_admin. This key is deprecated. Please update your policy file to use the standard policy values.
Sep 01 11:25:14 devstack devstack@c-api.service[86800]: warnings.warn(
Sep 01 11:25:14 devstack devstack@c-api.service[86801]: INFO cinder.volume.api [None req-9b01b66d-e224-4848-a86a-c5c065f84398 tempest-AttachVolumeShelveTestJSON-1098605733 tempest-AttachVolumeShelveTestJSON-1098605733-project-member] Volume info retrieved successfully.
Sep 01 11:25:14 devstack devstack@c-api.service[86801]: INFO cinder.api.openstack.wsgi [None req-9b01b66d-e224-4848-a86a-c5c065f84398 tempest-AttachVolumeShelveTestJSON-1098605733 tempest-AttachVolumeShelveTestJSON-1098605733-project-member] http://192.168.122.48/volume/v3/volumes/e83f34da-23a7-40e9-ae6c-a6385aa1ecba returned with HTTP 200
Sep 01 11:25:14 devstack devstack@c-api.service[86800]: INFO cinder.api.openstack.wsgi [None req-7f3e7a3a-c477-4f83-bb2d-1d7dc8396c69 tempest-GroupTypeSpecsTest-1414282801 tempest-GroupTypeSpecsTest-1414282801-project-admin] HTTP exception thrown: Group Type 88a6fe3c-6d3b-4190-be39-b8d0251db7bf has no extra spec with key key2.
Sep 01 11:25:14 devstack devstack@c-api.service[86801]: [pid: 86801|app: 0|req: 181/362] 192.168.122.48 () {58 vars in 1227 bytes} [Tue Sep 1 11:25:14 2026] GET /volume/v3/volumes/e83f34da-23a7-40e9-ae6c-a6385aa1ecba => generated 856 bytes in 43 msecs (HTTP/1.1 200) 7 headers in 285 bytes (1 switches on core 0)
Sep 01 11:25:14 devstack devstack@c-api.service[86800]: INFO cinder.api.openstack.wsgi [None req-7f3e7a3a-c477-4f83-bb2d-1d7dc8396c69 tempest-GroupTypeSpecsTest-1414282801 tempest-GroupTypeSpecsTest-1414282801-project-admin] http://192.168.122.48/volume/v3/group_types/88a6fe3c-6d3b-4190-be39-b8d0251db7bf/group_specs/key2 returned with HTTP 404
Sep 01 11:25:14 devstack devstack@c-api.service[86801]: DEBUG cinder.api.middleware.request_id [None req-cf2d7dd8-86f5-4596-9dea-86387278ed4c None None] RequestId filter calling following filter/app {{(pid=86801) _context_setter /opt/stack/cinder/cinder/api/middleware/request_id.py:62}}
Sep 01 11:25:14 devstack devstack@c-api.service[86800]: [pid: 86800|app: 0|req: 182/363] 192.168.122.48 () {60 vars in 1331 bytes} [Tue Sep 1 11:25:14 2026] GET /volume/v3/group_types/88a6fe3c-6d3b-4190-be39-b8d0251db7bf/group_specs/key2 => generated 126 bytes in 23 msecs (HTTP/1.1 404) 7 headers in 293 bytes (1 switches on core 0)
Sep 01 11:25:14 devstack devstack@c-api.service[86801]: INFO cinder.api.openstack.wsgi [None req-cf2d7dd8-86f5-4596-9dea-86387278ed4c None None] GET http://192.168.122.48/volume//
Sep 01 11:25:14 devstack devstack@c-api.service[86801]: DEBUG cinder.api.openstack.wsgi [None req-cf2d7dd8-86f5-4596-9dea-86387278ed4c None None] Empty body provided in request {{(pid=86801) get_body /opt/stack/cinder/cinder/api/openstack/wsgi.py:725}}
Sep 01 11:25:14 devstack devstack@c-api.service[86801]: DEBUG cinder.api.openstack.wsgi [None req-cf2d7dd8-86f5-4596-9dea-86387278ed4c None None] Calling method 'all' {{(pid=86801) _process_stack /opt/stack/cinder/cinder/api/openstack/wsgi.py:878}}
Sep 01 11:25:14 devstack devstack@c-api.service[86801]: INFO cinder.api.openstack.wsgi [None req-cf2d7dd8-86f5-4596-9dea-86387278ed4c None None] http://192.168.122.48/volume// returned with HTTP 300
Sep 01 11:25:14 devstack devstack@c-api.service[86801]: [pid: 86801|app: 0|req: 182/364] 192.168.122.48 () {58 vars in 1310 bytes} [Tue Sep 1 11:25:14 2026] GET /volume/ => generated 389 bytes in 3 msecs (HTTP/1.1 300) 7 headers in 299 bytes (1 switches on core 0)
Sep 01 11:25:14 devstack devstack@c-api.service[86800]: DEBUG cinder.api.middleware.request_id [req-850a6c24-2dde-4dbf-9c97-847a1bd35f96 req-eb389eeb-f6be-4b2c-bc50-71a1d238a73f None None] RequestId filter calling following filter/app {{(pid=86800) _context_setter /opt/stack/cinder/cinder/api/middleware/request_id.py:62}}
Sep 01 11:25:14 devstack devstack@c-api.service[86801]: DEBUG cinder.api.middleware.request_id [None req-869d1ace-b86f-49ef-b359-9b137a79945b None None] RequestId filter calling following filter/app {{(pid=86801) _context_setter /opt/stack/cinder/cinder/api/middleware/request_id.py:62}}
Sep 01 11:25:14 devstack devstack@c-api.service[86800]: INFO cinder.api.openstack.wsgi [req-850a6c24-2dde-4dbf-9c97-847a1bd35f96 req-eb389eeb-f6be-4b2c-bc50-71a1d238a73f tempest-ServerActionsTestOtherA-233561984 tempest-ServerActionsTestOtherA-233561984-project-member] GET http://192.168.122.48/volume/v3/volumes/b2f386ed-de92-4d46-bfd6-b28f3853a936
Sep 01 11:25:14 devstack devstack@c-api.service[86800]: DEBUG cinder.api.openstack.wsgi [req-850a6c24-2dde-4dbf-9c97-847a1bd35f96 req-eb389eeb-f6be-4b2c-bc50-71a1d238a73f tempest-ServerActionsTestOtherA-233561984 tempest-ServerActionsTestOtherA-233561984-project-member] Empty body provided in request {{(pid=86800) get_body /opt/stack/cinder/cinder/api/openstack/wsgi.py:725}}
Sep 01 11:25:14 devstack devstack@c-api.service[86801]: INFO cinder.api.openstack.wsgi [None req-869d1ace-b86f-49ef-b359-9b137a79945b tempest-GroupTypeSpecsTest-1414282801 tempest-GroupTypeSpecsTest-1414282801-project-admin] DELETE http://192.168.122.48/volume/v3/group_types/88a6fe3c-6d3b-4190-be39-b8d0251db7bf/group_specs/key3
Sep 01 11:25:14 devstack devstack@c-api.service[86801]: DEBUG cinder.api.openstack.wsgi [None req-869d1ace-b86f-49ef-b359-9b137a79945b tempest-GroupTypeSpecsTest-1414282801 tempest-GroupTypeSpecsTest-1414282801-project-admin] Empty body provided in request {{(pid=86801) get_body /opt/stack/cinder/cinder/api/openstack/wsgi.py:725}}
Sep 01 11:25:14 devstack devstack@c-api.service[86800]: DEBUG cinder.api.openstack.wsgi [req-850a6c24-2dde-4dbf-9c97-847a1bd35f96 req-eb389eeb-f6be-4b2c-bc50-71a1d238a73f tempest-ServerActionsTestOtherA-233561984 tempest-ServerActionsTestOtherA-233561984-project-member] Calling method 'show' {{(pid=86800) _process_stack /opt/stack/cinder/cinder/api/openstack/wsgi.py:878}}
Sep 01 11:25:14 devstack devstack@c-api.service[86801]: DEBUG cinder.api.openstack.wsgi [None req-869d1ace-b86f-49ef-b359-9b137a79945b tempest-GroupTypeSpecsTest-1414282801 tempest-GroupTypeSpecsTest-1414282801-project-admin] Calling method 'version_select' {{(pid=86801) _process_stack /opt/stack/cinder/cinder/api/openstack/wsgi.py:878}}
Sep 01 11:25:14 devstack devstack@c-api.service[86800]: /opt/stack/cinder/cinder/objects/volume.py:315: DeprecationWarning: Passing item_cls to obj_make_list() is deprecated. The item class is now derived from the list object's field definition.
Sep 01 11:25:14 devstack devstack@c-api.service[86800]: attachments = base.obj_make_list(
Sep 01 11:25:14 devstack devstack@c-api.service[86800]: /opt/stack/data/venv/lib/python3.12/site-packages/oslo_context/context.py:102: DeprecationWarning: Policy enforcement is depending on the value of is_admin. This key is deprecated. Please update your policy file to use the standard policy values.
Sep 01 11:25:14 devstack devstack@c-api.service[86800]: warnings.warn(
Sep 01 11:25:14 devstack devstack@c-api.service[86801]: INFO cinder.api.openstack.wsgi [None req-869d1ace-b86f-49ef-b359-9b137a79945b tempest-GroupTypeSpecsTest-1414282801 tempest-GroupTypeSpecsTest-1414282801-project-admin] http://192.168.122.48/volume/v3/group_types/88a6fe3c-6d3b-4190-be39-b8d0251db7bf/group_specs/key3 returned with HTTP 202
Sep 01 11:25:14 devstack devstack@c-api.service[86801]: [pid: 86801|app: 0|req: 183/365] 192.168.122.48 () {60 vars in 1334 bytes} [Tue Sep 1 11:25:14 2026] DELETE /volume/v3/group_types/88a6fe3c-6d3b-4190-be39-b8d0251db7bf/group_specs/key3 => generated 0 bytes in 41 msecs (HTTP/1.1 202) 6 headers in 234 bytes (1 switches on core 0)
Sep 01 11:25:14 devstack devstack@c-api.service[86800]: INFO cinder.volume.api [req-850a6c24-2dde-4dbf-9c97-847a1bd35f96 req-eb389eeb-f6be-4b2c-bc50-71a1d238a73f tempest-ServerActionsTestOtherA-233561984 tempest-ServerActionsTestOtherA-233561984-project-member] Volume info retrieved successfully.
Sep 01 11:25:14 devstack devstack@c-api.service[86801]: DEBUG cinder.api.middleware.request_id [None req-16f7b678-9199-4968-8f61-92eec2b6dd78 None None] RequestId filter calling following filter/app {{(pid=86801) _context_setter /opt/stack/cinder/cinder/api/middleware/request_id.py:62}}
Sep 01 11:25:14 devstack devstack@c-api.service[86801]: INFO cinder.api.openstack.wsgi [None req-16f7b678-9199-4968-8f61-92eec2b6dd78 tempest-GroupTypeSpecsTest-1414282801 tempest-GroupTypeSpecsTest-1414282801-project-admin] GET http://192.168.122.48/volume/v3/group_types/88a6fe3c-6d3b-4190-be39-b8d0251db7bf/group_specs/key3
Sep 01 11:25:14 devstack devstack@c-api.service[86801]: DEBUG cinder.api.openstack.wsgi [None req-16f7b678-9199-4968-8f61-92eec2b6dd78 tempest-GroupTypeSpecsTest-1414282801 tempest-GroupTypeSpecsTest-1414282801-project-admin] Empty body provided in request {{(pid=86801) get_body /opt/stack/cinder/cinder/api/openstack/wsgi.py:725}}
Sep 01 11:25:14 devstack devstack@c-api.service[86801]: DEBUG cinder.api.openstack.wsgi [None req-16f7b678-9199-4968-8f61-92eec2b6dd78 tempest-GroupTypeSpecsTest-1414282801 tempest-GroupTypeSpecsTest-1414282801-project-admin] Calling method 'version_select' {{(pid=86801) _process_stack /opt/stack/cinder/cinder/api/openstack/wsgi.py:878}}
Sep 01 11:25:14 devstack devstack@c-api.service[86800]: INFO cinder.api.openstack.wsgi [req-850a6c24-2dde-4dbf-9c97-847a1bd35f96 req-eb389eeb-f6be-4b2c-bc50-71a1d238a73f tempest-ServerActionsTestOtherA-233561984 tempest-ServerActionsTestOtherA-233561984-project-member] http://192.168.122.48/volume/v3/volumes/b2f386ed-de92-4d46-bfd6-b28f3853a936 returned with HTTP 200
Sep 01 11:25:14 devstack devstack@c-api.service[86800]: [pid: 86800|app: 0|req: 183/366] 192.168.122.48 () {62 vars in 1523 bytes} [Tue Sep 1 11:25:14 2026] GET /volume/v3/volumes/b2f386ed-de92-4d46-bfd6-b28f3853a936 => generated 1327 bytes in 65 msecs (HTTP/1.1 200) 7 headers in 287 bytes (1 switches on core 0)
Sep 01 11:25:14 devstack devstack@c-api.service[86801]: INFO cinder.api.openstack.wsgi [None req-16f7b678-9199-4968-8f61-92eec2b6dd78 tempest-GroupTypeSpecsTest-1414282801 tempest-GroupTypeSpecsTest-1414282801-project-admin] HTTP exception thrown: Group Type 88a6fe3c-6d3b-4190-be39-b8d0251db7bf has no extra spec with key key3.
Sep 01 11:25:14 devstack devstack@c-api.service[86801]: INFO cinder.api.openstack.wsgi [None req-16f7b678-9199-4968-8f61-92eec2b6dd78 tempest-GroupTypeSpecsTest-1414282801 tempest-GroupTypeSpecsTest-1414282801-project-admin] http://192.168.122.48/volume/v3/group_types/88a6fe3c-6d3b-4190-be39-b8d0251db7bf/group_specs/key3 returned with HTTP 404
Sep 01 11:25:14 devstack devstack@c-api.service[86801]: [pid: 86801|app: 0|req: 184/367] 192.168.122.48 () {60 vars in 1331 bytes} [Tue Sep 1 11:25:14 2026] GET /volume/v3/group_types/88a6fe3c-6d3b-4190-be39-b8d0251db7bf/group_specs/key3 => generated 126 bytes in 28 msecs (HTTP/1.1 404) 7 headers in 293 bytes (1 switches on core 0)
Sep 01 11:25:14 devstack devstack@c-api.service[86800]: DEBUG cinder.api.middleware.request_id [None req-e4db48ec-402e-40ef-bec2-f2b32235bba4 None None] RequestId filter calling following filter/app {{(pid=86800) _context_setter /opt/stack/cinder/cinder/api/middleware/request_id.py:62}}
Sep 01 11:25:14 devstack devstack@c-api.service[86800]: INFO cinder.api.openstack.wsgi [None req-e4db48ec-402e-40ef-bec2-f2b32235bba4 tempest-GroupTypeSpecsTest-1414282801 tempest-GroupTypeSpecsTest-1414282801-project-admin] DELETE http://192.168.122.48/volume/v3/group_types/88a6fe3c-6d3b-4190-be39-b8d0251db7bf
Sep 01 11:25:14 devstack devstack@c-api.service[86800]: DEBUG cinder.api.openstack.wsgi [None req-e4db48ec-402e-40ef-bec2-f2b32235bba4 tempest-GroupTypeSpecsTest-1414282801 tempest-GroupTypeSpecsTest-1414282801-project-admin] Empty body provided in request {{(pid=86800) get_body /opt/stack/cinder/cinder/api/openstack/wsgi.py:725}}
Sep 01 11:25:14 devstack devstack@c-api.service[86800]: DEBUG cinder.api.openstack.wsgi [None req-e4db48ec-402e-40ef-bec2-f2b32235bba4 tempest-GroupTypeSpecsTest-1414282801 tempest-GroupTypeSpecsTest-1414282801-project-admin] Calling method 'version_select' {{(pid=86800) _process_stack /opt/stack/cinder/cinder/api/openstack/wsgi.py:878}}
Sep 01 11:25:14 devstack devstack@c-api.service[86801]: DEBUG cinder.api.middleware.request_id [req-850a6c24-2dde-4dbf-9c97-847a1bd35f96 req-6db7f15f-5cab-4027-9a5a-f6a53017d816 None None] RequestId filter calling following filter/app {{(pid=86801) _context_setter /opt/stack/cinder/cinder/api/middleware/request_id.py:62}}
Sep 01 11:25:14 devstack devstack@c-api.service[86801]: INFO cinder.api.openstack.wsgi [req-850a6c24-2dde-4dbf-9c97-847a1bd35f96 req-6db7f15f-5cab-4027-9a5a-f6a53017d816 tempest-ServerActionsTestOtherA-233561984 tempest-ServerActionsTestOtherA-233561984-project-member] DELETE http://192.168.122.48/volume/v3/attachments/1868d94b-f9c8-47e9-93fb-5cd158f86574
Sep 01 11:25:14 devstack devstack@c-api.service[86801]: DEBUG cinder.api.openstack.wsgi [req-850a6c24-2dde-4dbf-9c97-847a1bd35f96 req-6db7f15f-5cab-4027-9a5a-f6a53017d816 tempest-ServerActionsTestOtherA-233561984 tempest-ServerActionsTestOtherA-233561984-project-member] Empty body provided in request {{(pid=86801) get_body /opt/stack/cinder/cinder/api/openstack/wsgi.py:725}}
Sep 01 11:25:14 devstack devstack@c-api.service[86800]: INFO cinder.api.openstack.wsgi [None req-e4db48ec-402e-40ef-bec2-f2b32235bba4 tempest-GroupTypeSpecsTest-1414282801 tempest-GroupTypeSpecsTest-1414282801-project-admin] http://192.168.122.48/volume/v3/group_types/88a6fe3c-6d3b-4190-be39-b8d0251db7bf returned with HTTP 202
Sep 01 11:25:14 devstack devstack@c-api.service[86801]: DEBUG cinder.api.openstack.wsgi [req-850a6c24-2dde-4dbf-9c97-847a1bd35f96 req-6db7f15f-5cab-4027-9a5a-f6a53017d816 tempest-ServerActionsTestOtherA-233561984 tempest-ServerActionsTestOtherA-233561984-project-member] Calling method 'version_select' {{(pid=86801) _process_stack /opt/stack/cinder/cinder/api/openstack/wsgi.py:878}}
Sep 01 11:25:14 devstack devstack@c-api.service[86800]: [pid: 86800|app: 0|req: 184/368] 192.168.122.48 () {60 vars in 1283 bytes} [Tue Sep 1 11:25:14 2026] DELETE /volume/v3/group_types/88a6fe3c-6d3b-4190-be39-b8d0251db7bf => generated 0 bytes in 78 msecs (HTTP/1.1 202) 6 headers in 234 bytes (1 switches on core 0)
Sep 01 11:25:15 devstack devstack@c-api.service[86801]: /opt/stack/data/venv/lib/python3.12/site-packages/oslo_context/context.py:102: DeprecationWarning: Policy enforcement is depending on the value of is_admin. This key is deprecated. Please update your policy file to use the standard policy values.
Sep 01 11:25:15 devstack devstack@c-api.service[86801]: warnings.warn(
Sep 01 11:25:15 devstack devstack@c-api.service[86801]: /opt/stack/cinder/cinder/objects/volume_attachment.py:211: DeprecationWarning: Passing item_cls to obj_make_list() is deprecated. The item class is now derived from the list object's field definition.
Sep 01 11:25:15 devstack devstack@c-api.service[86801]: return base.obj_make_list(context,
Sep 01 11:25:15 devstack devstack@c-api.service[86801]: INFO cinder.api.openstack.wsgi [req-850a6c24-2dde-4dbf-9c97-847a1bd35f96 req-6db7f15f-5cab-4027-9a5a-f6a53017d816 tempest-ServerActionsTestOtherA-233561984 tempest-ServerActionsTestOtherA-233561984-project-member] http://192.168.122.48/volume/v3/attachments/1868d94b-f9c8-47e9-93fb-5cd158f86574 returned with HTTP 200
Sep 01 11:25:15 devstack devstack@c-api.service[86801]: [pid: 86801|app: 0|req: 185/369] 192.168.122.48 () {64 vars in 1557 bytes} [Tue Sep 1 11:25:14 2026] DELETE /volume/v3/attachments/1868d94b-f9c8-47e9-93fb-5cd158f86574 => generated 192 bytes in 172 msecs (HTTP/1.1 200) 7 headers in 286 bytes (1 switches on core 0)
Sep 01 11:25:15 devstack devstack@c-api.service[86800]: DEBUG cinder.api.middleware.request_id [None req-0c0ce836-0a49-4bca-b3b5-e49aa62c64e2 None None] RequestId filter calling following filter/app {{(pid=86800) _context_setter /opt/stack/cinder/cinder/api/middleware/request_id.py:62}}
Sep 01 11:25:15 devstack devstack@c-api.service[86800]: INFO cinder.api.openstack.wsgi [None req-0c0ce836-0a49-4bca-b3b5-e49aa62c64e2 tempest-GroupSnapshotsTest-362684245 tempest-GroupSnapshotsTest-362684245-project-member] GET http://192.168.122.48/volume/v3/volumes/923ad605-46fc-4219-aa24-2f75ef814168
Sep 01 11:25:15 devstack devstack@c-api.service[86800]: DEBUG cinder.api.openstack.wsgi [None req-0c0ce836-0a49-4bca-b3b5-e49aa62c64e2 tempest-GroupSnapshotsTest-362684245 tempest-GroupSnapshotsTest-362684245-project-member] Empty body provided in request {{(pid=86800) get_body /opt/stack/cinder/cinder/api/openstack/wsgi.py:725}}
Sep 01 11:25:15 devstack devstack@c-api.service[86800]: DEBUG cinder.api.openstack.wsgi [None req-0c0ce836-0a49-4bca-b3b5-e49aa62c64e2 tempest-GroupSnapshotsTest-362684245 tempest-GroupSnapshotsTest-362684245-project-member] Calling method 'show' {{(pid=86800) _process_stack /opt/stack/cinder/cinder/api/openstack/wsgi.py:878}}
Sep 01 11:25:15 devstack devstack@c-api.service[86800]: /opt/stack/cinder/cinder/objects/volume.py:315: DeprecationWarning: Passing item_cls to obj_make_list() is deprecated. The item class is now derived from the list object's field definition.
Sep 01 11:25:15 devstack devstack@c-api.service[86800]: attachments = base.obj_make_list(
Sep 01 11:25:15 devstack devstack@c-api.service[86800]: /opt/stack/data/venv/lib/python3.12/site-packages/oslo_context/context.py:102: DeprecationWarning: Policy enforcement is depending on the value of is_admin. This key is deprecated. Please update your policy file to use the standard policy values.
Sep 01 11:25:15 devstack devstack@c-api.service[86800]: warnings.warn(
Sep 01 11:25:15 devstack devstack@c-api.service[86800]: INFO cinder.volume.api [None req-0c0ce836-0a49-4bca-b3b5-e49aa62c64e2 tempest-GroupSnapshotsTest-362684245 tempest-GroupSnapshotsTest-362684245-project-member] Volume info retrieved successfully.
Sep 01 11:25:15 devstack devstack@c-api.service[86800]: WARNING stevedore.named [None req-0c0ce836-0a49-4bca-b3b5-e49aa62c64e2 tempest-GroupSnapshotsTest-362684245 tempest-GroupSnapshotsTest-362684245-project-member] Could not load cinder.keymgr.conf_key_mgr.ConfKeyManager
Sep 01 11:25:15 devstack devstack@c-api.service[86800]: WARNING castellan.key_manager [None req-0c0ce836-0a49-4bca-b3b5-e49aa62c64e2 tempest-GroupSnapshotsTest-362684245 tempest-GroupSnapshotsTest-362684245-project-member] Deprecation Warning : cinder.keymgr.conf_key_mgr.ConfKeyManager is not a stevedore based driver, trying to load it as a class: stevedore.exception.NoMatches: No 'castellan.drivers' driver found, looking for 'cinder.keymgr.conf_key_mgr.ConfKeyManager'
Sep 01 11:25:15 devstack devstack@c-api.service[86801]: DEBUG cinder.api.middleware.request_id [None req-d25e7718-3d91-41b5-b989-93720a6a6a9b None None] RequestId filter calling following filter/app {{(pid=86801) _context_setter /opt/stack/cinder/cinder/api/middleware/request_id.py:62}}
Sep 01 11:25:15 devstack devstack@c-api.service[86801]: INFO cinder.api.openstack.wsgi [None req-d25e7718-3d91-41b5-b989-93720a6a6a9b None None] GET http://192.168.122.48/volume//
Sep 01 11:25:15 devstack devstack@c-api.service[86801]: DEBUG cinder.api.openstack.wsgi [None req-d25e7718-3d91-41b5-b989-93720a6a6a9b None None] Empty body provided in request {{(pid=86801) get_body /opt/stack/cinder/cinder/api/openstack/wsgi.py:725}}
Sep 01 11:25:15 devstack devstack@c-api.service[86801]: DEBUG cinder.api.openstack.wsgi [None req-d25e7718-3d91-41b5-b989-93720a6a6a9b None None] Calling method 'all' {{(pid=86801) _process_stack /opt/stack/cinder/cinder/api/openstack/wsgi.py:878}}
Sep 01 11:25:15 devstack devstack@c-api.service[86801]: INFO cinder.api.openstack.wsgi [None req-d25e7718-3d91-41b5-b989-93720a6a6a9b None None] http://192.168.122.48/volume// returned with HTTP 300
Sep 01 11:25:15 devstack devstack@c-api.service[86801]: [pid: 86801|app: 0|req: 186/370] 192.168.122.48 () {58 vars in 1310 bytes} [Tue Sep 1 11:25:15 2026] GET /volume/ => generated 389 bytes in 14 msecs (HTTP/1.1 300) 7 headers in 299 bytes (1 switches on core 0)
Sep 01 11:25:15 devstack devstack@c-api.service[86801]: DEBUG cinder.api.middleware.request_id [req-850a6c24-2dde-4dbf-9c97-847a1bd35f96 req-da51e880-d809-4993-b7cf-33635d3a9ae7 None None] RequestId filter calling following filter/app {{(pid=86801) _context_setter /opt/stack/cinder/cinder/api/middleware/request_id.py:62}}
Sep 01 11:25:15 devstack devstack@c-api.service[86801]: INFO cinder.api.openstack.wsgi [req-850a6c24-2dde-4dbf-9c97-847a1bd35f96 req-da51e880-d809-4993-b7cf-33635d3a9ae7 tempest-ServerActionsTestOtherA-233561984 tempest-ServerActionsTestOtherA-233561984-project-member] GET http://192.168.122.48/volume/v3/volumes/b2f386ed-de92-4d46-bfd6-b28f3853a936
Sep 01 11:25:15 devstack devstack@c-api.service[86801]: DEBUG cinder.api.openstack.wsgi [req-850a6c24-2dde-4dbf-9c97-847a1bd35f96 req-da51e880-d809-4993-b7cf-33635d3a9ae7 tempest-ServerActionsTestOtherA-233561984 tempest-ServerActionsTestOtherA-233561984-project-member] Empty body provided in request {{(pid=86801) get_body /opt/stack/cinder/cinder/api/openstack/wsgi.py:725}}
Sep 01 11:25:15 devstack devstack@c-api.service[86801]: DEBUG cinder.api.openstack.wsgi [req-850a6c24-2dde-4dbf-9c97-847a1bd35f96 req-da51e880-d809-4993-b7cf-33635d3a9ae7 tempest-ServerActionsTestOtherA-233561984 tempest-ServerActionsTestOtherA-233561984-project-member] Calling method 'show' {{(pid=86801) _process_stack /opt/stack/cinder/cinder/api/openstack/wsgi.py:878}}
Sep 01 11:25:15 devstack devstack@c-api.service[86800]: DEBUG oslo_db.sqlalchemy.engines [None req-0c0ce836-0a49-4bca-b3b5-e49aa62c64e2 tempest-GroupSnapshotsTest-362684245 tempest-GroupSnapshotsTest-362684245-project-member] MySQL server mode set to STRICT_TRANS_TABLES,STRICT_ALL_TABLES,NO_ZERO_IN_DATE,NO_ZERO_DATE,ERROR_FOR_DIVISION_BY_ZERO,TRADITIONAL,NO_ENGINE_SUBSTITUTION {{(pid=86800) _check_effective_sql_mode /opt/stack/data/venv/lib/python3.12/site-packages/oslo_db/sqlalchemy/engines.py:325}}
Sep 01 11:25:15 devstack devstack@c-api.service[86801]: /opt/stack/cinder/cinder/objects/volume.py:315: DeprecationWarning: Passing item_cls to obj_make_list() is deprecated. The item class is now derived from the list object's field definition.
Sep 01 11:25:15 devstack devstack@c-api.service[86801]: attachments = base.obj_make_list(
Sep 01 11:25:15 devstack devstack@c-api.service[86800]: /opt/stack/data/venv/lib/python3.12/site-packages/oslo_context/context.py:102: DeprecationWarning: Policy enforcement is depending on the value of is_admin. This key is deprecated. Please update your policy file to use the standard policy values.
Sep 01 11:25:15 devstack devstack@c-api.service[86800]: warnings.warn(
Sep 01 11:25:15 devstack devstack@c-api.service[86801]: /opt/stack/data/venv/lib/python3.12/site-packages/oslo_context/context.py:102: DeprecationWarning: Policy enforcement is depending on the value of is_admin. This key is deprecated. Please update your policy file to use the standard policy values.
Sep 01 11:25:15 devstack devstack@c-api.service[86801]: warnings.warn(
Sep 01 11:25:15 devstack devstack@c-api.service[86801]: INFO cinder.volume.api [req-850a6c24-2dde-4dbf-9c97-847a1bd35f96 req-da51e880-d809-4993-b7cf-33635d3a9ae7 tempest-ServerActionsTestOtherA-233561984 tempest-ServerActionsTestOtherA-233561984-project-member] Volume info retrieved successfully.
Sep 01 11:25:15 devstack devstack@c-api.service[86800]: INFO cinder.api.openstack.wsgi [None req-0c0ce836-0a49-4bca-b3b5-e49aa62c64e2 tempest-GroupSnapshotsTest-362684245 tempest-GroupSnapshotsTest-362684245-project-member] http://192.168.122.48/volume/v3/volumes/923ad605-46fc-4219-aa24-2f75ef814168 returned with HTTP 200
Sep 01 11:25:15 devstack devstack@c-api.service[86800]: [pid: 86800|app: 0|req: 185/371] 192.168.122.48 () {60 vars in 1268 bytes} [Tue Sep 1 11:25:15 2026] GET /volume/v3/volumes/923ad605-46fc-4219-aa24-2f75ef814168 => generated 919 bytes in 398 msecs (HTTP/1.1 200) 7 headers in 286 bytes (1 switches on core 0)
Sep 01 11:25:15 devstack devstack@c-api.service[86801]: INFO cinder.api.openstack.wsgi [req-850a6c24-2dde-4dbf-9c97-847a1bd35f96 req-da51e880-d809-4993-b7cf-33635d3a9ae7 tempest-ServerActionsTestOtherA-233561984 tempest-ServerActionsTestOtherA-233561984-project-member] http://192.168.122.48/volume/v3/volumes/b2f386ed-de92-4d46-bfd6-b28f3853a936 returned with HTTP 200
Sep 01 11:25:15 devstack devstack@c-api.service[86801]: [pid: 86801|app: 0|req: 187/372] 192.168.122.48 () {62 vars in 1523 bytes} [Tue Sep 1 11:25:15 2026] GET /volume/v3/volumes/b2f386ed-de92-4d46-bfd6-b28f3853a936 => generated 1034 bytes in 141 msecs (HTTP/1.1 200) 7 headers in 287 bytes (1 switches on core 0)
Sep 01 11:25:15 devstack devstack@c-api.service[86800]: DEBUG cinder.api.middleware.request_id [None req-43fa33f4-3c15-48c3-81d1-23bc74486c72 None None] RequestId filter calling following filter/app {{(pid=86800) _context_setter /opt/stack/cinder/cinder/api/middleware/request_id.py:62}}
Sep 01 11:25:15 devstack devstack@c-api.service[86800]: INFO cinder.api.openstack.wsgi [None req-43fa33f4-3c15-48c3-81d1-23bc74486c72 tempest-GroupSnapshotsTest-362684245 tempest-GroupSnapshotsTest-362684245-project-member] POST http://192.168.122.48/volume/v3/group_snapshots
Sep 01 11:25:15 devstack devstack@c-api.service[86800]: DEBUG cinder.api.openstack.wsgi [None req-43fa33f4-3c15-48c3-81d1-23bc74486c72 tempest-GroupSnapshotsTest-362684245 tempest-GroupSnapshotsTest-362684245-project-member] Action: 'create', calling method: version_select, body: {"group_snapshot": {"group_id": "889f2763-6f1e-4c7c-a870-dcc2623df06e", "name": "tempest-group_snapshot-5404728"}} {{(pid=86800) _process_stack /opt/stack/cinder/cinder/api/openstack/wsgi.py:876}}
Sep 01 11:25:15 devstack devstack@c-api.service[86800]: DEBUG cinder.api.v3.group_snapshots [None req-43fa33f4-3c15-48c3-81d1-23bc74486c72 tempest-GroupSnapshotsTest-362684245 tempest-GroupSnapshotsTest-362684245-project-member] Creating new group_snapshot {'group_snapshot': {'group_id': '889f2763-6f1e-4c7c-a870-dcc2623df06e', 'name': 'tempest-group_snapshot-5404728'}} {{(pid=86800) create /opt/stack/cinder/cinder/api/v3/group_snapshots.py:154}}
Sep 01 11:25:15 devstack devstack@c-api.service[86800]: /opt/stack/data/venv/lib/python3.12/site-packages/oslo_context/context.py:102: DeprecationWarning: Policy enforcement is depending on the value of is_admin. This key is deprecated. Please update your policy file to use the standard policy values.
Sep 01 11:25:15 devstack devstack@c-api.service[86800]: warnings.warn(
Sep 01 11:25:15 devstack devstack@c-api.service[86800]: INFO cinder.api.v3.group_snapshots [None req-43fa33f4-3c15-48c3-81d1-23bc74486c72 tempest-GroupSnapshotsTest-362684245 tempest-GroupSnapshotsTest-362684245-project-member] Creating group_snapshot tempest-group_snapshot-5404728.
Sep 01 11:25:15 devstack devstack@c-api.service[86800]: /opt/stack/cinder/cinder/objects/volume.py:696: DeprecationWarning: Passing item_cls to obj_make_list() is deprecated. The item class is now derived from the list object's field definition.
Sep 01 11:25:15 devstack devstack@c-api.service[86800]: return base.obj_make_list(context, cls(context), objects.Volume,
Sep 01 11:25:15 devstack devstack@c-api.service[86800]: /opt/stack/cinder/cinder/objects/volume.py:315: DeprecationWarning: Passing item_cls to obj_make_list() is deprecated. The item class is now derived from the list object's field definition.
Sep 01 11:25:15 devstack devstack@c-api.service[86800]: attachments = base.obj_make_list(
Sep 01 11:25:15 devstack devstack@c-api.service[86800]: /opt/stack/data/venv/lib/python3.12/site-packages/oslo_context/context.py:102: DeprecationWarning: Policy enforcement is depending on the value of is_admin. This key is deprecated. Please update your policy file to use the standard policy values.
Sep 01 11:25:15 devstack devstack@c-api.service[86800]: warnings.warn(
Sep 01 11:25:16 devstack devstack@c-api.service[86800]: WARNING cinder.quota [None req-43fa33f4-3c15-48c3-81d1-23bc74486c72 tempest-GroupSnapshotsTest-362684245 tempest-GroupSnapshotsTest-362684245-project-member] Deprecated: Default quota for resource: snapshots_tempest-GroupSnapshotsTest-volume-type-533349489 is set by the default quota flag: quota_snapshots_tempest-GroupSnapshotsTest-volume-type-533349489, it is now deprecated. Please use the default quota class for default quota.
Sep 01 11:25:16 devstack devstack@c-api.service[86801]: DEBUG cinder.api.middleware.request_id [req-850a6c24-2dde-4dbf-9c97-847a1bd35f96 req-87b342b5-1f6b-4e35-baec-67faab344152 None None] RequestId filter calling following filter/app {{(pid=86801) _context_setter /opt/stack/cinder/cinder/api/middleware/request_id.py:62}}
Sep 01 11:25:16 devstack devstack@c-api.service[86801]: INFO cinder.api.openstack.wsgi [req-850a6c24-2dde-4dbf-9c97-847a1bd35f96 req-87b342b5-1f6b-4e35-baec-67faab344152 tempest-ServerActionsTestOtherA-233561984 tempest-ServerActionsTestOtherA-233561984-project-member] PUT http://192.168.122.48/volume/v3/attachments/790bdac7-315c-4a94-b772-7d27cebe1d64
Sep 01 11:25:16 devstack devstack@c-api.service[86801]: DEBUG cinder.api.openstack.wsgi [req-850a6c24-2dde-4dbf-9c97-847a1bd35f96 req-87b342b5-1f6b-4e35-baec-67faab344152 tempest-ServerActionsTestOtherA-233561984 tempest-ServerActionsTestOtherA-233561984-project-member] Action: 'update', calling method: version_select, body: {"attachment": {"connector": {"platform": "x86_64", "os_type": "linux", "ip": "192.168.122.48", "host": "devstack", "multipath": false, "enforce_multipath": true, "initiator": "iqn.2016-04.com.open-iscsi:d0e77c5a76a2", "do_local_attach": false, "uuid": "d26e695a-c18f-459b-8eec-b70914f502f5", "system uuid": "3c4bcc6a-40de-47f3-8022-f2785d4a46a9", "nvme_native_multipath": false, "mountpoint": "/dev/vdb"}}} {{(pid=86801) _process_stack /opt/stack/cinder/cinder/api/openstack/wsgi.py:876}}
Sep 01 11:25:16 devstack devstack@c-api.service[86800]: DEBUG cinder.quota [None req-43fa33f4-3c15-48c3-81d1-23bc74486c72 tempest-GroupSnapshotsTest-362684245 tempest-GroupSnapshotsTest-362684245-project-member] Created reservations ['1f76a087-ac4b-4c5c-9bc2-61e9494ae913', 'a4768ec2-2990-47f4-90f2-04ac08c985a0', '687f3bc8-69b6-4094-be0c-d5e9a145c3ab', 'a6410adf-1070-4f71-9ce8-19c85476a409'] {{(pid=86800) reserve /opt/stack/cinder/cinder/quota.py:752}}
Sep 01 11:25:16 devstack devstack@c-api.service[86801]: DEBUG cinder.coordination [req-850a6c24-2dde-4dbf-9c97-847a1bd35f96 req-87b342b5-1f6b-4e35-baec-67faab344152 tempest-ServerActionsTestOtherA-233561984 tempest-ServerActionsTestOtherA-233561984-project-member] Acquiring lock "cinder-attachment_update-b2f386ed-de92-4d46-bfd6-b28f3853a936-devstack" by "attachment_update" {{(pid=86801) __acquire /opt/stack/cinder/cinder/coordination.py:138}}
Sep 01 11:25:16 devstack devstack@c-api.service[86801]: DEBUG cinder.coordination [req-850a6c24-2dde-4dbf-9c97-847a1bd35f96 req-87b342b5-1f6b-4e35-baec-67faab344152 tempest-ServerActionsTestOtherA-233561984 tempest-ServerActionsTestOtherA-233561984-project-member] Lock "cinder-attachment_update-b2f386ed-de92-4d46-bfd6-b28f3853a936-devstack" acquired by "attachment_update" :: waited 0.034s {{(pid=86801) __acquire /opt/stack/cinder/cinder/coordination.py:141}}
Sep 01 11:25:16 devstack devstack@c-api.service[86801]: /opt/stack/data/venv/lib/python3.12/site-packages/oslo_context/context.py:102: DeprecationWarning: Policy enforcement is depending on the value of is_admin. This key is deprecated. Please update your policy file to use the standard policy values.
Sep 01 11:25:16 devstack devstack@c-api.service[86801]: warnings.warn(
Sep 01 11:25:16 devstack devstack@c-api.service[86800]: INFO cinder.api.openstack.wsgi [None req-43fa33f4-3c15-48c3-81d1-23bc74486c72 tempest-GroupSnapshotsTest-362684245 tempest-GroupSnapshotsTest-362684245-project-member] http://192.168.122.48/volume/v3/group_snapshots returned with HTTP 202
Sep 01 11:25:16 devstack devstack@c-api.service[86800]: [pid: 86800|app: 0|req: 186/373] 192.168.122.48 () {62 vars in 1203 bytes} [Tue Sep 1 11:25:15 2026] POST /volume/v3/group_snapshots => generated 165 bytes in 332 msecs (HTTP/1.1 202) 7 headers in 292 bytes (1 switches on core 0)
Sep 01 11:25:16 devstack devstack@c-api.service[86800]: DEBUG cinder.api.middleware.request_id [None req-f8cca548-5b0c-4ca7-acc0-d89e663cb393 None None] RequestId filter calling following filter/app {{(pid=86800) _context_setter /opt/stack/cinder/cinder/api/middleware/request_id.py:62}}
Sep 01 11:25:16 devstack devstack@c-api.service[86800]: INFO cinder.api.openstack.wsgi [None req-f8cca548-5b0c-4ca7-acc0-d89e663cb393 tempest-GroupSnapshotsTest-362684245 tempest-GroupSnapshotsTest-362684245-project-member] GET http://192.168.122.48/volume/v3/group_snapshots/3eb9cb1a-2234-4366-a264-59c6703b6154
Sep 01 11:25:16 devstack devstack@c-api.service[86800]: DEBUG cinder.api.openstack.wsgi [None req-f8cca548-5b0c-4ca7-acc0-d89e663cb393 tempest-GroupSnapshotsTest-362684245 tempest-GroupSnapshotsTest-362684245-project-member] Empty body provided in request {{(pid=86800) get_body /opt/stack/cinder/cinder/api/openstack/wsgi.py:725}}
Sep 01 11:25:16 devstack devstack@c-api.service[86800]: DEBUG cinder.api.openstack.wsgi [None req-f8cca548-5b0c-4ca7-acc0-d89e663cb393 tempest-GroupSnapshotsTest-362684245 tempest-GroupSnapshotsTest-362684245-project-member] Calling method 'version_select' {{(pid=86800) _process_stack /opt/stack/cinder/cinder/api/openstack/wsgi.py:878}}
Sep 01 11:25:16 devstack devstack@c-api.service[86801]: /opt/stack/cinder/cinder/objects/volume.py:315: DeprecationWarning: Passing item_cls to obj_make_list() is deprecated. The item class is now derived from the list object's field definition.
Sep 01 11:25:16 devstack devstack@c-api.service[86801]: attachments = base.obj_make_list(
Sep 01 11:25:16 devstack devstack@c-api.service[86800]: DEBUG cinder.api.v3.group_snapshots [None req-f8cca548-5b0c-4ca7-acc0-d89e663cb393 tempest-GroupSnapshotsTest-362684245 tempest-GroupSnapshotsTest-362684245-project-member] show called for member 3eb9cb1a-2234-4366-a264-59c6703b6154 {{(pid=86800) show /opt/stack/cinder/cinder/api/v3/group_snapshots.py:58}}
Sep 01 11:25:16 devstack devstack@c-api.service[86800]: /opt/stack/data/venv/lib/python3.12/site-packages/oslo_context/context.py:102: DeprecationWarning: Policy enforcement is depending on the value of is_admin. This key is deprecated. Please update your policy file to use the standard policy values.
Sep 01 11:25:16 devstack devstack@c-api.service[86800]: warnings.warn(
Sep 01 11:25:16 devstack devstack@c-api.service[86800]: INFO cinder.api.openstack.wsgi [None req-f8cca548-5b0c-4ca7-acc0-d89e663cb393 tempest-GroupSnapshotsTest-362684245 tempest-GroupSnapshotsTest-362684245-project-member] http://192.168.122.48/volume/v3/group_snapshots/3eb9cb1a-2234-4366-a264-59c6703b6154 returned with HTTP 200
Sep 01 11:25:16 devstack devstack@c-api.service[86800]: [pid: 86800|app: 0|req: 187/374] 192.168.122.48 () {60 vars in 1292 bytes} [Tue Sep 1 11:25:16 2026] GET /volume/v3/group_snapshots/3eb9cb1a-2234-4366-a264-59c6703b6154 => generated 304 bytes in 55 msecs (HTTP/1.1 200) 7 headers in 286 bytes (1 switches on core 0)
Sep 01 11:25:17 devstack devstack@c-api.service[86800]: DEBUG cinder.api.middleware.request_id [None req-2351302b-3c95-4d23-9e22-b7dab68db03b None None] RequestId filter calling following filter/app {{(pid=86800) _context_setter /opt/stack/cinder/cinder/api/middleware/request_id.py:62}}
Sep 01 11:25:17 devstack devstack@c-api.service[86800]: INFO cinder.api.openstack.wsgi [None req-2351302b-3c95-4d23-9e22-b7dab68db03b tempest-GroupSnapshotsTest-362684245 tempest-GroupSnapshotsTest-362684245-project-member] GET http://192.168.122.48/volume/v3/group_snapshots/3eb9cb1a-2234-4366-a264-59c6703b6154
Sep 01 11:25:17 devstack devstack@c-api.service[86800]: DEBUG cinder.api.openstack.wsgi [None req-2351302b-3c95-4d23-9e22-b7dab68db03b tempest-GroupSnapshotsTest-362684245 tempest-GroupSnapshotsTest-362684245-project-member] Empty body provided in request {{(pid=86800) get_body /opt/stack/cinder/cinder/api/openstack/wsgi.py:725}}
Sep 01 11:25:17 devstack devstack@c-api.service[86800]: DEBUG cinder.api.openstack.wsgi [None req-2351302b-3c95-4d23-9e22-b7dab68db03b tempest-GroupSnapshotsTest-362684245 tempest-GroupSnapshotsTest-362684245-project-member] Calling method 'version_select' {{(pid=86800) _process_stack /opt/stack/cinder/cinder/api/openstack/wsgi.py:878}}
Sep 01 11:25:17 devstack devstack@c-api.service[86800]: DEBUG cinder.api.v3.group_snapshots [None req-2351302b-3c95-4d23-9e22-b7dab68db03b tempest-GroupSnapshotsTest-362684245 tempest-GroupSnapshotsTest-362684245-project-member] show called for member 3eb9cb1a-2234-4366-a264-59c6703b6154 {{(pid=86800) show /opt/stack/cinder/cinder/api/v3/group_snapshots.py:58}}
Sep 01 11:25:17 devstack devstack@c-api.service[86800]: /opt/stack/data/venv/lib/python3.12/site-packages/oslo_context/context.py:102: DeprecationWarning: Policy enforcement is depending on the value of is_admin. This key is deprecated. Please update your policy file to use the standard policy values.
Sep 01 11:25:17 devstack devstack@c-api.service[86800]: warnings.warn(
Sep 01 11:25:17 devstack devstack@c-api.service[86800]: INFO cinder.api.openstack.wsgi [None req-2351302b-3c95-4d23-9e22-b7dab68db03b tempest-GroupSnapshotsTest-362684245 tempest-GroupSnapshotsTest-362684245-project-member] http://192.168.122.48/volume/v3/group_snapshots/3eb9cb1a-2234-4366-a264-59c6703b6154 returned with HTTP 200
Sep 01 11:25:17 devstack devstack@c-api.service[86800]: [pid: 86800|app: 0|req: 188/375] 192.168.122.48 () {60 vars in 1292 bytes} [Tue Sep 1 11:25:17 2026] GET /volume/v3/group_snapshots/3eb9cb1a-2234-4366-a264-59c6703b6154 => generated 304 bytes in 28 msecs (HTTP/1.1 200) 7 headers in 286 bytes (1 switches on core 0)
Sep 01 11:25:18 devstack devstack@c-api.service[86800]: DEBUG cinder.api.middleware.request_id [None req-d57d0a7e-59a3-4e63-a2bf-2c787f62cffa None None] RequestId filter calling following filter/app {{(pid=86800) _context_setter /opt/stack/cinder/cinder/api/middleware/request_id.py:62}}
Sep 01 11:25:18 devstack devstack@c-api.service[86800]: INFO cinder.api.openstack.wsgi [None req-d57d0a7e-59a3-4e63-a2bf-2c787f62cffa tempest-GroupSnapshotsTest-362684245 tempest-GroupSnapshotsTest-362684245-project-member] GET http://192.168.122.48/volume/v3/group_snapshots/3eb9cb1a-2234-4366-a264-59c6703b6154
Sep 01 11:25:18 devstack devstack@c-api.service[86800]: DEBUG cinder.api.openstack.wsgi [None req-d57d0a7e-59a3-4e63-a2bf-2c787f62cffa tempest-GroupSnapshotsTest-362684245 tempest-GroupSnapshotsTest-362684245-project-member] Empty body provided in request {{(pid=86800) get_body /opt/stack/cinder/cinder/api/openstack/wsgi.py:725}}
Sep 01 11:25:18 devstack devstack@c-api.service[86800]: DEBUG cinder.api.openstack.wsgi [None req-d57d0a7e-59a3-4e63-a2bf-2c787f62cffa tempest-GroupSnapshotsTest-362684245 tempest-GroupSnapshotsTest-362684245-project-member] Calling method 'version_select' {{(pid=86800) _process_stack /opt/stack/cinder/cinder/api/openstack/wsgi.py:878}}
Sep 01 11:25:18 devstack devstack@c-api.service[86800]: DEBUG cinder.api.v3.group_snapshots [None req-d57d0a7e-59a3-4e63-a2bf-2c787f62cffa tempest-GroupSnapshotsTest-362684245 tempest-GroupSnapshotsTest-362684245-project-member] show called for member 3eb9cb1a-2234-4366-a264-59c6703b6154 {{(pid=86800) show /opt/stack/cinder/cinder/api/v3/group_snapshots.py:58}}
Sep 01 11:25:18 devstack devstack@c-api.service[86800]: /opt/stack/data/venv/lib/python3.12/site-packages/oslo_context/context.py:102: DeprecationWarning: Policy enforcement is depending on the value of is_admin. This key is deprecated. Please update your policy file to use the standard policy values.
Sep 01 11:25:18 devstack devstack@c-api.service[86800]: warnings.warn(
Sep 01 11:25:18 devstack devstack@c-api.service[86800]: INFO cinder.api.openstack.wsgi [None req-d57d0a7e-59a3-4e63-a2bf-2c787f62cffa tempest-GroupSnapshotsTest-362684245 tempest-GroupSnapshotsTest-362684245-project-member] http://192.168.122.48/volume/v3/group_snapshots/3eb9cb1a-2234-4366-a264-59c6703b6154 returned with HTTP 200
Sep 01 11:25:18 devstack devstack@c-api.service[86800]: [pid: 86800|app: 0|req: 189/376] 192.168.122.48 () {60 vars in 1292 bytes} [Tue Sep 1 11:25:18 2026] GET /volume/v3/group_snapshots/3eb9cb1a-2234-4366-a264-59c6703b6154 => generated 304 bytes in 34 msecs (HTTP/1.1 200) 7 headers in 286 bytes (1 switches on core 0)
Sep 01 11:25:19 devstack devstack@c-api.service[86800]: DEBUG cinder.api.middleware.request_id [None req-275dd8d5-820c-4c1a-97aa-eceb9bdf825c None None] RequestId filter calling following filter/app {{(pid=86800) _context_setter /opt/stack/cinder/cinder/api/middleware/request_id.py:62}}
Sep 01 11:25:19 devstack devstack@c-api.service[86800]: INFO cinder.api.openstack.wsgi [None req-275dd8d5-820c-4c1a-97aa-eceb9bdf825c tempest-GroupSnapshotsTest-362684245 tempest-GroupSnapshotsTest-362684245-project-member] GET http://192.168.122.48/volume/v3/group_snapshots/3eb9cb1a-2234-4366-a264-59c6703b6154
Sep 01 11:25:19 devstack devstack@c-api.service[86800]: DEBUG cinder.api.openstack.wsgi [None req-275dd8d5-820c-4c1a-97aa-eceb9bdf825c tempest-GroupSnapshotsTest-362684245 tempest-GroupSnapshotsTest-362684245-project-member] Empty body provided in request {{(pid=86800) get_body /opt/stack/cinder/cinder/api/openstack/wsgi.py:725}}
Sep 01 11:25:19 devstack devstack@c-api.service[86800]: DEBUG cinder.api.openstack.wsgi [None req-275dd8d5-820c-4c1a-97aa-eceb9bdf825c tempest-GroupSnapshotsTest-362684245 tempest-GroupSnapshotsTest-362684245-project-member] Calling method 'version_select' {{(pid=86800) _process_stack /opt/stack/cinder/cinder/api/openstack/wsgi.py:878}}
