Sep 01 11:25:10 devstack devstack@c-api.service[86801]: DEBUG cinder.api.openstack.wsgi [None req-556194f3-9c2b-4385-b84e-dec36b46b4f9 tempest-GroupSnapshotsTest-336488728 tempest-GroupSnapshotsTest-336488728-project-admin] Calling method 'show' {{(pid=86801) _process_stack /opt/stack/cinder/cinder/api/openstack/wsgi.py:878}}
Sep 01 11:25:10 devstack devstack@c-api.service[86800]: DEBUG cinder.api.middleware.request_id [req-2899bf2c-4cb7-4b07-b522-74b1ab5fc192 req-fd699ba2-8f7b-4ba1-8a94-f52e9acf5a5f None None] RequestId filter calling following filter/app {{(pid=86800) _context_setter /opt/stack/cinder/cinder/api/middleware/request_id.py:62}}
Sep 01 11:25:10 devstack devstack@c-api.service[86801]: INFO cinder.api.openstack.wsgi [None req-556194f3-9c2b-4385-b84e-dec36b46b4f9 tempest-GroupSnapshotsTest-336488728 tempest-GroupSnapshotsTest-336488728-project-admin] http://192.168.122.48/volume/v3/types/a058e436-116b-4f4d-882f-c0407d2d7fd0 returned with HTTP 404
Sep 01 11:25:10 devstack devstack@c-api.service[86801]: [pid: 86801|app: 0|req: 159/327] 192.168.122.48 () {58 vars in 1221 bytes} [Tue Sep 1 11:25:10 2026] GET /volume/v3/types/a058e436-116b-4f4d-882f-c0407d2d7fd0 => generated 114 bytes in 28 msecs (HTTP/1.1 404) 7 headers in 292 bytes (1 switches on core 0)
Sep 01 11:25:10 devstack devstack@c-api.service[86800]: INFO cinder.api.openstack.wsgi [req-2899bf2c-4cb7-4b07-b522-74b1ab5fc192 req-fd699ba2-8f7b-4ba1-8a94-f52e9acf5a5f tempest-ServerActionsTestOtherA-233561984 tempest-ServerActionsTestOtherA-233561984-project-member] PUT http://192.168.122.48/volume/v3/attachments/1868d94b-f9c8-47e9-93fb-5cd158f86574
Sep 01 11:25:10 devstack devstack@c-api.service[86800]: DEBUG cinder.api.openstack.wsgi [req-2899bf2c-4cb7-4b07-b522-74b1ab5fc192 req-fd699ba2-8f7b-4ba1-8a94-f52e9acf5a5f tempest-ServerActionsTestOtherA-233561984 tempest-ServerActionsTestOtherA-233561984-project-member] Action: 'update', calling method: version_select, body: {"attachment": {"connector": {"platform": "x86_64", "os_type": "linux", "ip": "192.168.122.48", "host": "devstack", "multipath": false, "enforce_multipath": true, "initiator": "iqn.2016-04.com.open-iscsi:d0e77c5a76a2", "do_local_attach": false, "uuid": "d26e695a-c18f-459b-8eec-b70914f502f5", "system uuid": "3c4bcc6a-40de-47f3-8022-f2785d4a46a9", "nvme_native_multipath": false, "mountpoint": "/dev/vdb"}}} {{(pid=86800) _process_stack /opt/stack/cinder/cinder/api/openstack/wsgi.py:876}}
Sep 01 11:25:10 devstack devstack@c-api.service[86800]: DEBUG cinder.coordination [req-2899bf2c-4cb7-4b07-b522-74b1ab5fc192 req-fd699ba2-8f7b-4ba1-8a94-f52e9acf5a5f tempest-ServerActionsTestOtherA-233561984 tempest-ServerActionsTestOtherA-233561984-project-member] Acquiring lock "cinder-attachment_update-b2f386ed-de92-4d46-bfd6-b28f3853a936-devstack" by "attachment_update" {{(pid=86800) __acquire /opt/stack/cinder/cinder/coordination.py:138}}
Sep 01 11:25:10 devstack devstack@c-api.service[86801]: DEBUG cinder.api.middleware.request_id [None req-f930a105-9ba9-4205-a41b-77a8b8d1f2e9 None None] RequestId filter calling following filter/app {{(pid=86801) _context_setter /opt/stack/cinder/cinder/api/middleware/request_id.py:62}}
Sep 01 11:25:10 devstack devstack@c-api.service[86801]: INFO cinder.api.openstack.wsgi [None req-f930a105-9ba9-4205-a41b-77a8b8d1f2e9 tempest-GroupSnapshotsTest-336488728 tempest-GroupSnapshotsTest-336488728-project-admin] POST http://192.168.122.48/volume/v3/types
Sep 01 11:25:10 devstack devstack@c-api.service[86801]: DEBUG cinder.api.openstack.wsgi [None req-f930a105-9ba9-4205-a41b-77a8b8d1f2e9 tempest-GroupSnapshotsTest-336488728 tempest-GroupSnapshotsTest-336488728-project-admin] Action: 'create', calling method: _create, body: {"volume_type": {"name": "tempest-GroupSnapshotsTest-volume-type-533349489"}} {{(pid=86801) _process_stack /opt/stack/cinder/cinder/api/openstack/wsgi.py:876}}
Sep 01 11:25:10 devstack devstack@c-api.service[86800]: DEBUG cinder.coordination [req-2899bf2c-4cb7-4b07-b522-74b1ab5fc192 req-fd699ba2-8f7b-4ba1-8a94-f52e9acf5a5f tempest-ServerActionsTestOtherA-233561984 tempest-ServerActionsTestOtherA-233561984-project-member] Lock "cinder-attachment_update-b2f386ed-de92-4d46-bfd6-b28f3853a936-devstack" acquired by "attachment_update" :: waited 0.019s {{(pid=86800) __acquire /opt/stack/cinder/cinder/coordination.py:141}}
Sep 01 11:25:10 devstack devstack@c-api.service[86800]: /opt/stack/data/venv/lib/python3.12/site-packages/oslo_context/context.py:102: DeprecationWarning: Policy enforcement is depending on the value of is_admin. This key is deprecated. Please update your policy file to use the standard policy values.
Sep 01 11:25:10 devstack devstack@c-api.service[86800]: warnings.warn(
Sep 01 11:25:10 devstack devstack@c-api.service[86800]: /opt/stack/cinder/cinder/objects/volume.py:315: DeprecationWarning: Passing item_cls to obj_make_list() is deprecated. The item class is now derived from the list object's field definition.
Sep 01 11:25:10 devstack devstack@c-api.service[86800]: attachments = base.obj_make_list(
Sep 01 11:25:10 devstack devstack@c-api.service[86801]: INFO cinder.api.openstack.wsgi [None req-f930a105-9ba9-4205-a41b-77a8b8d1f2e9 tempest-GroupSnapshotsTest-336488728 tempest-GroupSnapshotsTest-336488728-project-admin] http://192.168.122.48/volume/v3/types returned with HTTP 200
Sep 01 11:25:10 devstack devstack@c-api.service[86801]: [pid: 86801|app: 0|req: 160/328] 192.168.122.48 () {60 vars in 1131 bytes} [Tue Sep 1 11:25:10 2026] POST /volume/v3/types => generated 223 bytes in 61 msecs (HTTP/1.1 200) 7 headers in 285 bytes (1 switches on core 0)
Sep 01 11:25:10 devstack devstack@c-api.service[86801]: DEBUG cinder.api.middleware.request_id [None req-11344ef3-e869-47a0-bbbd-3a47a6f9cb2b None None] RequestId filter calling following filter/app {{(pid=86801) _context_setter /opt/stack/cinder/cinder/api/middleware/request_id.py:62}}
Sep 01 11:25:10 devstack devstack@c-api.service[86801]: INFO cinder.api.openstack.wsgi [None req-11344ef3-e869-47a0-bbbd-3a47a6f9cb2b tempest-GroupSnapshotsTest-336488728 tempest-GroupSnapshotsTest-336488728-project-admin] POST http://192.168.122.48/volume/v3/group_types
Sep 01 11:25:10 devstack devstack@c-api.service[86801]: DEBUG cinder.api.openstack.wsgi [None req-11344ef3-e869-47a0-bbbd-3a47a6f9cb2b tempest-GroupSnapshotsTest-336488728 tempest-GroupSnapshotsTest-336488728-project-admin] Action: 'create', calling method: version_select, body: {"group_type": {"name": "tempest-GroupSnapshotsTest-group-type-1544233834"}} {{(pid=86801) _process_stack /opt/stack/cinder/cinder/api/openstack/wsgi.py:876}}
Sep 01 11:25:10 devstack devstack@c-api.service[86801]: INFO cinder.api.openstack.wsgi [None req-11344ef3-e869-47a0-bbbd-3a47a6f9cb2b tempest-GroupSnapshotsTest-336488728 tempest-GroupSnapshotsTest-336488728-project-admin] http://192.168.122.48/volume/v3/group_types returned with HTTP 202
Sep 01 11:25:10 devstack devstack@c-api.service[86801]: [pid: 86801|app: 0|req: 161/329] 192.168.122.48 () {62 vars in 1190 bytes} [Tue Sep 1 11:25:10 2026] POST /volume/v3/group_types => generated 181 bytes in 52 msecs (HTTP/1.1 202) 7 headers in 292 bytes (1 switches on core 0)
Sep 01 11:25:10 devstack devstack@c-api.service[86801]: DEBUG cinder.api.middleware.request_id [None req-86c65aed-97ed-4481-89ee-471771b9fcaf None None] RequestId filter calling following filter/app {{(pid=86801) _context_setter /opt/stack/cinder/cinder/api/middleware/request_id.py:62}}
Sep 01 11:25:10 devstack devstack@c-api.service[86801]: INFO cinder.api.openstack.wsgi [None req-86c65aed-97ed-4481-89ee-471771b9fcaf tempest-GroupSnapshotsTest-362684245 tempest-GroupSnapshotsTest-362684245-project-member] POST http://192.168.122.48/volume/v3/groups
Sep 01 11:25:10 devstack devstack@c-api.service[86801]: DEBUG cinder.api.openstack.wsgi [None req-86c65aed-97ed-4481-89ee-471771b9fcaf tempest-GroupSnapshotsTest-362684245 tempest-GroupSnapshotsTest-362684245-project-member] Action: 'create', calling method: version_select, body: {"group": {"group_type": "8f30bd55-0770-44f4-8387-98bc3e8e599d", "volume_types": ["2e9c7710-fea9-4f3f-9262-7a7654f4c0da"], "name": "tempest-GroupSnapshotsTest-Group-423571334"}} {{(pid=86801) _process_stack /opt/stack/cinder/cinder/api/openstack/wsgi.py:876}}
Sep 01 11:25:10 devstack devstack@c-api.service[86801]: DEBUG cinder.api.v3.groups [None req-86c65aed-97ed-4481-89ee-471771b9fcaf tempest-GroupSnapshotsTest-362684245 tempest-GroupSnapshotsTest-362684245-project-member] Creating new group {'group': {'group_type': '8f30bd55-0770-44f4-8387-98bc3e8e599d', 'volume_types': ['2e9c7710-fea9-4f3f-9262-7a7654f4c0da'], 'name': 'tempest-GroupSnapshotsTest-Group-423571334'}} {{(pid=86801) create /opt/stack/cinder/cinder/api/v3/groups.py:190}}
Sep 01 11:25:10 devstack devstack@c-api.service[86801]: INFO cinder.api.v3.groups [None req-86c65aed-97ed-4481-89ee-471771b9fcaf tempest-GroupSnapshotsTest-362684245 tempest-GroupSnapshotsTest-362684245-project-member] Creating group tempest-GroupSnapshotsTest-Group-423571334.
Sep 01 11:25:10 devstack devstack@c-api.service[86801]: INFO cinder.volume.api [None req-86c65aed-97ed-4481-89ee-471771b9fcaf tempest-GroupSnapshotsTest-362684245 tempest-GroupSnapshotsTest-362684245-project-member] Availability Zones retrieved successfully.
Sep 01 11:25:10 devstack devstack@c-api.service[86801]: DEBUG cinder.quota [None req-86c65aed-97ed-4481-89ee-471771b9fcaf tempest-GroupSnapshotsTest-362684245 tempest-GroupSnapshotsTest-362684245-project-member] Created reservations ['f03fea6f-562c-4d78-9585-9da60a39a150'] {{(pid=86801) reserve /opt/stack/cinder/cinder/quota.py:752}}
Sep 01 11:25:10 devstack devstack@c-api.service[86801]: INFO cinder.api.openstack.wsgi [None req-86c65aed-97ed-4481-89ee-471771b9fcaf tempest-GroupSnapshotsTest-362684245 tempest-GroupSnapshotsTest-362684245-project-member] http://192.168.122.48/volume/v3/groups returned with HTTP 202
Sep 01 11:25:10 devstack devstack@c-api.service[86801]: [pid: 86801|app: 0|req: 162/330] 192.168.122.48 () {62 vars in 1176 bytes} [Tue Sep 1 11:25:10 2026] POST /volume/v3/groups => generated 111 bytes in 185 msecs (HTTP/1.1 202) 7 headers in 292 bytes (2 switches on core 0)
Sep 01 11:25:10 devstack devstack@c-api.service[86801]: DEBUG cinder.api.middleware.request_id [None req-3ed6d0e1-232e-4f36-856d-c3e082d6bac5 None None] RequestId filter calling following filter/app {{(pid=86801) _context_setter /opt/stack/cinder/cinder/api/middleware/request_id.py:62}}
Sep 01 11:25:10 devstack devstack@c-api.service[86801]: INFO cinder.api.openstack.wsgi [None req-3ed6d0e1-232e-4f36-856d-c3e082d6bac5 tempest-GroupSnapshotsTest-362684245 tempest-GroupSnapshotsTest-362684245-project-member] GET http://192.168.122.48/volume/v3/groups/889f2763-6f1e-4c7c-a870-dcc2623df06e
Sep 01 11:25:10 devstack devstack@c-api.service[86801]: DEBUG cinder.api.openstack.wsgi [None req-3ed6d0e1-232e-4f36-856d-c3e082d6bac5 tempest-GroupSnapshotsTest-362684245 tempest-GroupSnapshotsTest-362684245-project-member] Empty body provided in request {{(pid=86801) get_body /opt/stack/cinder/cinder/api/openstack/wsgi.py:725}}
Sep 01 11:25:10 devstack devstack@c-api.service[86801]: DEBUG cinder.api.openstack.wsgi [None req-3ed6d0e1-232e-4f36-856d-c3e082d6bac5 tempest-GroupSnapshotsTest-362684245 tempest-GroupSnapshotsTest-362684245-project-member] Calling method 'version_select' {{(pid=86801) _process_stack /opt/stack/cinder/cinder/api/openstack/wsgi.py:878}}
Sep 01 11:25:10 devstack devstack@c-api.service[86801]: DEBUG cinder.api.v3.groups [None req-3ed6d0e1-232e-4f36-856d-c3e082d6bac5 tempest-GroupSnapshotsTest-362684245 tempest-GroupSnapshotsTest-362684245-project-member] show called for member 889f2763-6f1e-4c7c-a870-dcc2623df06e {{(pid=86801) show /opt/stack/cinder/cinder/api/v3/groups.py:58}}
Sep 01 11:25:10 devstack devstack@c-api.service[86801]: /opt/stack/data/venv/lib/python3.12/site-packages/oslo_context/context.py:102: DeprecationWarning: Policy enforcement is depending on the value of is_admin. This key is deprecated. Please update your policy file to use the standard policy values.
Sep 01 11:25:10 devstack devstack@c-api.service[86801]: warnings.warn(
Sep 01 11:25:10 devstack devstack@c-api.service[86801]: /opt/stack/cinder/cinder/objects/volume_type.py:195: DeprecationWarning: Passing item_cls to obj_make_list() is deprecated. The item class is now derived from the list object's field definition.
Sep 01 11:25:10 devstack devstack@c-api.service[86801]: return base.obj_make_list(context, cls(context),
Sep 01 11:25:10 devstack devstack@c-api.service[86801]: INFO cinder.api.openstack.wsgi [None req-3ed6d0e1-232e-4f36-856d-c3e082d6bac5 tempest-GroupSnapshotsTest-362684245 tempest-GroupSnapshotsTest-362684245-project-member] http://192.168.122.48/volume/v3/groups/889f2763-6f1e-4c7c-a870-dcc2623df06e returned with HTTP 200
Sep 01 11:25:10 devstack devstack@c-api.service[86801]: [pid: 86801|app: 0|req: 163/331] 192.168.122.48 () {60 vars in 1265 bytes} [Tue Sep 1 11:25:10 2026] GET /volume/v3/groups/889f2763-6f1e-4c7c-a870-dcc2623df06e => generated 391 bytes in 52 msecs (HTTP/1.1 200) 7 headers in 286 bytes (1 switches on core 0)
Sep 01 11:25:11 devstack devstack@c-api.service[86801]: DEBUG cinder.api.middleware.request_id [None req-db93a2a8-23a7-4b61-8489-66bc6161caa2 None None] RequestId filter calling following filter/app {{(pid=86801) _context_setter /opt/stack/cinder/cinder/api/middleware/request_id.py:62}}
Sep 01 11:25:11 devstack devstack@c-api.service[86801]: INFO cinder.api.openstack.wsgi [None req-db93a2a8-23a7-4b61-8489-66bc6161caa2 tempest-ServerActionsTestOtherA-233561984 tempest-ServerActionsTestOtherA-233561984-project-member] GET http://192.168.122.48/volume/v3/volumes/b2f386ed-de92-4d46-bfd6-b28f3853a936
Sep 01 11:25:11 devstack devstack@c-api.service[86801]: DEBUG cinder.api.openstack.wsgi [None req-db93a2a8-23a7-4b61-8489-66bc6161caa2 tempest-ServerActionsTestOtherA-233561984 tempest-ServerActionsTestOtherA-233561984-project-member] Empty body provided in request {{(pid=86801) get_body /opt/stack/cinder/cinder/api/openstack/wsgi.py:725}}
Sep 01 11:25:11 devstack devstack@c-api.service[86801]: DEBUG cinder.api.openstack.wsgi [None req-db93a2a8-23a7-4b61-8489-66bc6161caa2 tempest-ServerActionsTestOtherA-233561984 tempest-ServerActionsTestOtherA-233561984-project-member] Calling method 'show' {{(pid=86801) _process_stack /opt/stack/cinder/cinder/api/openstack/wsgi.py:878}}
Sep 01 11:25:11 devstack devstack@c-api.service[86801]: /opt/stack/cinder/cinder/objects/volume.py:315: DeprecationWarning: Passing item_cls to obj_make_list() is deprecated. The item class is now derived from the list object's field definition.
Sep 01 11:25:11 devstack devstack@c-api.service[86801]: attachments = base.obj_make_list(
Sep 01 11:25:11 devstack devstack@c-api.service[86801]: /opt/stack/data/venv/lib/python3.12/site-packages/oslo_context/context.py:102: DeprecationWarning: Policy enforcement is depending on the value of is_admin. This key is deprecated. Please update your policy file to use the standard policy values.
Sep 01 11:25:11 devstack devstack@c-api.service[86801]: warnings.warn(
Sep 01 11:25:11 devstack devstack@c-api.service[86801]: INFO cinder.volume.api [None req-db93a2a8-23a7-4b61-8489-66bc6161caa2 tempest-ServerActionsTestOtherA-233561984 tempest-ServerActionsTestOtherA-233561984-project-member] Volume info retrieved successfully.
Sep 01 11:25:11 devstack devstack@c-api.service[86801]: INFO cinder.api.openstack.wsgi [None req-db93a2a8-23a7-4b61-8489-66bc6161caa2 tempest-ServerActionsTestOtherA-233561984 tempest-ServerActionsTestOtherA-233561984-project-member] http://192.168.122.48/volume/v3/volumes/b2f386ed-de92-4d46-bfd6-b28f3853a936 returned with HTTP 200
Sep 01 11:25:11 devstack devstack@c-api.service[86801]: [pid: 86801|app: 0|req: 164/332] 192.168.122.48 () {58 vars in 1227 bytes} [Tue Sep 1 11:25:11 2026] GET /volume/v3/volumes/b2f386ed-de92-4d46-bfd6-b28f3853a936 => generated 853 bytes in 59 msecs (HTTP/1.1 200) 7 headers in 285 bytes (1 switches on core 0)
Sep 01 11:25:11 devstack devstack@c-api.service[86800]: DEBUG cinder.coordination [req-2899bf2c-4cb7-4b07-b522-74b1ab5fc192 req-fd699ba2-8f7b-4ba1-8a94-f52e9acf5a5f tempest-ServerActionsTestOtherA-233561984 tempest-ServerActionsTestOtherA-233561984-project-member] Lock "cinder-attachment_update-b2f386ed-de92-4d46-bfd6-b28f3853a936-devstack" released by "attachment_update" :: held 0.803s {{(pid=86800) __release /opt/stack/cinder/cinder/coordination.py:152}}
Sep 01 11:25:11 devstack devstack@c-api.service[86800]: INFO cinder.api.openstack.wsgi [req-2899bf2c-4cb7-4b07-b522-74b1ab5fc192 req-fd699ba2-8f7b-4ba1-8a94-f52e9acf5a5f tempest-ServerActionsTestOtherA-233561984 tempest-ServerActionsTestOtherA-233561984-project-member] http://192.168.122.48/volume/v3/attachments/1868d94b-f9c8-47e9-93fb-5cd158f86574 returned with HTTP 200
Sep 01 11:25:11 devstack devstack@c-api.service[86800]: [pid: 86800|app: 0|req: 169/333] 192.168.122.48 () {66 vars in 1588 bytes} [Tue Sep 1 11:25:10 2026] PUT /volume/v3/attachments/1868d94b-f9c8-47e9-93fb-5cd158f86574 => generated 694 bytes in 858 msecs (HTTP/1.1 200) 7 headers in 286 bytes (1 switches on core 0)
Sep 01 11:25:12 devstack devstack@c-api.service[86801]: DEBUG cinder.api.middleware.request_id [None req-69e9bb8e-bcda-4458-8b04-5e5d8192c9dc None None] RequestId filter calling following filter/app {{(pid=86801) _context_setter /opt/stack/cinder/cinder/api/middleware/request_id.py:62}}
Sep 01 11:25:12 devstack devstack@c-api.service[86801]: INFO cinder.api.openstack.wsgi [None req-69e9bb8e-bcda-4458-8b04-5e5d8192c9dc tempest-GroupSnapshotsTest-362684245 tempest-GroupSnapshotsTest-362684245-project-member] GET http://192.168.122.48/volume/v3/groups/889f2763-6f1e-4c7c-a870-dcc2623df06e
Sep 01 11:25:12 devstack devstack@c-api.service[86801]: DEBUG cinder.api.openstack.wsgi [None req-69e9bb8e-bcda-4458-8b04-5e5d8192c9dc tempest-GroupSnapshotsTest-362684245 tempest-GroupSnapshotsTest-362684245-project-member] Empty body provided in request {{(pid=86801) get_body /opt/stack/cinder/cinder/api/openstack/wsgi.py:725}}
Sep 01 11:25:12 devstack devstack@c-api.service[86801]: DEBUG cinder.api.openstack.wsgi [None req-69e9bb8e-bcda-4458-8b04-5e5d8192c9dc tempest-GroupSnapshotsTest-362684245 tempest-GroupSnapshotsTest-362684245-project-member] Calling method 'version_select' {{(pid=86801) _process_stack /opt/stack/cinder/cinder/api/openstack/wsgi.py:878}}
Sep 01 11:25:12 devstack devstack@c-api.service[86801]: DEBUG cinder.api.v3.groups [None req-69e9bb8e-bcda-4458-8b04-5e5d8192c9dc tempest-GroupSnapshotsTest-362684245 tempest-GroupSnapshotsTest-362684245-project-member] show called for member 889f2763-6f1e-4c7c-a870-dcc2623df06e {{(pid=86801) show /opt/stack/cinder/cinder/api/v3/groups.py:58}}
Sep 01 11:25:12 devstack devstack@c-api.service[86801]: /opt/stack/data/venv/lib/python3.12/site-packages/oslo_context/context.py:102: DeprecationWarning: Policy enforcement is depending on the value of is_admin. This key is deprecated. Please update your policy file to use the standard policy values.
Sep 01 11:25:12 devstack devstack@c-api.service[86801]: warnings.warn(
Sep 01 11:25:12 devstack devstack@c-api.service[86801]: /opt/stack/cinder/cinder/objects/volume_type.py:195: DeprecationWarning: Passing item_cls to obj_make_list() is deprecated. The item class is now derived from the list object's field definition.
Sep 01 11:25:12 devstack devstack@c-api.service[86801]: return base.obj_make_list(context, cls(context),
Sep 01 11:25:12 devstack devstack@c-api.service[86801]: INFO cinder.api.openstack.wsgi [None req-69e9bb8e-bcda-4458-8b04-5e5d8192c9dc tempest-GroupSnapshotsTest-362684245 tempest-GroupSnapshotsTest-362684245-project-member] http://192.168.122.48/volume/v3/groups/889f2763-6f1e-4c7c-a870-dcc2623df06e returned with HTTP 200
Sep 01 11:25:12 devstack devstack@c-api.service[86801]: [pid: 86801|app: 0|req: 165/334] 192.168.122.48 () {60 vars in 1265 bytes} [Tue Sep 1 11:25:12 2026] GET /volume/v3/groups/889f2763-6f1e-4c7c-a870-dcc2623df06e => generated 392 bytes in 64 msecs (HTTP/1.1 200) 7 headers in 286 bytes (1 switches on core 0)
Sep 01 11:25:12 devstack devstack@c-api.service[86800]: DEBUG cinder.api.middleware.request_id [None req-e362f3a1-68c3-4ae7-9e26-34b2e86828c8 None None] RequestId filter calling following filter/app {{(pid=86800) _context_setter /opt/stack/cinder/cinder/api/middleware/request_id.py:62}}
Sep 01 11:25:12 devstack devstack@c-api.service[86800]: INFO cinder.api.openstack.wsgi [None req-e362f3a1-68c3-4ae7-9e26-34b2e86828c8 tempest-GroupSnapshotsTest-362684245 tempest-GroupSnapshotsTest-362684245-project-member] POST http://192.168.122.48/volume/v3/volumes
Sep 01 11:25:12 devstack devstack@c-api.service[86800]: DEBUG cinder.api.openstack.wsgi [None req-e362f3a1-68c3-4ae7-9e26-34b2e86828c8 tempest-GroupSnapshotsTest-362684245 tempest-GroupSnapshotsTest-362684245-project-member] Action: 'create', calling method: create, body: {"volume": {"name": "tempest-volume-87874351", "volume_type": "2e9c7710-fea9-4f3f-9262-7a7654f4c0da", "group_id": "889f2763-6f1e-4c7c-a870-dcc2623df06e", "size": 1}} {{(pid=86800) _process_stack /opt/stack/cinder/cinder/api/openstack/wsgi.py:876}}
Sep 01 11:25:12 devstack devstack@c-api.service[86800]: DEBUG cinder.api.v3.volumes [None req-e362f3a1-68c3-4ae7-9e26-34b2e86828c8 tempest-GroupSnapshotsTest-362684245 tempest-GroupSnapshotsTest-362684245-project-member] Create volume request body: {'volume': {'name': 'tempest-volume-87874351', 'volume_type': '2e9c7710-fea9-4f3f-9262-7a7654f4c0da', 'group_id': '889f2763-6f1e-4c7c-a870-dcc2623df06e', 'size': 1}} {{(pid=86800) create /opt/stack/cinder/cinder/api/v3/volumes.py:368}}
Sep 01 11:25:12 devstack devstack@c-api.service[86800]: /opt/stack/data/venv/lib/python3.12/site-packages/oslo_context/context.py:102: DeprecationWarning: Policy enforcement is depending on the value of is_admin. This key is deprecated. Please update your policy file to use the standard policy values.
Sep 01 11:25:12 devstack devstack@c-api.service[86800]: warnings.warn(
Sep 01 11:25:12 devstack devstack@c-api.service[86800]: INFO cinder.api.v3.volumes [None req-e362f3a1-68c3-4ae7-9e26-34b2e86828c8 tempest-GroupSnapshotsTest-362684245 tempest-GroupSnapshotsTest-362684245-project-member] Create volume of 1 GB
Sep 01 11:25:12 devstack devstack@c-api.service[86800]: /opt/stack/cinder/cinder/objects/volume_type.py:195: DeprecationWarning: Passing item_cls to obj_make_list() is deprecated. The item class is now derived from the list object's field definition.
Sep 01 11:25:12 devstack devstack@c-api.service[86800]: return base.obj_make_list(context, cls(context),
Sep 01 11:25:12 devstack devstack@c-api.service[86800]: INFO cinder.volume.api [None req-e362f3a1-68c3-4ae7-9e26-34b2e86828c8 tempest-GroupSnapshotsTest-362684245 tempest-GroupSnapshotsTest-362684245-project-member] Availability Zones retrieved successfully.
Sep 01 11:25:12 devstack devstack@c-api.service[86800]: DEBUG cinder.volume.api [None req-e362f3a1-68c3-4ae7-9e26-34b2e86828c8 tempest-GroupSnapshotsTest-362684245 tempest-GroupSnapshotsTest-362684245-project-member] Flow 'volume_create_api' (51c703f2-f4cf-40ac-91f7-baa6bc18fa6c) transitioned into state 'RUNNING' from state 'PENDING' {{(pid=86800) _flow_receiver /opt/stack/data/venv/lib/python3.12/site-packages/taskflow/listeners/logging.py:160}}
Sep 01 11:25:12 devstack devstack@c-api.service[86800]: DEBUG cinder.volume.api [None req-e362f3a1-68c3-4ae7-9e26-34b2e86828c8 tempest-GroupSnapshotsTest-362684245 tempest-GroupSnapshotsTest-362684245-project-member] Task 'cinder.volume.flows.api.create_volume.ExtractVolumeRequestTask;volume:create' (d6004b93-e5ef-4eed-90a7-bce357928fc4) transitioned into state 'RUNNING' from state 'PENDING' {{(pid=86800) _task_receiver /opt/stack/data/venv/lib/python3.12/site-packages/taskflow/listeners/logging.py:242}}
Sep 01 11:25:12 devstack devstack@c-api.service[86800]: /opt/stack/data/venv/lib/python3.12/site-packages/oslo_context/context.py:102: DeprecationWarning: Policy enforcement is depending on the value of is_admin. This key is deprecated. Please update your policy file to use the standard policy values.
Sep 01 11:25:12 devstack devstack@c-api.service[86800]: warnings.warn(
Sep 01 11:25:12 devstack devstack@c-api.service[86800]: DEBUG cinder.volume.flows.api.create_volume [None req-e362f3a1-68c3-4ae7-9e26-34b2e86828c8 tempest-GroupSnapshotsTest-362684245 tempest-GroupSnapshotsTest-362684245-project-member] Validating volume size '1' using validate_int {{(pid=86800) _extract_size /opt/stack/cinder/cinder/volume/flows/api/create_volume.py:226}}
Sep 01 11:25:12 devstack devstack@c-api.service[86801]: DEBUG cinder.api.middleware.request_id [req-2899bf2c-4cb7-4b07-b522-74b1ab5fc192 req-68d98684-daa7-4b83-b58b-81fd5ec08d29 None None] RequestId filter calling following filter/app {{(pid=86801) _context_setter /opt/stack/cinder/cinder/api/middleware/request_id.py:62}}
Sep 01 11:25:12 devstack devstack@c-api.service[86801]: INFO cinder.api.openstack.wsgi [req-2899bf2c-4cb7-4b07-b522-74b1ab5fc192 req-68d98684-daa7-4b83-b58b-81fd5ec08d29 tempest-ServerActionsTestOtherA-233561984 tempest-ServerActionsTestOtherA-233561984-project-member] POST http://192.168.122.48/volume/v3/attachments/1868d94b-f9c8-47e9-93fb-5cd158f86574/action
Sep 01 11:25:12 devstack devstack@c-api.service[86801]: DEBUG cinder.api.openstack.wsgi [req-2899bf2c-4cb7-4b07-b522-74b1ab5fc192 req-68d98684-daa7-4b83-b58b-81fd5ec08d29 tempest-ServerActionsTestOtherA-233561984 tempest-ServerActionsTestOtherA-233561984-project-member] Action body: b'{"os-complete": null}' {{(pid=86801) get_method /opt/stack/cinder/cinder/api/openstack/wsgi.py:993}}
Sep 01 11:25:12 devstack devstack@c-api.service[86801]: DEBUG cinder.api.openstack.wsgi [req-2899bf2c-4cb7-4b07-b522-74b1ab5fc192 req-68d98684-daa7-4b83-b58b-81fd5ec08d29 tempest-ServerActionsTestOtherA-233561984 tempest-ServerActionsTestOtherA-233561984-project-member] Action: 'action', calling method: complete, body: {"os-complete": null} {{(pid=86801) _process_stack /opt/stack/cinder/cinder/api/openstack/wsgi.py:876}}
Sep 01 11:25:12 devstack devstack@c-api.service[86800]: DEBUG cinder.volume.api [None req-e362f3a1-68c3-4ae7-9e26-34b2e86828c8 tempest-GroupSnapshotsTest-362684245 tempest-GroupSnapshotsTest-362684245-project-member] Task 'cinder.volume.flows.api.create_volume.ExtractVolumeRequestTask;volume:create' (d6004b93-e5ef-4eed-90a7-bce357928fc4) transitioned into state 'SUCCESS' from state 'RUNNING' with result '{'size': 1, 'snapshot_id': None, 'source_volid': None, 'volume_type': VolumeType(created_at=2026-09-01T09:25:11Z,deleted=False,deleted_at=None,description=None,extra_specs={},id=2e9c7710-fea9-4f3f-9262-7a7654f4c0da,is_public=True,name='tempest-GroupSnapshotsTest-volume-type-533349489',projects=[],qos_specs=,qos_specs_id=None,updated_at=None), 'volume_type_id': '2e9c7710-fea9-4f3f-9262-7a7654f4c0da', 'encryption_key_id': None, 'qos_specs': None, 'consistencygroup_id': None, 'cgsnapshot_id': None, 'group_id': '889f2763-6f1e-4c7c-a870-dcc2623df06e', 'replication_status': 'disabled', 'refresh_az': False, 'backup_id': None, 'multiattach': False, 'availability_zones': ['nova']}' {{(pid=86800) _task_receiver /opt/stack/data/venv/lib/python3.12/site-packages/taskflow/listeners/logging.py:218}}
Sep 01 11:25:12 devstack devstack@c-api.service[86800]: DEBUG cinder.volume.api [None req-e362f3a1-68c3-4ae7-9e26-34b2e86828c8 tempest-GroupSnapshotsTest-362684245 tempest-GroupSnapshotsTest-362684245-project-member] Task 'cinder.volume.flows.api.create_volume.QuotaReserveTask;volume:create' (c20e9573-2237-4b76-b386-2c4b71853372) transitioned into state 'RUNNING' from state 'PENDING' {{(pid=86800) _task_receiver /opt/stack/data/venv/lib/python3.12/site-packages/taskflow/listeners/logging.py:242}}
Sep 01 11:25:12 devstack devstack@c-api.service[86801]: /opt/stack/cinder/cinder/objects/volume.py:315: DeprecationWarning: Passing item_cls to obj_make_list() is deprecated. The item class is now derived from the list object's field definition.
Sep 01 11:25:12 devstack devstack@c-api.service[86801]: attachments = base.obj_make_list(
Sep 01 11:25:12 devstack devstack@c-api.service[86801]: /opt/stack/data/venv/lib/python3.12/site-packages/oslo_context/context.py:102: DeprecationWarning: Policy enforcement is depending on the value of is_admin. This key is deprecated. Please update your policy file to use the standard policy values.
Sep 01 11:25:12 devstack devstack@c-api.service[86801]: warnings.warn(
Sep 01 11:25:12 devstack devstack@c-api.service[86800]: WARNING cinder.quota [None req-e362f3a1-68c3-4ae7-9e26-34b2e86828c8 tempest-GroupSnapshotsTest-362684245 tempest-GroupSnapshotsTest-362684245-project-member] Deprecated: Default quota for resource: volumes_tempest-GroupSnapshotsTest-volume-type-533349489 is set by the default quota flag: quota_volumes_tempest-GroupSnapshotsTest-volume-type-533349489, it is now deprecated. Please use the default quota class for default quota.
Sep 01 11:25:12 devstack devstack@c-api.service[86801]: INFO cinder.api.openstack.wsgi [req-2899bf2c-4cb7-4b07-b522-74b1ab5fc192 req-68d98684-daa7-4b83-b58b-81fd5ec08d29 tempest-ServerActionsTestOtherA-233561984 tempest-ServerActionsTestOtherA-233561984-project-member] http://192.168.122.48/volume/v3/attachments/1868d94b-f9c8-47e9-93fb-5cd158f86574/action returned with HTTP 204
Sep 01 11:25:12 devstack devstack@c-api.service[86800]: WARNING cinder.quota [None req-e362f3a1-68c3-4ae7-9e26-34b2e86828c8 tempest-GroupSnapshotsTest-362684245 tempest-GroupSnapshotsTest-362684245-project-member] Deprecated: Default quota for resource: gigabytes_tempest-GroupSnapshotsTest-volume-type-533349489 is set by the default quota flag: quota_gigabytes_tempest-GroupSnapshotsTest-volume-type-533349489, it is now deprecated. Please use the default quota class for default quota.
Sep 01 11:25:12 devstack devstack@c-api.service[86801]: [pid: 86801|app: 0|req: 166/335] 192.168.122.48 () {66 vars in 1609 bytes} [Tue Sep 1 11:25:12 2026] POST /volume/v3/attachments/1868d94b-f9c8-47e9-93fb-5cd158f86574/action => generated 0 bytes in 190 msecs (HTTP/1.1 204) 7 headers in 292 bytes (1 switches on core 0)
Sep 01 11:25:12 devstack devstack@c-api.service[86801]: DEBUG cinder.api.middleware.request_id [None req-60c567cf-3d58-450a-9391-5dc6997389f5 None None] RequestId filter calling following filter/app {{(pid=86801) _context_setter /opt/stack/cinder/cinder/api/middleware/request_id.py:62}}
Sep 01 11:25:12 devstack devstack@c-api.service[86801]: INFO cinder.api.openstack.wsgi [None req-60c567cf-3d58-450a-9391-5dc6997389f5 tempest-ServerActionsTestOtherA-233561984 tempest-ServerActionsTestOtherA-233561984-project-member] GET http://192.168.122.48/volume/v3/volumes/b2f386ed-de92-4d46-bfd6-b28f3853a936
Sep 01 11:25:12 devstack devstack@c-api.service[86801]: DEBUG cinder.api.openstack.wsgi [None req-60c567cf-3d58-450a-9391-5dc6997389f5 tempest-ServerActionsTestOtherA-233561984 tempest-ServerActionsTestOtherA-233561984-project-member] Empty body provided in request {{(pid=86801) get_body /opt/stack/cinder/cinder/api/openstack/wsgi.py:725}}
Sep 01 11:25:12 devstack devstack@c-api.service[86801]: DEBUG cinder.api.openstack.wsgi [None req-60c567cf-3d58-450a-9391-5dc6997389f5 tempest-ServerActionsTestOtherA-233561984 tempest-ServerActionsTestOtherA-233561984-project-member] Calling method 'show' {{(pid=86801) _process_stack /opt/stack/cinder/cinder/api/openstack/wsgi.py:878}}
Sep 01 11:25:12 devstack devstack@c-api.service[86801]: /opt/stack/cinder/cinder/objects/volume.py:315: DeprecationWarning: Passing item_cls to obj_make_list() is deprecated. The item class is now derived from the list object's field definition.
Sep 01 11:25:12 devstack devstack@c-api.service[86801]: attachments = base.obj_make_list(
Sep 01 11:25:12 devstack devstack@c-api.service[86801]: /opt/stack/data/venv/lib/python3.12/site-packages/oslo_context/context.py:102: DeprecationWarning: Policy enforcement is depending on the value of is_admin. This key is deprecated. Please update your policy file to use the standard policy values.
Sep 01 11:25:12 devstack devstack@c-api.service[86801]: warnings.warn(
Sep 01 11:25:12 devstack devstack@c-api.service[86801]: INFO cinder.volume.api [None req-60c567cf-3d58-450a-9391-5dc6997389f5 tempest-ServerActionsTestOtherA-233561984 tempest-ServerActionsTestOtherA-233561984-project-member] Volume info retrieved successfully.
Sep 01 11:25:12 devstack devstack@c-api.service[86801]: INFO cinder.api.openstack.wsgi [None req-60c567cf-3d58-450a-9391-5dc6997389f5 tempest-ServerActionsTestOtherA-233561984 tempest-ServerActionsTestOtherA-233561984-project-member] http://192.168.122.48/volume/v3/volumes/b2f386ed-de92-4d46-bfd6-b28f3853a936 returned with HTTP 200
Sep 01 11:25:12 devstack devstack@c-api.service[86801]: [pid: 86801|app: 0|req: 167/336] 192.168.122.48 () {58 vars in 1227 bytes} [Tue Sep 1 11:25:12 2026] GET /volume/v3/volumes/b2f386ed-de92-4d46-bfd6-b28f3853a936 => generated 1146 bytes in 99 msecs (HTTP/1.1 200) 7 headers in 286 bytes (1 switches on core 0)
Sep 01 11:25:12 devstack devstack@c-api.service[86801]: DEBUG cinder.api.middleware.request_id [None req-949e6ee3-a168-4aa7-a64d-6db7862fccd1 None None] RequestId filter calling following filter/app {{(pid=86801) _context_setter /opt/stack/cinder/cinder/api/middleware/request_id.py:62}}
Sep 01 11:25:12 devstack devstack@c-api.service[86801]: INFO cinder.api.openstack.wsgi [None req-949e6ee3-a168-4aa7-a64d-6db7862fccd1 tempest-ServerActionsTestOtherA-233561984 tempest-ServerActionsTestOtherA-233561984-project-member] GET http://192.168.122.48/volume/v3/volumes/b2f386ed-de92-4d46-bfd6-b28f3853a936
Sep 01 11:25:12 devstack devstack@c-api.service[86801]: DEBUG cinder.api.openstack.wsgi [None req-949e6ee3-a168-4aa7-a64d-6db7862fccd1 tempest-ServerActionsTestOtherA-233561984 tempest-ServerActionsTestOtherA-233561984-project-member] Empty body provided in request {{(pid=86801) get_body /opt/stack/cinder/cinder/api/openstack/wsgi.py:725}}
Sep 01 11:25:12 devstack devstack@c-api.service[86801]: DEBUG cinder.api.openstack.wsgi [None req-949e6ee3-a168-4aa7-a64d-6db7862fccd1 tempest-ServerActionsTestOtherA-233561984 tempest-ServerActionsTestOtherA-233561984-project-member] Calling method 'show' {{(pid=86801) _process_stack /opt/stack/cinder/cinder/api/openstack/wsgi.py:878}}
Sep 01 11:25:12 devstack devstack@c-api.service[86800]: DEBUG cinder.quota [None req-e362f3a1-68c3-4ae7-9e26-34b2e86828c8 tempest-GroupSnapshotsTest-362684245 tempest-GroupSnapshotsTest-362684245-project-member] Created reservations ['ad81a1f9-0d0c-4a46-bd8f-d0cc88de3b14', '11c05a30-32c6-4745-9aa7-2e5889d28592', '4fcb15f9-9bec-46bb-a884-d10f39a7d52f', '1f9df890-5f90-44a0-860d-1c86e5b4b764'] {{(pid=86800) reserve /opt/stack/cinder/cinder/quota.py:752}}
Sep 01 11:25:12 devstack devstack@c-api.service[86801]: /opt/stack/cinder/cinder/objects/volume.py:315: DeprecationWarning: Passing item_cls to obj_make_list() is deprecated. The item class is now derived from the list object's field definition.
Sep 01 11:25:12 devstack devstack@c-api.service[86801]: attachments = base.obj_make_list(
Sep 01 11:25:12 devstack devstack@c-api.service[86800]: DEBUG cinder.volume.api [None req-e362f3a1-68c3-4ae7-9e26-34b2e86828c8 tempest-GroupSnapshotsTest-362684245 tempest-GroupSnapshotsTest-362684245-project-member] Task 'cinder.volume.flows.api.create_volume.QuotaReserveTask;volume:create' (c20e9573-2237-4b76-b386-2c4b71853372) transitioned into state 'SUCCESS' from state 'RUNNING' with result '{'reservations': ['ad81a1f9-0d0c-4a46-bd8f-d0cc88de3b14', '11c05a30-32c6-4745-9aa7-2e5889d28592', '4fcb15f9-9bec-46bb-a884-d10f39a7d52f', '1f9df890-5f90-44a0-860d-1c86e5b4b764']}' {{(pid=86800) _task_receiver /opt/stack/data/venv/lib/python3.12/site-packages/taskflow/listeners/logging.py:218}}
Sep 01 11:25:12 devstack devstack@c-api.service[86801]: /opt/stack/data/venv/lib/python3.12/site-packages/oslo_context/context.py:102: DeprecationWarning: Policy enforcement is depending on the value of is_admin. This key is deprecated. Please update your policy file to use the standard policy values.
Sep 01 11:25:12 devstack devstack@c-api.service[86801]: warnings.warn(
Sep 01 11:25:12 devstack devstack@c-api.service[86800]: DEBUG cinder.volume.api [None req-e362f3a1-68c3-4ae7-9e26-34b2e86828c8 tempest-GroupSnapshotsTest-362684245 tempest-GroupSnapshotsTest-362684245-project-member] Task 'cinder.volume.flows.api.create_volume.EntryCreateTask;volume:create' (3cd2477d-d6dd-4f62-a650-4e0619b4bdff) transitioned into state 'RUNNING' from state 'PENDING' {{(pid=86800) _task_receiver /opt/stack/data/venv/lib/python3.12/site-packages/taskflow/listeners/logging.py:242}}
Sep 01 11:25:12 devstack devstack@c-api.service[86801]: INFO cinder.volume.api [None req-949e6ee3-a168-4aa7-a64d-6db7862fccd1 tempest-ServerActionsTestOtherA-233561984 tempest-ServerActionsTestOtherA-233561984-project-member] Volume info retrieved successfully.
Sep 01 11:25:12 devstack devstack@c-api.service[86801]: INFO cinder.api.openstack.wsgi [None req-949e6ee3-a168-4aa7-a64d-6db7862fccd1 tempest-ServerActionsTestOtherA-233561984 tempest-ServerActionsTestOtherA-233561984-project-member] http://192.168.122.48/volume/v3/volumes/b2f386ed-de92-4d46-bfd6-b28f3853a936 returned with HTTP 200
Sep 01 11:25:12 devstack devstack@c-api.service[86801]: [pid: 86801|app: 0|req: 168/337] 192.168.122.48 () {58 vars in 1227 bytes} [Tue Sep 1 11:25:12 2026] GET /volume/v3/volumes/b2f386ed-de92-4d46-bfd6-b28f3853a936 => generated 1146 bytes in 74 msecs (HTTP/1.1 200) 7 headers in 286 bytes (1 switches on core 0)
Sep 01 11:25:12 devstack devstack@c-api.service[86800]: /opt/stack/cinder/cinder/objects/volume.py:315: DeprecationWarning: Passing item_cls to obj_make_list() is deprecated. The item class is now derived from the list object's field definition.
Sep 01 11:25:12 devstack devstack@c-api.service[86800]: attachments = base.obj_make_list(
Sep 01 11:25:12 devstack devstack@c-api.service[86800]: DEBUG cinder.volume.api [None req-e362f3a1-68c3-4ae7-9e26-34b2e86828c8 tempest-GroupSnapshotsTest-362684245 tempest-GroupSnapshotsTest-362684245-project-member] Task 'cinder.volume.flows.api.create_volume.EntryCreateTask;volume:create' (3cd2477d-d6dd-4f62-a650-4e0619b4bdff) transitioned into state 'SUCCESS' from state 'RUNNING' with result '{'volume_id': '923ad605-46fc-4219-aa24-2f75ef814168', 'volume_properties': VolumeProperties(attach_status='detached',availability_zone='nova',cgsnapshot_id=None,consistencygroup_id=None,display_description=None,display_name='tempest-volume-87874351',encryption_key_id=None,group_id=889f2763-6f1e-4c7c-a870-dcc2623df06e,group_type_id=,metadata={},multiattach=False,project_id='e0bdf802526642649dbd6d7a562d2941',qos_specs=None,replication_status=,reservations=['ad81a1f9-0d0c-4a46-bd8f-d0cc88de3b14','11c05a30-32c6-4745-9aa7-2e5889d28592','4fcb15f9-9bec-46bb-a884-d10f39a7d52f','1f9df890-5f90-44a0-860d-1c86e5b4b764'],size=1,snapshot_id=None,source_replicaid=,source_volid=None,status='creating',user_id='8f5ae844320445688bd3d80b2369a83a',volume_type_id=2e9c7710-fea9-4f3f-9262-7a7654f4c0da), 'volume': Volume(_name_id=None,admin_metadata=,attach_status='detached',availability_zone='nova',bootable=False,cluster=,cluster_name=None,consistencygroup=,consistencygroup_id=None,created_at=2026-09-01T09:25:12Z,deleted=False,deleted_at=None,display_description=None,display_name='tempest-volume-87874351',ec2_id=None,encryption_key_id=None,glance_metadata=,group=,group_id=889f2763-6f1e-4c7c-a870-dcc2623df06e,host=None,id=923ad605-46fc-4219-aa24-2f75ef814168,launched_at=None,metadata={},migration_status=None,multiattach=False,previous_status=None,project_id='e0bdf802526642649dbd6d7a562d2941',provider_auth=None,provider_geometry=None,provider_id=None,provider_location=None,replication_driver_data=None,replication_extended_status=None,replication_status=None,scheduled_at=None,service_uuid=None,shared_targets=True,size=1,snapshot_id=None,snapshots=,source_volid=None,status='creating',terminated_at=None,updated_at=None,use_quota=True,user_id='8f5ae844320445688bd3d80b2369a83a',volume_attachment=VolumeAttachmentList,volume_type=VolumeType(2e9c7710-fea9-4f3f-9262-7a7654f4c0da),volume_type_id=2e9c7710-fea9-4f3f-9262-7a7654f4c0da)}' {{(pid=86800) _task_receiver /opt/stack/data/venv/lib/python3.12/site-packages/taskflow/listeners/logging.py:218}}
Sep 01 11:25:12 devstack devstack@c-api.service[86800]: DEBUG cinder.volume.api [None req-e362f3a1-68c3-4ae7-9e26-34b2e86828c8 tempest-GroupSnapshotsTest-362684245 tempest-GroupSnapshotsTest-362684245-project-member] Task 'cinder.volume.flows.api.create_volume.QuotaCommitTask;volume:create' (685216ee-c91c-475d-a633-114a1fabc7c6) transitioned into state 'RUNNING' from state 'PENDING' {{(pid=86800) _task_receiver /opt/stack/data/venv/lib/python3.12/site-packages/taskflow/listeners/logging.py:242}}
Sep 01 11:25:12 devstack devstack@c-api.service[86800]: DEBUG cinder.volume.api [None req-e362f3a1-68c3-4ae7-9e26-34b2e86828c8 tempest-GroupSnapshotsTest-362684245 tempest-GroupSnapshotsTest-362684245-project-member] Task 'cinder.volume.flows.api.create_volume.QuotaCommitTask;volume:create' (685216ee-c91c-475d-a633-114a1fabc7c6) transitioned into state 'SUCCESS' from state 'RUNNING' with result '{'volume_properties': VolumeProperties(attach_status='detached',availability_zone='nova',cgsnapshot_id=None,consistencygroup_id=None,display_description=None,display_name='tempest-volume-87874351',encryption_key_id=None,group_id=889f2763-6f1e-4c7c-a870-dcc2623df06e,group_type_id=,metadata={},multiattach=False,project_id='e0bdf802526642649dbd6d7a562d2941',qos_specs=None,replication_status=,reservations=['ad81a1f9-0d0c-4a46-bd8f-d0cc88de3b14','11c05a30-32c6-4745-9aa7-2e5889d28592','4fcb15f9-9bec-46bb-a884-d10f39a7d52f','1f9df890-5f90-44a0-860d-1c86e5b4b764'],size=1,snapshot_id=None,source_replicaid=,source_volid=None,status='creating',user_id='8f5ae844320445688bd3d80b2369a83a',volume_type_id=2e9c7710-fea9-4f3f-9262-7a7654f4c0da)}' {{(pid=86800) _task_receiver /opt/stack/data/venv/lib/python3.12/site-packages/taskflow/listeners/logging.py:218}}
Sep 01 11:25:12 devstack devstack@c-api.service[86800]: DEBUG cinder.volume.api [None req-e362f3a1-68c3-4ae7-9e26-34b2e86828c8 tempest-GroupSnapshotsTest-362684245 tempest-GroupSnapshotsTest-362684245-project-member] Task 'cinder.volume.flows.api.create_volume.VolumeCastTask;volume:create' (dd68ec65-34a3-4383-9be4-e2d1008df0bb) transitioned into state 'RUNNING' from state 'PENDING' {{(pid=86800) _task_receiver /opt/stack/data/venv/lib/python3.12/site-packages/taskflow/listeners/logging.py:242}}
Sep 01 11:25:12 devstack devstack@c-api.service[86800]: DEBUG cinder.volume.api [None req-e362f3a1-68c3-4ae7-9e26-34b2e86828c8 tempest-GroupSnapshotsTest-362684245 tempest-GroupSnapshotsTest-362684245-project-member] Task 'cinder.volume.flows.api.create_volume.VolumeCastTask;volume:create' (dd68ec65-34a3-4383-9be4-e2d1008df0bb) transitioned into state 'SUCCESS' from state 'RUNNING' with result 'None' {{(pid=86800) _task_receiver /opt/stack/data/venv/lib/python3.12/site-packages/taskflow/listeners/logging.py:218}}
Sep 01 11:25:12 devstack devstack@c-api.service[86800]: DEBUG cinder.volume.api [None req-e362f3a1-68c3-4ae7-9e26-34b2e86828c8 tempest-GroupSnapshotsTest-362684245 tempest-GroupSnapshotsTest-362684245-project-member] Flow 'volume_create_api' (51c703f2-f4cf-40ac-91f7-baa6bc18fa6c) transitioned into state 'SUCCESS' from state 'RUNNING' {{(pid=86800) _flow_receiver /opt/stack/data/venv/lib/python3.12/site-packages/taskflow/listeners/logging.py:160}}
Sep 01 11:25:12 devstack devstack@c-api.service[86800]: INFO cinder.volume.api [None req-e362f3a1-68c3-4ae7-9e26-34b2e86828c8 tempest-GroupSnapshotsTest-362684245 tempest-GroupSnapshotsTest-362684245-project-member] Create volume request issued successfully.
Sep 01 11:25:12 devstack devstack@c-api.service[86800]: WARNING stevedore.named [None req-e362f3a1-68c3-4ae7-9e26-34b2e86828c8 tempest-GroupSnapshotsTest-362684245 tempest-GroupSnapshotsTest-362684245-project-member] Could not load cinder.keymgr.conf_key_mgr.ConfKeyManager
Sep 01 11:25:12 devstack devstack@c-api.service[86800]: WARNING castellan.key_manager [None req-e362f3a1-68c3-4ae7-9e26-34b2e86828c8 tempest-GroupSnapshotsTest-362684245 tempest-GroupSnapshotsTest-362684245-project-member] Deprecation Warning : cinder.keymgr.conf_key_mgr.ConfKeyManager is not a stevedore based driver, trying to load it as a class: stevedore.exception.NoMatches: No 'castellan.drivers' driver found, looking for 'cinder.keymgr.conf_key_mgr.ConfKeyManager'
Sep 01 11:25:12 devstack devstack@c-api.service[86800]: DEBUG oslo_db.sqlalchemy.engines [None req-e362f3a1-68c3-4ae7-9e26-34b2e86828c8 tempest-GroupSnapshotsTest-362684245 tempest-GroupSnapshotsTest-362684245-project-member] MySQL server mode set to STRICT_TRANS_TABLES,STRICT_ALL_TABLES,NO_ZERO_IN_DATE,NO_ZERO_DATE,ERROR_FOR_DIVISION_BY_ZERO,TRADITIONAL,NO_ENGINE_SUBSTITUTION {{(pid=86800) _check_effective_sql_mode /opt/stack/data/venv/lib/python3.12/site-packages/oslo_db/sqlalchemy/engines.py:325}}
Sep 01 11:25:12 devstack devstack@c-api.service[86800]: /opt/stack/data/venv/lib/python3.12/site-packages/oslo_context/context.py:102: DeprecationWarning: Policy enforcement is depending on the value of is_admin. This key is deprecated. Please update your policy file to use the standard policy values.
Sep 01 11:25:12 devstack devstack@c-api.service[86800]: warnings.warn(
Sep 01 11:25:12 devstack devstack@c-api.service[86800]: INFO cinder.api.openstack.wsgi [None req-e362f3a1-68c3-4ae7-9e26-34b2e86828c8 tempest-GroupSnapshotsTest-362684245 tempest-GroupSnapshotsTest-362684245-project-member] http://192.168.122.48/volume/v3/volumes returned with HTTP 202
Sep 01 11:25:12 devstack devstack@c-api.service[86800]: [pid: 86800|app: 0|req: 170/338] 192.168.122.48 () {62 vars in 1179 bytes} [Tue Sep 1 11:25:12 2026] POST /volume/v3/volumes => generated 826 bytes in 869 msecs (HTTP/1.1 202) 7 headers in 292 bytes (1 switches on core 0)
Sep 01 11:25:12 devstack devstack@c-api.service[86801]: DEBUG cinder.api.middleware.request_id [None req-67831d27-a14b-486c-b22d-d965b705d0b3 None None] RequestId filter calling following filter/app {{(pid=86801) _context_setter /opt/stack/cinder/cinder/api/middleware/request_id.py:62}}
Sep 01 11:25:12 devstack devstack@c-api.service[86801]: INFO cinder.api.openstack.wsgi [None req-67831d27-a14b-486c-b22d-d965b705d0b3 tempest-GroupSnapshotsTest-362684245 tempest-GroupSnapshotsTest-362684245-project-member] GET http://192.168.122.48/volume/v3/volumes/923ad605-46fc-4219-aa24-2f75ef814168
Sep 01 11:25:12 devstack devstack@c-api.service[86801]: DEBUG cinder.api.openstack.wsgi [None req-67831d27-a14b-486c-b22d-d965b705d0b3 tempest-GroupSnapshotsTest-362684245 tempest-GroupSnapshotsTest-362684245-project-member] Empty body provided in request {{(pid=86801) get_body /opt/stack/cinder/cinder/api/openstack/wsgi.py:725}}
Sep 01 11:25:12 devstack devstack@c-api.service[86801]: DEBUG cinder.api.openstack.wsgi [None req-67831d27-a14b-486c-b22d-d965b705d0b3 tempest-GroupSnapshotsTest-362684245 tempest-GroupSnapshotsTest-362684245-project-member] Calling method 'show' {{(pid=86801) _process_stack /opt/stack/cinder/cinder/api/openstack/wsgi.py:878}}
Sep 01 11:25:13 devstack devstack@c-api.service[86801]: /opt/stack/cinder/cinder/objects/volume.py:315: DeprecationWarning: Passing item_cls to obj_make_list() is deprecated. The item class is now derived from the list object's field definition.
Sep 01 11:25:13 devstack devstack@c-api.service[86801]: attachments = base.obj_make_list(
Sep 01 11:25:13 devstack devstack@c-api.service[86801]: /opt/stack/data/venv/lib/python3.12/site-packages/oslo_context/context.py:102: DeprecationWarning: Policy enforcement is depending on the value of is_admin. This key is deprecated. Please update your policy file to use the standard policy values.
Sep 01 11:25:13 devstack devstack@c-api.service[86801]: warnings.warn(
Sep 01 11:25:13 devstack devstack@c-api.service[86801]: INFO cinder.volume.api [None req-67831d27-a14b-486c-b22d-d965b705d0b3 tempest-GroupSnapshotsTest-362684245 tempest-GroupSnapshotsTest-362684245-project-member] Volume info retrieved successfully.
Sep 01 11:25:13 devstack devstack@c-api.service[86801]: WARNING stevedore.named [None req-67831d27-a14b-486c-b22d-d965b705d0b3 tempest-GroupSnapshotsTest-362684245 tempest-GroupSnapshotsTest-362684245-project-member] Could not load cinder.keymgr.conf_key_mgr.ConfKeyManager
Sep 01 11:25:13 devstack devstack@c-api.service[86801]: WARNING castellan.key_manager [None req-67831d27-a14b-486c-b22d-d965b705d0b3 tempest-GroupSnapshotsTest-362684245 tempest-GroupSnapshotsTest-362684245-project-member] Deprecation Warning : cinder.keymgr.conf_key_mgr.ConfKeyManager is not a stevedore based driver, trying to load it as a class: stevedore.exception.NoMatches: No 'castellan.drivers' driver found, looking for 'cinder.keymgr.conf_key_mgr.ConfKeyManager'
Sep 01 11:25:13 devstack devstack@c-api.service[86801]: DEBUG oslo_db.sqlalchemy.engines [None req-67831d27-a14b-486c-b22d-d965b705d0b3 tempest-GroupSnapshotsTest-362684245 tempest-GroupSnapshotsTest-362684245-project-member] MySQL server mode set to STRICT_TRANS_TABLES,STRICT_ALL_TABLES,NO_ZERO_IN_DATE,NO_ZERO_DATE,ERROR_FOR_DIVISION_BY_ZERO,TRADITIONAL,NO_ENGINE_SUBSTITUTION {{(pid=86801) _check_effective_sql_mode /opt/stack/data/venv/lib/python3.12/site-packages/oslo_db/sqlalchemy/engines.py:325}}
