Jul 22 20:29:34 devstack devstack@g-api.service[77487]: DEBUG glance.common.config [None req-1db2fcc2-fe00-4cb0-a7ce-88c9afe46894 None None] database.asyncio_connection = **** {{(pid=77487) log_opt_values /opt/stack/data/venv/lib/python3.12/site-packages/oslo_config/cfg.py:3253}}
Jul 22 20:29:34 devstack devstack@g-api.service[77487]: DEBUG glance.common.config [None req-1db2fcc2-fe00-4cb0-a7ce-88c9afe46894 None None] database.asyncio_slave_connection = **** {{(pid=77487) log_opt_values /opt/stack/data/venv/lib/python3.12/site-packages/oslo_config/cfg.py:3253}}
Jul 22 20:29:34 devstack devstack@g-api.service[77487]: DEBUG glance.common.config [None req-1db2fcc2-fe00-4cb0-a7ce-88c9afe46894 None None] database.backend = sqlalchemy {{(pid=77487) log_opt_values /opt/stack/data/venv/lib/python3.12/site-packages/oslo_config/cfg.py:3253}}
Jul 22 20:29:34 devstack devstack@g-api.service[77487]: DEBUG glance.common.config [None req-1db2fcc2-fe00-4cb0-a7ce-88c9afe46894 None None] database.connection = **** {{(pid=77487) log_opt_values /opt/stack/data/venv/lib/python3.12/site-packages/oslo_config/cfg.py:3253}}
Jul 22 20:29:34 devstack devstack@g-api.service[77487]: DEBUG glance.common.config [None req-1db2fcc2-fe00-4cb0-a7ce-88c9afe46894 None None] database.connection_debug = 0 {{(pid=77487) log_opt_values /opt/stack/data/venv/lib/python3.12/site-packages/oslo_config/cfg.py:3253}}
Jul 22 20:29:34 devstack devstack@g-api.service[77487]: DEBUG glance.common.config [None req-1db2fcc2-fe00-4cb0-a7ce-88c9afe46894 None None] database.connection_parameters = {{(pid=77487) log_opt_values /opt/stack/data/venv/lib/python3.12/site-packages/oslo_config/cfg.py:3253}}
Jul 22 20:29:34 devstack devstack@g-api.service[77487]: DEBUG glance.common.config [None req-1db2fcc2-fe00-4cb0-a7ce-88c9afe46894 None None] database.connection_recycle_time = 3600 {{(pid=77487) log_opt_values /opt/stack/data/venv/lib/python3.12/site-packages/oslo_config/cfg.py:3253}}
Jul 22 20:29:34 devstack devstack@g-api.service[77487]: DEBUG glance.common.config [None req-1db2fcc2-fe00-4cb0-a7ce-88c9afe46894 None None] database.connection_trace = False {{(pid=77487) log_opt_values /opt/stack/data/venv/lib/python3.12/site-packages/oslo_config/cfg.py:3253}}
Jul 22 20:29:34 devstack devstack@g-api.service[77487]: DEBUG glance.common.config [None req-1db2fcc2-fe00-4cb0-a7ce-88c9afe46894 None None] database.db_inc_retry_interval = True {{(pid=77487) log_opt_values /opt/stack/data/venv/lib/python3.12/site-packages/oslo_config/cfg.py:3253}}
Jul 22 20:29:34 devstack devstack@g-api.service[77487]: DEBUG glance.common.config [None req-1db2fcc2-fe00-4cb0-a7ce-88c9afe46894 None None] database.db_max_retries = 20 {{(pid=77487) log_opt_values /opt/stack/data/venv/lib/python3.12/site-packages/oslo_config/cfg.py:3253}}
Jul 22 20:29:34 devstack devstack@g-api.service[77487]: DEBUG glance.common.config [None req-1db2fcc2-fe00-4cb0-a7ce-88c9afe46894 None None] database.db_max_retry_interval = 10 {{(pid=77487) log_opt_values /opt/stack/data/venv/lib/python3.12/site-packages/oslo_config/cfg.py:3253}}
Jul 22 20:29:34 devstack devstack@g-api.service[77487]: DEBUG glance.common.config [None req-1db2fcc2-fe00-4cb0-a7ce-88c9afe46894 None None] database.db_retry_interval = 1 {{(pid=77487) log_opt_values /opt/stack/data/venv/lib/python3.12/site-packages/oslo_config/cfg.py:3253}}
Jul 22 20:29:34 devstack devstack@g-api.service[77487]: DEBUG glance.common.config [None req-1db2fcc2-fe00-4cb0-a7ce-88c9afe46894 None None] database.max_overflow = 50 {{(pid=77487) log_opt_values /opt/stack/data/venv/lib/python3.12/site-packages/oslo_config/cfg.py:3253}}
Jul 22 20:29:34 devstack devstack@g-api.service[77487]: DEBUG glance.common.config [None req-1db2fcc2-fe00-4cb0-a7ce-88c9afe46894 None None] database.max_pool_size = 5 {{(pid=77487) log_opt_values /opt/stack/data/venv/lib/python3.12/site-packages/oslo_config/cfg.py:3253}}
Jul 22 20:29:34 devstack devstack@g-api.service[77487]: DEBUG glance.common.config [None req-1db2fcc2-fe00-4cb0-a7ce-88c9afe46894 None None] database.max_retries = 10 {{(pid=77487) log_opt_values /opt/stack/data/venv/lib/python3.12/site-packages/oslo_config/cfg.py:3253}}
Jul 22 20:29:34 devstack devstack@g-api.service[77487]: DEBUG glance.common.config [None req-1db2fcc2-fe00-4cb0-a7ce-88c9afe46894 None None] database.mysql_sql_mode = TRADITIONAL {{(pid=77487) log_opt_values /opt/stack/data/venv/lib/python3.12/site-packages/oslo_config/cfg.py:3253}}
Jul 22 20:29:34 devstack devstack@g-api.service[77487]: DEBUG glance.common.config [None req-1db2fcc2-fe00-4cb0-a7ce-88c9afe46894 None None] database.mysql_wsrep_sync_wait = None {{(pid=77487) log_opt_values /opt/stack/data/venv/lib/python3.12/site-packages/oslo_config/cfg.py:3253}}
Jul 22 20:29:34 devstack devstack@g-api.service[77487]: DEBUG glance.common.config [None req-1db2fcc2-fe00-4cb0-a7ce-88c9afe46894 None None] database.pool_timeout = None {{(pid=77487) log_opt_values /opt/stack/data/venv/lib/python3.12/site-packages/oslo_config/cfg.py:3253}}
Jul 22 20:29:34 devstack devstack@g-api.service[77487]: DEBUG glance.common.config [None req-1db2fcc2-fe00-4cb0-a7ce-88c9afe46894 None None] database.retry_interval = 10 {{(pid=77487) log_opt_values /opt/stack/data/venv/lib/python3.12/site-packages/oslo_config/cfg.py:3253}}
Jul 22 20:29:34 devstack devstack@g-api.service[77487]: DEBUG glance.common.config [None req-1db2fcc2-fe00-4cb0-a7ce-88c9afe46894 None None] database.slave_connection = **** {{(pid=77487) log_opt_values /opt/stack/data/venv/lib/python3.12/site-packages/oslo_config/cfg.py:3253}}
Jul 22 20:29:34 devstack devstack@g-api.service[77487]: DEBUG glance.common.config [None req-1db2fcc2-fe00-4cb0-a7ce-88c9afe46894 None None] database.sqlite_synchronous = True {{(pid=77487) log_opt_values /opt/stack/data/venv/lib/python3.12/site-packages/oslo_config/cfg.py:3253}}
Jul 22 20:29:34 devstack devstack@g-api.service[77487]: DEBUG glance.common.config [None req-1db2fcc2-fe00-4cb0-a7ce-88c9afe46894 None None] database.synchronous_reader = True {{(pid=77487) log_opt_values /opt/stack/data/venv/lib/python3.12/site-packages/oslo_config/cfg.py:3253}}
Jul 22 20:29:34 devstack devstack@g-api.service[77487]: DEBUG glance.common.config [None req-1db2fcc2-fe00-4cb0-a7ce-88c9afe46894 None None] database.use_db_reconnect = False {{(pid=77487) log_opt_values /opt/stack/data/venv/lib/python3.12/site-packages/oslo_config/cfg.py:3253}}
Jul 22 20:29:34 devstack devstack@g-api.service[77487]: DEBUG glance.common.config [None req-1db2fcc2-fe00-4cb0-a7ce-88c9afe46894 None None] healthcheck.allowed_source_ranges = [] {{(pid=77487) log_opt_values /opt/stack/data/venv/lib/python3.12/site-packages/oslo_config/cfg.py:3253}}
Jul 22 20:29:34 devstack devstack@g-api.service[77487]: DEBUG glance.common.config [None req-1db2fcc2-fe00-4cb0-a7ce-88c9afe46894 None None] healthcheck.backends = ['disable_by_file'] {{(pid=77487) log_opt_values /opt/stack/data/venv/lib/python3.12/site-packages/oslo_config/cfg.py:3253}}
Jul 22 20:29:34 devstack devstack@g-api.service[77487]: DEBUG glance.common.config [None req-1db2fcc2-fe00-4cb0-a7ce-88c9afe46894 None None] healthcheck.detailed = False {{(pid=77487) log_opt_values /opt/stack/data/venv/lib/python3.12/site-packages/oslo_config/cfg.py:3253}}
Jul 22 20:29:34 devstack devstack@g-api.service[77487]: DEBUG glance.common.config [None req-1db2fcc2-fe00-4cb0-a7ce-88c9afe46894 None None] healthcheck.disable_by_file_path = None {{(pid=77487) log_opt_values /opt/stack/data/venv/lib/python3.12/site-packages/oslo_config/cfg.py:3253}}
Jul 22 20:29:34 devstack devstack@g-api.service[77487]: DEBUG glance.common.config [None req-1db2fcc2-fe00-4cb0-a7ce-88c9afe46894 None None] healthcheck.ignore_proxied_requests = False {{(pid=77487) log_opt_values /opt/stack/data/venv/lib/python3.12/site-packages/oslo_config/cfg.py:3253}}
Jul 22 20:29:34 devstack devstack@g-api.service[77487]: DEBUG glance.common.config [None req-1db2fcc2-fe00-4cb0-a7ce-88c9afe46894 None None] ******************************************************************************** {{(pid=77487) log_opt_values /opt/stack/data/venv/lib/python3.12/site-packages/oslo_config/cfg.py:3260}}
Jul 22 20:29:34 devstack devstack@g-api.service[77487]: WSGI app 0 (mountpoint='') ready in 5 seconds on interpreter 0x7c5a74ca4668 pid: 77487 (default app)
Jul 22 20:29:38 devstack devstack@g-api.service[77488]: DEBUG glance.api.middleware.version_negotiation [None req-b521da16-ff93-44de-b766-009a71cfc9ce None None] Determining version of request: GET / Accept: application/json {{(pid=77488) process_request /opt/stack/glance/glance/api/middleware/version_negotiation.py:44}}
Jul 22 20:29:38 devstack devstack@g-api.service[77488]: DEBUG glance.api.middleware.version_negotiation [None req-b521da16-ff93-44de-b766-009a71cfc9ce None None] Using url versioning {{(pid=77488) process_request /opt/stack/glance/glance/api/middleware/version_negotiation.py:57}}
Jul 22 20:29:38 devstack devstack@g-api.service[77488]: DEBUG glance.api.middleware.version_negotiation [None req-b521da16-ff93-44de-b766-009a71cfc9ce None None] Unknown version. Returning version choices. {{(pid=77488) process_request /opt/stack/glance/glance/api/middleware/version_negotiation.py:64}}
Jul 22 20:29:38 devstack devstack@g-api.service[77488]: [pid: 77488|app: 0|req: 2/2] 127.0.0.1 () {34 vars in 519 bytes} [Wed Jul 22 20:29:38 2026] GET / => generated 1571 bytes in 4 msecs (HTTP/1.1 300) 3 headers in 106 bytes (1 switches on core 0)
Jul 22 20:29:38 devstack devstack@g-api.service[77487]: DEBUG glance.api.middleware.version_negotiation [None req-1db2fcc2-fe00-4cb0-a7ce-88c9afe46894 None None] Determining version of request: POST /v2/images Accept: */* {{(pid=77487) process_request /opt/stack/glance/glance/api/middleware/version_negotiation.py:44}}
Jul 22 20:29:38 devstack devstack@g-api.service[77487]: DEBUG glance.api.middleware.version_negotiation [None req-1db2fcc2-fe00-4cb0-a7ce-88c9afe46894 None None] Using url versioning {{(pid=77487) process_request /opt/stack/glance/glance/api/middleware/version_negotiation.py:57}}
Jul 22 20:29:38 devstack devstack@g-api.service[77487]: DEBUG glance.api.middleware.version_negotiation [None req-1db2fcc2-fe00-4cb0-a7ce-88c9afe46894 None None] Matched version: v2 {{(pid=77487) process_request /opt/stack/glance/glance/api/middleware/version_negotiation.py:69}}
Jul 22 20:29:38 devstack devstack@g-api.service[77487]: DEBUG glance.api.middleware.version_negotiation [None req-1db2fcc2-fe00-4cb0-a7ce-88c9afe46894 None None] new path /v2/images {{(pid=77487) process_request /opt/stack/glance/glance/api/middleware/version_negotiation.py:70}}
Jul 22 20:29:39 devstack devstack@g-api.service[77487]: [pid: 77487|app: 0|req: 1/3] 127.0.0.1 () {40 vars in 782 bytes} [Wed Jul 22 20:29:38 2026] POST /v2/images => generated 807 bytes in 1154 msecs (HTTP/1.1 201) 6 headers in 314 bytes (1 switches on core 0)
Jul 22 20:29:39 devstack devstack@g-api.service[77488]: DEBUG glance.api.middleware.version_negotiation [None req-b521da16-ff93-44de-b766-009a71cfc9ce None None] Determining version of request: PUT /v2/images/36543c2a-70aa-4e05-bb91-fc14ca93a149/file Accept: {{(pid=77488) process_request /opt/stack/glance/glance/api/middleware/version_negotiation.py:44}}
Jul 22 20:29:39 devstack devstack@g-api.service[77488]: DEBUG glance.api.middleware.version_negotiation [None req-b521da16-ff93-44de-b766-009a71cfc9ce None None] Using url versioning {{(pid=77488) process_request /opt/stack/glance/glance/api/middleware/version_negotiation.py:57}}
Jul 22 20:29:39 devstack devstack@g-api.service[77488]: DEBUG glance.api.middleware.version_negotiation [None req-b521da16-ff93-44de-b766-009a71cfc9ce None None] Matched version: v2 {{(pid=77488) process_request /opt/stack/glance/glance/api/middleware/version_negotiation.py:69}}
Jul 22 20:29:39 devstack devstack@g-api.service[77488]: DEBUG glance.api.middleware.version_negotiation [None req-b521da16-ff93-44de-b766-009a71cfc9ce None None] new path /v2/images/36543c2a-70aa-4e05-bb91-fc14ca93a149/file {{(pid=77488) process_request /opt/stack/glance/glance/api/middleware/version_negotiation.py:70}}
Jul 22 20:29:40 devstack devstack@g-api.service[77488]: INFO glance.api.v2.image_data [None req-f034055b-f93a-475b-a28e-2e8384f50410 admin admin] Unable to create trust: no such option collect_timing in group [keystone_authtoken] Use the existing user token.
Jul 22 20:29:41 devstack devstack@g-api.service[77488]: DEBUG glance.location [None req-f034055b-f93a-475b-a28e-2e8384f50410 admin admin] Enabling in-flight format inspection for qcow2 {{(pid=77488) set_data /opt/stack/glance/glance/location.py:596}}
Jul 22 20:29:41 devstack devstack@g-api.service[77488]: DEBUG oslo_utils.imageutils.format_inspector [None req-f034055b-f93a-475b-a28e-2e8384f50410 admin admin] Format inspector for vmdk does not match, excluding from consideration (Signature KDMV not found: b'QFI\xfb') {{(pid=77488) _process_chunk /opt/stack/data/venv/lib/python3.12/site-packages/oslo_utils/imageutils/format_inspector.py:1758}}
Jul 22 20:29:41 devstack devstack@g-api.service[77488]: DEBUG oslo_utils.imageutils.format_inspector [None req-f034055b-f93a-475b-a28e-2e8384f50410 admin admin] Format inspector for vhdx does not match, excluding from consideration (Region signature not found at 30000) {{(pid=77488) _process_chunk /opt/stack/data/venv/lib/python3.12/site-packages/oslo_utils/imageutils/format_inspector.py:1758}}
Jul 22 20:29:41 devstack devstack@g-api.service[77488]: DEBUG glance_store._drivers.filesystem [None req-f034055b-f93a-475b-a28e-2e8384f50410 admin admin] Wrote 21692416 bytes to /opt/stack/data/glance/images/36543c2a-70aa-4e05-bb91-fc14ca93a149 with checksum 87617e24a5e30cb3b87fda8c0764838f and multihash 9a9bce0083a00939ec17c11febbfc767aa211aaa54f51e75c5a8b271a9b5637c77205a518b7a2007cb391d23cceb01e0e4e8d64832317151bc85b734b92a7be0 {{(pid=77488) add /opt/stack/data/venv/lib/python3.12/site-packages/glance_store/_drivers/filesystem.py:899}}
Jul 22 20:29:41 devstack devstack@g-api.service[77488]: INFO glance.location [None req-f034055b-f93a-475b-a28e-2e8384f50410 admin admin] Image format matched and virtual size computed: 117440512
Jul 22 20:29:41 devstack devstack@g-api.service[77488]: DEBUG glance_store.backend [None req-f034055b-f93a-475b-a28e-2e8384f50410 admin admin] Skipping store.set_acls... not implemented. {{(pid=77488) set_acls /opt/stack/data/venv/lib/python3.12/site-packages/glance_store/backend.py:507}}
Jul 22 20:29:41 devstack devstack@g-api.service[77488]: [pid: 77488|app: 0|req: 3/4] 127.0.0.1 () {40 vars in 875 bytes} [Wed Jul 22 20:29:39 2026] PUT /v2/images/36543c2a-70aa-4e05-bb91-fc14ca93a149/file => generated 0 bytes in 1664 msecs (HTTP/1.1 204) 4 headers in 171 bytes (1 switches on core 0)
Jul 22 20:29:41 devstack devstack@g-api.service[77487]: DEBUG glance.api.middleware.version_negotiation [None req-272aa7eb-70de-4dc4-b385-5f9a11d01bbb admin admin] Determining version of request: GET /v2/images/36543c2a-70aa-4e05-bb91-fc14ca93a149 Accept: */* {{(pid=77487) process_request /opt/stack/glance/glance/api/middleware/version_negotiation.py:44}}
Jul 22 20:29:41 devstack devstack@g-api.service[77487]: DEBUG glance.api.middleware.version_negotiation [None req-272aa7eb-70de-4dc4-b385-5f9a11d01bbb admin admin] Using url versioning {{(pid=77487) process_request /opt/stack/glance/glance/api/middleware/version_negotiation.py:57}}
Jul 22 20:29:41 devstack devstack@g-api.service[77487]: DEBUG glance.api.middleware.version_negotiation [None req-272aa7eb-70de-4dc4-b385-5f9a11d01bbb admin admin] Matched version: v2 {{(pid=77487) process_request /opt/stack/glance/glance/api/middleware/version_negotiation.py:69}}
Jul 22 20:29:41 devstack devstack@g-api.service[77487]: DEBUG glance.api.middleware.version_negotiation [None req-272aa7eb-70de-4dc4-b385-5f9a11d01bbb admin admin] new path /v2/images/36543c2a-70aa-4e05-bb91-fc14ca93a149 {{(pid=77487) process_request /opt/stack/glance/glance/api/middleware/version_negotiation.py:70}}
Jul 22 20:29:41 devstack devstack@g-api.service[77487]: [pid: 77487|app: 0|req: 2/5] 127.0.0.1 () {36 vars in 802 bytes} [Wed Jul 22 20:29:41 2026] GET /v2/images/36543c2a-70aa-4e05-bb91-fc14ca93a149 => generated 976 bytes in 22 msecs (HTTP/1.1 200) 4 headers in 157 bytes (1 switches on core 0)
Jul 22 20:29:51 devstack devstack@g-api.service[77488]: DEBUG dbcounter [-] [77488] Writing DB stats glance:INSERT=5,glance:SELECT=16,glance:UPDATE=2 {{(pid=77488) stat_writer /opt/stack/data/venv/lib/python3.12/site-packages/dbcounter.py:115}}
Jul 22 20:29:51 devstack devstack@g-api.service[77487]: DEBUG dbcounter [-] [77487] Writing DB stats glance:INSERT=9,glance:SELECT=6 {{(pid=77487) stat_writer /opt/stack/data/venv/lib/python3.12/site-packages/dbcounter.py:115}}
Jul 22 20:30:25 devstack devstack@g-api.service[77488]: DEBUG glance.api.middleware.version_negotiation [None req-f034055b-f93a-475b-a28e-2e8384f50410 admin admin] Determining version of request: GET / Accept: application/json {{(pid=77488) process_request /opt/stack/glance/glance/api/middleware/version_negotiation.py:44}}
Jul 22 20:30:25 devstack devstack@g-api.service[77488]: DEBUG glance.api.middleware.version_negotiation [None req-f034055b-f93a-475b-a28e-2e8384f50410 admin admin] Using url versioning {{(pid=77488) process_request /opt/stack/glance/glance/api/middleware/version_negotiation.py:57}}
Jul 22 20:30:25 devstack devstack@g-api.service[77488]: DEBUG glance.api.middleware.version_negotiation [None req-f034055b-f93a-475b-a28e-2e8384f50410 admin admin] Unknown version. Returning version choices. {{(pid=77488) process_request /opt/stack/glance/glance/api/middleware/version_negotiation.py:64}}
Jul 22 20:30:25 devstack devstack@g-api.service[77488]: [pid: 77488|app: 0|req: 4/6] 127.0.0.1 () {34 vars in 519 bytes} [Wed Jul 22 20:30:25 2026] GET / => generated 1571 bytes in 3 msecs (HTTP/1.1 300) 3 headers in 106 bytes (1 switches on core 0)
Jul 22 20:30:25 devstack devstack@g-api.service[77487]: DEBUG glance.api.middleware.version_negotiation [None req-4598839f-eb32-47c5-b551-ef9896c9180b admin admin] Determining version of request: GET /v2/images Accept: application/json {{(pid=77487) process_request /opt/stack/glance/glance/api/middleware/version_negotiation.py:44}}
Jul 22 20:30:25 devstack devstack@g-api.service[77487]: DEBUG glance.api.middleware.version_negotiation [None req-4598839f-eb32-47c5-b551-ef9896c9180b admin admin] Using url versioning {{(pid=77487) process_request /opt/stack/glance/glance/api/middleware/version_negotiation.py:57}}
Jul 22 20:30:25 devstack devstack@g-api.service[77487]: DEBUG glance.api.middleware.version_negotiation [None req-4598839f-eb32-47c5-b551-ef9896c9180b admin admin] Matched version: v2 {{(pid=77487) process_request /opt/stack/glance/glance/api/middleware/version_negotiation.py:69}}
Jul 22 20:30:25 devstack devstack@g-api.service[77487]: DEBUG glance.api.middleware.version_negotiation [None req-4598839f-eb32-47c5-b551-ef9896c9180b admin admin] new path /v2/images {{(pid=77487) process_request /opt/stack/glance/glance/api/middleware/version_negotiation.py:70}}
Jul 22 20:30:25 devstack devstack@g-api.service[77487]: [pid: 77487|app: 0|req: 3/7] 127.0.0.1 () {36 vars in 741 bytes} [Wed Jul 22 20:30:25 2026] GET /v2/images => generated 1045 bytes in 90 msecs (HTTP/1.1 200) 4 headers in 158 bytes (1 switches on core 0)
Jul 22 20:30:35 devstack devstack@g-api.service[77488]: DEBUG glance.api.middleware.version_negotiation [None req-f034055b-f93a-475b-a28e-2e8384f50410 admin admin] Determining version of request: GET / Accept: application/json {{(pid=77488) process_request /opt/stack/glance/glance/api/middleware/version_negotiation.py:44}}
Jul 22 20:30:35 devstack devstack@g-api.service[77488]: DEBUG glance.api.middleware.version_negotiation [None req-f034055b-f93a-475b-a28e-2e8384f50410 admin admin] Using url versioning {{(pid=77488) process_request /opt/stack/glance/glance/api/middleware/version_negotiation.py:57}}
Jul 22 20:30:35 devstack devstack@g-api.service[77488]: DEBUG glance.api.middleware.version_negotiation [None req-f034055b-f93a-475b-a28e-2e8384f50410 admin admin] Unknown version. Returning version choices. {{(pid=77488) process_request /opt/stack/glance/glance/api/middleware/version_negotiation.py:64}}
Jul 22 20:30:35 devstack devstack@g-api.service[77488]: [pid: 77488|app: 0|req: 5/8] 127.0.0.1 () {34 vars in 519 bytes} [Wed Jul 22 20:30:35 2026] GET / => generated 1571 bytes in 3 msecs (HTTP/1.1 300) 3 headers in 106 bytes (1 switches on core 0)
Jul 22 20:30:35 devstack devstack@g-api.service[77487]: DEBUG glance.api.middleware.version_negotiation [None req-117213ae-2f41-4624-9c18-11eacc83368e admin admin] Determining version of request: GET /v2/images/36543c2a-70aa-4e05-bb91-fc14ca93a149 Accept: */* {{(pid=77487) process_request /opt/stack/glance/glance/api/middleware/version_negotiation.py:44}}
Jul 22 20:30:35 devstack devstack@g-api.service[77487]: DEBUG glance.api.middleware.version_negotiation [None req-117213ae-2f41-4624-9c18-11eacc83368e admin admin] Using url versioning {{(pid=77487) process_request /opt/stack/glance/glance/api/middleware/version_negotiation.py:57}}
Jul 22 20:30:35 devstack devstack@g-api.service[77487]: DEBUG glance.api.middleware.version_negotiation [None req-117213ae-2f41-4624-9c18-11eacc83368e admin admin] Matched version: v2 {{(pid=77487) process_request /opt/stack/glance/glance/api/middleware/version_negotiation.py:69}}
Jul 22 20:30:35 devstack devstack@g-api.service[77487]: DEBUG glance.api.middleware.version_negotiation [None req-117213ae-2f41-4624-9c18-11eacc83368e admin admin] new path /v2/images/36543c2a-70aa-4e05-bb91-fc14ca93a149 {{(pid=77487) process_request /opt/stack/glance/glance/api/middleware/version_negotiation.py:70}}
Jul 22 20:30:35 devstack devstack@g-api.service[77487]: [pid: 77487|app: 0|req: 4/9] 127.0.0.1 () {36 vars in 802 bytes} [Wed Jul 22 20:30:35 2026] GET /v2/images/36543c2a-70aa-4e05-bb91-fc14ca93a149 => generated 976 bytes in 72 msecs (HTTP/1.1 200) 4 headers in 157 bytes (1 switches on core 0)
Jul 22 20:30:41 devstack devstack@g-api.service[77488]: DEBUG glance.api.middleware.version_negotiation [None req-f034055b-f93a-475b-a28e-2e8384f50410 admin admin] Determining version of request: GET / Accept: application/json {{(pid=77488) process_request /opt/stack/glance/glance/api/middleware/version_negotiation.py:44}}
Jul 22 20:30:41 devstack devstack@g-api.service[77488]: DEBUG glance.api.middleware.version_negotiation [None req-f034055b-f93a-475b-a28e-2e8384f50410 admin admin] Using url versioning {{(pid=77488) process_request /opt/stack/glance/glance/api/middleware/version_negotiation.py:57}}
Jul 22 20:30:41 devstack devstack@g-api.service[77488]: DEBUG glance.api.middleware.version_negotiation [None req-f034055b-f93a-475b-a28e-2e8384f50410 admin admin] Unknown version. Returning version choices. {{(pid=77488) process_request /opt/stack/glance/glance/api/middleware/version_negotiation.py:64}}
Jul 22 20:30:41 devstack devstack@g-api.service[77488]: [pid: 77488|app: 0|req: 6/10] 127.0.0.1 () {34 vars in 519 bytes} [Wed Jul 22 20:30:41 2026] GET / => generated 1571 bytes in 3 msecs (HTTP/1.1 300) 3 headers in 106 bytes (1 switches on core 0)
Jul 22 20:30:41 devstack devstack@g-api.service[77487]: DEBUG glance.api.middleware.version_negotiation [None req-9f57dc32-8bdb-4584-a1af-7a5c21246ffe admin admin] Determining version of request: GET /v2/images/36543c2a-70aa-4e05-bb91-fc14ca93a149 Accept: */* {{(pid=77487) process_request /opt/stack/glance/glance/api/middleware/version_negotiation.py:44}}
Jul 22 20:30:41 devstack devstack@g-api.service[77487]: DEBUG glance.api.middleware.version_negotiation [None req-9f57dc32-8bdb-4584-a1af-7a5c21246ffe admin admin] Using url versioning {{(pid=77487) process_request /opt/stack/glance/glance/api/middleware/version_negotiation.py:57}}
Jul 22 20:30:41 devstack devstack@g-api.service[77487]: DEBUG glance.api.middleware.version_negotiation [None req-9f57dc32-8bdb-4584-a1af-7a5c21246ffe admin admin] Matched version: v2 {{(pid=77487) process_request /opt/stack/glance/glance/api/middleware/version_negotiation.py:69}}
Jul 22 20:30:41 devstack devstack@g-api.service[77487]: DEBUG glance.api.middleware.version_negotiation [None req-9f57dc32-8bdb-4584-a1af-7a5c21246ffe admin admin] new path /v2/images/36543c2a-70aa-4e05-bb91-fc14ca93a149 {{(pid=77487) process_request /opt/stack/glance/glance/api/middleware/version_negotiation.py:70}}
Jul 22 20:30:41 devstack devstack@g-api.service[77487]: [pid: 77487|app: 0|req: 5/11] 127.0.0.1 () {36 vars in 802 bytes} [Wed Jul 22 20:30:41 2026] GET /v2/images/36543c2a-70aa-4e05-bb91-fc14ca93a149 => generated 976 bytes in 75 msecs (HTTP/1.1 200) 4 headers in 157 bytes (1 switches on core 0)
Jul 22 20:30:51 devstack devstack@g-api.service[77487]: DEBUG dbcounter [-] [77487] Writing DB stats glance:SELECT=5 {{(pid=77487) stat_writer /opt/stack/data/venv/lib/python3.12/site-packages/dbcounter.py:115}}
Jul 22 20:31:57 devstack devstack@g-api.service[77488]: DEBUG glance.api.middleware.version_negotiation [None req-f034055b-f93a-475b-a28e-2e8384f50410 admin admin] Determining version of request: GET / Accept: application/json {{(pid=77488) process_request /opt/stack/glance/glance/api/middleware/version_negotiation.py:44}}
Jul 22 20:31:57 devstack devstack@g-api.service[77488]: DEBUG glance.api.middleware.version_negotiation [None req-f034055b-f93a-475b-a28e-2e8384f50410 admin admin] Using url versioning {{(pid=77488) process_request /opt/stack/glance/glance/api/middleware/version_negotiation.py:57}}
Jul 22 20:31:57 devstack devstack@g-api.service[77488]: DEBUG glance.api.middleware.version_negotiation [None req-f034055b-f93a-475b-a28e-2e8384f50410 admin admin] Unknown version. Returning version choices. {{(pid=77488) process_request /opt/stack/glance/glance/api/middleware/version_negotiation.py:64}}
Jul 22 20:31:57 devstack devstack@g-api.service[77488]: [pid: 77488|app: 0|req: 7/12] 127.0.0.1 () {36 vars in 488 bytes} [Wed Jul 22 20:31:57 2026] GET / => generated 1571 bytes in 2 msecs (HTTP/1.1 300) 3 headers in 106 bytes (1 switches on core 0)
Jul 22 20:34:52 devstack devstack@g-api.service[77487]: DEBUG glance.api.middleware.version_negotiation [None req-f70c7b3a-61ea-4be1-bb54-d3c1dd7e413c admin admin] Determining version of request: GET / Accept: application/json {{(pid=77487) process_request /opt/stack/glance/glance/api/middleware/version_negotiation.py:44}}
Jul 22 20:34:52 devstack devstack@g-api.service[77487]: DEBUG glance.api.middleware.version_negotiation [None req-f70c7b3a-61ea-4be1-bb54-d3c1dd7e413c admin admin] Using url versioning {{(pid=77487) process_request /opt/stack/glance/glance/api/middleware/version_negotiation.py:57}}
Jul 22 20:34:52 devstack devstack@g-api.service[77487]: DEBUG glance.api.middleware.version_negotiation [None req-f70c7b3a-61ea-4be1-bb54-d3c1dd7e413c admin admin] Unknown version. Returning version choices. {{(pid=77487) process_request /opt/stack/glance/glance/api/middleware/version_negotiation.py:64}}
Jul 22 20:34:52 devstack devstack@g-api.service[77487]: [pid: 77487|app: 0|req: 6/13] 127.0.0.1 () {34 vars in 505 bytes} [Wed Jul 22 20:34:52 2026] GET / => generated 1571 bytes in 3 msecs (HTTP/1.1 300) 3 headers in 106 bytes (1 switches on core 0)
Jul 22 20:34:52 devstack devstack@g-api.service[77488]: DEBUG glance.api.middleware.version_negotiation [None req-f034055b-f93a-475b-a28e-2e8384f50410 admin admin] Determining version of request: GET /v2/images/36543c2a-70aa-4e05-bb91-fc14ca93a149 Accept: */* {{(pid=77488) process_request /opt/stack/glance/glance/api/middleware/version_negotiation.py:44}}
Jul 22 20:34:52 devstack devstack@g-api.service[77488]: DEBUG glance.api.middleware.version_negotiation [None req-f034055b-f93a-475b-a28e-2e8384f50410 admin admin] Using url versioning {{(pid=77488) process_request /opt/stack/glance/glance/api/middleware/version_negotiation.py:57}}
Jul 22 20:34:52 devstack devstack@g-api.service[77488]: DEBUG glance.api.middleware.version_negotiation [None req-f034055b-f93a-475b-a28e-2e8384f50410 admin admin] Matched version: v2 {{(pid=77488) process_request /opt/stack/glance/glance/api/middleware/version_negotiation.py:69}}
Jul 22 20:34:52 devstack devstack@g-api.service[77488]: DEBUG glance.api.middleware.version_negotiation [None req-f034055b-f93a-475b-a28e-2e8384f50410 admin admin] new path /v2/images/36543c2a-70aa-4e05-bb91-fc14ca93a149 {{(pid=77488) process_request /opt/stack/glance/glance/api/middleware/version_negotiation.py:70}}
Jul 22 20:34:52 devstack devstack@g-api.service[77488]: [pid: 77488|app: 0|req: 8/14] 127.0.0.1 () {42 vars in 1061 bytes} [Wed Jul 22 20:34:52 2026] GET /v2/images/36543c2a-70aa-4e05-bb91-fc14ca93a149 => generated 976 bytes in 329 msecs (HTTP/1.1 200) 4 headers in 157 bytes (1 switches on core 0)
Jul 22 20:34:52 devstack devstack@g-api.service[77487]: DEBUG glance.api.middleware.version_negotiation [None req-f70c7b3a-61ea-4be1-bb54-d3c1dd7e413c admin admin] Determining version of request: GET /v2/schemas/image Accept: */* {{(pid=77487) process_request /opt/stack/glance/glance/api/middleware/version_negotiation.py:44}}
Jul 22 20:34:52 devstack devstack@g-api.service[77487]: DEBUG glance.api.middleware.version_negotiation [None req-f70c7b3a-61ea-4be1-bb54-d3c1dd7e413c admin admin] Using url versioning {{(pid=77487) process_request /opt/stack/glance/glance/api/middleware/version_negotiation.py:57}}
Jul 22 20:34:52 devstack devstack@g-api.service[77487]: DEBUG glance.api.middleware.version_negotiation [None req-f70c7b3a-61ea-4be1-bb54-d3c1dd7e413c admin admin] Matched version: v2 {{(pid=77487) process_request /opt/stack/glance/glance/api/middleware/version_negotiation.py:69}}
Jul 22 20:34:52 devstack devstack@g-api.service[77487]: DEBUG glance.api.middleware.version_negotiation [None req-f70c7b3a-61ea-4be1-bb54-d3c1dd7e413c admin admin] new path /v2/schemas/image {{(pid=77487) process_request /opt/stack/glance/glance/api/middleware/version_negotiation.py:70}}
Jul 22 20:34:52 devstack devstack@g-api.service[77487]: [pid: 77487|app: 0|req: 7/15] 127.0.0.1 () {42 vars in 1001 bytes} [Wed Jul 22 20:34:52 2026] GET /v2/schemas/image => generated 6083 bytes in 10 msecs (HTTP/1.1 200) 4 headers in 158 bytes (1 switches on core 0)
Jul 22 20:34:55 devstack devstack@g-api.service[77488]: DEBUG glance.api.middleware.version_negotiation [None req-41168bba-32ad-48df-a3d4-7cca0bf1fe9b tempest-ServersNegativeTestJSON-1269268184 tempest-ServersNegativeTestJSON-1269268184-project-member] Determining version of request: GET / Accept: application/json {{(pid=77488) process_request /opt/stack/glance/glance/api/middleware/version_negotiation.py:44}}
Jul 22 20:34:55 devstack devstack@g-api.service[77488]: DEBUG glance.api.middleware.version_negotiation [None req-41168bba-32ad-48df-a3d4-7cca0bf1fe9b tempest-ServersNegativeTestJSON-1269268184 tempest-ServersNegativeTestJSON-1269268184-project-member] Using url versioning {{(pid=77488) process_request /opt/stack/glance/glance/api/middleware/version_negotiation.py:57}}
Jul 22 20:34:55 devstack devstack@g-api.service[77488]: DEBUG glance.api.middleware.version_negotiation [None req-41168bba-32ad-48df-a3d4-7cca0bf1fe9b tempest-ServersNegativeTestJSON-1269268184 tempest-ServersNegativeTestJSON-1269268184-project-member] Unknown version. Returning version choices. {{(pid=77488) process_request /opt/stack/glance/glance/api/middleware/version_negotiation.py:64}}
Jul 22 20:34:55 devstack devstack@g-api.service[77488]: [pid: 77488|app: 0|req: 9/16] 127.0.0.1 () {34 vars in 505 bytes} [Wed Jul 22 20:34:55 2026] GET / => generated 1571 bytes in 4 msecs (HTTP/1.1 300) 3 headers in 106 bytes (1 switches on core 0)
Jul 22 20:34:56 devstack devstack@g-api.service[77487]: DEBUG glance.api.middleware.version_negotiation [None req-41168bba-32ad-48df-a3d4-7cca0bf1fe9b tempest-ServersNegativeTestJSON-1269268184 tempest-ServersNegativeTestJSON-1269268184-project-member] Determining version of request: GET /v2/images/36543c2a-70aa-4e05-bb91-fc14ca93a149 Accept: */* {{(pid=77487) process_request /opt/stack/glance/glance/api/middleware/version_negotiation.py:44}}
Jul 22 20:34:56 devstack devstack@g-api.service[77487]: DEBUG glance.api.middleware.version_negotiation [None req-41168bba-32ad-48df-a3d4-7cca0bf1fe9b tempest-ServersNegativeTestJSON-1269268184 tempest-ServersNegativeTestJSON-1269268184-project-member] Using url versioning {{(pid=77487) process_request /opt/stack/glance/glance/api/middleware/version_negotiation.py:57}}
Jul 22 20:34:56 devstack devstack@g-api.service[77487]: DEBUG glance.api.middleware.version_negotiation [None req-41168bba-32ad-48df-a3d4-7cca0bf1fe9b tempest-ServersNegativeTestJSON-1269268184 tempest-ServersNegativeTestJSON-1269268184-project-member] Matched version: v2 {{(pid=77487) process_request /opt/stack/glance/glance/api/middleware/version_negotiation.py:69}}
Jul 22 20:34:56 devstack devstack@g-api.service[77487]: DEBUG glance.api.middleware.version_negotiation [None req-41168bba-32ad-48df-a3d4-7cca0bf1fe9b tempest-ServersNegativeTestJSON-1269268184 tempest-ServersNegativeTestJSON-1269268184-project-member] new path /v2/images/36543c2a-70aa-4e05-bb91-fc14ca93a149 {{(pid=77487) process_request /opt/stack/glance/glance/api/middleware/version_negotiation.py:70}}
Jul 22 20:34:56 devstack devstack@g-api.service[77487]: [pid: 77487|app: 0|req: 8/17] 127.0.0.1 () {42 vars in 1061 bytes} [Wed Jul 22 20:34:56 2026] GET /v2/images/36543c2a-70aa-4e05-bb91-fc14ca93a149 => generated 976 bytes in 232 msecs (HTTP/1.1 200) 4 headers in 157 bytes (1 switches on core 0)
Jul 22 20:34:56 devstack devstack@g-api.service[77488]: DEBUG glance.api.middleware.version_negotiation [None req-41168bba-32ad-48df-a3d4-7cca0bf1fe9b tempest-ServersNegativeTestJSON-1269268184 tempest-ServersNegativeTestJSON-1269268184-project-member] Determining version of request: GET /v2/schemas/image Accept: */* {{(pid=77488) process_request /opt/stack/glance/glance/api/middleware/version_negotiation.py:44}}
Jul 22 20:34:56 devstack devstack@g-api.service[77488]: DEBUG glance.api.middleware.version_negotiation [None req-41168bba-32ad-48df-a3d4-7cca0bf1fe9b tempest-ServersNegativeTestJSON-1269268184 tempest-ServersNegativeTestJSON-1269268184-project-member] Using url versioning {{(pid=77488) process_request /opt/stack/glance/glance/api/middleware/version_negotiation.py:57}}
Jul 22 20:34:56 devstack devstack@g-api.service[77488]: DEBUG glance.api.middleware.version_negotiation [None req-41168bba-32ad-48df-a3d4-7cca0bf1fe9b tempest-ServersNegativeTestJSON-1269268184 tempest-ServersNegativeTestJSON-1269268184-project-member] Matched version: v2 {{(pid=77488) process_request /opt/stack/glance/glance/api/middleware/version_negotiation.py:69}}
Jul 22 20:34:56 devstack devstack@g-api.service[77488]: DEBUG glance.api.middleware.version_negotiation [None req-41168bba-32ad-48df-a3d4-7cca0bf1fe9b tempest-ServersNegativeTestJSON-1269268184 tempest-ServersNegativeTestJSON-1269268184-project-member] new path /v2/schemas/image {{(pid=77488) process_request /opt/stack/glance/glance/api/middleware/version_negotiation.py:70}}
Jul 22 20:34:56 devstack devstack@g-api.service[77488]: [pid: 77488|app: 0|req: 10/18] 127.0.0.1 () {42 vars in 1001 bytes} [Wed Jul 22 20:34:56 2026] GET /v2/schemas/image => generated 6083 bytes in 6 msecs (HTTP/1.1 200) 4 headers in 158 bytes (1 switches on core 0)
Jul 22 20:35:02 devstack devstack@g-api.service[77488]: DEBUG dbcounter [-] [77488] Writing DB stats glance:SELECT=2 {{(pid=77488) stat_writer /opt/stack/data/venv/lib/python3.12/site-packages/dbcounter.py:115}}
Jul 22 20:35:06 devstack devstack@g-api.service[77487]: DEBUG glance.api.middleware.version_negotiation [None req-034d75a2-5578-430d-8dde-f65512da785d tempest-DeleteServersTestJSON-645885877 tempest-DeleteServersTestJSON-645885877-project-member] Determining version of request: GET /v2/images/36543c2a-70aa-4e05-bb91-fc14ca93a149 Accept: */* {{(pid=77487) process_request /opt/stack/glance/glance/api/middleware/version_negotiation.py:44}}
Jul 22 20:35:06 devstack devstack@g-api.service[77487]: DEBUG glance.api.middleware.version_negotiation [None req-034d75a2-5578-430d-8dde-f65512da785d tempest-DeleteServersTestJSON-645885877 tempest-DeleteServersTestJSON-645885877-project-member] Using url versioning {{(pid=77487) process_request /opt/stack/glance/glance/api/middleware/version_negotiation.py:57}}
Jul 22 20:35:06 devstack devstack@g-api.service[77487]: DEBUG glance.api.middleware.version_negotiation [None req-034d75a2-5578-430d-8dde-f65512da785d tempest-DeleteServersTestJSON-645885877 tempest-DeleteServersTestJSON-645885877-project-member] Matched version: v2 {{(pid=77487) process_request /opt/stack/glance/glance/api/middleware/version_negotiation.py:69}}
Jul 22 20:35:06 devstack devstack@g-api.service[77487]: DEBUG glance.api.middleware.version_negotiation [None req-034d75a2-5578-430d-8dde-f65512da785d tempest-DeleteServersTestJSON-645885877 tempest-DeleteServersTestJSON-645885877-project-member] new path /v2/images/36543c2a-70aa-4e05-bb91-fc14ca93a149 {{(pid=77487) process_request /opt/stack/glance/glance/api/middleware/version_negotiation.py:70}}
Jul 22 20:35:06 devstack devstack@g-api.service[77487]: DEBUG dbcounter [-] [77487] Writing DB stats glance:SELECT=2 {{(pid=77487) stat_writer /opt/stack/data/venv/lib/python3.12/site-packages/dbcounter.py:115}}
Jul 22 20:35:06 devstack devstack@g-api.service[77487]: [pid: 77487|app: 0|req: 9/19] 127.0.0.1 () {42 vars in 1061 bytes} [Wed Jul 22 20:35:06 2026] GET /v2/images/36543c2a-70aa-4e05-bb91-fc14ca93a149 => generated 976 bytes in 321 msecs (HTTP/1.1 200) 4 headers in 157 bytes (1 switches on core 0)
Jul 22 20:35:06 devstack devstack@g-api.service[77488]: DEBUG glance.api.middleware.version_negotiation [None req-034d75a2-5578-430d-8dde-f65512da785d tempest-DeleteServersTestJSON-645885877 tempest-DeleteServersTestJSON-645885877-project-member] Determining version of request: GET /v2/images/36543c2a-70aa-4e05-bb91-fc14ca93a149/file Accept: */* {{(pid=77488) process_request /opt/stack/glance/glance/api/middleware/version_negotiation.py:44}}
Jul 22 20:35:06 devstack devstack@g-api.service[77488]: DEBUG glance.api.middleware.version_negotiation [None req-034d75a2-5578-430d-8dde-f65512da785d tempest-DeleteServersTestJSON-645885877 tempest-DeleteServersTestJSON-645885877-project-member] Using url versioning {{(pid=77488) process_request /opt/stack/glance/glance/api/middleware/version_negotiation.py:57}}
Jul 22 20:35:06 devstack devstack@g-api.service[77488]: DEBUG glance.api.middleware.version_negotiation [None req-034d75a2-5578-430d-8dde-f65512da785d tempest-DeleteServersTestJSON-645885877 tempest-DeleteServersTestJSON-645885877-project-member] Matched version: v2 {{(pid=77488) process_request /opt/stack/glance/glance/api/middleware/version_negotiation.py:69}}
Jul 22 20:35:06 devstack devstack@g-api.service[77488]: DEBUG glance.api.middleware.version_negotiation [None req-034d75a2-5578-430d-8dde-f65512da785d tempest-DeleteServersTestJSON-645885877 tempest-DeleteServersTestJSON-645885877-project-member] new path /v2/images/36543c2a-70aa-4e05-bb91-fc14ca93a149/file {{(pid=77488) process_request /opt/stack/glance/glance/api/middleware/version_negotiation.py:70}}
Jul 22 20:35:06 devstack devstack@g-api.service[77488]: DEBUG glance_store._drivers.filesystem [None req-41168bba-32ad-48df-a3d4-7cca0bf1fe9b tempest-ServersNegativeTestJSON-1269268184 tempest-ServersNegativeTestJSON-1269268184-project-member] Found image at /opt/stack/data/glance/images/36543c2a-70aa-4e05-bb91-fc14ca93a149. Returning in ChunkedFile. {{(pid=77488) get /opt/stack/data/venv/lib/python3.12/site-packages/glance_store/_drivers/filesystem.py:724}}
Jul 22 20:35:06 devstack devstack@g-api.service[77488]: DEBUG glance.image_cache [None req-41168bba-32ad-48df-a3d4-7cca0bf1fe9b tempest-ServersNegativeTestJSON-1269268184 tempest-ServersNegativeTestJSON-1269268184-project-member] Tee'ing image '36543c2a-70aa-4e05-bb91-fc14ca93a149' into cache {{(pid=77488) get_caching_iter /opt/stack/glance/glance/image_cache/__init__.py:356}}
Jul 22 20:35:06 devstack devstack@g-api.service[77488]: DEBUG glance.image_cache.drivers.centralized_db [None req-41168bba-32ad-48df-a3d4-7cca0bf1fe9b tempest-ServersNegativeTestJSON-1269268184 tempest-ServersNegativeTestJSON-1269268184-project-member] Fetch finished, moving '/opt/stack/data/glance/cache/incomplete/36543c2a-70aa-4e05-bb91-fc14ca93a149' to '/opt/stack/data/glance/cache/36543c2a-70aa-4e05-bb91-fc14ca93a149' {{(pid=77488) commit /opt/stack/glance/glance/image_cache/drivers/centralized_db.py:243}}
Jul 22 20:35:06 devstack devstack@g-api.service[77488]: DEBUG glance.image_cache.drivers.centralized_db [None req-41168bba-32ad-48df-a3d4-7cca0bf1fe9b tempest-ServersNegativeTestJSON-1269268184 tempest-ServersNegativeTestJSON-1269268184-project-member] Image cached successfully. {{(pid=77488) commit /opt/stack/glance/glance/image_cache/drivers/centralized_db.py:258}}
Jul 22 20:35:06 devstack devstack@g-api.service[77488]: [pid: 77488|app: 0|req: 11/20] 127.0.0.1 () {42 vars in 1071 bytes} [Wed Jul 22 20:35:06 2026] GET /v2/images/36543c2a-70aa-4e05-bb91-fc14ca93a149/file => generated 21692416 bytes in 503 msecs (HTTP/1.1 200) 4 headers in 191 bytes (338 switches on core 0)
Jul 22 20:35:07 devstack devstack@g-api.service[77487]: DEBUG glance.api.middleware.version_negotiation [None req-41168bba-32ad-48df-a3d4-7cca0bf1fe9b tempest-ServersNegativeTestJSON-1269268184 tempest-ServersNegativeTestJSON-1269268184-project-member] Determining version of request: GET /v2/images/36543c2a-70aa-4e05-bb91-fc14ca93a149 Accept: */* {{(pid=77487) process_request /opt/stack/glance/glance/api/middleware/version_negotiation.py:44}}
Jul 22 20:35:07 devstack devstack@g-api.service[77487]: DEBUG glance.api.middleware.version_negotiation [None req-41168bba-32ad-48df-a3d4-7cca0bf1fe9b tempest-ServersNegativeTestJSON-1269268184 tempest-ServersNegativeTestJSON-1269268184-project-member] Using url versioning {{(pid=77487) process_request /opt/stack/glance/glance/api/middleware/version_negotiation.py:57}}
Jul 22 20:35:07 devstack devstack@g-api.service[77487]: DEBUG glance.api.middleware.version_negotiation [None req-41168bba-32ad-48df-a3d4-7cca0bf1fe9b tempest-ServersNegativeTestJSON-1269268184 tempest-ServersNegativeTestJSON-1269268184-project-member] Matched version: v2 {{(pid=77487) process_request /opt/stack/glance/glance/api/middleware/version_negotiation.py:69}}
Jul 22 20:35:07 devstack devstack@g-api.service[77487]: DEBUG glance.api.middleware.version_negotiation [None req-41168bba-32ad-48df-a3d4-7cca0bf1fe9b tempest-ServersNegativeTestJSON-1269268184 tempest-ServersNegativeTestJSON-1269268184-project-member] new path /v2/images/36543c2a-70aa-4e05-bb91-fc14ca93a149 {{(pid=77487) process_request /opt/stack/glance/glance/api/middleware/version_negotiation.py:70}}
Jul 22 20:35:07 devstack devstack@g-api.service[77487]: [pid: 77487|app: 0|req: 10/21] 127.0.0.1 () {42 vars in 1061 bytes} [Wed Jul 22 20:35:07 2026] GET /v2/images/36543c2a-70aa-4e05-bb91-fc14ca93a149 => generated 976 bytes in 24 msecs (HTTP/1.1 200) 4 headers in 157 bytes (1 switches on core 0)
Jul 22 20:35:07 devstack devstack@g-api.service[77488]: DEBUG glance.api.middleware.version_negotiation [None req-41168bba-32ad-48df-a3d4-7cca0bf1fe9b tempest-ServersNegativeTestJSON-1269268184 tempest-ServersNegativeTestJSON-1269268184-project-member] Determining version of request: GET /v2/schemas/image Accept: */* {{(pid=77488) process_request /opt/stack/glance/glance/api/middleware/version_negotiation.py:44}}
Jul 22 20:35:07 devstack devstack@g-api.service[77488]: DEBUG glance.api.middleware.version_negotiation [None req-41168bba-32ad-48df-a3d4-7cca0bf1fe9b tempest-ServersNegativeTestJSON-1269268184 tempest-ServersNegativeTestJSON-1269268184-project-member] Using url versioning {{(pid=77488) process_request /opt/stack/glance/glance/api/middleware/version_negotiation.py:57}}
Jul 22 20:35:07 devstack devstack@g-api.service[77488]: DEBUG glance.api.middleware.version_negotiation [None req-41168bba-32ad-48df-a3d4-7cca0bf1fe9b tempest-ServersNegativeTestJSON-1269268184 tempest-ServersNegativeTestJSON-1269268184-project-member] Matched version: v2 {{(pid=77488) process_request /opt/stack/glance/glance/api/middleware/version_negotiation.py:69}}
Jul 22 20:35:07 devstack devstack@g-api.service[77488]: DEBUG glance.api.middleware.version_negotiation [None req-41168bba-32ad-48df-a3d4-7cca0bf1fe9b tempest-ServersNegativeTestJSON-1269268184 tempest-ServersNegativeTestJSON-1269268184-project-member] new path /v2/schemas/image {{(pid=77488) process_request /opt/stack/glance/glance/api/middleware/version_negotiation.py:70}}
Jul 22 20:35:07 devstack devstack@g-api.service[77488]: [pid: 77488|app: 0|req: 12/22] 127.0.0.1 () {42 vars in 1001 bytes} [Wed Jul 22 20:35:07 2026] GET /v2/schemas/image => generated 6083 bytes in 9 msecs (HTTP/1.1 200) 4 headers in 158 bytes (1 switches on core 0)
Jul 22 20:35:16 devstack devstack@g-api.service[77488]: DEBUG dbcounter [-] [77488] Writing DB stats glance:SELECT=5,glance:INSERT=1 {{(pid=77488) stat_writer /opt/stack/data/venv/lib/python3.12/site-packages/dbcounter.py:115}}
Jul 22 20:35:17 devstack devstack@g-api.service[77487]: DEBUG dbcounter [-] [77487] Writing DB stats glance:SELECT=4 {{(pid=77487) stat_writer /opt/stack/data/venv/lib/python3.12/site-packages/dbcounter.py:115}}
Jul 22 20:35:19 devstack devstack@g-api.service[77487]: DEBUG glance.api.middleware.version_negotiation [None req-41168bba-32ad-48df-a3d4-7cca0bf1fe9b tempest-ServersNegativeTestJSON-1269268184 tempest-ServersNegativeTestJSON-1269268184-project-member] Determining version of request: GET /v2/images/36543c2a-70aa-4e05-bb91-fc14ca93a149 Accept: */* {{(pid=77487) process_request /opt/stack/glance/glance/api/middleware/version_negotiation.py:44}}
Jul 22 20:35:19 devstack devstack@g-api.service[77487]: DEBUG glance.api.middleware.version_negotiation [None req-41168bba-32ad-48df-a3d4-7cca0bf1fe9b tempest-ServersNegativeTestJSON-1269268184 tempest-ServersNegativeTestJSON-1269268184-project-member] Using url versioning {{(pid=77487) process_request /opt/stack/glance/glance/api/middleware/version_negotiation.py:57}}
Jul 22 20:35:19 devstack devstack@g-api.service[77487]: DEBUG glance.api.middleware.version_negotiation [None req-41168bba-32ad-48df-a3d4-7cca0bf1fe9b tempest-ServersNegativeTestJSON-1269268184 tempest-ServersNegativeTestJSON-1269268184-project-member] Matched version: v2 {{(pid=77487) process_request /opt/stack/glance/glance/api/middleware/version_negotiation.py:69}}
Jul 22 20:35:19 devstack devstack@g-api.service[77487]: DEBUG glance.api.middleware.version_negotiation [None req-41168bba-32ad-48df-a3d4-7cca0bf1fe9b tempest-ServersNegativeTestJSON-1269268184 tempest-ServersNegativeTestJSON-1269268184-project-member] new path /v2/images/36543c2a-70aa-4e05-bb91-fc14ca93a149 {{(pid=77487) process_request /opt/stack/glance/glance/api/middleware/version_negotiation.py:70}}
Jul 22 20:35:19 devstack devstack@g-api.service[77487]: [pid: 77487|app: 0|req: 11/23] 127.0.0.1 () {42 vars in 1061 bytes} [Wed Jul 22 20:35:19 2026] GET /v2/images/36543c2a-70aa-4e05-bb91-fc14ca93a149 => generated 976 bytes in 39 msecs (HTTP/1.1 200) 4 headers in 157 bytes (1 switches on core 0)
Jul 22 20:35:19 devstack devstack@g-api.service[77488]: DEBUG glance.api.middleware.version_negotiation [None req-41168bba-32ad-48df-a3d4-7cca0bf1fe9b tempest-ServersNegativeTestJSON-1269268184 tempest-ServersNegativeTestJSON-1269268184-project-member] Determining version of request: GET /v2/schemas/image Accept: */* {{(pid=77488) process_request /opt/stack/glance/glance/api/middleware/version_negotiation.py:44}}
Jul 22 20:35:19 devstack devstack@g-api.service[77488]: DEBUG glance.api.middleware.version_negotiation [None req-41168bba-32ad-48df-a3d4-7cca0bf1fe9b tempest-ServersNegativeTestJSON-1269268184 tempest-ServersNegativeTestJSON-1269268184-project-member] Using url versioning {{(pid=77488) process_request /opt/stack/glance/glance/api/middleware/version_negotiation.py:57}}
Jul 22 20:35:19 devstack devstack@g-api.service[77488]: DEBUG glance.api.middleware.version_negotiation [None req-41168bba-32ad-48df-a3d4-7cca0bf1fe9b tempest-ServersNegativeTestJSON-1269268184 tempest-ServersNegativeTestJSON-1269268184-project-member] Matched version: v2 {{(pid=77488) process_request /opt/stack/glance/glance/api/middleware/version_negotiation.py:69}}
Jul 22 20:35:19 devstack devstack@g-api.service[77488]: DEBUG glance.api.middleware.version_negotiation [None req-41168bba-32ad-48df-a3d4-7cca0bf1fe9b tempest-ServersNegativeTestJSON-1269268184 tempest-ServersNegativeTestJSON-1269268184-project-member] new path /v2/schemas/image {{(pid=77488) process_request /opt/stack/glance/glance/api/middleware/version_negotiation.py:70}}
Jul 22 20:35:19 devstack devstack@g-api.service[77488]: [pid: 77488|app: 0|req: 13/24] 127.0.0.1 () {42 vars in 1001 bytes} [Wed Jul 22 20:35:19 2026] GET /v2/schemas/image => generated 6083 bytes in 14 msecs (HTTP/1.1 200) 4 headers in 158 bytes (1 switches on core 0)
Jul 22 20:35:29 devstack devstack@g-api.service[77487]: DEBUG dbcounter [-] [77487] Writing DB stats glance:SELECT=2 {{(pid=77487) stat_writer /opt/stack/data/venv/lib/python3.12/site-packages/dbcounter.py:115}}
Jul 22 20:35:32 devstack devstack@g-api.service[77487]: DEBUG glance.api.middleware.version_negotiation [None req-6d7d06cb-8eb8-42cf-8d3c-1cc703455f64 tempest-VolumesAdminNegativeTest-587447734 tempest-VolumesAdminNegativeTest-587447734-project-member] Determining version of request: GET /v2/images/36543c2a-70aa-4e05-bb91-fc14ca93a149 Accept: */* {{(pid=77487) process_request /opt/stack/glance/glance/api/middleware/version_negotiation.py:44}}
