Jun 18 13:07:58 devstack cinder-volume[92056]: DEBUG oslo_concurrency.processutils [None req-945f2029-d09f-4adb-8d4a-2a07194efd23 tempest-VolumesDeleteCascade-1375846200 None] Running cmd (subprocess): sudo cinder-rootwrap /etc/cinder/rootwrap.conf truncate -s0 /opt/stack/data/cinder/mnt/7c520bb9e45c69f3a573efbbaf765f57/volume-56c4fe04-ae8d-425d-af32-d41dd39b387a.info {{(pid=92056) execute /opt/stack/data/venv/lib/python3.12/site-packages/oslo_concurrency/processutils.py:440}}
Jun 18 13:07:58 devstack sudo[98174]: quobyte : PWD=/ ; USER=root ; COMMAND=/opt/stack/data/venv/bin/cinder-rootwrap /etc/cinder/rootwrap.conf truncate -s0 /opt/stack/data/cinder/mnt/7c520bb9e45c69f3a573efbbaf765f57/volume-56c4fe04-ae8d-425d-af32-d41dd39b387a.info
Jun 18 13:07:58 devstack sudo[98174]: pam_unix(sudo:session): session opened for user root(uid=0) by (uid=1000)
Jun 18 13:07:59 devstack sudo[98174]: pam_unix(sudo:session): session closed for user root
Jun 18 13:07:59 devstack cinder-volume[92056]: DEBUG oslo_concurrency.processutils [None req-945f2029-d09f-4adb-8d4a-2a07194efd23 tempest-VolumesDeleteCascade-1375846200 None] CMD "sudo cinder-rootwrap /etc/cinder/rootwrap.conf truncate -s0 /opt/stack/data/cinder/mnt/7c520bb9e45c69f3a573efbbaf765f57/volume-56c4fe04-ae8d-425d-af32-d41dd39b387a.info" returned: 0 in 0.661s {{(pid=92056) execute /opt/stack/data/venv/lib/python3.12/site-packages/oslo_concurrency/processutils.py:468}}
Jun 18 13:07:59 devstack cinder-volume[92056]: WARNING cinder.volume.drivers.remotefs [None req-945f2029-d09f-4adb-8d4a-2a07194efd23 tempest-VolumesDeleteCascade-1375846200 None] /opt/stack/data/cinder/mnt/7c520bb9e45c69f3a573efbbaf765f57/volume-56c4fe04-ae8d-425d-af32-d41dd39b387a.info is being set with open permissions: ugo+rw
Jun 18 13:07:59 devstack cinder-volume[92056]: DEBUG oslo_concurrency.processutils [None req-945f2029-d09f-4adb-8d4a-2a07194efd23 tempest-VolumesDeleteCascade-1375846200 None] Running cmd (subprocess): sudo cinder-rootwrap /etc/cinder/rootwrap.conf chmod ugo+rw /opt/stack/data/cinder/mnt/7c520bb9e45c69f3a573efbbaf765f57/volume-56c4fe04-ae8d-425d-af32-d41dd39b387a.info {{(pid=92056) execute /opt/stack/data/venv/lib/python3.12/site-packages/oslo_concurrency/processutils.py:440}}
Jun 18 13:07:59 devstack sudo[98177]: quobyte : PWD=/ ; USER=root ; COMMAND=/opt/stack/data/venv/bin/cinder-rootwrap /etc/cinder/rootwrap.conf chmod ugo+rw /opt/stack/data/cinder/mnt/7c520bb9e45c69f3a573efbbaf765f57/volume-56c4fe04-ae8d-425d-af32-d41dd39b387a.info
Jun 18 13:07:59 devstack sudo[98177]: pam_unix(sudo:session): session opened for user root(uid=0) by (uid=1000)
Jun 18 13:08:00 devstack sudo[98177]: pam_unix(sudo:session): session closed for user root
Jun 18 13:08:00 devstack cinder-volume[92056]: DEBUG oslo_concurrency.processutils [None req-945f2029-d09f-4adb-8d4a-2a07194efd23 tempest-VolumesDeleteCascade-1375846200 None] CMD "sudo cinder-rootwrap /etc/cinder/rootwrap.conf chmod ugo+rw /opt/stack/data/cinder/mnt/7c520bb9e45c69f3a573efbbaf765f57/volume-56c4fe04-ae8d-425d-af32-d41dd39b387a.info" returned: 0 in 0.664s {{(pid=92056) execute /opt/stack/data/venv/lib/python3.12/site-packages/oslo_concurrency/processutils.py:468}}
Jun 18 13:08:00 devstack cinder-volume[92056]: DEBUG oslo_concurrency.lockutils [None req-945f2029-d09f-4adb-8d4a-2a07194efd23 tempest-VolumesDeleteCascade-1375846200 None] Lock "quobyte" "released" by "cinder.volume.drivers.quobyte.QuobyteDriver.create_snapshot" :: held 5.144s {{(pid=92056) inner /opt/stack/data/venv/lib/python3.12/site-packages/oslo_concurrency/lockutils.py:543}}
Jun 18 13:08:00 devstack cinder-volume[92056]: DEBUG oslo_concurrency.lockutils [None req-24fc5441-90f1-4dd9-9fe6-8ae87ebd57ba tempest-AttachVolumeShelveTestJSON-1826297876 None] Lock "quobyte" acquired by "cinder.volume.drivers.quobyte.QuobyteDriver.create_volume" :: waited 3.174s {{(pid=92056) inner /opt/stack/data/venv/lib/python3.12/site-packages/oslo_concurrency/lockutils.py:524}}
Jun 18 13:08:00 devstack cinder-volume[92056]: DEBUG cinder.volume.drivers.quobyte [None req-24fc5441-90f1-4dd9-9fe6-8ae87ebd57ba tempest-AttachVolumeShelveTestJSON-1826297876 None] ==> create_volume: call "{'self': , 'volume': Volume(_name_id=None,admin_metadata=,attach_status='detached',availability_zone='nova',bootable=False,cluster=,cluster_name=None,consistencygroup=,consistencygroup_id=None,created_at=2026-06-18T11:07:56Z,deleted=False,deleted_at=None,display_description=None,display_name='tempest-AttachVolumeShelveTestJSON-volume-594946729',ec2_id=None,encryption_key_id=None,glance_metadata=,group=,group_id=None,host='devstack@QuobyteHD#QuobyteHD',id=5bddf9ac-66c0-4322-955a-942a43a8a78b,launched_at=None,metadata={},migration_status=None,multiattach=False,previous_status=None,project_id='92ec07608f544a01a5c5ec18d614d7b3',provider_auth=None,provider_geometry=None,provider_id=None,provider_location=None,replication_driver_data=None,replication_extended_status=None,replication_status=None,scheduled_at=2026-06-18T11:07:57Z,service_uuid=None,shared_targets=True,size=1,snapshot_id=None,snapshots=,source_volid=None,status='creating',terminated_at=None,updated_at=2026-06-18T11:07:57Z,use_quota=True,user_id='579d289b8f004b2a9ccc4ab2a0f430fd',volume_attachment=VolumeAttachmentList,volume_type=VolumeType(0b0c395a-767c-4c8a-b6a5-3bdbd3a3057d),volume_type_id=0b0c395a-767c-4c8a-b6a5-3bdbd3a3057d)}" {{(pid=92056) trace_logging_wrapper /opt/stack/cinder/cinder/volume/volume_utils.py:1497}}
Jun 18 13:08:00 devstack cinder-volume[92056]: DEBUG cinder.volume.drivers.remotefs [None req-24fc5441-90f1-4dd9-9fe6-8ae87ebd57ba tempest-AttachVolumeShelveTestJSON-1826297876 None] Creating volume 5bddf9ac-66c0-4322-955a-942a43a8a78b {{(pid=92056) create_volume /opt/stack/cinder/cinder/volume/drivers/remotefs.py:292}}
Jun 18 13:08:00 devstack cinder-volume[92056]: DEBUG oslo_concurrency.lockutils [None req-24fc5441-90f1-4dd9-9fe6-8ae87ebd57ba tempest-AttachVolumeShelveTestJSON-1826297876 None] Acquiring lock "quobyte_ensure" by "cinder.volume.drivers.quobyte.QuobyteDriver._ensure_shares_mounted" {{(pid=92056) inner /opt/stack/data/venv/lib/python3.12/site-packages/oslo_concurrency/lockutils.py:511}}
Jun 18 13:08:00 devstack cinder-volume[92056]: DEBUG oslo_concurrency.lockutils [None req-24fc5441-90f1-4dd9-9fe6-8ae87ebd57ba tempest-AttachVolumeShelveTestJSON-1826297876 None] Lock "quobyte_ensure" acquired by "cinder.volume.drivers.quobyte.QuobyteDriver._ensure_shares_mounted" :: waited 0.000s {{(pid=92056) inner /opt/stack/data/venv/lib/python3.12/site-packages/oslo_concurrency/lockutils.py:524}}
Jun 18 13:08:00 devstack cinder-volume[92056]: DEBUG cinder.volume.drivers.quobyte [None req-24fc5441-90f1-4dd9-9fe6-8ae87ebd57ba tempest-AttachVolumeShelveTestJSON-1826297876 None] Quobyte Volume URL set to: {'osci02.corp.quobyte.com/cinder-vol-13e28580-b353-4a38-a01c-0e608e9007ec': None} {{(pid=92056) _load_shares_config /opt/stack/cinder/cinder/volume/drivers/quobyte.py:617}}
Jun 18 13:08:00 devstack cinder-volume[92056]: DEBUG cinder.volume.drivers.quobyte [None req-24fc5441-90f1-4dd9-9fe6-8ae87ebd57ba tempest-AttachVolumeShelveTestJSON-1826297876 None] Available shares ['osci02.corp.quobyte.com/cinder-vol-13e28580-b353-4a38-a01c-0e608e9007ec'] {{(pid=92056) _ensure_shares_mounted /opt/stack/cinder/cinder/volume/drivers/quobyte.py:647}}
Jun 18 13:08:00 devstack cinder-volume[92056]: DEBUG oslo_concurrency.lockutils [None req-24fc5441-90f1-4dd9-9fe6-8ae87ebd57ba tempest-AttachVolumeShelveTestJSON-1826297876 None] Lock "quobyte_ensure" "released" by "cinder.volume.drivers.quobyte.QuobyteDriver._ensure_shares_mounted" :: held 0.005s {{(pid=92056) inner /opt/stack/data/venv/lib/python3.12/site-packages/oslo_concurrency/lockutils.py:543}}
Jun 18 13:08:00 devstack cinder-volume[92056]: DEBUG cinder.volume.drivers.quobyte [None req-24fc5441-90f1-4dd9-9fe6-8ae87ebd57ba tempest-AttachVolumeShelveTestJSON-1826297876 None] Selected osci02.corp.quobyte.com/cinder-vol-13e28580-b353-4a38-a01c-0e608e9007ec as target Quobyte volume. {{(pid=92056) _find_share /opt/stack/cinder/cinder/volume/drivers/quobyte.py:668}}
Jun 18 13:08:00 devstack cinder-volume[92056]: INFO cinder.volume.drivers.remotefs [None req-24fc5441-90f1-4dd9-9fe6-8ae87ebd57ba tempest-AttachVolumeShelveTestJSON-1826297876 None] casted to osci02.corp.quobyte.com/cinder-vol-13e28580-b353-4a38-a01c-0e608e9007ec
Jun 18 13:08:00 devstack cinder-volume[92056]: DEBUG oslo_concurrency.processutils [None req-24fc5441-90f1-4dd9-9fe6-8ae87ebd57ba tempest-AttachVolumeShelveTestJSON-1826297876 None] Running cmd (subprocess): sudo cinder-rootwrap /etc/cinder/rootwrap.conf qemu-img create -f qcow2 -o preallocation=metadata /opt/stack/data/cinder/mnt/7c520bb9e45c69f3a573efbbaf765f57/volume-5bddf9ac-66c0-4322-955a-942a43a8a78b 1073741824 {{(pid=92056) execute /opt/stack/data/venv/lib/python3.12/site-packages/oslo_concurrency/processutils.py:440}}
Jun 18 13:08:00 devstack sudo[98180]: quobyte : PWD=/ ; USER=root ; COMMAND=/opt/stack/data/venv/bin/cinder-rootwrap /etc/cinder/rootwrap.conf qemu-img create -f qcow2 -o preallocation=metadata /opt/stack/data/cinder/mnt/7c520bb9e45c69f3a573efbbaf765f57/volume-5bddf9ac-66c0-4322-955a-942a43a8a78b 1073741824
Jun 18 13:08:00 devstack sudo[98180]: pam_unix(sudo:session): session opened for user root(uid=0) by (uid=1000)
Jun 18 13:08:00 devstack cinder-volume[92056]: INFO cinder.volume.manager [None req-945f2029-d09f-4adb-8d4a-2a07194efd23 tempest-VolumesDeleteCascade-1375846200 None] Create snapshot completed successfully
Jun 18 13:08:01 devstack sudo[98180]: pam_unix(sudo:session): session closed for user root
Jun 18 13:08:01 devstack cinder-volume[92056]: DEBUG oslo_concurrency.processutils [None req-24fc5441-90f1-4dd9-9fe6-8ae87ebd57ba tempest-AttachVolumeShelveTestJSON-1826297876 None] CMD "sudo cinder-rootwrap /etc/cinder/rootwrap.conf qemu-img create -f qcow2 -o preallocation=metadata /opt/stack/data/cinder/mnt/7c520bb9e45c69f3a573efbbaf765f57/volume-5bddf9ac-66c0-4322-955a-942a43a8a78b 1073741824" returned: 0 in 0.836s {{(pid=92056) execute /opt/stack/data/venv/lib/python3.12/site-packages/oslo_concurrency/processutils.py:468}}
Jun 18 13:08:01 devstack cinder-volume[92056]: DEBUG oslo_concurrency.processutils [None req-24fc5441-90f1-4dd9-9fe6-8ae87ebd57ba tempest-AttachVolumeShelveTestJSON-1826297876 None] Running cmd (subprocess): sudo cinder-rootwrap /etc/cinder/rootwrap.conf chmod ugo+rw /opt/stack/data/cinder/mnt/7c520bb9e45c69f3a573efbbaf765f57/volume-5bddf9ac-66c0-4322-955a-942a43a8a78b {{(pid=92056) execute /opt/stack/data/venv/lib/python3.12/site-packages/oslo_concurrency/processutils.py:440}}
Jun 18 13:08:01 devstack sudo[98186]: quobyte : PWD=/ ; USER=root ; COMMAND=/opt/stack/data/venv/bin/cinder-rootwrap /etc/cinder/rootwrap.conf chmod ugo+rw /opt/stack/data/cinder/mnt/7c520bb9e45c69f3a573efbbaf765f57/volume-5bddf9ac-66c0-4322-955a-942a43a8a78b
Jun 18 13:08:01 devstack sudo[98186]: pam_unix(sudo:session): session opened for user root(uid=0) by (uid=1000)
Jun 18 13:08:01 devstack cinder-volume[92056]: DEBUG oslo_concurrency.lockutils [None req-d905e430-1baa-4e83-b11a-55e2846eb6bf tempest-VolumesDeleteCascade-1375846200 None] Acquiring lock "quobyte" by "cinder.volume.drivers.quobyte.QuobyteDriver.create_snapshot" {{(pid=92056) inner /opt/stack/data/venv/lib/python3.12/site-packages/oslo_concurrency/lockutils.py:511}}
Jun 18 13:08:01 devstack sudo[98186]: pam_unix(sudo:session): session closed for user root
Jun 18 13:08:01 devstack cinder-volume[92056]: DEBUG oslo_concurrency.processutils [None req-24fc5441-90f1-4dd9-9fe6-8ae87ebd57ba tempest-AttachVolumeShelveTestJSON-1826297876 None] CMD "sudo cinder-rootwrap /etc/cinder/rootwrap.conf chmod ugo+rw /opt/stack/data/cinder/mnt/7c520bb9e45c69f3a573efbbaf765f57/volume-5bddf9ac-66c0-4322-955a-942a43a8a78b" returned: 0 in 0.650s {{(pid=92056) execute /opt/stack/data/venv/lib/python3.12/site-packages/oslo_concurrency/processutils.py:468}}
Jun 18 13:08:01 devstack cinder-volume[92056]: DEBUG cinder.volume.drivers.quobyte [None req-24fc5441-90f1-4dd9-9fe6-8ae87ebd57ba tempest-AttachVolumeShelveTestJSON-1826297876 None] <== create_volume: return (1523ms) {'provider_location': 'osci02.corp.quobyte.com/cinder-vol-13e28580-b353-4a38-a01c-0e608e9007ec'} {{(pid=92056) trace_logging_wrapper /opt/stack/cinder/cinder/volume/volume_utils.py:1522}}
Jun 18 13:08:01 devstack cinder-volume[92056]: DEBUG oslo_concurrency.lockutils [None req-24fc5441-90f1-4dd9-9fe6-8ae87ebd57ba tempest-AttachVolumeShelveTestJSON-1826297876 None] Lock "quobyte" "released" by "cinder.volume.drivers.quobyte.QuobyteDriver.create_volume" :: held 1.526s {{(pid=92056) inner /opt/stack/data/venv/lib/python3.12/site-packages/oslo_concurrency/lockutils.py:543}}
Jun 18 13:08:01 devstack cinder-volume[92056]: DEBUG oslo_concurrency.lockutils [None req-d905e430-1baa-4e83-b11a-55e2846eb6bf tempest-VolumesDeleteCascade-1375846200 None] Lock "quobyte" acquired by "cinder.volume.drivers.quobyte.QuobyteDriver.create_snapshot" :: waited 0.196s {{(pid=92056) inner /opt/stack/data/venv/lib/python3.12/site-packages/oslo_concurrency/lockutils.py:524}}
Jun 18 13:08:01 devstack cinder-volume[92056]: DEBUG cinder.volume.drivers.remotefs [None req-d905e430-1baa-4e83-b11a-55e2846eb6bf tempest-VolumesDeleteCascade-1375846200 None] Creating offline snapshot de7bd61b-5343-4c6f-90f6-849c1f389f0b of volume 56c4fe04-ae8d-425d-af32-d41dd39b387a {{(pid=92056) _create_snapshot /opt/stack/cinder/cinder/volume/drivers/remotefs.py:1816}}
Jun 18 13:08:01 devstack cinder-volume[92056]: DEBUG cinder.volume.manager [None req-24fc5441-90f1-4dd9-9fe6-8ae87ebd57ba tempest-AttachVolumeShelveTestJSON-1826297876 None] Task 'cinder.volume.flows.manager.create_volume.CreateVolumeFromSpecTask;volume:create' (db8e446b-8b96-493a-88d7-ce4a52f3f993) transitioned into state 'SUCCESS' from state 'RUNNING' with result '{'status': 'creating', 'volume_name': 'volume-5bddf9ac-66c0-4322-955a-942a43a8a78b', 'volume_size': 1}' {{(pid=92056) _task_receiver /opt/stack/data/venv/lib/python3.12/site-packages/taskflow/listeners/logging.py:218}}
Jun 18 13:08:01 devstack cinder-volume[92056]: DEBUG cinder.volume.manager [None req-24fc5441-90f1-4dd9-9fe6-8ae87ebd57ba tempest-AttachVolumeShelveTestJSON-1826297876 None] Task 'cinder.volume.flows.manager.create_volume.CreateVolumeOnFinishTask;volume:create, create.end' (534ebbf4-7e24-4bdd-bc66-7ca957a31407) transitioned into state 'RUNNING' from state 'PENDING' {{(pid=92056) _task_receiver /opt/stack/data/venv/lib/python3.12/site-packages/taskflow/listeners/logging.py:242}}
Jun 18 13:08:01 devstack cinder-volume[92056]: DEBUG oslo.privsep.daemon [-] privsep: reply[9a683480-763e-4310-ad63-139214968ba7]: (4, 'qcow2') {{(pid=93313) _call_back /opt/stack/data/venv/lib/python3.12/site-packages/oslo_privsep/daemon.py:580}}
Jun 18 13:08:01 devstack cinder-volume[92056]: DEBUG oslo_concurrency.processutils [None req-d905e430-1baa-4e83-b11a-55e2846eb6bf tempest-VolumesDeleteCascade-1375846200 None] Running cmd (subprocess): /opt/stack/data/venv/bin/python3.12 -m oslo_concurrency.prlimit --as=1073741824 --cpu=60 -- sudo cinder-rootwrap /etc/cinder/rootwrap.conf env LC_ALL=C qemu-img info -f qcow2 --output=json --force-share /opt/stack/data/cinder/mnt/7c520bb9e45c69f3a573efbbaf765f57/volume-56c4fe04-ae8d-425d-af32-d41dd39b387a.5cd82bdf-6edc-4725-9166-40bf32fc17aa {{(pid=92056) execute /opt/stack/data/venv/lib/python3.12/site-packages/oslo_concurrency/processutils.py:440}}
Jun 18 13:08:01 devstack cinder-volume[92056]: INFO cinder.volume.flows.manager.create_volume [None req-24fc5441-90f1-4dd9-9fe6-8ae87ebd57ba tempest-AttachVolumeShelveTestJSON-1826297876 None] Volume volume-5bddf9ac-66c0-4322-955a-942a43a8a78b (5bddf9ac-66c0-4322-955a-942a43a8a78b): created successfully
Jun 18 13:08:01 devstack cinder-volume[92056]: DEBUG cinder.volume.manager [None req-24fc5441-90f1-4dd9-9fe6-8ae87ebd57ba tempest-AttachVolumeShelveTestJSON-1826297876 None] Task 'cinder.volume.flows.manager.create_volume.CreateVolumeOnFinishTask;volume:create, create.end' (534ebbf4-7e24-4bdd-bc66-7ca957a31407) transitioned into state 'SUCCESS' from state 'RUNNING' with result 'None' {{(pid=92056) _task_receiver /opt/stack/data/venv/lib/python3.12/site-packages/taskflow/listeners/logging.py:218}}
Jun 18 13:08:01 devstack cinder-volume[92056]: DEBUG cinder.volume.manager [None req-24fc5441-90f1-4dd9-9fe6-8ae87ebd57ba tempest-AttachVolumeShelveTestJSON-1826297876 None] Flow 'volume_create_manager' (f7b646e9-2ace-47cf-a1bb-cbb8875c0f61) transitioned into state 'SUCCESS' from state 'RUNNING' {{(pid=92056) _flow_receiver /opt/stack/data/venv/lib/python3.12/site-packages/taskflow/listeners/logging.py:160}}
Jun 18 13:08:01 devstack cinder-volume[92056]: INFO cinder.volume.manager [None req-24fc5441-90f1-4dd9-9fe6-8ae87ebd57ba tempest-AttachVolumeShelveTestJSON-1826297876 None] Created volume successfully.
Jun 18 13:08:01 devstack sudo[98189]: quobyte : PWD=/ ; USER=root ; COMMAND=/opt/stack/data/venv/bin/cinder-rootwrap /etc/cinder/rootwrap.conf env LC_ALL=C qemu-img info -f qcow2 --output=json --force-share /opt/stack/data/cinder/mnt/7c520bb9e45c69f3a573efbbaf765f57/volume-56c4fe04-ae8d-425d-af32-d41dd39b387a.5cd82bdf-6edc-4725-9166-40bf32fc17aa
Jun 18 13:08:01 devstack sudo[98189]: pam_unix(sudo:session): session opened for user root(uid=0) by (uid=1000)
Jun 18 13:08:02 devstack sudo[98189]: pam_unix(sudo:session): session closed for user root
Jun 18 13:08:02 devstack cinder-volume[92056]: DEBUG oslo_concurrency.processutils [None req-d905e430-1baa-4e83-b11a-55e2846eb6bf tempest-VolumesDeleteCascade-1375846200 None] CMD "/opt/stack/data/venv/bin/python3.12 -m oslo_concurrency.prlimit --as=1073741824 --cpu=60 -- sudo cinder-rootwrap /etc/cinder/rootwrap.conf env LC_ALL=C qemu-img info -f qcow2 --output=json --force-share /opt/stack/data/cinder/mnt/7c520bb9e45c69f3a573efbbaf765f57/volume-56c4fe04-ae8d-425d-af32-d41dd39b387a.5cd82bdf-6edc-4725-9166-40bf32fc17aa" returned: 0 in 0.859s {{(pid=92056) execute /opt/stack/data/venv/lib/python3.12/site-packages/oslo_concurrency/processutils.py:468}}
Jun 18 13:08:02 devstack cinder-volume[92056]: DEBUG cinder.volume.drivers.remotefs [None req-d905e430-1baa-4e83-b11a-55e2846eb6bf tempest-VolumesDeleteCascade-1375846200 None] Fetching qemu-img info with special backing_file_template: (/opt/stack/data/cinder/mnt/[0-9a-f]+/)?(volume-56c4fe04-ae8d-425d-af32-d41dd39b387a(.(tmp-snap-)?[0-9a-f-]+)?|volume_from_snapshot_cache/(tmp-snap-)?[0-9a-f-]+(.(child-|parent-)[0-9a-f-]+)?)$ {{(pid=92056) _qemu_img_info_base /opt/stack/cinder/cinder/volume/drivers/remotefs.py:896}}
Jun 18 13:08:02 devstack cinder-volume[92056]: DEBUG oslo_concurrency.processutils [None req-d905e430-1baa-4e83-b11a-55e2846eb6bf tempest-VolumesDeleteCascade-1375846200 None] Running cmd (subprocess): sudo cinder-rootwrap /etc/cinder/rootwrap.conf qemu-img create -f qcow2 -o backing_file=/opt/stack/data/cinder/mnt/7c520bb9e45c69f3a573efbbaf765f57/volume-56c4fe04-ae8d-425d-af32-d41dd39b387a.5cd82bdf-6edc-4725-9166-40bf32fc17aa,backing_fmt=qcow2 /opt/stack/data/cinder/mnt/7c520bb9e45c69f3a573efbbaf765f57/volume-56c4fe04-ae8d-425d-af32-d41dd39b387a.de7bd61b-5343-4c6f-90f6-849c1f389f0b 1G {{(pid=92056) execute /opt/stack/data/venv/lib/python3.12/site-packages/oslo_concurrency/processutils.py:440}}
Jun 18 13:08:02 devstack sudo[98207]: quobyte : PWD=/ ; USER=root ; COMMAND=/opt/stack/data/venv/bin/cinder-rootwrap /etc/cinder/rootwrap.conf qemu-img create -f qcow2 -o backing_file=/opt/stack/data/cinder/mnt/7c520bb9e45c69f3a573efbbaf765f57/volume-56c4fe04-ae8d-425d-af32-d41dd39b387a.5cd82bdf-6edc-4725-9166-40bf32fc17aa,backing_fmt=qcow2 /opt/stack/data/cinder/mnt/7c520bb9e45c69f3a573efbbaf765f57/volume-56c4fe04-ae8d-425d-af32-d41dd39b387a.de7bd61b-5343-4c6f-90f6-849c1f389f0b 1G
Jun 18 13:08:02 devstack sudo[98207]: pam_unix(sudo:session): session opened for user root(uid=0) by (uid=1000)
Jun 18 13:08:03 devstack sudo[98207]: pam_unix(sudo:session): session closed for user root
Jun 18 13:08:03 devstack cinder-volume[92056]: DEBUG oslo_concurrency.processutils [None req-d905e430-1baa-4e83-b11a-55e2846eb6bf tempest-VolumesDeleteCascade-1375846200 None] CMD "sudo cinder-rootwrap /etc/cinder/rootwrap.conf qemu-img create -f qcow2 -o backing_file=/opt/stack/data/cinder/mnt/7c520bb9e45c69f3a573efbbaf765f57/volume-56c4fe04-ae8d-425d-af32-d41dd39b387a.5cd82bdf-6edc-4725-9166-40bf32fc17aa,backing_fmt=qcow2 /opt/stack/data/cinder/mnt/7c520bb9e45c69f3a573efbbaf765f57/volume-56c4fe04-ae8d-425d-af32-d41dd39b387a.de7bd61b-5343-4c6f-90f6-849c1f389f0b 1G" returned: 0 in 1.006s {{(pid=92056) execute /opt/stack/data/venv/lib/python3.12/site-packages/oslo_concurrency/processutils.py:468}}
Jun 18 13:08:03 devstack cinder-volume[92056]: DEBUG oslo_concurrency.processutils [None req-d905e430-1baa-4e83-b11a-55e2846eb6bf tempest-VolumesDeleteCascade-1375846200 None] Running cmd (subprocess): sudo cinder-rootwrap /etc/cinder/rootwrap.conf qemu-img rebase -u -b volume-56c4fe04-ae8d-425d-af32-d41dd39b387a.5cd82bdf-6edc-4725-9166-40bf32fc17aa -F qcow2 /opt/stack/data/cinder/mnt/7c520bb9e45c69f3a573efbbaf765f57/volume-56c4fe04-ae8d-425d-af32-d41dd39b387a.de7bd61b-5343-4c6f-90f6-849c1f389f0b {{(pid=92056) execute /opt/stack/data/venv/lib/python3.12/site-packages/oslo_concurrency/processutils.py:440}}
Jun 18 13:08:03 devstack sudo[98263]: quobyte : PWD=/ ; USER=root ; COMMAND=/opt/stack/data/venv/bin/cinder-rootwrap /etc/cinder/rootwrap.conf qemu-img rebase -u -b volume-56c4fe04-ae8d-425d-af32-d41dd39b387a.5cd82bdf-6edc-4725-9166-40bf32fc17aa -F qcow2 /opt/stack/data/cinder/mnt/7c520bb9e45c69f3a573efbbaf765f57/volume-56c4fe04-ae8d-425d-af32-d41dd39b387a.de7bd61b-5343-4c6f-90f6-849c1f389f0b
Jun 18 13:08:03 devstack sudo[98263]: pam_unix(sudo:session): session opened for user root(uid=0) by (uid=1000)
Jun 18 13:08:05 devstack cinder-volume[92056]: DEBUG oslo_concurrency.processutils [None req-d905e430-1baa-4e83-b11a-55e2846eb6bf tempest-VolumesDeleteCascade-1375846200 None] CMD "sudo cinder-rootwrap /etc/cinder/rootwrap.conf qemu-img rebase -u -b volume-56c4fe04-ae8d-425d-af32-d41dd39b387a.5cd82bdf-6edc-4725-9166-40bf32fc17aa -F qcow2 /opt/stack/data/cinder/mnt/7c520bb9e45c69f3a573efbbaf765f57/volume-56c4fe04-ae8d-425d-af32-d41dd39b387a.de7bd61b-5343-4c6f-90f6-849c1f389f0b" returned: 0 in 1.359s {{(pid=92056) execute /opt/stack/data/venv/lib/python3.12/site-packages/oslo_concurrency/processutils.py:468}}
Jun 18 13:08:05 devstack cinder-volume[92056]: WARNING cinder.volume.drivers.remotefs [None req-d905e430-1baa-4e83-b11a-55e2846eb6bf tempest-VolumesDeleteCascade-1375846200 None] /opt/stack/data/cinder/mnt/7c520bb9e45c69f3a573efbbaf765f57/volume-56c4fe04-ae8d-425d-af32-d41dd39b387a.de7bd61b-5343-4c6f-90f6-849c1f389f0b is being set with open permissions: ugo+rw
Jun 18 13:08:05 devstack cinder-volume[92056]: DEBUG oslo_concurrency.processutils [None req-d905e430-1baa-4e83-b11a-55e2846eb6bf tempest-VolumesDeleteCascade-1375846200 None] Running cmd (subprocess): sudo cinder-rootwrap /etc/cinder/rootwrap.conf chmod ugo+rw /opt/stack/data/cinder/mnt/7c520bb9e45c69f3a573efbbaf765f57/volume-56c4fe04-ae8d-425d-af32-d41dd39b387a.de7bd61b-5343-4c6f-90f6-849c1f389f0b {{(pid=92056) execute /opt/stack/data/venv/lib/python3.12/site-packages/oslo_concurrency/processutils.py:440}}
Jun 18 13:08:05 devstack sudo[98263]: pam_unix(sudo:session): session closed for user root
Jun 18 13:08:05 devstack sudo[98384]: quobyte : PWD=/ ; USER=root ; COMMAND=/opt/stack/data/venv/bin/cinder-rootwrap /etc/cinder/rootwrap.conf chmod ugo+rw /opt/stack/data/cinder/mnt/7c520bb9e45c69f3a573efbbaf765f57/volume-56c4fe04-ae8d-425d-af32-d41dd39b387a.de7bd61b-5343-4c6f-90f6-849c1f389f0b
Jun 18 13:08:05 devstack sudo[98384]: pam_unix(sudo:session): session opened for user root(uid=0) by (uid=1000)
Jun 18 13:08:06 devstack sudo[98384]: pam_unix(sudo:session): session closed for user root
Jun 18 13:08:06 devstack cinder-volume[92056]: DEBUG oslo_concurrency.processutils [None req-d905e430-1baa-4e83-b11a-55e2846eb6bf tempest-VolumesDeleteCascade-1375846200 None] CMD "sudo cinder-rootwrap /etc/cinder/rootwrap.conf chmod ugo+rw /opt/stack/data/cinder/mnt/7c520bb9e45c69f3a573efbbaf765f57/volume-56c4fe04-ae8d-425d-af32-d41dd39b387a.de7bd61b-5343-4c6f-90f6-849c1f389f0b" returned: 0 in 1.244s {{(pid=92056) execute /opt/stack/data/venv/lib/python3.12/site-packages/oslo_concurrency/processutils.py:468}}
Jun 18 13:08:06 devstack cinder-volume[92056]: DEBUG oslo_concurrency.lockutils [None req-d905e430-1baa-4e83-b11a-55e2846eb6bf tempest-VolumesDeleteCascade-1375846200 None] Lock "quobyte" "released" by "cinder.volume.drivers.quobyte.QuobyteDriver.create_snapshot" :: held 4.599s {{(pid=92056) inner /opt/stack/data/venv/lib/python3.12/site-packages/oslo_concurrency/lockutils.py:543}}
Jun 18 13:08:06 devstack cinder-volume[92056]: INFO cinder.volume.manager [None req-d905e430-1baa-4e83-b11a-55e2846eb6bf tempest-VolumesDeleteCascade-1375846200 None] Create snapshot completed successfully
Jun 18 13:08:07 devstack cinder-volume[92056]: DEBUG cinder.coordination [None req-44e114e5-5d84-4a2e-b993-a97657666ce3 tempest-VolumesDeleteCascade-1375846200 None] Acquiring lock "cinder-56c4fe04-ae8d-425d-af32-d41dd39b387a-delete_volume" by "delete_volume" {{(pid=92056) __acquire /opt/stack/cinder/cinder/coordination.py:138}}
Jun 18 13:08:07 devstack cinder-volume[92056]: DEBUG cinder.coordination [None req-44e114e5-5d84-4a2e-b993-a97657666ce3 tempest-VolumesDeleteCascade-1375846200 None] Lock "cinder-56c4fe04-ae8d-425d-af32-d41dd39b387a-delete_volume" acquired by "delete_volume" :: waited 0.067s {{(pid=92056) __acquire /opt/stack/cinder/cinder/coordination.py:141}}
Jun 18 13:08:07 devstack cinder-volume[92056]: DEBUG cinder.volume.manager [None req-44e114e5-5d84-4a2e-b993-a97657666ce3 tempest-VolumesDeleteCascade-1375846200 None] Performing cascade delete. {{(pid=92056) delete_volume /opt/stack/cinder/cinder/volume/manager.py:995}}
Jun 18 13:08:07 devstack cinder-volume[92056]: DEBUG cinder.coordination [None req-44e114e5-5d84-4a2e-b993-a97657666ce3 tempest-VolumesDeleteCascade-1375846200 None] Acquiring lock "cinder-5cd82bdf-6edc-4725-9166-40bf32fc17aa-delete_snapshot" by "delete_snapshot" {{(pid=92056) __acquire /opt/stack/cinder/cinder/coordination.py:138}}
Jun 18 13:08:07 devstack cinder-volume[92056]: DEBUG cinder.coordination [None req-44e114e5-5d84-4a2e-b993-a97657666ce3 tempest-VolumesDeleteCascade-1375846200 None] Lock "cinder-5cd82bdf-6edc-4725-9166-40bf32fc17aa-delete_snapshot" acquired by "delete_snapshot" :: waited 0.033s {{(pid=92056) __acquire /opt/stack/cinder/cinder/coordination.py:141}}
Jun 18 13:08:07 devstack cinder-volume[92056]: DEBUG cinder.coordination [None req-44e114e5-5d84-4a2e-b993-a97657666ce3 tempest-VolumesDeleteCascade-1375846200 None] Acquiring lock "cinder-quobyte-56c4fe04-ae8d-425d-af32-d41dd39b387a" by "delete_snapshot" {{(pid=92056) __acquire /opt/stack/cinder/cinder/coordination.py:138}}
Jun 18 13:08:07 devstack cinder-volume[92056]: DEBUG cinder.coordination [None req-44e114e5-5d84-4a2e-b993-a97657666ce3 tempest-VolumesDeleteCascade-1375846200 None] Lock "cinder-quobyte-56c4fe04-ae8d-425d-af32-d41dd39b387a" acquired by "delete_snapshot" :: waited 0.023s {{(pid=92056) __acquire /opt/stack/cinder/cinder/coordination.py:141}}
Jun 18 13:08:07 devstack cinder-volume[92056]: DEBUG cinder.coordination [None req-44e114e5-5d84-4a2e-b993-a97657666ce3 tempest-VolumesDeleteCascade-1375846200 None] Acquiring lock "cinder-quobyte-5cd82bdf-6edc-4725-9166-40bf32fc17aa" by "_delete_snapshot" {{(pid=92056) __acquire /opt/stack/cinder/cinder/coordination.py:138}}
Jun 18 13:08:07 devstack cinder-volume[92056]: DEBUG cinder.coordination [None req-44e114e5-5d84-4a2e-b993-a97657666ce3 tempest-VolumesDeleteCascade-1375846200 None] Lock "cinder-quobyte-5cd82bdf-6edc-4725-9166-40bf32fc17aa" acquired by "_delete_snapshot" :: waited 0.028s {{(pid=92056) __acquire /opt/stack/cinder/cinder/coordination.py:141}}
Jun 18 13:08:07 devstack cinder-volume[92056]: DEBUG cinder.volume.drivers.remotefs [None req-44e114e5-5d84-4a2e-b993-a97657666ce3 tempest-VolumesDeleteCascade-1375846200 None] Deleting offline snapshot 5cd82bdf-6edc-4725-9166-40bf32fc17aa of volume 56c4fe04-ae8d-425d-af32-d41dd39b387a {{(pid=92056) _delete_snapshot /opt/stack/cinder/cinder/volume/drivers/remotefs.py:1288}}
Jun 18 13:08:07 devstack cinder-volume[92056]: DEBUG cinder.volume.drivers.remotefs [None req-44e114e5-5d84-4a2e-b993-a97657666ce3 tempest-VolumesDeleteCascade-1375846200 None] snapshot_file for this snap is: volume-56c4fe04-ae8d-425d-af32-d41dd39b387a.5cd82bdf-6edc-4725-9166-40bf32fc17aa {{(pid=92056) _delete_snapshot /opt/stack/cinder/cinder/volume/drivers/remotefs.py:1317}}
Jun 18 13:08:07 devstack cinder-volume[92056]: DEBUG oslo.privsep.daemon [-] privsep: reply[0180baa8-1dd8-48ba-b462-8df0c66b7aac]: (4, 'qcow2') {{(pid=93313) _call_back /opt/stack/data/venv/lib/python3.12/site-packages/oslo_privsep/daemon.py:580}}
Jun 18 13:08:07 devstack cinder-volume[92056]: DEBUG oslo_concurrency.processutils [None req-44e114e5-5d84-4a2e-b993-a97657666ce3 tempest-VolumesDeleteCascade-1375846200 None] Running cmd (subprocess): /opt/stack/data/venv/bin/python3.12 -m oslo_concurrency.prlimit --as=1073741824 --cpu=60 -- sudo cinder-rootwrap /etc/cinder/rootwrap.conf env LC_ALL=C qemu-img info -f qcow2 --output=json --force-share /opt/stack/data/cinder/mnt/7c520bb9e45c69f3a573efbbaf765f57/volume-56c4fe04-ae8d-425d-af32-d41dd39b387a.5cd82bdf-6edc-4725-9166-40bf32fc17aa {{(pid=92056) execute /opt/stack/data/venv/lib/python3.12/site-packages/oslo_concurrency/processutils.py:440}}
Jun 18 13:08:07 devstack sudo[98441]: quobyte : PWD=/ ; USER=root ; COMMAND=/opt/stack/data/venv/bin/cinder-rootwrap /etc/cinder/rootwrap.conf env LC_ALL=C qemu-img info -f qcow2 --output=json --force-share /opt/stack/data/cinder/mnt/7c520bb9e45c69f3a573efbbaf765f57/volume-56c4fe04-ae8d-425d-af32-d41dd39b387a.5cd82bdf-6edc-4725-9166-40bf32fc17aa
Jun 18 13:08:07 devstack sudo[98441]: pam_unix(sudo:session): session opened for user root(uid=0) by (uid=1000)
Jun 18 13:08:09 devstack sudo[98441]: pam_unix(sudo:session): session closed for user root
Jun 18 13:08:09 devstack cinder-volume[92056]: DEBUG oslo_concurrency.processutils [None req-44e114e5-5d84-4a2e-b993-a97657666ce3 tempest-VolumesDeleteCascade-1375846200 None] CMD "/opt/stack/data/venv/bin/python3.12 -m oslo_concurrency.prlimit --as=1073741824 --cpu=60 -- sudo cinder-rootwrap /etc/cinder/rootwrap.conf env LC_ALL=C qemu-img info -f qcow2 --output=json --force-share /opt/stack/data/cinder/mnt/7c520bb9e45c69f3a573efbbaf765f57/volume-56c4fe04-ae8d-425d-af32-d41dd39b387a.5cd82bdf-6edc-4725-9166-40bf32fc17aa" returned: 0 in 2.063s {{(pid=92056) execute /opt/stack/data/venv/lib/python3.12/site-packages/oslo_concurrency/processutils.py:468}}
Jun 18 13:08:09 devstack cinder-volume[92056]: DEBUG cinder.volume.drivers.remotefs [None req-44e114e5-5d84-4a2e-b993-a97657666ce3 tempest-VolumesDeleteCascade-1375846200 None] Fetching qemu-img info with special backing_file_template: (/opt/stack/data/cinder/mnt/[0-9a-f]+/)?(volume-56c4fe04-ae8d-425d-af32-d41dd39b387a(.(tmp-snap-)?[0-9a-f-]+)?|volume_from_snapshot_cache/(tmp-snap-)?[0-9a-f-]+(.(child-|parent-)[0-9a-f-]+)?)$ {{(pid=92056) _qemu_img_info_base /opt/stack/cinder/cinder/volume/drivers/remotefs.py:896}}
Jun 18 13:08:09 devstack cinder-volume[92056]: DEBUG oslo.privsep.daemon [-] privsep: reply[30116fa8-29d7-4b06-b642-555b6c864e7a]: (4, 'qcow2') {{(pid=93313) _call_back /opt/stack/data/venv/lib/python3.12/site-packages/oslo_privsep/daemon.py:580}}
Jun 18 13:08:09 devstack cinder-volume[92056]: DEBUG oslo_concurrency.processutils [None req-44e114e5-5d84-4a2e-b993-a97657666ce3 tempest-VolumesDeleteCascade-1375846200 None] Running cmd (subprocess): /opt/stack/data/venv/bin/python3.12 -m oslo_concurrency.prlimit --as=1073741824 --cpu=60 -- sudo cinder-rootwrap /etc/cinder/rootwrap.conf env LC_ALL=C qemu-img info -f qcow2 --output=json --force-share /opt/stack/data/cinder/mnt/7c520bb9e45c69f3a573efbbaf765f57/volume-56c4fe04-ae8d-425d-af32-d41dd39b387a {{(pid=92056) execute /opt/stack/data/venv/lib/python3.12/site-packages/oslo_concurrency/processutils.py:440}}
Jun 18 13:08:09 devstack sudo[98850]: quobyte : PWD=/ ; USER=root ; COMMAND=/opt/stack/data/venv/bin/cinder-rootwrap /etc/cinder/rootwrap.conf env LC_ALL=C qemu-img info -f qcow2 --output=json --force-share /opt/stack/data/cinder/mnt/7c520bb9e45c69f3a573efbbaf765f57/volume-56c4fe04-ae8d-425d-af32-d41dd39b387a
Jun 18 13:08:09 devstack sudo[98850]: pam_unix(sudo:session): session opened for user root(uid=0) by (uid=1000)
Jun 18 13:08:10 devstack sudo[98850]: pam_unix(sudo:session): session closed for user root
Jun 18 13:08:10 devstack cinder-volume[92056]: DEBUG oslo_concurrency.processutils [None req-44e114e5-5d84-4a2e-b993-a97657666ce3 tempest-VolumesDeleteCascade-1375846200 None] CMD "/opt/stack/data/venv/bin/python3.12 -m oslo_concurrency.prlimit --as=1073741824 --cpu=60 -- sudo cinder-rootwrap /etc/cinder/rootwrap.conf env LC_ALL=C qemu-img info -f qcow2 --output=json --force-share /opt/stack/data/cinder/mnt/7c520bb9e45c69f3a573efbbaf765f57/volume-56c4fe04-ae8d-425d-af32-d41dd39b387a" returned: 0 in 1.480s {{(pid=92056) execute /opt/stack/data/venv/lib/python3.12/site-packages/oslo_concurrency/processutils.py:468}}
Jun 18 13:08:11 devstack cinder-volume[92056]: DEBUG oslo.privsep.daemon [-] privsep: reply[fe051008-10ae-4d95-8d84-776ff9d1b715]: (4, 'qcow2') {{(pid=93313) _call_back /opt/stack/data/venv/lib/python3.12/site-packages/oslo_privsep/daemon.py:580}}
Jun 18 13:08:11 devstack cinder-volume[92056]: DEBUG oslo_concurrency.processutils [None req-44e114e5-5d84-4a2e-b993-a97657666ce3 tempest-VolumesDeleteCascade-1375846200 None] Running cmd (subprocess): /opt/stack/data/venv/bin/python3.12 -m oslo_concurrency.prlimit --as=1073741824 --cpu=60 -- sudo cinder-rootwrap /etc/cinder/rootwrap.conf env LC_ALL=C qemu-img info -f qcow2 --output=json --force-share /opt/stack/data/cinder/mnt/7c520bb9e45c69f3a573efbbaf765f57/volume-56c4fe04-ae8d-425d-af32-d41dd39b387a.de7bd61b-5343-4c6f-90f6-849c1f389f0b {{(pid=92056) execute /opt/stack/data/venv/lib/python3.12/site-packages/oslo_concurrency/processutils.py:440}}
Jun 18 13:08:11 devstack sudo[98861]: quobyte : PWD=/ ; USER=root ; COMMAND=/opt/stack/data/venv/bin/cinder-rootwrap /etc/cinder/rootwrap.conf env LC_ALL=C qemu-img info -f qcow2 --output=json --force-share /opt/stack/data/cinder/mnt/7c520bb9e45c69f3a573efbbaf765f57/volume-56c4fe04-ae8d-425d-af32-d41dd39b387a.de7bd61b-5343-4c6f-90f6-849c1f389f0b
Jun 18 13:08:11 devstack sudo[98861]: pam_unix(sudo:session): session opened for user root(uid=0) by (uid=1000)
Jun 18 13:08:12 devstack sudo[98861]: pam_unix(sudo:session): session closed for user root
Jun 18 13:08:12 devstack cinder-volume[92056]: DEBUG oslo_concurrency.processutils [None req-44e114e5-5d84-4a2e-b993-a97657666ce3 tempest-VolumesDeleteCascade-1375846200 None] CMD "/opt/stack/data/venv/bin/python3.12 -m oslo_concurrency.prlimit --as=1073741824 --cpu=60 -- sudo cinder-rootwrap /etc/cinder/rootwrap.conf env LC_ALL=C qemu-img info -f qcow2 --output=json --force-share /opt/stack/data/cinder/mnt/7c520bb9e45c69f3a573efbbaf765f57/volume-56c4fe04-ae8d-425d-af32-d41dd39b387a.de7bd61b-5343-4c6f-90f6-849c1f389f0b" returned: 0 in 1.427s {{(pid=92056) execute /opt/stack/data/venv/lib/python3.12/site-packages/oslo_concurrency/processutils.py:468}}
Jun 18 13:08:12 devstack cinder-volume[92056]: DEBUG cinder.volume.drivers.remotefs [None req-44e114e5-5d84-4a2e-b993-a97657666ce3 tempest-VolumesDeleteCascade-1375846200 None] Fetching qemu-img info with special backing_file_template: (/opt/stack/data/cinder/mnt/[0-9a-f]+/)?(volume-56c4fe04-ae8d-425d-af32-d41dd39b387a(.(tmp-snap-)?[0-9a-f-]+)?|volume_from_snapshot_cache/(tmp-snap-)?[0-9a-f-]+(.(child-|parent-)[0-9a-f-]+)?)$ {{(pid=92056) _qemu_img_info_base /opt/stack/cinder/cinder/volume/drivers/remotefs.py:896}}
Jun 18 13:08:12 devstack cinder-volume[92056]: DEBUG oslo.privsep.daemon [-] privsep: reply[8943cd2d-2844-4f3d-99a3-8be385587e0f]: (4, 'qcow2') {{(pid=93313) _call_back /opt/stack/data/venv/lib/python3.12/site-packages/oslo_privsep/daemon.py:580}}
Jun 18 13:08:12 devstack cinder-volume[92056]: DEBUG oslo_concurrency.processutils [None req-44e114e5-5d84-4a2e-b993-a97657666ce3 tempest-VolumesDeleteCascade-1375846200 None] Running cmd (subprocess): /opt/stack/data/venv/bin/python3.12 -m oslo_concurrency.prlimit --as=1073741824 --cpu=60 -- sudo cinder-rootwrap /etc/cinder/rootwrap.conf env LC_ALL=C qemu-img info -f qcow2 --output=json --force-share /opt/stack/data/cinder/mnt/7c520bb9e45c69f3a573efbbaf765f57/volume-56c4fe04-ae8d-425d-af32-d41dd39b387a.5cd82bdf-6edc-4725-9166-40bf32fc17aa {{(pid=92056) execute /opt/stack/data/venv/lib/python3.12/site-packages/oslo_concurrency/processutils.py:440}}
Jun 18 13:08:12 devstack sudo[98866]: quobyte : PWD=/ ; USER=root ; COMMAND=/opt/stack/data/venv/bin/cinder-rootwrap /etc/cinder/rootwrap.conf env LC_ALL=C qemu-img info -f qcow2 --output=json --force-share /opt/stack/data/cinder/mnt/7c520bb9e45c69f3a573efbbaf765f57/volume-56c4fe04-ae8d-425d-af32-d41dd39b387a.5cd82bdf-6edc-4725-9166-40bf32fc17aa
Jun 18 13:08:12 devstack sudo[98866]: pam_unix(sudo:session): session opened for user root(uid=0) by (uid=1000)
Jun 18 13:08:14 devstack sudo[98866]: pam_unix(sudo:session): session closed for user root
Jun 18 13:08:14 devstack cinder-volume[92056]: DEBUG oslo_concurrency.processutils [None req-44e114e5-5d84-4a2e-b993-a97657666ce3 tempest-VolumesDeleteCascade-1375846200 None] CMD "/opt/stack/data/venv/bin/python3.12 -m oslo_concurrency.prlimit --as=1073741824 --cpu=60 -- sudo cinder-rootwrap /etc/cinder/rootwrap.conf env LC_ALL=C qemu-img info -f qcow2 --output=json --force-share /opt/stack/data/cinder/mnt/7c520bb9e45c69f3a573efbbaf765f57/volume-56c4fe04-ae8d-425d-af32-d41dd39b387a.5cd82bdf-6edc-4725-9166-40bf32fc17aa" returned: 0 in 1.599s {{(pid=92056) execute /opt/stack/data/venv/lib/python3.12/site-packages/oslo_concurrency/processutils.py:468}}
Jun 18 13:08:14 devstack cinder-volume[92056]: DEBUG cinder.volume.drivers.remotefs [None req-44e114e5-5d84-4a2e-b993-a97657666ce3 tempest-VolumesDeleteCascade-1375846200 None] Fetching qemu-img info with special backing_file_template: (/opt/stack/data/cinder/mnt/[0-9a-f]+/)?(volume-56c4fe04-ae8d-425d-af32-d41dd39b387a(.(tmp-snap-)?[0-9a-f-]+)?|volume_from_snapshot_cache/(tmp-snap-)?[0-9a-f-]+(.(child-|parent-)[0-9a-f-]+)?)$ {{(pid=92056) _qemu_img_info_base /opt/stack/cinder/cinder/volume/drivers/remotefs.py:896}}
Jun 18 13:08:14 devstack cinder-volume[92056]: DEBUG oslo.privsep.daemon [-] privsep: reply[2f33fb9e-7989-4948-ba0c-95ca2aca0ad2]: (4, 'qcow2') {{(pid=93313) _call_back /opt/stack/data/venv/lib/python3.12/site-packages/oslo_privsep/daemon.py:580}}
Jun 18 13:08:14 devstack cinder-volume[92056]: DEBUG oslo_concurrency.processutils [None req-44e114e5-5d84-4a2e-b993-a97657666ce3 tempest-VolumesDeleteCascade-1375846200 None] Running cmd (subprocess): /opt/stack/data/venv/bin/python3.12 -m oslo_concurrency.prlimit --as=1073741824 --cpu=60 -- sudo cinder-rootwrap /etc/cinder/rootwrap.conf env LC_ALL=C qemu-img info -f qcow2 --output=json --force-share /opt/stack/data/cinder/mnt/7c520bb9e45c69f3a573efbbaf765f57/volume-56c4fe04-ae8d-425d-af32-d41dd39b387a {{(pid=92056) execute /opt/stack/data/venv/lib/python3.12/site-packages/oslo_concurrency/processutils.py:440}}
Jun 18 13:08:14 devstack sudo[98872]: quobyte : PWD=/ ; USER=root ; COMMAND=/opt/stack/data/venv/bin/cinder-rootwrap /etc/cinder/rootwrap.conf env LC_ALL=C qemu-img info -f qcow2 --output=json --force-share /opt/stack/data/cinder/mnt/7c520bb9e45c69f3a573efbbaf765f57/volume-56c4fe04-ae8d-425d-af32-d41dd39b387a
Jun 18 13:08:14 devstack sudo[98872]: pam_unix(sudo:session): session opened for user root(uid=0) by (uid=1000)
Jun 18 13:08:14 devstack sudo[98872]: pam_unix(sudo:session): session closed for user root
Jun 18 13:08:14 devstack cinder-volume[92056]: DEBUG oslo_concurrency.processutils [None req-44e114e5-5d84-4a2e-b993-a97657666ce3 tempest-VolumesDeleteCascade-1375846200 None] CMD "/opt/stack/data/venv/bin/python3.12 -m oslo_concurrency.prlimit --as=1073741824 --cpu=60 -- sudo cinder-rootwrap /etc/cinder/rootwrap.conf env LC_ALL=C qemu-img info -f qcow2 --output=json --force-share /opt/stack/data/cinder/mnt/7c520bb9e45c69f3a573efbbaf765f57/volume-56c4fe04-ae8d-425d-af32-d41dd39b387a" returned: 0 in 0.833s {{(pid=92056) execute /opt/stack/data/venv/lib/python3.12/site-packages/oslo_concurrency/processutils.py:468}}
Jun 18 13:08:14 devstack cinder-volume[92056]: DEBUG oslo_concurrency.processutils [None req-44e114e5-5d84-4a2e-b993-a97657666ce3 tempest-VolumesDeleteCascade-1375846200 None] Running cmd (subprocess): sudo cinder-rootwrap /etc/cinder/rootwrap.conf qemu-img commit -d /opt/stack/data/cinder/mnt/7c520bb9e45c69f3a573efbbaf765f57/volume-56c4fe04-ae8d-425d-af32-d41dd39b387a.5cd82bdf-6edc-4725-9166-40bf32fc17aa {{(pid=92056) execute /opt/stack/data/venv/lib/python3.12/site-packages/oslo_concurrency/processutils.py:440}}
Jun 18 13:08:15 devstack sudo[98878]: quobyte : PWD=/ ; USER=root ; COMMAND=/opt/stack/data/venv/bin/cinder-rootwrap /etc/cinder/rootwrap.conf qemu-img commit -d /opt/stack/data/cinder/mnt/7c520bb9e45c69f3a573efbbaf765f57/volume-56c4fe04-ae8d-425d-af32-d41dd39b387a.5cd82bdf-6edc-4725-9166-40bf32fc17aa
Jun 18 13:08:15 devstack sudo[98878]: pam_unix(sudo:session): session opened for user root(uid=0) by (uid=1000)
Jun 18 13:08:15 devstack sudo[98878]: pam_unix(sudo:session): session closed for user root
Jun 18 13:08:15 devstack cinder-volume[92056]: DEBUG oslo_concurrency.processutils [None req-44e114e5-5d84-4a2e-b993-a97657666ce3 tempest-VolumesDeleteCascade-1375846200 None] CMD "sudo cinder-rootwrap /etc/cinder/rootwrap.conf qemu-img commit -d /opt/stack/data/cinder/mnt/7c520bb9e45c69f3a573efbbaf765f57/volume-56c4fe04-ae8d-425d-af32-d41dd39b387a.5cd82bdf-6edc-4725-9166-40bf32fc17aa" returned: 0 in 0.775s {{(pid=92056) execute /opt/stack/data/venv/lib/python3.12/site-packages/oslo_concurrency/processutils.py:468}}
Jun 18 13:08:15 devstack cinder-volume[92056]: DEBUG oslo_concurrency.processutils [None req-44e114e5-5d84-4a2e-b993-a97657666ce3 tempest-VolumesDeleteCascade-1375846200 None] Running cmd (subprocess): sudo cinder-rootwrap /etc/cinder/rootwrap.conf rm -f /opt/stack/data/cinder/mnt/7c520bb9e45c69f3a573efbbaf765f57/volume-56c4fe04-ae8d-425d-af32-d41dd39b387a.5cd82bdf-6edc-4725-9166-40bf32fc17aa {{(pid=92056) execute /opt/stack/data/venv/lib/python3.12/site-packages/oslo_concurrency/processutils.py:440}}
Jun 18 13:08:15 devstack sudo[98886]: quobyte : PWD=/ ; USER=root ; COMMAND=/opt/stack/data/venv/bin/cinder-rootwrap /etc/cinder/rootwrap.conf rm -f /opt/stack/data/cinder/mnt/7c520bb9e45c69f3a573efbbaf765f57/volume-56c4fe04-ae8d-425d-af32-d41dd39b387a.5cd82bdf-6edc-4725-9166-40bf32fc17aa
Jun 18 13:08:15 devstack sudo[98886]: pam_unix(sudo:session): session opened for user root(uid=0) by (uid=1000)
Jun 18 13:08:16 devstack sudo[98886]: pam_unix(sudo:session): session closed for user root
Jun 18 13:08:16 devstack cinder-volume[92056]: DEBUG oslo_concurrency.processutils [None req-44e114e5-5d84-4a2e-b993-a97657666ce3 tempest-VolumesDeleteCascade-1375846200 None] CMD "sudo cinder-rootwrap /etc/cinder/rootwrap.conf rm -f /opt/stack/data/cinder/mnt/7c520bb9e45c69f3a573efbbaf765f57/volume-56c4fe04-ae8d-425d-af32-d41dd39b387a.5cd82bdf-6edc-4725-9166-40bf32fc17aa" returned: 0 in 0.794s {{(pid=92056) execute /opt/stack/data/venv/lib/python3.12/site-packages/oslo_concurrency/processutils.py:468}}
Jun 18 13:08:16 devstack cinder-volume[92056]: DEBUG oslo_concurrency.processutils [None req-44e114e5-5d84-4a2e-b993-a97657666ce3 tempest-VolumesDeleteCascade-1375846200 None] Running cmd (subprocess): sudo cinder-rootwrap /etc/cinder/rootwrap.conf qemu-img rebase -u -b volume-56c4fe04-ae8d-425d-af32-d41dd39b387a /opt/stack/data/cinder/mnt/7c520bb9e45c69f3a573efbbaf765f57/volume-56c4fe04-ae8d-425d-af32-d41dd39b387a.de7bd61b-5343-4c6f-90f6-849c1f389f0b -F qcow2 {{(pid=92056) execute /opt/stack/data/venv/lib/python3.12/site-packages/oslo_concurrency/processutils.py:440}}
Jun 18 13:08:16 devstack sudo[98889]: quobyte : PWD=/ ; USER=root ; COMMAND=/opt/stack/data/venv/bin/cinder-rootwrap /etc/cinder/rootwrap.conf qemu-img rebase -u -b volume-56c4fe04-ae8d-425d-af32-d41dd39b387a /opt/stack/data/cinder/mnt/7c520bb9e45c69f3a573efbbaf765f57/volume-56c4fe04-ae8d-425d-af32-d41dd39b387a.de7bd61b-5343-4c6f-90f6-849c1f389f0b -F qcow2
Jun 18 13:08:16 devstack sudo[98889]: pam_unix(sudo:session): session opened for user root(uid=0) by (uid=1000)
Jun 18 13:08:17 devstack cinder-volume[92056]: DEBUG dbcounter [-] [92056] Writing DB stats cinder:SELECT=50,cinder:INSERT=7,cinder:UPDATE=41,cinder:DELETE=5 {{(pid=92056) stat_writer /opt/stack/data/venv/lib/python3.12/site-packages/dbcounter.py:115}}
Jun 18 13:08:17 devstack cinder-volume[92056]: DEBUG dbcounter [-] [92056] Writing DB stats cinder:INSERT=7,cinder:UPDATE=42,cinder:SELECT=41,cinder:DELETE=4 {{(pid=92056) stat_writer /opt/stack/data/venv/lib/python3.12/site-packages/dbcounter.py:115}}
Jun 18 13:08:17 devstack sudo[98889]: pam_unix(sudo:session): session closed for user root
Jun 18 13:08:17 devstack cinder-volume[92056]: DEBUG oslo_concurrency.processutils [None req-44e114e5-5d84-4a2e-b993-a97657666ce3 tempest-VolumesDeleteCascade-1375846200 None] CMD "sudo cinder-rootwrap /etc/cinder/rootwrap.conf qemu-img rebase -u -b volume-56c4fe04-ae8d-425d-af32-d41dd39b387a /opt/stack/data/cinder/mnt/7c520bb9e45c69f3a573efbbaf765f57/volume-56c4fe04-ae8d-425d-af32-d41dd39b387a.de7bd61b-5343-4c6f-90f6-849c1f389f0b -F qcow2" returned: 0 in 0.837s {{(pid=92056) execute /opt/stack/data/venv/lib/python3.12/site-packages/oslo_concurrency/processutils.py:468}}
Jun 18 13:08:17 devstack cinder-volume[92056]: DEBUG cinder.coordination [None req-44e114e5-5d84-4a2e-b993-a97657666ce3 tempest-VolumesDeleteCascade-1375846200 None] Lock "cinder-quobyte-5cd82bdf-6edc-4725-9166-40bf32fc17aa" released by "_delete_snapshot" :: held 10.095s {{(pid=92056) __release /opt/stack/cinder/cinder/coordination.py:152}}
Jun 18 13:08:17 devstack cinder-volume[92056]: DEBUG cinder.coordination [None req-44e114e5-5d84-4a2e-b993-a97657666ce3 tempest-VolumesDeleteCascade-1375846200 None] Lock "cinder-quobyte-56c4fe04-ae8d-425d-af32-d41dd39b387a" released by "delete_snapshot" :: held 10.138s {{(pid=92056) __release /opt/stack/cinder/cinder/coordination.py:152}}
Jun 18 13:08:17 devstack cinder-volume[92056]: DEBUG cinder.quota [None req-44e114e5-5d84-4a2e-b993-a97657666ce3 tempest-VolumesDeleteCascade-1375846200 None] Created reservations ['650402b0-78f1-4976-9e46-2b382b4e6860', 'c0fb0263-b0a5-43cb-9dd9-4bf66fed391e', 'a5bea78e-d748-4e72-b5e4-6cf22d9a75e1', 'e7eb505b-2374-40e0-88f4-1c24b978f2af'] {{(pid=92056) reserve /opt/stack/cinder/cinder/quota.py:752}}
Jun 18 13:08:17 devstack cinder-volume[92056]: INFO cinder.volume.manager [None req-44e114e5-5d84-4a2e-b993-a97657666ce3 tempest-VolumesDeleteCascade-1375846200 None] Delete snapshot completed successfully.
Jun 18 13:08:17 devstack cinder-volume[92056]: DEBUG cinder.coordination [None req-44e114e5-5d84-4a2e-b993-a97657666ce3 tempest-VolumesDeleteCascade-1375846200 None] Lock "cinder-5cd82bdf-6edc-4725-9166-40bf32fc17aa-delete_snapshot" released by "delete_snapshot" :: held 10.388s {{(pid=92056) __release /opt/stack/cinder/cinder/coordination.py:152}}
Jun 18 13:08:17 devstack cinder-volume[92056]: DEBUG cinder.coordination [None req-44e114e5-5d84-4a2e-b993-a97657666ce3 tempest-VolumesDeleteCascade-1375846200 None] Acquiring lock "cinder-de7bd61b-5343-4c6f-90f6-849c1f389f0b-delete_snapshot" by "delete_snapshot" {{(pid=92056) __acquire /opt/stack/cinder/cinder/coordination.py:138}}
Jun 18 13:08:17 devstack cinder-volume[92056]: DEBUG cinder.coordination [None req-44e114e5-5d84-4a2e-b993-a97657666ce3 tempest-VolumesDeleteCascade-1375846200 None] Lock "cinder-de7bd61b-5343-4c6f-90f6-849c1f389f0b-delete_snapshot" acquired by "delete_snapshot" :: waited 0.029s {{(pid=92056) __acquire /opt/stack/cinder/cinder/coordination.py:141}}
Jun 18 13:08:17 devstack cinder-volume[92056]: DEBUG cinder.coordination [None req-44e114e5-5d84-4a2e-b993-a97657666ce3 tempest-VolumesDeleteCascade-1375846200 None] Acquiring lock "cinder-quobyte-56c4fe04-ae8d-425d-af32-d41dd39b387a" by "delete_snapshot" {{(pid=92056) __acquire /opt/stack/cinder/cinder/coordination.py:138}}
Jun 18 13:08:17 devstack cinder-volume[92056]: DEBUG cinder.coordination [None req-44e114e5-5d84-4a2e-b993-a97657666ce3 tempest-VolumesDeleteCascade-1375846200 None] Lock "cinder-quobyte-56c4fe04-ae8d-425d-af32-d41dd39b387a" acquired by "delete_snapshot" :: waited 0.038s {{(pid=92056) __acquire /opt/stack/cinder/cinder/coordination.py:141}}
Jun 18 13:08:17 devstack cinder-volume[92056]: DEBUG cinder.coordination [None req-44e114e5-5d84-4a2e-b993-a97657666ce3 tempest-VolumesDeleteCascade-1375846200 None] Acquiring lock "cinder-quobyte-de7bd61b-5343-4c6f-90f6-849c1f389f0b" by "_delete_snapshot" {{(pid=92056) __acquire /opt/stack/cinder/cinder/coordination.py:138}}
Jun 18 13:08:17 devstack cinder-volume[92056]: DEBUG cinder.coordination [None req-44e114e5-5d84-4a2e-b993-a97657666ce3 tempest-VolumesDeleteCascade-1375846200 None] Lock "cinder-quobyte-de7bd61b-5343-4c6f-90f6-849c1f389f0b" acquired by "_delete_snapshot" :: waited 0.043s {{(pid=92056) __acquire /opt/stack/cinder/cinder/coordination.py:141}}
