Aug 17 18:20:22 devstack devstack@g-api.service[83644]: DEBUG glance.common.config [None req-8c9b08e4-9a15-47ef-b7db-02291bffffe1 None None] barbican_service_user.certfile = None {{(pid=83644) log_opt_values /opt/stack/data/venv/lib/python3.12/site-packages/oslo_config/cfg.py:3560}}
Aug 17 18:20:22 devstack devstack@g-api.service[83644]: DEBUG glance.common.config [None req-8c9b08e4-9a15-47ef-b7db-02291bffffe1 None None] barbican_service_user.collect_timing = False {{(pid=83644) log_opt_values /opt/stack/data/venv/lib/python3.12/site-packages/oslo_config/cfg.py:3560}}
Aug 17 18:20:22 devstack devstack@g-api.service[83644]: DEBUG glance.common.config [None req-8c9b08e4-9a15-47ef-b7db-02291bffffe1 None None] barbican_service_user.insecure = False {{(pid=83644) log_opt_values /opt/stack/data/venv/lib/python3.12/site-packages/oslo_config/cfg.py:3560}}
Aug 17 18:20:22 devstack devstack@g-api.service[83644]: DEBUG glance.common.config [None req-8c9b08e4-9a15-47ef-b7db-02291bffffe1 None None] barbican_service_user.keyfile = None {{(pid=83644) log_opt_values /opt/stack/data/venv/lib/python3.12/site-packages/oslo_config/cfg.py:3560}}
Aug 17 18:20:22 devstack devstack@g-api.service[83644]: DEBUG glance.common.config [None req-8c9b08e4-9a15-47ef-b7db-02291bffffe1 None None] barbican_service_user.split_loggers = False {{(pid=83644) log_opt_values /opt/stack/data/venv/lib/python3.12/site-packages/oslo_config/cfg.py:3560}}
Aug 17 18:20:22 devstack devstack@g-api.service[83644]: DEBUG glance.common.config [None req-8c9b08e4-9a15-47ef-b7db-02291bffffe1 None None] barbican_service_user.timeout = None {{(pid=83644) log_opt_values /opt/stack/data/venv/lib/python3.12/site-packages/oslo_config/cfg.py:3560}}
Aug 17 18:20:22 devstack devstack@g-api.service[83644]: DEBUG glance.common.config [None req-8c9b08e4-9a15-47ef-b7db-02291bffffe1 None None] database.asyncio_connection = **** {{(pid=83644) log_opt_values /opt/stack/data/venv/lib/python3.12/site-packages/oslo_config/cfg.py:3560}}
Aug 17 18:20:22 devstack devstack@g-api.service[83644]: DEBUG glance.common.config [None req-8c9b08e4-9a15-47ef-b7db-02291bffffe1 None None] database.asyncio_slave_connection = **** {{(pid=83644) log_opt_values /opt/stack/data/venv/lib/python3.12/site-packages/oslo_config/cfg.py:3560}}
Aug 17 18:20:22 devstack devstack@g-api.service[83644]: DEBUG glance.common.config [None req-8c9b08e4-9a15-47ef-b7db-02291bffffe1 None None] database.backend = sqlalchemy {{(pid=83644) log_opt_values /opt/stack/data/venv/lib/python3.12/site-packages/oslo_config/cfg.py:3560}}
Aug 17 18:20:22 devstack devstack@g-api.service[83644]: DEBUG glance.common.config [None req-8c9b08e4-9a15-47ef-b7db-02291bffffe1 None None] database.connection = **** {{(pid=83644) log_opt_values /opt/stack/data/venv/lib/python3.12/site-packages/oslo_config/cfg.py:3560}}
Aug 17 18:20:22 devstack devstack@g-api.service[83644]: DEBUG glance.common.config [None req-8c9b08e4-9a15-47ef-b7db-02291bffffe1 None None] database.connection_debug = 0 {{(pid=83644) log_opt_values /opt/stack/data/venv/lib/python3.12/site-packages/oslo_config/cfg.py:3560}}
Aug 17 18:20:22 devstack devstack@g-api.service[83644]: DEBUG glance.common.config [None req-8c9b08e4-9a15-47ef-b7db-02291bffffe1 None None] database.connection_parameters = {{(pid=83644) log_opt_values /opt/stack/data/venv/lib/python3.12/site-packages/oslo_config/cfg.py:3560}}
Aug 17 18:20:22 devstack devstack@g-api.service[83644]: DEBUG glance.common.config [None req-8c9b08e4-9a15-47ef-b7db-02291bffffe1 None None] database.connection_recycle_time = 3600 {{(pid=83644) log_opt_values /opt/stack/data/venv/lib/python3.12/site-packages/oslo_config/cfg.py:3560}}
Aug 17 18:20:22 devstack devstack@g-api.service[83644]: DEBUG glance.common.config [None req-8c9b08e4-9a15-47ef-b7db-02291bffffe1 None None] database.connection_trace = False {{(pid=83644) log_opt_values /opt/stack/data/venv/lib/python3.12/site-packages/oslo_config/cfg.py:3560}}
Aug 17 18:20:22 devstack devstack@g-api.service[83644]: DEBUG glance.common.config [None req-8c9b08e4-9a15-47ef-b7db-02291bffffe1 None None] database.db_inc_retry_interval = True {{(pid=83644) log_opt_values /opt/stack/data/venv/lib/python3.12/site-packages/oslo_config/cfg.py:3560}}
Aug 17 18:20:22 devstack devstack@g-api.service[83644]: DEBUG glance.common.config [None req-8c9b08e4-9a15-47ef-b7db-02291bffffe1 None None] database.db_max_retries = 20 {{(pid=83644) log_opt_values /opt/stack/data/venv/lib/python3.12/site-packages/oslo_config/cfg.py:3560}}
Aug 17 18:20:22 devstack devstack@g-api.service[83644]: DEBUG glance.common.config [None req-8c9b08e4-9a15-47ef-b7db-02291bffffe1 None None] database.db_max_retry_interval = 10 {{(pid=83644) log_opt_values /opt/stack/data/venv/lib/python3.12/site-packages/oslo_config/cfg.py:3560}}
Aug 17 18:20:22 devstack devstack@g-api.service[83644]: DEBUG glance.common.config [None req-8c9b08e4-9a15-47ef-b7db-02291bffffe1 None None] database.db_retry_interval = 1 {{(pid=83644) log_opt_values /opt/stack/data/venv/lib/python3.12/site-packages/oslo_config/cfg.py:3560}}
Aug 17 18:20:22 devstack devstack@g-api.service[83644]: DEBUG glance.common.config [None req-8c9b08e4-9a15-47ef-b7db-02291bffffe1 None None] database.max_overflow = 50 {{(pid=83644) log_opt_values /opt/stack/data/venv/lib/python3.12/site-packages/oslo_config/cfg.py:3560}}
Aug 17 18:20:22 devstack devstack@g-api.service[83644]: DEBUG glance.common.config [None req-8c9b08e4-9a15-47ef-b7db-02291bffffe1 None None] database.max_pool_size = 5 {{(pid=83644) log_opt_values /opt/stack/data/venv/lib/python3.12/site-packages/oslo_config/cfg.py:3560}}
Aug 17 18:20:22 devstack devstack@g-api.service[83644]: DEBUG glance.common.config [None req-8c9b08e4-9a15-47ef-b7db-02291bffffe1 None None] database.max_retries = 10 {{(pid=83644) log_opt_values /opt/stack/data/venv/lib/python3.12/site-packages/oslo_config/cfg.py:3560}}
Aug 17 18:20:22 devstack devstack@g-api.service[83644]: DEBUG glance.common.config [None req-8c9b08e4-9a15-47ef-b7db-02291bffffe1 None None] database.mysql_sql_mode = TRADITIONAL {{(pid=83644) log_opt_values /opt/stack/data/venv/lib/python3.12/site-packages/oslo_config/cfg.py:3560}}
Aug 17 18:20:22 devstack devstack@g-api.service[83644]: DEBUG glance.common.config [None req-8c9b08e4-9a15-47ef-b7db-02291bffffe1 None None] database.mysql_wsrep_sync_wait = None {{(pid=83644) log_opt_values /opt/stack/data/venv/lib/python3.12/site-packages/oslo_config/cfg.py:3560}}
Aug 17 18:20:22 devstack devstack@g-api.service[83644]: DEBUG glance.common.config [None req-8c9b08e4-9a15-47ef-b7db-02291bffffe1 None None] database.pool_timeout = None {{(pid=83644) log_opt_values /opt/stack/data/venv/lib/python3.12/site-packages/oslo_config/cfg.py:3560}}
Aug 17 18:20:22 devstack devstack@g-api.service[83644]: DEBUG glance.common.config [None req-8c9b08e4-9a15-47ef-b7db-02291bffffe1 None None] database.retry_interval = 10 {{(pid=83644) log_opt_values /opt/stack/data/venv/lib/python3.12/site-packages/oslo_config/cfg.py:3560}}
Aug 17 18:20:22 devstack devstack@g-api.service[83644]: DEBUG glance.common.config [None req-8c9b08e4-9a15-47ef-b7db-02291bffffe1 None None] database.slave_connection = **** {{(pid=83644) log_opt_values /opt/stack/data/venv/lib/python3.12/site-packages/oslo_config/cfg.py:3560}}
Aug 17 18:20:22 devstack devstack@g-api.service[83644]: DEBUG glance.common.config [None req-8c9b08e4-9a15-47ef-b7db-02291bffffe1 None None] database.sqlite_synchronous = True {{(pid=83644) log_opt_values /opt/stack/data/venv/lib/python3.12/site-packages/oslo_config/cfg.py:3560}}
Aug 17 18:20:22 devstack devstack@g-api.service[83644]: DEBUG glance.common.config [None req-8c9b08e4-9a15-47ef-b7db-02291bffffe1 None None] database.synchronous_reader = True {{(pid=83644) log_opt_values /opt/stack/data/venv/lib/python3.12/site-packages/oslo_config/cfg.py:3560}}
Aug 17 18:20:22 devstack devstack@g-api.service[83644]: DEBUG glance.common.config [None req-8c9b08e4-9a15-47ef-b7db-02291bffffe1 None None] database.use_db_reconnect = False {{(pid=83644) log_opt_values /opt/stack/data/venv/lib/python3.12/site-packages/oslo_config/cfg.py:3560}}
Aug 17 18:20:22 devstack devstack@g-api.service[83644]: DEBUG glance.common.config [None req-8c9b08e4-9a15-47ef-b7db-02291bffffe1 None None] healthcheck.allowed_source_ranges = [] {{(pid=83644) log_opt_values /opt/stack/data/venv/lib/python3.12/site-packages/oslo_config/cfg.py:3560}}
Aug 17 18:20:22 devstack devstack@g-api.service[83644]: DEBUG glance.common.config [None req-8c9b08e4-9a15-47ef-b7db-02291bffffe1 None None] healthcheck.backends = ['disable_by_file'] {{(pid=83644) log_opt_values /opt/stack/data/venv/lib/python3.12/site-packages/oslo_config/cfg.py:3560}}
Aug 17 18:20:22 devstack devstack@g-api.service[83644]: DEBUG glance.common.config [None req-8c9b08e4-9a15-47ef-b7db-02291bffffe1 None None] healthcheck.detailed = False {{(pid=83644) log_opt_values /opt/stack/data/venv/lib/python3.12/site-packages/oslo_config/cfg.py:3560}}
Aug 17 18:20:22 devstack devstack@g-api.service[83644]: DEBUG glance.common.config [None req-8c9b08e4-9a15-47ef-b7db-02291bffffe1 None None] healthcheck.disable_by_file_path = None {{(pid=83644) log_opt_values /opt/stack/data/venv/lib/python3.12/site-packages/oslo_config/cfg.py:3560}}
Aug 17 18:20:22 devstack devstack@g-api.service[83644]: DEBUG glance.common.config [None req-8c9b08e4-9a15-47ef-b7db-02291bffffe1 None None] healthcheck.ignore_proxied_requests = False {{(pid=83644) log_opt_values /opt/stack/data/venv/lib/python3.12/site-packages/oslo_config/cfg.py:3560}}
Aug 17 18:20:22 devstack devstack@g-api.service[83644]: DEBUG glance.common.config [None req-8c9b08e4-9a15-47ef-b7db-02291bffffe1 None None] ******************************************************************************** {{(pid=83644) log_opt_values /opt/stack/data/venv/lib/python3.12/site-packages/oslo_config/cfg.py:3567}}
Aug 17 18:20:22 devstack devstack@g-api.service[83644]: WSGI app 0 (mountpoint='') ready in 5 seconds on interpreter 0x74e18a6a4668 pid: 83644 (default app)
Aug 17 18:20:25 devstack devstack@g-api.service[83645]: DEBUG glance.api.middleware.version_negotiation [None req-fc91d205-50cd-4340-9a5e-41bd699fd25b None None] Determining version of request: GET / Accept: application/json {{(pid=83645) process_request /opt/stack/glance/glance/api/middleware/version_negotiation.py:44}}
Aug 17 18:20:25 devstack devstack@g-api.service[83645]: DEBUG glance.api.middleware.version_negotiation [None req-fc91d205-50cd-4340-9a5e-41bd699fd25b None None] Using url versioning {{(pid=83645) process_request /opt/stack/glance/glance/api/middleware/version_negotiation.py:57}}
Aug 17 18:20:25 devstack devstack@g-api.service[83645]: DEBUG glance.api.middleware.version_negotiation [None req-fc91d205-50cd-4340-9a5e-41bd699fd25b None None] Unknown version. Returning version choices. {{(pid=83645) process_request /opt/stack/glance/glance/api/middleware/version_negotiation.py:64}}
Aug 17 18:20:25 devstack devstack@g-api.service[83645]: [pid: 83645|app: 0|req: 2/2] 127.0.0.1 () {34 vars in 516 bytes} [Mon Aug 17 18:20:25 2026] GET / => generated 1557 bytes in 3 msecs (HTTP/1.1 300) 3 headers in 106 bytes (1 switches on core 0)
Aug 17 18:20:25 devstack devstack@g-api.service[83644]: DEBUG glance.api.middleware.version_negotiation [None req-8c9b08e4-9a15-47ef-b7db-02291bffffe1 None None] Determining version of request: POST /v2/images Accept: */* {{(pid=83644) process_request /opt/stack/glance/glance/api/middleware/version_negotiation.py:44}}
Aug 17 18:20:25 devstack devstack@g-api.service[83644]: DEBUG glance.api.middleware.version_negotiation [None req-8c9b08e4-9a15-47ef-b7db-02291bffffe1 None None] Using url versioning {{(pid=83644) process_request /opt/stack/glance/glance/api/middleware/version_negotiation.py:57}}
Aug 17 18:20:25 devstack devstack@g-api.service[83644]: DEBUG glance.api.middleware.version_negotiation [None req-8c9b08e4-9a15-47ef-b7db-02291bffffe1 None None] Matched version: v2 {{(pid=83644) process_request /opt/stack/glance/glance/api/middleware/version_negotiation.py:69}}
Aug 17 18:20:25 devstack devstack@g-api.service[83644]: DEBUG glance.api.middleware.version_negotiation [None req-8c9b08e4-9a15-47ef-b7db-02291bffffe1 None None] new path /v2/images {{(pid=83644) process_request /opt/stack/glance/glance/api/middleware/version_negotiation.py:70}}
Aug 17 18:20:27 devstack devstack@g-api.service[83644]: [pid: 83644|app: 0|req: 1/3] 127.0.0.1 () {40 vars in 779 bytes} [Mon Aug 17 18:20:25 2026] POST /v2/images => generated 807 bytes in 1215 msecs (HTTP/1.1 201) 6 headers in 314 bytes (1 switches on core 0)
Aug 17 18:20:27 devstack devstack@g-api.service[83645]: DEBUG glance.api.middleware.version_negotiation [None req-fc91d205-50cd-4340-9a5e-41bd699fd25b None None] Determining version of request: PUT /v2/images/7a3c83d7-864e-4173-959d-7f4f079cca1d/file Accept: {{(pid=83645) process_request /opt/stack/glance/glance/api/middleware/version_negotiation.py:44}}
Aug 17 18:20:27 devstack devstack@g-api.service[83645]: DEBUG glance.api.middleware.version_negotiation [None req-fc91d205-50cd-4340-9a5e-41bd699fd25b None None] Using url versioning {{(pid=83645) process_request /opt/stack/glance/glance/api/middleware/version_negotiation.py:57}}
Aug 17 18:20:27 devstack devstack@g-api.service[83645]: DEBUG glance.api.middleware.version_negotiation [None req-fc91d205-50cd-4340-9a5e-41bd699fd25b None None] Matched version: v2 {{(pid=83645) process_request /opt/stack/glance/glance/api/middleware/version_negotiation.py:69}}
Aug 17 18:20:27 devstack devstack@g-api.service[83645]: DEBUG glance.api.middleware.version_negotiation [None req-fc91d205-50cd-4340-9a5e-41bd699fd25b None None] new path /v2/images/7a3c83d7-864e-4173-959d-7f4f079cca1d/file {{(pid=83645) process_request /opt/stack/glance/glance/api/middleware/version_negotiation.py:70}}
Aug 17 18:20:27 devstack devstack@g-api.service[83645]: INFO glance.api.v2.image_data [None req-ffc9a411-8dac-4e2d-a766-5d48dfbfad47 admin admin] Unable to create trust: no such option collect_timing in group [keystone_authtoken] Use the existing user token.
Aug 17 18:20:28 devstack devstack@g-api.service[83645]: DEBUG glance.location [None req-ffc9a411-8dac-4e2d-a766-5d48dfbfad47 admin admin] Enabling in-flight format inspection for qcow2 {{(pid=83645) set_data /opt/stack/glance/glance/location.py:596}}
Aug 17 18:20:28 devstack devstack@g-api.service[83645]: DEBUG oslo_utils.imageutils.format_inspector [None req-ffc9a411-8dac-4e2d-a766-5d48dfbfad47 admin admin] Format inspector for vmdk does not match, excluding from consideration (Signature KDMV not found: b'QFI\xfb') {{(pid=83645) _process_chunk /opt/stack/data/venv/lib/python3.12/site-packages/oslo_utils/imageutils/format_inspector.py:1758}}
Aug 17 18:20:28 devstack devstack@g-api.service[83645]: DEBUG oslo_utils.imageutils.format_inspector [None req-ffc9a411-8dac-4e2d-a766-5d48dfbfad47 admin admin] Format inspector for vhdx does not match, excluding from consideration (Region signature not found at 30000) {{(pid=83645) _process_chunk /opt/stack/data/venv/lib/python3.12/site-packages/oslo_utils/imageutils/format_inspector.py:1758}}
Aug 17 18:20:28 devstack devstack@g-api.service[83645]: DEBUG glance_store._drivers.filesystem [None req-ffc9a411-8dac-4e2d-a766-5d48dfbfad47 admin admin] Wrote 21692416 bytes to /opt/stack/data/glance/images/7a3c83d7-864e-4173-959d-7f4f079cca1d with checksum 87617e24a5e30cb3b87fda8c0764838f and multihash 9a9bce0083a00939ec17c11febbfc767aa211aaa54f51e75c5a8b271a9b5637c77205a518b7a2007cb391d23cceb01e0e4e8d64832317151bc85b734b92a7be0 {{(pid=83645) add /opt/stack/data/venv/lib/python3.12/site-packages/glance_store/_drivers/filesystem.py:899}}
Aug 17 18:20:28 devstack devstack@g-api.service[83645]: INFO glance.location [None req-ffc9a411-8dac-4e2d-a766-5d48dfbfad47 admin admin] Image format matched and virtual size computed: 117440512
Aug 17 18:20:28 devstack devstack@g-api.service[83645]: DEBUG glance_store.backend [None req-ffc9a411-8dac-4e2d-a766-5d48dfbfad47 admin admin] Skipping store.set_acls... not implemented. {{(pid=83645) set_acls /opt/stack/data/venv/lib/python3.12/site-packages/glance_store/backend.py:507}}
Aug 17 18:20:28 devstack devstack@g-api.service[83645]: [pid: 83645|app: 0|req: 3/4] 127.0.0.1 () {42 vars in 911 bytes} [Mon Aug 17 18:20:27 2026] PUT /v2/images/7a3c83d7-864e-4173-959d-7f4f079cca1d/file => generated 0 bytes in 1731 msecs (HTTP/1.1 204) 4 headers in 171 bytes (1 switches on core 0)
Aug 17 18:20:28 devstack devstack@g-api.service[83644]: DEBUG glance.api.middleware.version_negotiation [None req-69b53af7-dc61-4f2f-b1c9-51a17b522953 admin admin] Determining version of request: GET /v2/images/7a3c83d7-864e-4173-959d-7f4f079cca1d Accept: */* {{(pid=83644) process_request /opt/stack/glance/glance/api/middleware/version_negotiation.py:44}}
Aug 17 18:20:28 devstack devstack@g-api.service[83644]: DEBUG glance.api.middleware.version_negotiation [None req-69b53af7-dc61-4f2f-b1c9-51a17b522953 admin admin] Using url versioning {{(pid=83644) process_request /opt/stack/glance/glance/api/middleware/version_negotiation.py:57}}
Aug 17 18:20:28 devstack devstack@g-api.service[83644]: DEBUG glance.api.middleware.version_negotiation [None req-69b53af7-dc61-4f2f-b1c9-51a17b522953 admin admin] Matched version: v2 {{(pid=83644) process_request /opt/stack/glance/glance/api/middleware/version_negotiation.py:69}}
Aug 17 18:20:28 devstack devstack@g-api.service[83644]: DEBUG glance.api.middleware.version_negotiation [None req-69b53af7-dc61-4f2f-b1c9-51a17b522953 admin admin] new path /v2/images/7a3c83d7-864e-4173-959d-7f4f079cca1d {{(pid=83644) process_request /opt/stack/glance/glance/api/middleware/version_negotiation.py:70}}
Aug 17 18:20:28 devstack devstack@g-api.service[83644]: [pid: 83644|app: 0|req: 2/5] 127.0.0.1 () {36 vars in 799 bytes} [Mon Aug 17 18:20:28 2026] GET /v2/images/7a3c83d7-864e-4173-959d-7f4f079cca1d => generated 976 bytes in 19 msecs (HTTP/1.1 200) 4 headers in 157 bytes (1 switches on core 0)
Aug 17 18:20:38 devstack devstack@g-api.service[83645]: DEBUG dbcounter [-] [83645] Writing DB stats glance:INSERT=5,glance:SELECT=16,glance:UPDATE=2 {{(pid=83645) stat_writer /opt/stack/data/venv/lib/python3.12/site-packages/dbcounter.py:115}}
Aug 17 18:20:38 devstack devstack@g-api.service[83644]: DEBUG dbcounter [-] [83644] Writing DB stats glance:INSERT=9,glance:SELECT=6 {{(pid=83644) stat_writer /opt/stack/data/venv/lib/python3.12/site-packages/dbcounter.py:115}}
Aug 17 18:21:12 devstack devstack@g-api.service[83645]: DEBUG glance.api.middleware.version_negotiation [None req-ffc9a411-8dac-4e2d-a766-5d48dfbfad47 admin admin] Determining version of request: GET / Accept: application/json {{(pid=83645) process_request /opt/stack/glance/glance/api/middleware/version_negotiation.py:44}}
Aug 17 18:21:12 devstack devstack@g-api.service[83645]: DEBUG glance.api.middleware.version_negotiation [None req-ffc9a411-8dac-4e2d-a766-5d48dfbfad47 admin admin] Using url versioning {{(pid=83645) process_request /opt/stack/glance/glance/api/middleware/version_negotiation.py:57}}
Aug 17 18:21:12 devstack devstack@g-api.service[83645]: DEBUG glance.api.middleware.version_negotiation [None req-ffc9a411-8dac-4e2d-a766-5d48dfbfad47 admin admin] Unknown version. Returning version choices. {{(pid=83645) process_request /opt/stack/glance/glance/api/middleware/version_negotiation.py:64}}
Aug 17 18:21:12 devstack devstack@g-api.service[83645]: [pid: 83645|app: 0|req: 4/6] 127.0.0.1 () {34 vars in 516 bytes} [Mon Aug 17 18:21:12 2026] GET / => generated 1557 bytes in 4 msecs (HTTP/1.1 300) 3 headers in 106 bytes (1 switches on core 0)
Aug 17 18:21:12 devstack devstack@g-api.service[83644]: DEBUG glance.api.middleware.version_negotiation [None req-9c3cf2d6-d822-497c-a88c-3c283a333c0e admin admin] Determining version of request: GET /v2/images Accept: application/json {{(pid=83644) process_request /opt/stack/glance/glance/api/middleware/version_negotiation.py:44}}
Aug 17 18:21:12 devstack devstack@g-api.service[83644]: DEBUG glance.api.middleware.version_negotiation [None req-9c3cf2d6-d822-497c-a88c-3c283a333c0e admin admin] Using url versioning {{(pid=83644) process_request /opt/stack/glance/glance/api/middleware/version_negotiation.py:57}}
Aug 17 18:21:12 devstack devstack@g-api.service[83644]: DEBUG glance.api.middleware.version_negotiation [None req-9c3cf2d6-d822-497c-a88c-3c283a333c0e admin admin] Matched version: v2 {{(pid=83644) process_request /opt/stack/glance/glance/api/middleware/version_negotiation.py:69}}
Aug 17 18:21:12 devstack devstack@g-api.service[83644]: DEBUG glance.api.middleware.version_negotiation [None req-9c3cf2d6-d822-497c-a88c-3c283a333c0e admin admin] new path /v2/images {{(pid=83644) process_request /opt/stack/glance/glance/api/middleware/version_negotiation.py:70}}
Aug 17 18:21:12 devstack devstack@g-api.service[83644]: [pid: 83644|app: 0|req: 3/7] 127.0.0.1 () {36 vars in 738 bytes} [Mon Aug 17 18:21:12 2026] GET /v2/images => generated 1045 bytes in 84 msecs (HTTP/1.1 200) 4 headers in 158 bytes (1 switches on core 0)
Aug 17 18:21:21 devstack devstack@g-api.service[83645]: DEBUG glance.api.middleware.version_negotiation [None req-ffc9a411-8dac-4e2d-a766-5d48dfbfad47 admin admin] Determining version of request: GET / Accept: application/json {{(pid=83645) process_request /opt/stack/glance/glance/api/middleware/version_negotiation.py:44}}
Aug 17 18:21:21 devstack devstack@g-api.service[83645]: DEBUG glance.api.middleware.version_negotiation [None req-ffc9a411-8dac-4e2d-a766-5d48dfbfad47 admin admin] Using url versioning {{(pid=83645) process_request /opt/stack/glance/glance/api/middleware/version_negotiation.py:57}}
Aug 17 18:21:21 devstack devstack@g-api.service[83645]: DEBUG glance.api.middleware.version_negotiation [None req-ffc9a411-8dac-4e2d-a766-5d48dfbfad47 admin admin] Unknown version. Returning version choices. {{(pid=83645) process_request /opt/stack/glance/glance/api/middleware/version_negotiation.py:64}}
Aug 17 18:21:21 devstack devstack@g-api.service[83645]: [pid: 83645|app: 0|req: 5/8] 127.0.0.1 () {34 vars in 516 bytes} [Mon Aug 17 18:21:21 2026] GET / => generated 1557 bytes in 3 msecs (HTTP/1.1 300) 3 headers in 106 bytes (1 switches on core 0)
Aug 17 18:21:21 devstack devstack@g-api.service[83644]: DEBUG glance.api.middleware.version_negotiation [None req-6b800616-1c3c-4880-a549-3b6ec8c8fcbe admin admin] Determining version of request: GET /v2/images/7a3c83d7-864e-4173-959d-7f4f079cca1d Accept: */* {{(pid=83644) process_request /opt/stack/glance/glance/api/middleware/version_negotiation.py:44}}
Aug 17 18:21:21 devstack devstack@g-api.service[83644]: DEBUG glance.api.middleware.version_negotiation [None req-6b800616-1c3c-4880-a549-3b6ec8c8fcbe admin admin] Using url versioning {{(pid=83644) process_request /opt/stack/glance/glance/api/middleware/version_negotiation.py:57}}
Aug 17 18:21:21 devstack devstack@g-api.service[83644]: DEBUG glance.api.middleware.version_negotiation [None req-6b800616-1c3c-4880-a549-3b6ec8c8fcbe admin admin] Matched version: v2 {{(pid=83644) process_request /opt/stack/glance/glance/api/middleware/version_negotiation.py:69}}
Aug 17 18:21:21 devstack devstack@g-api.service[83644]: DEBUG glance.api.middleware.version_negotiation [None req-6b800616-1c3c-4880-a549-3b6ec8c8fcbe admin admin] new path /v2/images/7a3c83d7-864e-4173-959d-7f4f079cca1d {{(pid=83644) process_request /opt/stack/glance/glance/api/middleware/version_negotiation.py:70}}
Aug 17 18:21:21 devstack devstack@g-api.service[83644]: [pid: 83644|app: 0|req: 4/9] 127.0.0.1 () {36 vars in 799 bytes} [Mon Aug 17 18:21:21 2026] GET /v2/images/7a3c83d7-864e-4173-959d-7f4f079cca1d => generated 976 bytes in 75 msecs (HTTP/1.1 200) 4 headers in 157 bytes (1 switches on core 0)
Aug 17 18:21:28 devstack devstack@g-api.service[83645]: DEBUG glance.api.middleware.version_negotiation [None req-ffc9a411-8dac-4e2d-a766-5d48dfbfad47 admin admin] Determining version of request: GET / Accept: application/json {{(pid=83645) process_request /opt/stack/glance/glance/api/middleware/version_negotiation.py:44}}
Aug 17 18:21:28 devstack devstack@g-api.service[83645]: DEBUG glance.api.middleware.version_negotiation [None req-ffc9a411-8dac-4e2d-a766-5d48dfbfad47 admin admin] Using url versioning {{(pid=83645) process_request /opt/stack/glance/glance/api/middleware/version_negotiation.py:57}}
Aug 17 18:21:28 devstack devstack@g-api.service[83645]: DEBUG glance.api.middleware.version_negotiation [None req-ffc9a411-8dac-4e2d-a766-5d48dfbfad47 admin admin] Unknown version. Returning version choices. {{(pid=83645) process_request /opt/stack/glance/glance/api/middleware/version_negotiation.py:64}}
Aug 17 18:21:28 devstack devstack@g-api.service[83645]: [pid: 83645|app: 0|req: 6/10] 127.0.0.1 () {34 vars in 516 bytes} [Mon Aug 17 18:21:28 2026] GET / => generated 1557 bytes in 2 msecs (HTTP/1.1 300) 3 headers in 106 bytes (1 switches on core 0)
Aug 17 18:21:28 devstack devstack@g-api.service[83644]: DEBUG glance.api.middleware.version_negotiation [None req-2d3b6b04-a199-49d0-b2fa-5bcf711d5079 admin admin] Determining version of request: GET /v2/images/7a3c83d7-864e-4173-959d-7f4f079cca1d Accept: */* {{(pid=83644) process_request /opt/stack/glance/glance/api/middleware/version_negotiation.py:44}}
Aug 17 18:21:28 devstack devstack@g-api.service[83644]: DEBUG glance.api.middleware.version_negotiation [None req-2d3b6b04-a199-49d0-b2fa-5bcf711d5079 admin admin] Using url versioning {{(pid=83644) process_request /opt/stack/glance/glance/api/middleware/version_negotiation.py:57}}
Aug 17 18:21:28 devstack devstack@g-api.service[83644]: DEBUG glance.api.middleware.version_negotiation [None req-2d3b6b04-a199-49d0-b2fa-5bcf711d5079 admin admin] Matched version: v2 {{(pid=83644) process_request /opt/stack/glance/glance/api/middleware/version_negotiation.py:69}}
Aug 17 18:21:28 devstack devstack@g-api.service[83644]: DEBUG glance.api.middleware.version_negotiation [None req-2d3b6b04-a199-49d0-b2fa-5bcf711d5079 admin admin] new path /v2/images/7a3c83d7-864e-4173-959d-7f4f079cca1d {{(pid=83644) process_request /opt/stack/glance/glance/api/middleware/version_negotiation.py:70}}
Aug 17 18:21:28 devstack devstack@g-api.service[83644]: [pid: 83644|app: 0|req: 5/11] 127.0.0.1 () {36 vars in 799 bytes} [Mon Aug 17 18:21:28 2026] GET /v2/images/7a3c83d7-864e-4173-959d-7f4f079cca1d => generated 976 bytes in 94 msecs (HTTP/1.1 200) 4 headers in 157 bytes (1 switches on core 0)
Aug 17 18:21:38 devstack devstack@g-api.service[83644]: DEBUG dbcounter [-] [83644] Writing DB stats glance:SELECT=5 {{(pid=83644) stat_writer /opt/stack/data/venv/lib/python3.12/site-packages/dbcounter.py:115}}
Aug 17 18:22:44 devstack devstack@g-api.service[83645]: DEBUG glance.api.middleware.version_negotiation [None req-ffc9a411-8dac-4e2d-a766-5d48dfbfad47 admin admin] Determining version of request: GET / Accept: application/json {{(pid=83645) process_request /opt/stack/glance/glance/api/middleware/version_negotiation.py:44}}
Aug 17 18:22:44 devstack devstack@g-api.service[83645]: DEBUG glance.api.middleware.version_negotiation [None req-ffc9a411-8dac-4e2d-a766-5d48dfbfad47 admin admin] Using url versioning {{(pid=83645) process_request /opt/stack/glance/glance/api/middleware/version_negotiation.py:57}}
Aug 17 18:22:44 devstack devstack@g-api.service[83645]: DEBUG glance.api.middleware.version_negotiation [None req-ffc9a411-8dac-4e2d-a766-5d48dfbfad47 admin admin] Unknown version. Returning version choices. {{(pid=83645) process_request /opt/stack/glance/glance/api/middleware/version_negotiation.py:64}}
Aug 17 18:22:44 devstack devstack@g-api.service[83645]: [pid: 83645|app: 0|req: 7/12] 127.0.0.1 () {36 vars in 485 bytes} [Mon Aug 17 18:22:44 2026] GET / => generated 1557 bytes in 3 msecs (HTTP/1.1 300) 3 headers in 106 bytes (1 switches on core 0)
Aug 17 18:25:41 devstack devstack@g-api.service[83644]: DEBUG glance.api.middleware.version_negotiation [None req-da808a3c-0e77-4bf0-a95a-14352f7f1124 admin admin] Determining version of request: GET / Accept: application/json {{(pid=83644) process_request /opt/stack/glance/glance/api/middleware/version_negotiation.py:44}}
Aug 17 18:25:41 devstack devstack@g-api.service[83644]: DEBUG glance.api.middleware.version_negotiation [None req-da808a3c-0e77-4bf0-a95a-14352f7f1124 admin admin] Using url versioning {{(pid=83644) process_request /opt/stack/glance/glance/api/middleware/version_negotiation.py:57}}
Aug 17 18:25:41 devstack devstack@g-api.service[83644]: DEBUG glance.api.middleware.version_negotiation [None req-da808a3c-0e77-4bf0-a95a-14352f7f1124 admin admin] Unknown version. Returning version choices. {{(pid=83644) process_request /opt/stack/glance/glance/api/middleware/version_negotiation.py:64}}
Aug 17 18:25:41 devstack devstack@g-api.service[83644]: [pid: 83644|app: 0|req: 6/13] 127.0.0.1 () {34 vars in 502 bytes} [Mon Aug 17 18:25:41 2026] GET / => generated 1557 bytes in 6 msecs (HTTP/1.1 300) 3 headers in 106 bytes (1 switches on core 0)
Aug 17 18:25:42 devstack devstack@g-api.service[83645]: DEBUG glance.api.middleware.version_negotiation [None req-ffc9a411-8dac-4e2d-a766-5d48dfbfad47 admin admin] Determining version of request: GET /v2/images/7a3c83d7-864e-4173-959d-7f4f079cca1d Accept: */* {{(pid=83645) process_request /opt/stack/glance/glance/api/middleware/version_negotiation.py:44}}
Aug 17 18:25:42 devstack devstack@g-api.service[83645]: DEBUG glance.api.middleware.version_negotiation [None req-ffc9a411-8dac-4e2d-a766-5d48dfbfad47 admin admin] Using url versioning {{(pid=83645) process_request /opt/stack/glance/glance/api/middleware/version_negotiation.py:57}}
Aug 17 18:25:42 devstack devstack@g-api.service[83645]: DEBUG glance.api.middleware.version_negotiation [None req-ffc9a411-8dac-4e2d-a766-5d48dfbfad47 admin admin] Matched version: v2 {{(pid=83645) process_request /opt/stack/glance/glance/api/middleware/version_negotiation.py:69}}
Aug 17 18:25:42 devstack devstack@g-api.service[83645]: DEBUG glance.api.middleware.version_negotiation [None req-ffc9a411-8dac-4e2d-a766-5d48dfbfad47 admin admin] new path /v2/images/7a3c83d7-864e-4173-959d-7f4f079cca1d {{(pid=83645) process_request /opt/stack/glance/glance/api/middleware/version_negotiation.py:70}}
Aug 17 18:25:42 devstack devstack@g-api.service[83645]: [pid: 83645|app: 0|req: 8/14] 127.0.0.1 () {42 vars in 1058 bytes} [Mon Aug 17 18:25:42 2026] GET /v2/images/7a3c83d7-864e-4173-959d-7f4f079cca1d => generated 976 bytes in 685 msecs (HTTP/1.1 200) 4 headers in 157 bytes (1 switches on core 0)
Aug 17 18:25:42 devstack devstack@g-api.service[83644]: DEBUG glance.api.middleware.version_negotiation [None req-da808a3c-0e77-4bf0-a95a-14352f7f1124 admin admin] Determining version of request: GET /v2/schemas/image Accept: */* {{(pid=83644) process_request /opt/stack/glance/glance/api/middleware/version_negotiation.py:44}}
Aug 17 18:25:42 devstack devstack@g-api.service[83644]: DEBUG glance.api.middleware.version_negotiation [None req-da808a3c-0e77-4bf0-a95a-14352f7f1124 admin admin] Using url versioning {{(pid=83644) process_request /opt/stack/glance/glance/api/middleware/version_negotiation.py:57}}
Aug 17 18:25:42 devstack devstack@g-api.service[83644]: DEBUG glance.api.middleware.version_negotiation [None req-da808a3c-0e77-4bf0-a95a-14352f7f1124 admin admin] Matched version: v2 {{(pid=83644) process_request /opt/stack/glance/glance/api/middleware/version_negotiation.py:69}}
Aug 17 18:25:42 devstack devstack@g-api.service[83644]: DEBUG glance.api.middleware.version_negotiation [None req-da808a3c-0e77-4bf0-a95a-14352f7f1124 admin admin] new path /v2/schemas/image {{(pid=83644) process_request /opt/stack/glance/glance/api/middleware/version_negotiation.py:70}}
Aug 17 18:25:42 devstack devstack@g-api.service[83644]: [pid: 83644|app: 0|req: 7/15] 127.0.0.1 () {42 vars in 998 bytes} [Mon Aug 17 18:25:42 2026] GET /v2/schemas/image => generated 6083 bytes in 14 msecs (HTTP/1.1 200) 4 headers in 158 bytes (1 switches on core 0)
Aug 17 18:25:50 devstack devstack@g-api.service[83645]: DEBUG glance.api.middleware.version_negotiation [None req-b8915473-536c-4269-93af-a5ef5b4ac3fa tempest-ServerRescueNegativeTestJSON-1584233723 tempest-ServerRescueNegativeTestJSON-1584233723-project-member] Determining version of request: GET / Accept: application/json {{(pid=83645) process_request /opt/stack/glance/glance/api/middleware/version_negotiation.py:44}}
Aug 17 18:25:50 devstack devstack@g-api.service[83645]: DEBUG glance.api.middleware.version_negotiation [None req-b8915473-536c-4269-93af-a5ef5b4ac3fa tempest-ServerRescueNegativeTestJSON-1584233723 tempest-ServerRescueNegativeTestJSON-1584233723-project-member] Using url versioning {{(pid=83645) process_request /opt/stack/glance/glance/api/middleware/version_negotiation.py:57}}
Aug 17 18:25:50 devstack devstack@g-api.service[83645]: DEBUG glance.api.middleware.version_negotiation [None req-b8915473-536c-4269-93af-a5ef5b4ac3fa tempest-ServerRescueNegativeTestJSON-1584233723 tempest-ServerRescueNegativeTestJSON-1584233723-project-member] Unknown version. Returning version choices. {{(pid=83645) process_request /opt/stack/glance/glance/api/middleware/version_negotiation.py:64}}
Aug 17 18:25:50 devstack devstack@g-api.service[83645]: [pid: 83645|app: 0|req: 9/16] 127.0.0.1 () {34 vars in 502 bytes} [Mon Aug 17 18:25:50 2026] GET / => generated 1557 bytes in 3 msecs (HTTP/1.1 300) 3 headers in 106 bytes (1 switches on core 0)
Aug 17 18:25:50 devstack devstack@g-api.service[83644]: DEBUG glance.api.middleware.version_negotiation [None req-b8915473-536c-4269-93af-a5ef5b4ac3fa tempest-ServerRescueNegativeTestJSON-1584233723 tempest-ServerRescueNegativeTestJSON-1584233723-project-member] Determining version of request: GET /v2/images/7a3c83d7-864e-4173-959d-7f4f079cca1d Accept: */* {{(pid=83644) process_request /opt/stack/glance/glance/api/middleware/version_negotiation.py:44}}
Aug 17 18:25:50 devstack devstack@g-api.service[83644]: DEBUG glance.api.middleware.version_negotiation [None req-b8915473-536c-4269-93af-a5ef5b4ac3fa tempest-ServerRescueNegativeTestJSON-1584233723 tempest-ServerRescueNegativeTestJSON-1584233723-project-member] Using url versioning {{(pid=83644) process_request /opt/stack/glance/glance/api/middleware/version_negotiation.py:57}}
Aug 17 18:25:50 devstack devstack@g-api.service[83644]: DEBUG glance.api.middleware.version_negotiation [None req-b8915473-536c-4269-93af-a5ef5b4ac3fa tempest-ServerRescueNegativeTestJSON-1584233723 tempest-ServerRescueNegativeTestJSON-1584233723-project-member] Matched version: v2 {{(pid=83644) process_request /opt/stack/glance/glance/api/middleware/version_negotiation.py:69}}
Aug 17 18:25:50 devstack devstack@g-api.service[83644]: DEBUG glance.api.middleware.version_negotiation [None req-b8915473-536c-4269-93af-a5ef5b4ac3fa tempest-ServerRescueNegativeTestJSON-1584233723 tempest-ServerRescueNegativeTestJSON-1584233723-project-member] new path /v2/images/7a3c83d7-864e-4173-959d-7f4f079cca1d {{(pid=83644) process_request /opt/stack/glance/glance/api/middleware/version_negotiation.py:70}}
Aug 17 18:25:51 devstack devstack@g-api.service[83644]: [pid: 83644|app: 0|req: 8/17] 127.0.0.1 () {42 vars in 1058 bytes} [Mon Aug 17 18:25:50 2026] GET /v2/images/7a3c83d7-864e-4173-959d-7f4f079cca1d => generated 976 bytes in 212 msecs (HTTP/1.1 200) 4 headers in 157 bytes (1 switches on core 0)
Aug 17 18:25:51 devstack devstack@g-api.service[83645]: DEBUG glance.api.middleware.version_negotiation [None req-b8915473-536c-4269-93af-a5ef5b4ac3fa tempest-ServerRescueNegativeTestJSON-1584233723 tempest-ServerRescueNegativeTestJSON-1584233723-project-member] Determining version of request: GET /v2/schemas/image Accept: */* {{(pid=83645) process_request /opt/stack/glance/glance/api/middleware/version_negotiation.py:44}}
Aug 17 18:25:51 devstack devstack@g-api.service[83645]: DEBUG glance.api.middleware.version_negotiation [None req-b8915473-536c-4269-93af-a5ef5b4ac3fa tempest-ServerRescueNegativeTestJSON-1584233723 tempest-ServerRescueNegativeTestJSON-1584233723-project-member] Using url versioning {{(pid=83645) process_request /opt/stack/glance/glance/api/middleware/version_negotiation.py:57}}
Aug 17 18:25:51 devstack devstack@g-api.service[83645]: DEBUG glance.api.middleware.version_negotiation [None req-b8915473-536c-4269-93af-a5ef5b4ac3fa tempest-ServerRescueNegativeTestJSON-1584233723 tempest-ServerRescueNegativeTestJSON-1584233723-project-member] Matched version: v2 {{(pid=83645) process_request /opt/stack/glance/glance/api/middleware/version_negotiation.py:69}}
Aug 17 18:25:51 devstack devstack@g-api.service[83645]: DEBUG glance.api.middleware.version_negotiation [None req-b8915473-536c-4269-93af-a5ef5b4ac3fa tempest-ServerRescueNegativeTestJSON-1584233723 tempest-ServerRescueNegativeTestJSON-1584233723-project-member] new path /v2/schemas/image {{(pid=83645) process_request /opt/stack/glance/glance/api/middleware/version_negotiation.py:70}}
Aug 17 18:25:51 devstack devstack@g-api.service[83645]: [pid: 83645|app: 0|req: 10/18] 127.0.0.1 () {42 vars in 998 bytes} [Mon Aug 17 18:25:51 2026] GET /v2/schemas/image => generated 6083 bytes in 6 msecs (HTTP/1.1 200) 4 headers in 158 bytes (1 switches on core 0)
Aug 17 18:25:52 devstack devstack@g-api.service[83645]: DEBUG dbcounter [-] [83645] Writing DB stats glance:SELECT=2 {{(pid=83645) stat_writer /opt/stack/data/venv/lib/python3.12/site-packages/dbcounter.py:115}}
Aug 17 18:25:53 devstack devstack@g-api.service[83644]: DEBUG glance.api.middleware.version_negotiation [None req-d8de7e3b-7d7c-4a7c-ba47-26da88a91d76 tempest-ServerActionsTestOtherA-731239703 tempest-ServerActionsTestOtherA-731239703-project-member] Determining version of request: GET /v2/images/7a3c83d7-864e-4173-959d-7f4f079cca1d Accept: */* {{(pid=83644) process_request /opt/stack/glance/glance/api/middleware/version_negotiation.py:44}}
Aug 17 18:25:53 devstack devstack@g-api.service[83644]: DEBUG glance.api.middleware.version_negotiation [None req-d8de7e3b-7d7c-4a7c-ba47-26da88a91d76 tempest-ServerActionsTestOtherA-731239703 tempest-ServerActionsTestOtherA-731239703-project-member] Using url versioning {{(pid=83644) process_request /opt/stack/glance/glance/api/middleware/version_negotiation.py:57}}
Aug 17 18:25:53 devstack devstack@g-api.service[83644]: DEBUG glance.api.middleware.version_negotiation [None req-d8de7e3b-7d7c-4a7c-ba47-26da88a91d76 tempest-ServerActionsTestOtherA-731239703 tempest-ServerActionsTestOtherA-731239703-project-member] Matched version: v2 {{(pid=83644) process_request /opt/stack/glance/glance/api/middleware/version_negotiation.py:69}}
Aug 17 18:25:53 devstack devstack@g-api.service[83644]: DEBUG glance.api.middleware.version_negotiation [None req-d8de7e3b-7d7c-4a7c-ba47-26da88a91d76 tempest-ServerActionsTestOtherA-731239703 tempest-ServerActionsTestOtherA-731239703-project-member] new path /v2/images/7a3c83d7-864e-4173-959d-7f4f079cca1d {{(pid=83644) process_request /opt/stack/glance/glance/api/middleware/version_negotiation.py:70}}
Aug 17 18:25:53 devstack devstack@g-api.service[83644]: [pid: 83644|app: 0|req: 9/19] 127.0.0.1 () {42 vars in 1058 bytes} [Mon Aug 17 18:25:53 2026] GET /v2/images/7a3c83d7-864e-4173-959d-7f4f079cca1d => generated 976 bytes in 41 msecs (HTTP/1.1 200) 4 headers in 157 bytes (1 switches on core 0)
Aug 17 18:25:53 devstack devstack@g-api.service[83645]: DEBUG glance.api.middleware.version_negotiation [None req-d8de7e3b-7d7c-4a7c-ba47-26da88a91d76 tempest-ServerActionsTestOtherA-731239703 tempest-ServerActionsTestOtherA-731239703-project-member] Determining version of request: GET /v2/schemas/image Accept: */* {{(pid=83645) process_request /opt/stack/glance/glance/api/middleware/version_negotiation.py:44}}
Aug 17 18:25:53 devstack devstack@g-api.service[83645]: DEBUG glance.api.middleware.version_negotiation [None req-d8de7e3b-7d7c-4a7c-ba47-26da88a91d76 tempest-ServerActionsTestOtherA-731239703 tempest-ServerActionsTestOtherA-731239703-project-member] Using url versioning {{(pid=83645) process_request /opt/stack/glance/glance/api/middleware/version_negotiation.py:57}}
Aug 17 18:25:53 devstack devstack@g-api.service[83645]: DEBUG glance.api.middleware.version_negotiation [None req-d8de7e3b-7d7c-4a7c-ba47-26da88a91d76 tempest-ServerActionsTestOtherA-731239703 tempest-ServerActionsTestOtherA-731239703-project-member] Matched version: v2 {{(pid=83645) process_request /opt/stack/glance/glance/api/middleware/version_negotiation.py:69}}
Aug 17 18:25:53 devstack devstack@g-api.service[83645]: DEBUG glance.api.middleware.version_negotiation [None req-d8de7e3b-7d7c-4a7c-ba47-26da88a91d76 tempest-ServerActionsTestOtherA-731239703 tempest-ServerActionsTestOtherA-731239703-project-member] new path /v2/schemas/image {{(pid=83645) process_request /opt/stack/glance/glance/api/middleware/version_negotiation.py:70}}
Aug 17 18:25:53 devstack devstack@g-api.service[83645]: [pid: 83645|app: 0|req: 11/20] 127.0.0.1 () {42 vars in 998 bytes} [Mon Aug 17 18:25:53 2026] GET /v2/schemas/image => generated 6083 bytes in 13 msecs (HTTP/1.1 200) 4 headers in 158 bytes (1 switches on core 0)
Aug 17 18:25:55 devstack devstack@g-api.service[83644]: DEBUG glance.api.middleware.version_negotiation [None req-8ad41c79-dcb2-4e5f-bd58-c083c3a1d686 tempest-ServerRescueNegativeTestJSON-1584233723 tempest-ServerRescueNegativeTestJSON-1584233723-project-member] Determining version of request: GET /v2/images/7a3c83d7-864e-4173-959d-7f4f079cca1d Accept: */* {{(pid=83644) process_request /opt/stack/glance/glance/api/middleware/version_negotiation.py:44}}
Aug 17 18:25:55 devstack devstack@g-api.service[83644]: DEBUG glance.api.middleware.version_negotiation [None req-8ad41c79-dcb2-4e5f-bd58-c083c3a1d686 tempest-ServerRescueNegativeTestJSON-1584233723 tempest-ServerRescueNegativeTestJSON-1584233723-project-member] Using url versioning {{(pid=83644) process_request /opt/stack/glance/glance/api/middleware/version_negotiation.py:57}}
Aug 17 18:25:55 devstack devstack@g-api.service[83644]: DEBUG glance.api.middleware.version_negotiation [None req-8ad41c79-dcb2-4e5f-bd58-c083c3a1d686 tempest-ServerRescueNegativeTestJSON-1584233723 tempest-ServerRescueNegativeTestJSON-1584233723-project-member] Matched version: v2 {{(pid=83644) process_request /opt/stack/glance/glance/api/middleware/version_negotiation.py:69}}
Aug 17 18:25:55 devstack devstack@g-api.service[83644]: DEBUG glance.api.middleware.version_negotiation [None req-8ad41c79-dcb2-4e5f-bd58-c083c3a1d686 tempest-ServerRescueNegativeTestJSON-1584233723 tempest-ServerRescueNegativeTestJSON-1584233723-project-member] new path /v2/images/7a3c83d7-864e-4173-959d-7f4f079cca1d {{(pid=83644) process_request /opt/stack/glance/glance/api/middleware/version_negotiation.py:70}}
Aug 17 18:25:55 devstack devstack@g-api.service[83644]: [pid: 83644|app: 0|req: 10/21] 127.0.0.1 () {42 vars in 1058 bytes} [Mon Aug 17 18:25:55 2026] GET /v2/images/7a3c83d7-864e-4173-959d-7f4f079cca1d => generated 976 bytes in 98 msecs (HTTP/1.1 200) 4 headers in 157 bytes (1 switches on core 0)
Aug 17 18:25:55 devstack devstack@g-api.service[83645]: DEBUG glance.api.middleware.version_negotiation [None req-8ad41c79-dcb2-4e5f-bd58-c083c3a1d686 tempest-ServerRescueNegativeTestJSON-1584233723 tempest-ServerRescueNegativeTestJSON-1584233723-project-member] Determining version of request: GET /v2/images/7a3c83d7-864e-4173-959d-7f4f079cca1d/file Accept: */* {{(pid=83645) process_request /opt/stack/glance/glance/api/middleware/version_negotiation.py:44}}
Aug 17 18:25:55 devstack devstack@g-api.service[83645]: DEBUG glance.api.middleware.version_negotiation [None req-8ad41c79-dcb2-4e5f-bd58-c083c3a1d686 tempest-ServerRescueNegativeTestJSON-1584233723 tempest-ServerRescueNegativeTestJSON-1584233723-project-member] Using url versioning {{(pid=83645) process_request /opt/stack/glance/glance/api/middleware/version_negotiation.py:57}}
Aug 17 18:25:55 devstack devstack@g-api.service[83645]: DEBUG glance.api.middleware.version_negotiation [None req-8ad41c79-dcb2-4e5f-bd58-c083c3a1d686 tempest-ServerRescueNegativeTestJSON-1584233723 tempest-ServerRescueNegativeTestJSON-1584233723-project-member] Matched version: v2 {{(pid=83645) process_request /opt/stack/glance/glance/api/middleware/version_negotiation.py:69}}
Aug 17 18:25:55 devstack devstack@g-api.service[83645]: DEBUG glance.api.middleware.version_negotiation [None req-8ad41c79-dcb2-4e5f-bd58-c083c3a1d686 tempest-ServerRescueNegativeTestJSON-1584233723 tempest-ServerRescueNegativeTestJSON-1584233723-project-member] new path /v2/images/7a3c83d7-864e-4173-959d-7f4f079cca1d/file {{(pid=83645) process_request /opt/stack/glance/glance/api/middleware/version_negotiation.py:70}}
Aug 17 18:25:55 devstack devstack@g-api.service[83645]: DEBUG glance_store._drivers.filesystem [None req-b8915473-536c-4269-93af-a5ef5b4ac3fa tempest-ServerRescueNegativeTestJSON-1584233723 tempest-ServerRescueNegativeTestJSON-1584233723-project-member] Found image at /opt/stack/data/glance/images/7a3c83d7-864e-4173-959d-7f4f079cca1d. Returning in ChunkedFile. {{(pid=83645) get /opt/stack/data/venv/lib/python3.12/site-packages/glance_store/_drivers/filesystem.py:724}}
Aug 17 18:25:55 devstack devstack@g-api.service[83645]: DEBUG glance.image_cache [None req-b8915473-536c-4269-93af-a5ef5b4ac3fa tempest-ServerRescueNegativeTestJSON-1584233723 tempest-ServerRescueNegativeTestJSON-1584233723-project-member] Tee'ing image '7a3c83d7-864e-4173-959d-7f4f079cca1d' into cache {{(pid=83645) get_caching_iter /opt/stack/glance/glance/image_cache/__init__.py:356}}
Aug 17 18:25:56 devstack devstack@g-api.service[83645]: DEBUG glance.image_cache.drivers.centralized_db [None req-b8915473-536c-4269-93af-a5ef5b4ac3fa tempest-ServerRescueNegativeTestJSON-1584233723 tempest-ServerRescueNegativeTestJSON-1584233723-project-member] Fetch finished, moving '/opt/stack/data/glance/cache/incomplete/7a3c83d7-864e-4173-959d-7f4f079cca1d' to '/opt/stack/data/glance/cache/7a3c83d7-864e-4173-959d-7f4f079cca1d' {{(pid=83645) commit /opt/stack/glance/glance/image_cache/drivers/centralized_db.py:243}}
Aug 17 18:25:56 devstack devstack@g-api.service[83645]: DEBUG glance.image_cache.drivers.centralized_db [None req-b8915473-536c-4269-93af-a5ef5b4ac3fa tempest-ServerRescueNegativeTestJSON-1584233723 tempest-ServerRescueNegativeTestJSON-1584233723-project-member] Image cached successfully. {{(pid=83645) commit /opt/stack/glance/glance/image_cache/drivers/centralized_db.py:258}}
Aug 17 18:25:56 devstack devstack@g-api.service[83645]: [pid: 83645|app: 0|req: 12/22] 127.0.0.1 () {42 vars in 1068 bytes} [Mon Aug 17 18:25:55 2026] GET /v2/images/7a3c83d7-864e-4173-959d-7f4f079cca1d/file => generated 21692416 bytes in 480 msecs (HTTP/1.1 200) 4 headers in 191 bytes (337 switches on core 0)
Aug 17 18:25:56 devstack devstack@g-api.service[83644]: DEBUG glance.api.middleware.version_negotiation [None req-b8915473-536c-4269-93af-a5ef5b4ac3fa tempest-ServerRescueNegativeTestJSON-1584233723 tempest-ServerRescueNegativeTestJSON-1584233723-project-member] Determining version of request: GET /v2/images/7a3c83d7-864e-4173-959d-7f4f079cca1d Accept: */* {{(pid=83644) process_request /opt/stack/glance/glance/api/middleware/version_negotiation.py:44}}
Aug 17 18:25:56 devstack devstack@g-api.service[83644]: DEBUG glance.api.middleware.version_negotiation [None req-b8915473-536c-4269-93af-a5ef5b4ac3fa tempest-ServerRescueNegativeTestJSON-1584233723 tempest-ServerRescueNegativeTestJSON-1584233723-project-member] Using url versioning {{(pid=83644) process_request /opt/stack/glance/glance/api/middleware/version_negotiation.py:57}}
Aug 17 18:25:56 devstack devstack@g-api.service[83644]: DEBUG glance.api.middleware.version_negotiation [None req-b8915473-536c-4269-93af-a5ef5b4ac3fa tempest-ServerRescueNegativeTestJSON-1584233723 tempest-ServerRescueNegativeTestJSON-1584233723-project-member] Matched version: v2 {{(pid=83644) process_request /opt/stack/glance/glance/api/middleware/version_negotiation.py:69}}
Aug 17 18:25:56 devstack devstack@g-api.service[83644]: DEBUG glance.api.middleware.version_negotiation [None req-b8915473-536c-4269-93af-a5ef5b4ac3fa tempest-ServerRescueNegativeTestJSON-1584233723 tempest-ServerRescueNegativeTestJSON-1584233723-project-member] new path /v2/images/7a3c83d7-864e-4173-959d-7f4f079cca1d {{(pid=83644) process_request /opt/stack/glance/glance/api/middleware/version_negotiation.py:70}}
Aug 17 18:25:56 devstack devstack@g-api.service[83644]: [pid: 83644|app: 0|req: 11/23] 127.0.0.1 () {42 vars in 1058 bytes} [Mon Aug 17 18:25:56 2026] GET /v2/images/7a3c83d7-864e-4173-959d-7f4f079cca1d => generated 976 bytes in 28 msecs (HTTP/1.1 200) 4 headers in 157 bytes (1 switches on core 0)
Aug 17 18:25:56 devstack devstack@g-api.service[83645]: DEBUG glance.api.middleware.version_negotiation [None req-b8915473-536c-4269-93af-a5ef5b4ac3fa tempest-ServerRescueNegativeTestJSON-1584233723 tempest-ServerRescueNegativeTestJSON-1584233723-project-member] Determining version of request: GET /v2/schemas/image Accept: */* {{(pid=83645) process_request /opt/stack/glance/glance/api/middleware/version_negotiation.py:44}}
Aug 17 18:25:56 devstack devstack@g-api.service[83645]: DEBUG glance.api.middleware.version_negotiation [None req-b8915473-536c-4269-93af-a5ef5b4ac3fa tempest-ServerRescueNegativeTestJSON-1584233723 tempest-ServerRescueNegativeTestJSON-1584233723-project-member] Using url versioning {{(pid=83645) process_request /opt/stack/glance/glance/api/middleware/version_negotiation.py:57}}
Aug 17 18:25:56 devstack devstack@g-api.service[83645]: DEBUG glance.api.middleware.version_negotiation [None req-b8915473-536c-4269-93af-a5ef5b4ac3fa tempest-ServerRescueNegativeTestJSON-1584233723 tempest-ServerRescueNegativeTestJSON-1584233723-project-member] Matched version: v2 {{(pid=83645) process_request /opt/stack/glance/glance/api/middleware/version_negotiation.py:69}}
