Aug 17 18:32:22 devstack cinder-volume[94467]: DEBUG oslo_concurrency.processutils [None req-4bbdf165-e4f6-4485-8b5e-c1118f386e3b tempest-AttachVolumeNegativeTest-2051452445 None] CMD "/opt/stack/data/venv/bin/python3.12 -m oslo_concurrency.prlimit --as=1073741824 --cpu=60 -- sudo cinder-rootwrap /etc/cinder/rootwrap.conf env LC_ALL=C qemu-img info -f qcow2 --output=json --force-share /opt/stack/data/cinder/mnt/92609b8ad1a55779b372ead2f8e2b4ae/volume-073d9e73-4abd-4725-adec-351cbdee465c" returned: 0 in 0.665s {{(pid=94467) execute /opt/stack/data/venv/lib/python3.12/site-packages/oslo_concurrency/processutils.py:468}}
Aug 17 18:32:22 devstack cinder-volume[94467]: DEBUG oslo_concurrency.processutils [None req-4bbdf165-e4f6-4485-8b5e-c1118f386e3b tempest-AttachVolumeNegativeTest-2051452445 None] Running cmd (subprocess): sudo cinder-rootwrap /etc/cinder/rootwrap.conf rm -f /opt/stack/data/cinder/mnt/92609b8ad1a55779b372ead2f8e2b4ae/volume-073d9e73-4abd-4725-adec-351cbdee465c {{(pid=94467) execute /opt/stack/data/venv/lib/python3.12/site-packages/oslo_concurrency/processutils.py:440}}
Aug 17 18:32:22 devstack sudo[102378]: quobyte : PWD=/ ; USER=root ; COMMAND=/opt/stack/data/venv/bin/cinder-rootwrap /etc/cinder/rootwrap.conf rm -f /opt/stack/data/cinder/mnt/92609b8ad1a55779b372ead2f8e2b4ae/volume-073d9e73-4abd-4725-adec-351cbdee465c
Aug 17 18:32:22 devstack sudo[102378]: pam_unix(sudo:session): session opened for user root(uid=0) by (uid=1000)
Aug 17 18:32:22 devstack sudo[102378]: pam_unix(sudo:session): session closed for user root
Aug 17 18:32:22 devstack cinder-volume[94467]: DEBUG oslo_concurrency.processutils [None req-4bbdf165-e4f6-4485-8b5e-c1118f386e3b tempest-AttachVolumeNegativeTest-2051452445 None] CMD "sudo cinder-rootwrap /etc/cinder/rootwrap.conf rm -f /opt/stack/data/cinder/mnt/92609b8ad1a55779b372ead2f8e2b4ae/volume-073d9e73-4abd-4725-adec-351cbdee465c" returned: 0 in 0.389s {{(pid=94467) execute /opt/stack/data/venv/lib/python3.12/site-packages/oslo_concurrency/processutils.py:468}}
Aug 17 18:32:22 devstack cinder-volume[94467]: DEBUG cinder.coordination [None req-4bbdf165-e4f6-4485-8b5e-c1118f386e3b tempest-AttachVolumeNegativeTest-2051452445 None] Lock "cinder-quobyte-073d9e73-4abd-4725-adec-351cbdee465c" released by "delete_volume" :: held 1.123s {{(pid=94467) __release /opt/stack/cinder/cinder/coordination.py:152}}
Aug 17 18:32:22 devstack cinder-volume[94467]: DEBUG cinder.quota [None req-4bbdf165-e4f6-4485-8b5e-c1118f386e3b tempest-AttachVolumeNegativeTest-2051452445 None] Created reservations ['6e3ff997-8af3-492b-80a0-d12f0d071137', '895b1cde-a91e-49d0-b2d6-63e4ebe5b63d', '53277eef-7db9-49df-a4d3-6fd0d168bb4f', '0633b322-c29e-4f78-89a4-a6e33ba807fd'] {{(pid=94467) reserve /opt/stack/cinder/cinder/quota.py:752}}
Aug 17 18:32:22 devstack cinder-volume[94467]: DEBUG oslo_concurrency.lockutils [None req-4bbdf165-e4f6-4485-8b5e-c1118f386e3b tempest-AttachVolumeNegativeTest-2051452445 None] Acquiring lock "quobyte_ensure" by "cinder.volume.drivers.quobyte.QuobyteDriver._ensure_shares_mounted" {{(pid=94467) inner /opt/stack/data/venv/lib/python3.12/site-packages/oslo_concurrency/lockutils.py:512}}
Aug 17 18:32:22 devstack cinder-volume[94467]: DEBUG oslo_concurrency.lockutils [None req-4bbdf165-e4f6-4485-8b5e-c1118f386e3b tempest-AttachVolumeNegativeTest-2051452445 None] Lock "quobyte_ensure" acquired by "cinder.volume.drivers.quobyte.QuobyteDriver._ensure_shares_mounted" :: waited 0.001s {{(pid=94467) inner /opt/stack/data/venv/lib/python3.12/site-packages/oslo_concurrency/lockutils.py:525}}
Aug 17 18:32:22 devstack cinder-volume[94467]: DEBUG cinder.volume.drivers.quobyte [None req-4bbdf165-e4f6-4485-8b5e-c1118f386e3b tempest-AttachVolumeNegativeTest-2051452445 None] Quobyte Volume URL set to: {'osci02.corp.quobyte.com/cinder-vol-f5e5b940-07f3-412a-bb61-5be0238e4ce5': None} {{(pid=94467) _load_shares_config /opt/stack/cinder/cinder/volume/drivers/quobyte.py:665}}
Aug 17 18:32:22 devstack cinder-volume[94467]: DEBUG cinder.volume.drivers.quobyte [None req-4bbdf165-e4f6-4485-8b5e-c1118f386e3b tempest-AttachVolumeNegativeTest-2051452445 None] Available shares ['osci02.corp.quobyte.com/cinder-vol-f5e5b940-07f3-412a-bb61-5be0238e4ce5'] {{(pid=94467) _ensure_shares_mounted /opt/stack/cinder/cinder/volume/drivers/quobyte.py:695}}
Aug 17 18:32:22 devstack cinder-volume[94467]: DEBUG oslo_concurrency.lockutils [None req-4bbdf165-e4f6-4485-8b5e-c1118f386e3b tempest-AttachVolumeNegativeTest-2051452445 None] Lock "quobyte_ensure" "released" by "cinder.volume.drivers.quobyte.QuobyteDriver._ensure_shares_mounted" :: held 0.011s {{(pid=94467) inner /opt/stack/data/venv/lib/python3.12/site-packages/oslo_concurrency/lockutils.py:544}}
Aug 17 18:32:22 devstack cinder-volume[94467]: DEBUG oslo_concurrency.processutils [None req-4bbdf165-e4f6-4485-8b5e-c1118f386e3b tempest-AttachVolumeNegativeTest-2051452445 None] Running cmd (subprocess): sudo cinder-rootwrap /etc/cinder/rootwrap.conf df --portability --block-size 1 /opt/stack/data/cinder/mnt/92609b8ad1a55779b372ead2f8e2b4ae {{(pid=94467) execute /opt/stack/data/venv/lib/python3.12/site-packages/oslo_concurrency/processutils.py:440}}
Aug 17 18:32:22 devstack cinder-volume[94467]: DEBUG cinder.coordination [None req-6c1c0ce4-7361-4aed-aa59-f9007c616611 tempest-VolumesNegativeTest-1389469459 None] Acquiring lock "cinder-7ea5cca1-c573-4f0d-8898-8624371e5f62-delete_volume" by "delete_volume" {{(pid=94467) __acquire /opt/stack/cinder/cinder/coordination.py:138}}
Aug 17 18:32:22 devstack sudo[102385]: quobyte : PWD=/ ; USER=root ; COMMAND=/opt/stack/data/venv/bin/cinder-rootwrap /etc/cinder/rootwrap.conf df --portability --block-size 1 /opt/stack/data/cinder/mnt/92609b8ad1a55779b372ead2f8e2b4ae
Aug 17 18:32:22 devstack sudo[102385]: pam_unix(sudo:session): session opened for user root(uid=0) by (uid=1000)
Aug 17 18:32:22 devstack cinder-volume[94467]: DEBUG cinder.coordination [None req-6c1c0ce4-7361-4aed-aa59-f9007c616611 tempest-VolumesNegativeTest-1389469459 None] Lock "cinder-7ea5cca1-c573-4f0d-8898-8624371e5f62-delete_volume" acquired by "delete_volume" :: waited 0.031s {{(pid=94467) __acquire /opt/stack/cinder/cinder/coordination.py:141}}
Aug 17 18:32:22 devstack sudo[102376]: pam_unix(sudo:session): session closed for user root
Aug 17 18:32:22 devstack cinder-volume[94467]: DEBUG oslo_concurrency.processutils [None req-7b0984fa-621a-46dd-adda-d7d5b8ad42d0 tempest-VolumesExtendTest-1990541688 None] CMD "sudo cinder-rootwrap /etc/cinder/rootwrap.conf qemu-img create -f qcow2 -o preallocation=metadata /opt/stack/data/cinder/mnt/92609b8ad1a55779b372ead2f8e2b4ae/volume-0674eef5-3b92-41e5-b1f9-74c22d28d454 1073741824" returned: 0 in 0.818s {{(pid=94467) execute /opt/stack/data/venv/lib/python3.12/site-packages/oslo_concurrency/processutils.py:468}}
Aug 17 18:32:23 devstack cinder-volume[94467]: DEBUG cinder.coordination [None req-6c1c0ce4-7361-4aed-aa59-f9007c616611 tempest-VolumesNegativeTest-1389469459 None] Acquiring lock "cinder-quobyte-7ea5cca1-c573-4f0d-8898-8624371e5f62" by "delete_volume" {{(pid=94467) __acquire /opt/stack/cinder/cinder/coordination.py:138}}
Aug 17 18:32:23 devstack cinder-volume[94467]: DEBUG cinder.coordination [None req-6c1c0ce4-7361-4aed-aa59-f9007c616611 tempest-VolumesNegativeTest-1389469459 None] Lock "cinder-quobyte-7ea5cca1-c573-4f0d-8898-8624371e5f62" acquired by "delete_volume" :: waited 0.023s {{(pid=94467) __acquire /opt/stack/cinder/cinder/coordination.py:141}}
Aug 17 18:32:23 devstack cinder-volume[94467]: DEBUG oslo_concurrency.processutils [None req-7b0984fa-621a-46dd-adda-d7d5b8ad42d0 tempest-VolumesExtendTest-1990541688 None] Running cmd (subprocess): sudo cinder-rootwrap /etc/cinder/rootwrap.conf chmod ugo+rw /opt/stack/data/cinder/mnt/92609b8ad1a55779b372ead2f8e2b4ae/volume-0674eef5-3b92-41e5-b1f9-74c22d28d454 {{(pid=94467) execute /opt/stack/data/venv/lib/python3.12/site-packages/oslo_concurrency/processutils.py:440}}
Aug 17 18:32:23 devstack cinder-volume[94467]: DEBUG oslo.privsep.daemon [-] privsep: reply[07fca1f3-7735-449a-9cd9-ad9cd81d779d]: (4, 'qcow2') {{(pid=95711) _call_back /opt/stack/data/venv/lib/python3.12/site-packages/oslo_privsep/daemon.py:580}}
Aug 17 18:32:23 devstack cinder-volume[94467]: DEBUG oslo_concurrency.processutils [None req-6c1c0ce4-7361-4aed-aa59-f9007c616611 tempest-VolumesNegativeTest-1389469459 None] Running cmd (subprocess): /opt/stack/data/venv/bin/python3.12 -m oslo_concurrency.prlimit --as=1073741824 --cpu=60 -- sudo cinder-rootwrap /etc/cinder/rootwrap.conf env LC_ALL=C qemu-img info -f qcow2 --output=json --force-share /opt/stack/data/cinder/mnt/92609b8ad1a55779b372ead2f8e2b4ae/volume-7ea5cca1-c573-4f0d-8898-8624371e5f62 {{(pid=94467) execute /opt/stack/data/venv/lib/python3.12/site-packages/oslo_concurrency/processutils.py:440}}
Aug 17 18:32:23 devstack sudo[102388]: quobyte : PWD=/ ; USER=root ; COMMAND=/opt/stack/data/venv/bin/cinder-rootwrap /etc/cinder/rootwrap.conf chmod ugo+rw /opt/stack/data/cinder/mnt/92609b8ad1a55779b372ead2f8e2b4ae/volume-0674eef5-3b92-41e5-b1f9-74c22d28d454
Aug 17 18:32:23 devstack sudo[102388]: pam_unix(sudo:session): session opened for user root(uid=0) by (uid=1000)
Aug 17 18:32:23 devstack sudo[102385]: pam_unix(sudo:session): session closed for user root
Aug 17 18:32:23 devstack cinder-volume[94467]: DEBUG oslo_concurrency.processutils [None req-4bbdf165-e4f6-4485-8b5e-c1118f386e3b tempest-AttachVolumeNegativeTest-2051452445 None] CMD "sudo cinder-rootwrap /etc/cinder/rootwrap.conf df --portability --block-size 1 /opt/stack/data/cinder/mnt/92609b8ad1a55779b372ead2f8e2b4ae" returned: 0 in 0.401s {{(pid=94467) execute /opt/stack/data/venv/lib/python3.12/site-packages/oslo_concurrency/processutils.py:468}}
Aug 17 18:32:23 devstack cinder-volume[94467]: DEBUG cinder.manager [None req-4bbdf165-e4f6-4485-8b5e-c1118f386e3b tempest-AttachVolumeNegativeTest-2051452445 None] Notifying Schedulers of capabilities ... {{(pid=94467) _publish_service_capabilities /opt/stack/cinder/cinder/manager.py:219}}
Aug 17 18:32:23 devstack cinder-volume[94467]: INFO cinder.volume.manager [None req-4bbdf165-e4f6-4485-8b5e-c1118f386e3b tempest-AttachVolumeNegativeTest-2051452445 None] Deleted volume successfully.
Aug 17 18:32:23 devstack sudo[102389]: quobyte : PWD=/ ; USER=root ; COMMAND=/opt/stack/data/venv/bin/cinder-rootwrap /etc/cinder/rootwrap.conf env LC_ALL=C qemu-img info -f qcow2 --output=json --force-share /opt/stack/data/cinder/mnt/92609b8ad1a55779b372ead2f8e2b4ae/volume-7ea5cca1-c573-4f0d-8898-8624371e5f62
Aug 17 18:32:23 devstack sudo[102389]: pam_unix(sudo:session): session opened for user root(uid=0) by (uid=1000)
Aug 17 18:32:23 devstack cinder-volume[94467]: DEBUG cinder.coordination [None req-4bbdf165-e4f6-4485-8b5e-c1118f386e3b tempest-AttachVolumeNegativeTest-2051452445 None] Lock "cinder-073d9e73-4abd-4725-adec-351cbdee465c-delete_volume" released by "delete_volume" :: held 1.937s {{(pid=94467) __release /opt/stack/cinder/cinder/coordination.py:152}}
Aug 17 18:32:23 devstack sudo[102388]: pam_unix(sudo:session): session closed for user root
Aug 17 18:32:23 devstack cinder-volume[94467]: DEBUG oslo_concurrency.processutils [None req-7b0984fa-621a-46dd-adda-d7d5b8ad42d0 tempest-VolumesExtendTest-1990541688 None] CMD "sudo cinder-rootwrap /etc/cinder/rootwrap.conf chmod ugo+rw /opt/stack/data/cinder/mnt/92609b8ad1a55779b372ead2f8e2b4ae/volume-0674eef5-3b92-41e5-b1f9-74c22d28d454" returned: 0 in 0.443s {{(pid=94467) execute /opt/stack/data/venv/lib/python3.12/site-packages/oslo_concurrency/processutils.py:468}}
Aug 17 18:32:23 devstack cinder-volume[94467]: DEBUG cinder.volume.drivers.quobyte [None req-7b0984fa-621a-46dd-adda-d7d5b8ad42d0 tempest-VolumesExtendTest-1990541688 None] <== create_volume: return (1347ms) {'provider_location': 'osci02.corp.quobyte.com/cinder-vol-f5e5b940-07f3-412a-bb61-5be0238e4ce5'} {{(pid=94467) trace_logging_wrapper /opt/stack/cinder/cinder/volume/volume_utils.py:1522}}
Aug 17 18:32:23 devstack cinder-volume[94467]: DEBUG oslo_concurrency.lockutils [None req-7b0984fa-621a-46dd-adda-d7d5b8ad42d0 tempest-VolumesExtendTest-1990541688 None] Lock "quobyte" "released" by "cinder.volume.drivers.quobyte.QuobyteDriver.create_volume" :: held 1.352s {{(pid=94467) inner /opt/stack/data/venv/lib/python3.12/site-packages/oslo_concurrency/lockutils.py:544}}
Aug 17 18:32:23 devstack cinder-volume[94467]: DEBUG cinder.volume.manager [None req-7b0984fa-621a-46dd-adda-d7d5b8ad42d0 tempest-VolumesExtendTest-1990541688 None] Task 'cinder.volume.flows.manager.create_volume.CreateVolumeFromSpecTask;volume:create' (3a9bed92-a575-4931-9aca-6f5563e6707a) transitioned into state 'SUCCESS' from state 'RUNNING' with result '{'status': 'creating', 'volume_name': 'volume-0674eef5-3b92-41e5-b1f9-74c22d28d454', 'volume_size': 1}' {{(pid=94467) _task_receiver /opt/stack/data/venv/lib/python3.12/site-packages/taskflow/listeners/logging.py:218}}
Aug 17 18:32:23 devstack cinder-volume[94467]: DEBUG cinder.volume.manager [None req-7b0984fa-621a-46dd-adda-d7d5b8ad42d0 tempest-VolumesExtendTest-1990541688 None] Task 'cinder.volume.flows.manager.create_volume.CreateVolumeOnFinishTask;volume:create, create.end' (f9cd8f9a-41b8-4b70-a008-11cdaeaf800c) transitioned into state 'RUNNING' from state 'PENDING' {{(pid=94467) _task_receiver /opt/stack/data/venv/lib/python3.12/site-packages/taskflow/listeners/logging.py:242}}
Aug 17 18:32:23 devstack cinder-volume[94467]: INFO cinder.volume.flows.manager.create_volume [None req-7b0984fa-621a-46dd-adda-d7d5b8ad42d0 tempest-VolumesExtendTest-1990541688 None] Volume volume-0674eef5-3b92-41e5-b1f9-74c22d28d454 (0674eef5-3b92-41e5-b1f9-74c22d28d454): created successfully
Aug 17 18:32:23 devstack cinder-volume[94467]: DEBUG cinder.volume.manager [None req-7b0984fa-621a-46dd-adda-d7d5b8ad42d0 tempest-VolumesExtendTest-1990541688 None] Task 'cinder.volume.flows.manager.create_volume.CreateVolumeOnFinishTask;volume:create, create.end' (f9cd8f9a-41b8-4b70-a008-11cdaeaf800c) transitioned into state 'SUCCESS' from state 'RUNNING' with result 'None' {{(pid=94467) _task_receiver /opt/stack/data/venv/lib/python3.12/site-packages/taskflow/listeners/logging.py:218}}
Aug 17 18:32:23 devstack cinder-volume[94467]: DEBUG cinder.volume.manager [None req-7b0984fa-621a-46dd-adda-d7d5b8ad42d0 tempest-VolumesExtendTest-1990541688 None] Flow 'volume_create_manager' (0703d3f7-9cb1-4602-b810-293bb29d51df) transitioned into state 'SUCCESS' from state 'RUNNING' {{(pid=94467) _flow_receiver /opt/stack/data/venv/lib/python3.12/site-packages/taskflow/listeners/logging.py:160}}
Aug 17 18:32:23 devstack cinder-volume[94467]: INFO cinder.volume.manager [None req-7b0984fa-621a-46dd-adda-d7d5b8ad42d0 tempest-VolumesExtendTest-1990541688 None] Created volume successfully.
Aug 17 18:32:23 devstack sudo[102389]: pam_unix(sudo:session): session closed for user root
Aug 17 18:32:23 devstack cinder-volume[94467]: DEBUG oslo_concurrency.processutils [None req-6c1c0ce4-7361-4aed-aa59-f9007c616611 tempest-VolumesNegativeTest-1389469459 None] CMD "/opt/stack/data/venv/bin/python3.12 -m oslo_concurrency.prlimit --as=1073741824 --cpu=60 -- sudo cinder-rootwrap /etc/cinder/rootwrap.conf env LC_ALL=C qemu-img info -f qcow2 --output=json --force-share /opt/stack/data/cinder/mnt/92609b8ad1a55779b372ead2f8e2b4ae/volume-7ea5cca1-c573-4f0d-8898-8624371e5f62" returned: 0 in 0.612s {{(pid=94467) execute /opt/stack/data/venv/lib/python3.12/site-packages/oslo_concurrency/processutils.py:468}}
Aug 17 18:32:23 devstack cinder-volume[94467]: DEBUG oslo_concurrency.processutils [None req-6c1c0ce4-7361-4aed-aa59-f9007c616611 tempest-VolumesNegativeTest-1389469459 None] Running cmd (subprocess): sudo cinder-rootwrap /etc/cinder/rootwrap.conf rm -f /opt/stack/data/cinder/mnt/92609b8ad1a55779b372ead2f8e2b4ae/volume-7ea5cca1-c573-4f0d-8898-8624371e5f62 {{(pid=94467) execute /opt/stack/data/venv/lib/python3.12/site-packages/oslo_concurrency/processutils.py:440}}
Aug 17 18:32:23 devstack sudo[102410]: quobyte : PWD=/ ; USER=root ; COMMAND=/opt/stack/data/venv/bin/cinder-rootwrap /etc/cinder/rootwrap.conf rm -f /opt/stack/data/cinder/mnt/92609b8ad1a55779b372ead2f8e2b4ae/volume-7ea5cca1-c573-4f0d-8898-8624371e5f62
Aug 17 18:32:23 devstack sudo[102410]: pam_unix(sudo:session): session opened for user root(uid=0) by (uid=1000)
Aug 17 18:32:24 devstack sudo[102410]: pam_unix(sudo:session): session closed for user root
Aug 17 18:32:24 devstack cinder-volume[94467]: DEBUG oslo_concurrency.processutils [None req-6c1c0ce4-7361-4aed-aa59-f9007c616611 tempest-VolumesNegativeTest-1389469459 None] CMD "sudo cinder-rootwrap /etc/cinder/rootwrap.conf rm -f /opt/stack/data/cinder/mnt/92609b8ad1a55779b372ead2f8e2b4ae/volume-7ea5cca1-c573-4f0d-8898-8624371e5f62" returned: 0 in 0.491s {{(pid=94467) execute /opt/stack/data/venv/lib/python3.12/site-packages/oslo_concurrency/processutils.py:468}}
Aug 17 18:32:24 devstack cinder-volume[94467]: DEBUG cinder.coordination [None req-6c1c0ce4-7361-4aed-aa59-f9007c616611 tempest-VolumesNegativeTest-1389469459 None] Lock "cinder-quobyte-7ea5cca1-c573-4f0d-8898-8624371e5f62" released by "delete_volume" :: held 1.172s {{(pid=94467) __release /opt/stack/cinder/cinder/coordination.py:152}}
Aug 17 18:32:24 devstack cinder-volume[94467]: DEBUG cinder.quota [None req-6c1c0ce4-7361-4aed-aa59-f9007c616611 tempest-VolumesNegativeTest-1389469459 None] Created reservations ['4aa2374d-f4bb-414d-b1fb-807c82ab6285', '06c92c12-1c7e-4a2e-a635-3d35367f0a7b', 'ca4f8272-3946-4c2b-8d2e-d10abfb48490', 'da47a6d2-8b16-4739-ad82-52fd56648bb1'] {{(pid=94467) reserve /opt/stack/cinder/cinder/quota.py:752}}
Aug 17 18:32:24 devstack cinder-volume[94467]: DEBUG oslo_concurrency.lockutils [None req-6c1c0ce4-7361-4aed-aa59-f9007c616611 tempest-VolumesNegativeTest-1389469459 None] Acquiring lock "quobyte_ensure" by "cinder.volume.drivers.quobyte.QuobyteDriver._ensure_shares_mounted" {{(pid=94467) inner /opt/stack/data/venv/lib/python3.12/site-packages/oslo_concurrency/lockutils.py:512}}
Aug 17 18:32:24 devstack cinder-volume[94467]: DEBUG oslo_concurrency.lockutils [None req-6c1c0ce4-7361-4aed-aa59-f9007c616611 tempest-VolumesNegativeTest-1389469459 None] Lock "quobyte_ensure" acquired by "cinder.volume.drivers.quobyte.QuobyteDriver._ensure_shares_mounted" :: waited 0.001s {{(pid=94467) inner /opt/stack/data/venv/lib/python3.12/site-packages/oslo_concurrency/lockutils.py:525}}
Aug 17 18:32:24 devstack cinder-volume[94467]: DEBUG cinder.volume.drivers.quobyte [None req-6c1c0ce4-7361-4aed-aa59-f9007c616611 tempest-VolumesNegativeTest-1389469459 None] Quobyte Volume URL set to: {'osci02.corp.quobyte.com/cinder-vol-f5e5b940-07f3-412a-bb61-5be0238e4ce5': None} {{(pid=94467) _load_shares_config /opt/stack/cinder/cinder/volume/drivers/quobyte.py:665}}
Aug 17 18:32:24 devstack cinder-volume[94467]: DEBUG cinder.volume.drivers.quobyte [None req-6c1c0ce4-7361-4aed-aa59-f9007c616611 tempest-VolumesNegativeTest-1389469459 None] Available shares ['osci02.corp.quobyte.com/cinder-vol-f5e5b940-07f3-412a-bb61-5be0238e4ce5'] {{(pid=94467) _ensure_shares_mounted /opt/stack/cinder/cinder/volume/drivers/quobyte.py:695}}
Aug 17 18:32:24 devstack cinder-volume[94467]: DEBUG oslo_concurrency.lockutils [None req-6c1c0ce4-7361-4aed-aa59-f9007c616611 tempest-VolumesNegativeTest-1389469459 None] Lock "quobyte_ensure" "released" by "cinder.volume.drivers.quobyte.QuobyteDriver._ensure_shares_mounted" :: held 0.008s {{(pid=94467) inner /opt/stack/data/venv/lib/python3.12/site-packages/oslo_concurrency/lockutils.py:544}}
Aug 17 18:32:24 devstack cinder-volume[94467]: DEBUG oslo_concurrency.processutils [None req-6c1c0ce4-7361-4aed-aa59-f9007c616611 tempest-VolumesNegativeTest-1389469459 None] Running cmd (subprocess): sudo cinder-rootwrap /etc/cinder/rootwrap.conf df --portability --block-size 1 /opt/stack/data/cinder/mnt/92609b8ad1a55779b372ead2f8e2b4ae {{(pid=94467) execute /opt/stack/data/venv/lib/python3.12/site-packages/oslo_concurrency/processutils.py:440}}
Aug 17 18:32:24 devstack cinder-volume[94467]: DEBUG oslo_concurrency.lockutils [None req-bad30f7a-890e-4647-9ebb-912340347a4c tempest-VolumesExtendTest-1990541688 None] Acquiring lock "quobyte" by "cinder.volume.drivers.quobyte.QuobyteDriver.create_snapshot" {{(pid=94467) inner /opt/stack/data/venv/lib/python3.12/site-packages/oslo_concurrency/lockutils.py:512}}
Aug 17 18:32:24 devstack cinder-volume[94467]: DEBUG oslo_concurrency.lockutils [None req-bad30f7a-890e-4647-9ebb-912340347a4c tempest-VolumesExtendTest-1990541688 None] Lock "quobyte" acquired by "cinder.volume.drivers.quobyte.QuobyteDriver.create_snapshot" :: waited 0.004s {{(pid=94467) inner /opt/stack/data/venv/lib/python3.12/site-packages/oslo_concurrency/lockutils.py:525}}
Aug 17 18:32:24 devstack sudo[102415]: quobyte : PWD=/ ; USER=root ; COMMAND=/opt/stack/data/venv/bin/cinder-rootwrap /etc/cinder/rootwrap.conf df --portability --block-size 1 /opt/stack/data/cinder/mnt/92609b8ad1a55779b372ead2f8e2b4ae
Aug 17 18:32:24 devstack sudo[102415]: pam_unix(sudo:session): session opened for user root(uid=0) by (uid=1000)
Aug 17 18:32:24 devstack cinder-volume[94467]: DEBUG cinder.volume.drivers.remotefs [None req-bad30f7a-890e-4647-9ebb-912340347a4c tempest-VolumesExtendTest-1990541688 None] Creating offline snapshot 0cacb9bd-bc71-4355-99af-77d7060f6eee of volume 0674eef5-3b92-41e5-b1f9-74c22d28d454 {{(pid=94467) _create_snapshot /opt/stack/cinder/cinder/volume/drivers/remotefs.py:1816}}
Aug 17 18:32:24 devstack cinder-volume[94467]: DEBUG oslo.privsep.daemon [-] privsep: reply[6b745bfc-1323-4f96-b0a5-6297ac2902a5]: (4, 'qcow2') {{(pid=95711) _call_back /opt/stack/data/venv/lib/python3.12/site-packages/oslo_privsep/daemon.py:580}}
Aug 17 18:32:24 devstack cinder-volume[94467]: DEBUG oslo_concurrency.processutils [None req-bad30f7a-890e-4647-9ebb-912340347a4c tempest-VolumesExtendTest-1990541688 None] Running cmd (subprocess): /opt/stack/data/venv/bin/python3.12 -m oslo_concurrency.prlimit --as=1073741824 --cpu=60 -- sudo cinder-rootwrap /etc/cinder/rootwrap.conf env LC_ALL=C qemu-img info -f qcow2 --output=json --force-share /opt/stack/data/cinder/mnt/92609b8ad1a55779b372ead2f8e2b4ae/volume-0674eef5-3b92-41e5-b1f9-74c22d28d454 {{(pid=94467) execute /opt/stack/data/venv/lib/python3.12/site-packages/oslo_concurrency/processutils.py:440}}
Aug 17 18:32:24 devstack sudo[102417]: quobyte : PWD=/ ; USER=root ; COMMAND=/opt/stack/data/venv/bin/cinder-rootwrap /etc/cinder/rootwrap.conf env LC_ALL=C qemu-img info -f qcow2 --output=json --force-share /opt/stack/data/cinder/mnt/92609b8ad1a55779b372ead2f8e2b4ae/volume-0674eef5-3b92-41e5-b1f9-74c22d28d454
Aug 17 18:32:24 devstack sudo[102417]: pam_unix(sudo:session): session opened for user root(uid=0) by (uid=1000)
Aug 17 18:32:24 devstack sudo[102415]: pam_unix(sudo:session): session closed for user root
Aug 17 18:32:24 devstack cinder-volume[94467]: DEBUG oslo_concurrency.processutils [None req-6c1c0ce4-7361-4aed-aa59-f9007c616611 tempest-VolumesNegativeTest-1389469459 None] CMD "sudo cinder-rootwrap /etc/cinder/rootwrap.conf df --portability --block-size 1 /opt/stack/data/cinder/mnt/92609b8ad1a55779b372ead2f8e2b4ae" returned: 0 in 0.364s {{(pid=94467) execute /opt/stack/data/venv/lib/python3.12/site-packages/oslo_concurrency/processutils.py:468}}
Aug 17 18:32:24 devstack cinder-volume[94467]: DEBUG cinder.manager [None req-6c1c0ce4-7361-4aed-aa59-f9007c616611 tempest-VolumesNegativeTest-1389469459 None] Notifying Schedulers of capabilities ... {{(pid=94467) _publish_service_capabilities /opt/stack/cinder/cinder/manager.py:219}}
Aug 17 18:32:24 devstack cinder-volume[94467]: INFO cinder.volume.manager [None req-6c1c0ce4-7361-4aed-aa59-f9007c616611 tempest-VolumesNegativeTest-1389469459 None] Deleted volume successfully.
Aug 17 18:32:24 devstack cinder-volume[94467]: DEBUG cinder.coordination [None req-6c1c0ce4-7361-4aed-aa59-f9007c616611 tempest-VolumesNegativeTest-1389469459 None] Lock "cinder-7ea5cca1-c573-4f0d-8898-8624371e5f62-delete_volume" released by "delete_volume" :: held 1.926s {{(pid=94467) __release /opt/stack/cinder/cinder/coordination.py:152}}
Aug 17 18:32:25 devstack sudo[102417]: pam_unix(sudo:session): session closed for user root
Aug 17 18:32:25 devstack cinder-volume[94467]: DEBUG oslo_concurrency.processutils [None req-bad30f7a-890e-4647-9ebb-912340347a4c tempest-VolumesExtendTest-1990541688 None] CMD "/opt/stack/data/venv/bin/python3.12 -m oslo_concurrency.prlimit --as=1073741824 --cpu=60 -- sudo cinder-rootwrap /etc/cinder/rootwrap.conf env LC_ALL=C qemu-img info -f qcow2 --output=json --force-share /opt/stack/data/cinder/mnt/92609b8ad1a55779b372ead2f8e2b4ae/volume-0674eef5-3b92-41e5-b1f9-74c22d28d454" returned: 0 in 0.495s {{(pid=94467) execute /opt/stack/data/venv/lib/python3.12/site-packages/oslo_concurrency/processutils.py:468}}
Aug 17 18:32:25 devstack cinder-volume[94467]: DEBUG oslo_concurrency.processutils [None req-bad30f7a-890e-4647-9ebb-912340347a4c tempest-VolumesExtendTest-1990541688 None] Running cmd (subprocess): sudo cinder-rootwrap /etc/cinder/rootwrap.conf qemu-img create -f qcow2 -o backing_file=/opt/stack/data/cinder/mnt/92609b8ad1a55779b372ead2f8e2b4ae/volume-0674eef5-3b92-41e5-b1f9-74c22d28d454,backing_fmt=qcow2 /opt/stack/data/cinder/mnt/92609b8ad1a55779b372ead2f8e2b4ae/volume-0674eef5-3b92-41e5-b1f9-74c22d28d454.0cacb9bd-bc71-4355-99af-77d7060f6eee 1G {{(pid=94467) execute /opt/stack/data/venv/lib/python3.12/site-packages/oslo_concurrency/processutils.py:440}}
Aug 17 18:32:25 devstack sudo[102423]: quobyte : PWD=/ ; USER=root ; COMMAND=/opt/stack/data/venv/bin/cinder-rootwrap /etc/cinder/rootwrap.conf qemu-img create -f qcow2 -o backing_file=/opt/stack/data/cinder/mnt/92609b8ad1a55779b372ead2f8e2b4ae/volume-0674eef5-3b92-41e5-b1f9-74c22d28d454,backing_fmt=qcow2 /opt/stack/data/cinder/mnt/92609b8ad1a55779b372ead2f8e2b4ae/volume-0674eef5-3b92-41e5-b1f9-74c22d28d454.0cacb9bd-bc71-4355-99af-77d7060f6eee 1G
Aug 17 18:32:25 devstack sudo[102423]: pam_unix(sudo:session): session opened for user root(uid=0) by (uid=1000)
Aug 17 18:32:25 devstack sudo[102423]: pam_unix(sudo:session): session closed for user root
Aug 17 18:32:25 devstack cinder-volume[94467]: DEBUG oslo_concurrency.processutils [None req-bad30f7a-890e-4647-9ebb-912340347a4c tempest-VolumesExtendTest-1990541688 None] CMD "sudo cinder-rootwrap /etc/cinder/rootwrap.conf qemu-img create -f qcow2 -o backing_file=/opt/stack/data/cinder/mnt/92609b8ad1a55779b372ead2f8e2b4ae/volume-0674eef5-3b92-41e5-b1f9-74c22d28d454,backing_fmt=qcow2 /opt/stack/data/cinder/mnt/92609b8ad1a55779b372ead2f8e2b4ae/volume-0674eef5-3b92-41e5-b1f9-74c22d28d454.0cacb9bd-bc71-4355-99af-77d7060f6eee 1G" returned: 0 in 0.685s {{(pid=94467) execute /opt/stack/data/venv/lib/python3.12/site-packages/oslo_concurrency/processutils.py:468}}
Aug 17 18:32:25 devstack cinder-volume[94467]: DEBUG oslo_concurrency.processutils [None req-bad30f7a-890e-4647-9ebb-912340347a4c tempest-VolumesExtendTest-1990541688 None] Running cmd (subprocess): sudo cinder-rootwrap /etc/cinder/rootwrap.conf qemu-img rebase -u -b volume-0674eef5-3b92-41e5-b1f9-74c22d28d454 -F qcow2 /opt/stack/data/cinder/mnt/92609b8ad1a55779b372ead2f8e2b4ae/volume-0674eef5-3b92-41e5-b1f9-74c22d28d454.0cacb9bd-bc71-4355-99af-77d7060f6eee {{(pid=94467) execute /opt/stack/data/venv/lib/python3.12/site-packages/oslo_concurrency/processutils.py:440}}
Aug 17 18:32:25 devstack sudo[102429]: quobyte : PWD=/ ; USER=root ; COMMAND=/opt/stack/data/venv/bin/cinder-rootwrap /etc/cinder/rootwrap.conf qemu-img rebase -u -b volume-0674eef5-3b92-41e5-b1f9-74c22d28d454 -F qcow2 /opt/stack/data/cinder/mnt/92609b8ad1a55779b372ead2f8e2b4ae/volume-0674eef5-3b92-41e5-b1f9-74c22d28d454.0cacb9bd-bc71-4355-99af-77d7060f6eee
Aug 17 18:32:25 devstack sudo[102429]: pam_unix(sudo:session): session opened for user root(uid=0) by (uid=1000)
Aug 17 18:32:26 devstack sudo[102429]: pam_unix(sudo:session): session closed for user root
Aug 17 18:32:26 devstack cinder-volume[94467]: DEBUG oslo_concurrency.processutils [None req-bad30f7a-890e-4647-9ebb-912340347a4c tempest-VolumesExtendTest-1990541688 None] CMD "sudo cinder-rootwrap /etc/cinder/rootwrap.conf qemu-img rebase -u -b volume-0674eef5-3b92-41e5-b1f9-74c22d28d454 -F qcow2 /opt/stack/data/cinder/mnt/92609b8ad1a55779b372ead2f8e2b4ae/volume-0674eef5-3b92-41e5-b1f9-74c22d28d454.0cacb9bd-bc71-4355-99af-77d7060f6eee" returned: 0 in 0.354s {{(pid=94467) execute /opt/stack/data/venv/lib/python3.12/site-packages/oslo_concurrency/processutils.py:468}}
Aug 17 18:32:26 devstack cinder-volume[94467]: WARNING cinder.volume.drivers.remotefs [None req-bad30f7a-890e-4647-9ebb-912340347a4c tempest-VolumesExtendTest-1990541688 None] /opt/stack/data/cinder/mnt/92609b8ad1a55779b372ead2f8e2b4ae/volume-0674eef5-3b92-41e5-b1f9-74c22d28d454.0cacb9bd-bc71-4355-99af-77d7060f6eee is being set with open permissions: ugo+rw
Aug 17 18:32:26 devstack cinder-volume[94467]: DEBUG oslo_concurrency.processutils [None req-bad30f7a-890e-4647-9ebb-912340347a4c tempest-VolumesExtendTest-1990541688 None] Running cmd (subprocess): sudo cinder-rootwrap /etc/cinder/rootwrap.conf chmod ugo+rw /opt/stack/data/cinder/mnt/92609b8ad1a55779b372ead2f8e2b4ae/volume-0674eef5-3b92-41e5-b1f9-74c22d28d454.0cacb9bd-bc71-4355-99af-77d7060f6eee {{(pid=94467) execute /opt/stack/data/venv/lib/python3.12/site-packages/oslo_concurrency/processutils.py:440}}
Aug 17 18:32:26 devstack sudo[102434]: quobyte : PWD=/ ; USER=root ; COMMAND=/opt/stack/data/venv/bin/cinder-rootwrap /etc/cinder/rootwrap.conf chmod ugo+rw /opt/stack/data/cinder/mnt/92609b8ad1a55779b372ead2f8e2b4ae/volume-0674eef5-3b92-41e5-b1f9-74c22d28d454.0cacb9bd-bc71-4355-99af-77d7060f6eee
Aug 17 18:32:26 devstack sudo[102434]: pam_unix(sudo:session): session opened for user root(uid=0) by (uid=1000)
Aug 17 18:32:26 devstack sudo[102434]: pam_unix(sudo:session): session closed for user root
Aug 17 18:32:26 devstack cinder-volume[94467]: DEBUG oslo_concurrency.processutils [None req-bad30f7a-890e-4647-9ebb-912340347a4c tempest-VolumesExtendTest-1990541688 None] CMD "sudo cinder-rootwrap /etc/cinder/rootwrap.conf chmod ugo+rw /opt/stack/data/cinder/mnt/92609b8ad1a55779b372ead2f8e2b4ae/volume-0674eef5-3b92-41e5-b1f9-74c22d28d454.0cacb9bd-bc71-4355-99af-77d7060f6eee" returned: 0 in 0.304s {{(pid=94467) execute /opt/stack/data/venv/lib/python3.12/site-packages/oslo_concurrency/processutils.py:468}}
Aug 17 18:32:26 devstack cinder-volume[94467]: DEBUG oslo_concurrency.processutils [None req-bad30f7a-890e-4647-9ebb-912340347a4c tempest-VolumesExtendTest-1990541688 None] Running cmd (subprocess): sudo cinder-rootwrap /etc/cinder/rootwrap.conf truncate -s0 /opt/stack/data/cinder/mnt/92609b8ad1a55779b372ead2f8e2b4ae/volume-0674eef5-3b92-41e5-b1f9-74c22d28d454.info {{(pid=94467) execute /opt/stack/data/venv/lib/python3.12/site-packages/oslo_concurrency/processutils.py:440}}
Aug 17 18:32:26 devstack sudo[102438]: quobyte : PWD=/ ; USER=root ; COMMAND=/opt/stack/data/venv/bin/cinder-rootwrap /etc/cinder/rootwrap.conf truncate -s0 /opt/stack/data/cinder/mnt/92609b8ad1a55779b372ead2f8e2b4ae/volume-0674eef5-3b92-41e5-b1f9-74c22d28d454.info
Aug 17 18:32:26 devstack sudo[102438]: pam_unix(sudo:session): session opened for user root(uid=0) by (uid=1000)
Aug 17 18:32:26 devstack sudo[102438]: pam_unix(sudo:session): session closed for user root
Aug 17 18:32:26 devstack cinder-volume[94467]: DEBUG oslo_concurrency.processutils [None req-bad30f7a-890e-4647-9ebb-912340347a4c tempest-VolumesExtendTest-1990541688 None] CMD "sudo cinder-rootwrap /etc/cinder/rootwrap.conf truncate -s0 /opt/stack/data/cinder/mnt/92609b8ad1a55779b372ead2f8e2b4ae/volume-0674eef5-3b92-41e5-b1f9-74c22d28d454.info" returned: 0 in 0.363s {{(pid=94467) execute /opt/stack/data/venv/lib/python3.12/site-packages/oslo_concurrency/processutils.py:468}}
Aug 17 18:32:26 devstack cinder-volume[94467]: WARNING cinder.volume.drivers.remotefs [None req-bad30f7a-890e-4647-9ebb-912340347a4c tempest-VolumesExtendTest-1990541688 None] /opt/stack/data/cinder/mnt/92609b8ad1a55779b372ead2f8e2b4ae/volume-0674eef5-3b92-41e5-b1f9-74c22d28d454.info is being set with open permissions: ugo+rw
Aug 17 18:32:26 devstack cinder-volume[94467]: DEBUG oslo_concurrency.processutils [None req-bad30f7a-890e-4647-9ebb-912340347a4c tempest-VolumesExtendTest-1990541688 None] Running cmd (subprocess): sudo cinder-rootwrap /etc/cinder/rootwrap.conf chmod ugo+rw /opt/stack/data/cinder/mnt/92609b8ad1a55779b372ead2f8e2b4ae/volume-0674eef5-3b92-41e5-b1f9-74c22d28d454.info {{(pid=94467) execute /opt/stack/data/venv/lib/python3.12/site-packages/oslo_concurrency/processutils.py:440}}
Aug 17 18:32:26 devstack sudo[102441]: quobyte : PWD=/ ; USER=root ; COMMAND=/opt/stack/data/venv/bin/cinder-rootwrap /etc/cinder/rootwrap.conf chmod ugo+rw /opt/stack/data/cinder/mnt/92609b8ad1a55779b372ead2f8e2b4ae/volume-0674eef5-3b92-41e5-b1f9-74c22d28d454.info
Aug 17 18:32:26 devstack sudo[102441]: pam_unix(sudo:session): session opened for user root(uid=0) by (uid=1000)
Aug 17 18:32:27 devstack sudo[102441]: pam_unix(sudo:session): session closed for user root
Aug 17 18:32:27 devstack cinder-volume[94467]: DEBUG oslo_concurrency.processutils [None req-bad30f7a-890e-4647-9ebb-912340347a4c tempest-VolumesExtendTest-1990541688 None] CMD "sudo cinder-rootwrap /etc/cinder/rootwrap.conf chmod ugo+rw /opt/stack/data/cinder/mnt/92609b8ad1a55779b372ead2f8e2b4ae/volume-0674eef5-3b92-41e5-b1f9-74c22d28d454.info" returned: 0 in 0.505s {{(pid=94467) execute /opt/stack/data/venv/lib/python3.12/site-packages/oslo_concurrency/processutils.py:468}}
Aug 17 18:32:27 devstack cinder-volume[94467]: DEBUG oslo_concurrency.lockutils [None req-bad30f7a-890e-4647-9ebb-912340347a4c tempest-VolumesExtendTest-1990541688 None] Lock "quobyte" "released" by "cinder.volume.drivers.quobyte.QuobyteDriver.create_snapshot" :: held 2.840s {{(pid=94467) inner /opt/stack/data/venv/lib/python3.12/site-packages/oslo_concurrency/lockutils.py:544}}
Aug 17 18:32:27 devstack cinder-volume[94467]: INFO cinder.volume.manager [None req-bad30f7a-890e-4647-9ebb-912340347a4c tempest-VolumesExtendTest-1990541688 None] Create snapshot completed successfully
Aug 17 18:32:28 devstack cinder-volume[94467]: DEBUG oslo_concurrency.lockutils [None req-115efa17-7798-44ad-89b4-acc5e2346d6f tempest-VolumesExtendTest-1990541688 None] Acquiring lock "quobyte" by "cinder.volume.drivers.quobyte.QuobyteDriver.extend_volume" {{(pid=94467) inner /opt/stack/data/venv/lib/python3.12/site-packages/oslo_concurrency/lockutils.py:512}}
Aug 17 18:32:28 devstack cinder-volume[94467]: DEBUG oslo_concurrency.lockutils [None req-115efa17-7798-44ad-89b4-acc5e2346d6f tempest-VolumesExtendTest-1990541688 None] Lock "quobyte" acquired by "cinder.volume.drivers.quobyte.QuobyteDriver.extend_volume" :: waited 0.004s {{(pid=94467) inner /opt/stack/data/venv/lib/python3.12/site-packages/oslo_concurrency/lockutils.py:525}}
Aug 17 18:32:28 devstack cinder-volume[94467]: DEBUG oslo.privsep.daemon [-] privsep: reply[73d04c2b-8146-4ad4-850f-333d64ab8c12]: (4, 'qcow2') {{(pid=95711) _call_back /opt/stack/data/venv/lib/python3.12/site-packages/oslo_privsep/daemon.py:580}}
Aug 17 18:32:28 devstack cinder-volume[94467]: DEBUG oslo_concurrency.processutils [None req-115efa17-7798-44ad-89b4-acc5e2346d6f tempest-VolumesExtendTest-1990541688 None] Running cmd (subprocess): /opt/stack/data/venv/bin/python3.12 -m oslo_concurrency.prlimit --as=1073741824 --cpu=60 -- sudo cinder-rootwrap /etc/cinder/rootwrap.conf env LC_ALL=C qemu-img info -f qcow2 --output=json --force-share /opt/stack/data/cinder/mnt/92609b8ad1a55779b372ead2f8e2b4ae/volume-0674eef5-3b92-41e5-b1f9-74c22d28d454 {{(pid=94467) execute /opt/stack/data/venv/lib/python3.12/site-packages/oslo_concurrency/processutils.py:440}}
Aug 17 18:32:28 devstack sudo[102494]: quobyte : PWD=/ ; USER=root ; COMMAND=/opt/stack/data/venv/bin/cinder-rootwrap /etc/cinder/rootwrap.conf env LC_ALL=C qemu-img info -f qcow2 --output=json --force-share /opt/stack/data/cinder/mnt/92609b8ad1a55779b372ead2f8e2b4ae/volume-0674eef5-3b92-41e5-b1f9-74c22d28d454
Aug 17 18:32:28 devstack sudo[102494]: pam_unix(sudo:session): session opened for user root(uid=0) by (uid=1000)
Aug 17 18:32:28 devstack sudo[102494]: pam_unix(sudo:session): session closed for user root
Aug 17 18:32:28 devstack cinder-volume[94467]: DEBUG oslo_concurrency.processutils [None req-115efa17-7798-44ad-89b4-acc5e2346d6f tempest-VolumesExtendTest-1990541688 None] CMD "/opt/stack/data/venv/bin/python3.12 -m oslo_concurrency.prlimit --as=1073741824 --cpu=60 -- sudo cinder-rootwrap /etc/cinder/rootwrap.conf env LC_ALL=C qemu-img info -f qcow2 --output=json --force-share /opt/stack/data/cinder/mnt/92609b8ad1a55779b372ead2f8e2b4ae/volume-0674eef5-3b92-41e5-b1f9-74c22d28d454" returned: 0 in 0.642s {{(pid=94467) execute /opt/stack/data/venv/lib/python3.12/site-packages/oslo_concurrency/processutils.py:468}}
Aug 17 18:32:28 devstack cinder-volume[94467]: DEBUG oslo_concurrency.processutils [None req-115efa17-7798-44ad-89b4-acc5e2346d6f tempest-VolumesExtendTest-1990541688 None] Running cmd (subprocess): qemu-img resize /opt/stack/data/cinder/mnt/92609b8ad1a55779b372ead2f8e2b4ae/volume-0674eef5-3b92-41e5-b1f9-74c22d28d454.0cacb9bd-bc71-4355-99af-77d7060f6eee 2G {{(pid=94467) execute /opt/stack/data/venv/lib/python3.12/site-packages/oslo_concurrency/processutils.py:440}}
Aug 17 18:32:28 devstack cinder-volume[94467]: DEBUG oslo_concurrency.processutils [None req-115efa17-7798-44ad-89b4-acc5e2346d6f tempest-VolumesExtendTest-1990541688 None] CMD "qemu-img resize /opt/stack/data/cinder/mnt/92609b8ad1a55779b372ead2f8e2b4ae/volume-0674eef5-3b92-41e5-b1f9-74c22d28d454.0cacb9bd-bc71-4355-99af-77d7060f6eee 2G" returned: 0 in 0.227s {{(pid=94467) execute /opt/stack/data/venv/lib/python3.12/site-packages/oslo_concurrency/processutils.py:468}}
Aug 17 18:32:28 devstack cinder-volume[94467]: DEBUG oslo_concurrency.lockutils [None req-115efa17-7798-44ad-89b4-acc5e2346d6f tempest-VolumesExtendTest-1990541688 None] Lock "quobyte" "released" by "cinder.volume.drivers.quobyte.QuobyteDriver.extend_volume" :: held 0.935s {{(pid=94467) inner /opt/stack/data/venv/lib/python3.12/site-packages/oslo_concurrency/lockutils.py:544}}
Aug 17 18:32:29 devstack cinder-volume[94467]: INFO cinder.volume.manager [None req-115efa17-7798-44ad-89b4-acc5e2346d6f tempest-VolumesExtendTest-1990541688 None] Extend volume completed successfully.
Aug 17 18:32:29 devstack cinder-volume[94467]: DEBUG cinder.coordination [None req-d181d469-1a37-4b59-bcd4-343da17da03a tempest-VolumesExtendTest-1990541688 None] Acquiring lock "cinder-0cacb9bd-bc71-4355-99af-77d7060f6eee-delete_snapshot" by "delete_snapshot" {{(pid=94467) __acquire /opt/stack/cinder/cinder/coordination.py:138}}
Aug 17 18:32:29 devstack cinder-volume[94467]: DEBUG cinder.coordination [None req-d181d469-1a37-4b59-bcd4-343da17da03a tempest-VolumesExtendTest-1990541688 None] Lock "cinder-0cacb9bd-bc71-4355-99af-77d7060f6eee-delete_snapshot" acquired by "delete_snapshot" :: waited 0.026s {{(pid=94467) __acquire /opt/stack/cinder/cinder/coordination.py:141}}
Aug 17 18:32:29 devstack cinder-volume[94467]: DEBUG cinder.coordination [None req-d181d469-1a37-4b59-bcd4-343da17da03a tempest-VolumesExtendTest-1990541688 None] Acquiring lock "cinder-quobyte-0674eef5-3b92-41e5-b1f9-74c22d28d454" by "delete_snapshot" {{(pid=94467) __acquire /opt/stack/cinder/cinder/coordination.py:138}}
Aug 17 18:32:29 devstack cinder-volume[94467]: DEBUG cinder.coordination [None req-d181d469-1a37-4b59-bcd4-343da17da03a tempest-VolumesExtendTest-1990541688 None] Lock "cinder-quobyte-0674eef5-3b92-41e5-b1f9-74c22d28d454" acquired by "delete_snapshot" :: waited 0.019s {{(pid=94467) __acquire /opt/stack/cinder/cinder/coordination.py:141}}
Aug 17 18:32:29 devstack cinder-volume[94467]: DEBUG cinder.coordination [None req-d181d469-1a37-4b59-bcd4-343da17da03a tempest-VolumesExtendTest-1990541688 None] Acquiring lock "cinder-quobyte-0cacb9bd-bc71-4355-99af-77d7060f6eee" by "_delete_snapshot" {{(pid=94467) __acquire /opt/stack/cinder/cinder/coordination.py:138}}
Aug 17 18:32:29 devstack cinder-volume[94467]: DEBUG cinder.coordination [None req-d181d469-1a37-4b59-bcd4-343da17da03a tempest-VolumesExtendTest-1990541688 None] Lock "cinder-quobyte-0cacb9bd-bc71-4355-99af-77d7060f6eee" acquired by "_delete_snapshot" :: waited 0.016s {{(pid=94467) __acquire /opt/stack/cinder/cinder/coordination.py:141}}
Aug 17 18:32:29 devstack cinder-volume[94467]: DEBUG cinder.volume.drivers.remotefs [None req-d181d469-1a37-4b59-bcd4-343da17da03a tempest-VolumesExtendTest-1990541688 None] Deleting offline snapshot 0cacb9bd-bc71-4355-99af-77d7060f6eee of volume 0674eef5-3b92-41e5-b1f9-74c22d28d454 {{(pid=94467) _delete_snapshot /opt/stack/cinder/cinder/volume/drivers/remotefs.py:1288}}
Aug 17 18:32:29 devstack cinder-volume[94467]: DEBUG cinder.volume.drivers.remotefs [None req-d181d469-1a37-4b59-bcd4-343da17da03a tempest-VolumesExtendTest-1990541688 None] snapshot_file for this snap is: volume-0674eef5-3b92-41e5-b1f9-74c22d28d454.0cacb9bd-bc71-4355-99af-77d7060f6eee {{(pid=94467) _delete_snapshot /opt/stack/cinder/cinder/volume/drivers/remotefs.py:1317}}
Aug 17 18:32:29 devstack cinder-volume[94467]: DEBUG oslo.privsep.daemon [-] privsep: reply[1dc0a0eb-77a0-46e6-b95e-6870b50a8267]: (4, 'qcow2') {{(pid=95711) _call_back /opt/stack/data/venv/lib/python3.12/site-packages/oslo_privsep/daemon.py:580}}
Aug 17 18:32:29 devstack cinder-volume[94467]: DEBUG oslo_concurrency.processutils [None req-d181d469-1a37-4b59-bcd4-343da17da03a tempest-VolumesExtendTest-1990541688 None] Running cmd (subprocess): /opt/stack/data/venv/bin/python3.12 -m oslo_concurrency.prlimit --as=1073741824 --cpu=60 -- sudo cinder-rootwrap /etc/cinder/rootwrap.conf env LC_ALL=C qemu-img info -f qcow2 --output=json --force-share /opt/stack/data/cinder/mnt/92609b8ad1a55779b372ead2f8e2b4ae/volume-0674eef5-3b92-41e5-b1f9-74c22d28d454.0cacb9bd-bc71-4355-99af-77d7060f6eee {{(pid=94467) execute /opt/stack/data/venv/lib/python3.12/site-packages/oslo_concurrency/processutils.py:440}}
Aug 17 18:32:29 devstack sudo[102534]: quobyte : PWD=/ ; USER=root ; COMMAND=/opt/stack/data/venv/bin/cinder-rootwrap /etc/cinder/rootwrap.conf env LC_ALL=C qemu-img info -f qcow2 --output=json --force-share /opt/stack/data/cinder/mnt/92609b8ad1a55779b372ead2f8e2b4ae/volume-0674eef5-3b92-41e5-b1f9-74c22d28d454.0cacb9bd-bc71-4355-99af-77d7060f6eee
Aug 17 18:32:29 devstack sudo[102534]: pam_unix(sudo:session): session opened for user root(uid=0) by (uid=1000)
Aug 17 18:32:29 devstack sudo[102534]: pam_unix(sudo:session): session closed for user root
Aug 17 18:32:29 devstack cinder-volume[94467]: DEBUG oslo_concurrency.processutils [None req-d181d469-1a37-4b59-bcd4-343da17da03a tempest-VolumesExtendTest-1990541688 None] CMD "/opt/stack/data/venv/bin/python3.12 -m oslo_concurrency.prlimit --as=1073741824 --cpu=60 -- sudo cinder-rootwrap /etc/cinder/rootwrap.conf env LC_ALL=C qemu-img info -f qcow2 --output=json --force-share /opt/stack/data/cinder/mnt/92609b8ad1a55779b372ead2f8e2b4ae/volume-0674eef5-3b92-41e5-b1f9-74c22d28d454.0cacb9bd-bc71-4355-99af-77d7060f6eee" returned: 0 in 0.489s {{(pid=94467) execute /opt/stack/data/venv/lib/python3.12/site-packages/oslo_concurrency/processutils.py:468}}
Aug 17 18:32:29 devstack cinder-volume[94467]: DEBUG cinder.volume.drivers.remotefs [None req-d181d469-1a37-4b59-bcd4-343da17da03a tempest-VolumesExtendTest-1990541688 None] Fetching qemu-img info with special backing_file_template: (/opt/stack/data/cinder/mnt/[0-9a-f]+/)?(volume-0674eef5-3b92-41e5-b1f9-74c22d28d454(.(tmp-snap-)?[0-9a-f-]+)?|volume_from_snapshot_cache/(tmp-snap-)?[0-9a-f-]+(.(child-|parent-)[0-9a-f-]+)?)$ {{(pid=94467) _qemu_img_info_base /opt/stack/cinder/cinder/volume/drivers/remotefs.py:896}}
Aug 17 18:32:29 devstack cinder-volume[94467]: DEBUG oslo.privsep.daemon [-] privsep: reply[65205d74-caf2-4f47-9e8c-de28bc01bbf5]: (4, 'qcow2') {{(pid=95711) _call_back /opt/stack/data/venv/lib/python3.12/site-packages/oslo_privsep/daemon.py:580}}
Aug 17 18:32:29 devstack cinder-volume[94467]: DEBUG oslo_concurrency.processutils [None req-d181d469-1a37-4b59-bcd4-343da17da03a tempest-VolumesExtendTest-1990541688 None] Running cmd (subprocess): /opt/stack/data/venv/bin/python3.12 -m oslo_concurrency.prlimit --as=1073741824 --cpu=60 -- sudo cinder-rootwrap /etc/cinder/rootwrap.conf env LC_ALL=C qemu-img info -f qcow2 --output=json --force-share /opt/stack/data/cinder/mnt/92609b8ad1a55779b372ead2f8e2b4ae/volume-0674eef5-3b92-41e5-b1f9-74c22d28d454 {{(pid=94467) execute /opt/stack/data/venv/lib/python3.12/site-packages/oslo_concurrency/processutils.py:440}}
Aug 17 18:32:30 devstack sudo[102539]: quobyte : PWD=/ ; USER=root ; COMMAND=/opt/stack/data/venv/bin/cinder-rootwrap /etc/cinder/rootwrap.conf env LC_ALL=C qemu-img info -f qcow2 --output=json --force-share /opt/stack/data/cinder/mnt/92609b8ad1a55779b372ead2f8e2b4ae/volume-0674eef5-3b92-41e5-b1f9-74c22d28d454
Aug 17 18:32:30 devstack sudo[102539]: pam_unix(sudo:session): session opened for user root(uid=0) by (uid=1000)
Aug 17 18:32:30 devstack sudo[102539]: pam_unix(sudo:session): session closed for user root
Aug 17 18:32:30 devstack cinder-volume[94467]: DEBUG oslo_concurrency.processutils [None req-d181d469-1a37-4b59-bcd4-343da17da03a tempest-VolumesExtendTest-1990541688 None] CMD "/opt/stack/data/venv/bin/python3.12 -m oslo_concurrency.prlimit --as=1073741824 --cpu=60 -- sudo cinder-rootwrap /etc/cinder/rootwrap.conf env LC_ALL=C qemu-img info -f qcow2 --output=json --force-share /opt/stack/data/cinder/mnt/92609b8ad1a55779b372ead2f8e2b4ae/volume-0674eef5-3b92-41e5-b1f9-74c22d28d454" returned: 0 in 0.661s {{(pid=94467) execute /opt/stack/data/venv/lib/python3.12/site-packages/oslo_concurrency/processutils.py:468}}
Aug 17 18:32:30 devstack cinder-volume[94467]: DEBUG oslo_concurrency.processutils [None req-d181d469-1a37-4b59-bcd4-343da17da03a tempest-VolumesExtendTest-1990541688 None] Running cmd (subprocess): sudo cinder-rootwrap /etc/cinder/rootwrap.conf qemu-img commit -d /opt/stack/data/cinder/mnt/92609b8ad1a55779b372ead2f8e2b4ae/volume-0674eef5-3b92-41e5-b1f9-74c22d28d454.0cacb9bd-bc71-4355-99af-77d7060f6eee {{(pid=94467) execute /opt/stack/data/venv/lib/python3.12/site-packages/oslo_concurrency/processutils.py:440}}
Aug 17 18:32:30 devstack sudo[102546]: quobyte : PWD=/ ; USER=root ; COMMAND=/opt/stack/data/venv/bin/cinder-rootwrap /etc/cinder/rootwrap.conf qemu-img commit -d /opt/stack/data/cinder/mnt/92609b8ad1a55779b372ead2f8e2b4ae/volume-0674eef5-3b92-41e5-b1f9-74c22d28d454.0cacb9bd-bc71-4355-99af-77d7060f6eee
Aug 17 18:32:30 devstack sudo[102546]: pam_unix(sudo:session): session opened for user root(uid=0) by (uid=1000)
Aug 17 18:32:31 devstack sudo[102546]: pam_unix(sudo:session): session closed for user root
Aug 17 18:32:31 devstack cinder-volume[94467]: DEBUG oslo_concurrency.processutils [None req-d181d469-1a37-4b59-bcd4-343da17da03a tempest-VolumesExtendTest-1990541688 None] CMD "sudo cinder-rootwrap /etc/cinder/rootwrap.conf qemu-img commit -d /opt/stack/data/cinder/mnt/92609b8ad1a55779b372ead2f8e2b4ae/volume-0674eef5-3b92-41e5-b1f9-74c22d28d454.0cacb9bd-bc71-4355-99af-77d7060f6eee" returned: 0 in 0.750s {{(pid=94467) execute /opt/stack/data/venv/lib/python3.12/site-packages/oslo_concurrency/processutils.py:468}}
Aug 17 18:32:31 devstack cinder-volume[94467]: DEBUG oslo_concurrency.processutils [None req-d181d469-1a37-4b59-bcd4-343da17da03a tempest-VolumesExtendTest-1990541688 None] Running cmd (subprocess): sudo cinder-rootwrap /etc/cinder/rootwrap.conf rm -f /opt/stack/data/cinder/mnt/92609b8ad1a55779b372ead2f8e2b4ae/volume-0674eef5-3b92-41e5-b1f9-74c22d28d454.0cacb9bd-bc71-4355-99af-77d7060f6eee {{(pid=94467) execute /opt/stack/data/venv/lib/python3.12/site-packages/oslo_concurrency/processutils.py:440}}
Aug 17 18:32:31 devstack sudo[102553]: quobyte : PWD=/ ; USER=root ; COMMAND=/opt/stack/data/venv/bin/cinder-rootwrap /etc/cinder/rootwrap.conf rm -f /opt/stack/data/cinder/mnt/92609b8ad1a55779b372ead2f8e2b4ae/volume-0674eef5-3b92-41e5-b1f9-74c22d28d454.0cacb9bd-bc71-4355-99af-77d7060f6eee
Aug 17 18:32:31 devstack sudo[102553]: pam_unix(sudo:session): session opened for user root(uid=0) by (uid=1000)
Aug 17 18:32:31 devstack sudo[102553]: pam_unix(sudo:session): session closed for user root
Aug 17 18:32:31 devstack cinder-volume[94467]: DEBUG oslo_concurrency.processutils [None req-d181d469-1a37-4b59-bcd4-343da17da03a tempest-VolumesExtendTest-1990541688 None] CMD "sudo cinder-rootwrap /etc/cinder/rootwrap.conf rm -f /opt/stack/data/cinder/mnt/92609b8ad1a55779b372ead2f8e2b4ae/volume-0674eef5-3b92-41e5-b1f9-74c22d28d454.0cacb9bd-bc71-4355-99af-77d7060f6eee" returned: 0 in 0.348s {{(pid=94467) execute /opt/stack/data/venv/lib/python3.12/site-packages/oslo_concurrency/processutils.py:468}}
Aug 17 18:32:31 devstack cinder-volume[94467]: DEBUG cinder.coordination [None req-d181d469-1a37-4b59-bcd4-343da17da03a tempest-VolumesExtendTest-1990541688 None] Lock "cinder-quobyte-0cacb9bd-bc71-4355-99af-77d7060f6eee" released by "_delete_snapshot" :: held 2.393s {{(pid=94467) __release /opt/stack/cinder/cinder/coordination.py:152}}
Aug 17 18:32:31 devstack cinder-volume[94467]: DEBUG cinder.coordination [None req-d181d469-1a37-4b59-bcd4-343da17da03a tempest-VolumesExtendTest-1990541688 None] Lock "cinder-quobyte-0674eef5-3b92-41e5-b1f9-74c22d28d454" released by "delete_snapshot" :: held 2.420s {{(pid=94467) __release /opt/stack/cinder/cinder/coordination.py:152}}
