Aug 26 02:59:48 devstack cinder-volume[94506]: DEBUG cinder.quota [None req-1f9254b0-4b01-48f4-9ff7-0d1f738ddf20 tempest-SnapshotsActionsTest-1450351968 None] Created reservations ['33d397ab-5936-4b14-9225-77a3f9402906', '64682c0a-e92c-4999-a4e4-eac8dd7e4c88', '7b6799ae-8543-48de-85fc-85b9f2afb20f', 'f80a5773-fc29-4b9a-8581-cc1cf0070b51'] {{(pid=94506) reserve /opt/stack/cinder/cinder/quota.py:752}}
Aug 26 02:59:48 devstack cinder-volume[94506]: INFO cinder.volume.manager [None req-1f9254b0-4b01-48f4-9ff7-0d1f738ddf20 tempest-SnapshotsActionsTest-1450351968 None] Delete snapshot completed successfully.
Aug 26 02:59:48 devstack cinder-volume[94506]: DEBUG cinder.coordination [None req-1f9254b0-4b01-48f4-9ff7-0d1f738ddf20 tempest-SnapshotsActionsTest-1450351968 None] Lock "cinder-efcf7671-f934-45e6-ad95-88958cc174c2-delete_snapshot" released by "delete_snapshot" :: held 2.617s {{(pid=94506) __release /opt/stack/cinder/cinder/coordination.py:152}}
Aug 26 02:59:49 devstack cinder-volume[94506]: DEBUG oslo_concurrency.lockutils [None req-e822119f-5c83-424a-801e-ef6a36671848 tempest-SnapshotsActionsTest-1132040017 None] Acquiring lock "quobyte" by "cinder.volume.drivers.quobyte.QuobyteDriver.create_snapshot" {{(pid=94506) inner /opt/stack/data/venv/lib/python3.12/site-packages/oslo_concurrency/lockutils.py:512}}
Aug 26 02:59:49 devstack cinder-volume[94506]: DEBUG oslo_concurrency.lockutils [None req-e822119f-5c83-424a-801e-ef6a36671848 tempest-SnapshotsActionsTest-1132040017 None] Lock "quobyte" acquired by "cinder.volume.drivers.quobyte.QuobyteDriver.create_snapshot" :: waited 0.001s {{(pid=94506) inner /opt/stack/data/venv/lib/python3.12/site-packages/oslo_concurrency/lockutils.py:525}}
Aug 26 02:59:49 devstack cinder-volume[94506]: DEBUG cinder.volume.drivers.remotefs [None req-e822119f-5c83-424a-801e-ef6a36671848 tempest-SnapshotsActionsTest-1132040017 None] Creating offline snapshot 7a710648-21f8-4949-b875-cb17bb6f5ca5 of volume f6c97bb7-ca56-473e-9148-fae23ea87fbb {{(pid=94506) _create_snapshot /opt/stack/cinder/cinder/volume/drivers/remotefs.py:1816}}
Aug 26 02:59:49 devstack cinder-volume[94506]: DEBUG oslo.privsep.daemon [-] privsep: reply[f0db0228-02dd-46d4-a4d6-7a66cab5c53e]: (4, 'qcow2') {{(pid=96329) _call_back /opt/stack/data/venv/lib/python3.12/site-packages/oslo_privsep/daemon.py:580}}
Aug 26 02:59:49 devstack cinder-volume[94506]: DEBUG oslo_concurrency.processutils [None req-e822119f-5c83-424a-801e-ef6a36671848 tempest-SnapshotsActionsTest-1132040017 None] Running cmd (subprocess): /opt/stack/data/venv/bin/python3.12 -m oslo_concurrency.prlimit --as=1073741824 --cpu=60 -- sudo cinder-rootwrap /etc/cinder/rootwrap.conf env LC_ALL=C qemu-img info -f qcow2 --output=json --force-share /opt/stack/data/cinder/mnt/478c572419cd4c9cfb0c354746ca8aed/volume-f6c97bb7-ca56-473e-9148-fae23ea87fbb.21eab874-43fa-4f59-8aea-66be41bcc548 {{(pid=94506) execute /opt/stack/data/venv/lib/python3.12/site-packages/oslo_concurrency/processutils.py:440}}
Aug 26 02:59:49 devstack sudo[98751]: quobyte : PWD=/ ; USER=root ; COMMAND=/opt/stack/data/venv/bin/cinder-rootwrap /etc/cinder/rootwrap.conf env LC_ALL=C qemu-img info -f qcow2 --output=json --force-share /opt/stack/data/cinder/mnt/478c572419cd4c9cfb0c354746ca8aed/volume-f6c97bb7-ca56-473e-9148-fae23ea87fbb.21eab874-43fa-4f59-8aea-66be41bcc548
Aug 26 02:59:49 devstack sudo[98751]: pam_unix(sudo:session): session opened for user root(uid=0) by (uid=1000)
Aug 26 02:59:50 devstack sudo[98751]: pam_unix(sudo:session): session closed for user root
Aug 26 02:59:50 devstack cinder-volume[94506]: DEBUG oslo_concurrency.processutils [None req-e822119f-5c83-424a-801e-ef6a36671848 tempest-SnapshotsActionsTest-1132040017 None] CMD "/opt/stack/data/venv/bin/python3.12 -m oslo_concurrency.prlimit --as=1073741824 --cpu=60 -- sudo cinder-rootwrap /etc/cinder/rootwrap.conf env LC_ALL=C qemu-img info -f qcow2 --output=json --force-share /opt/stack/data/cinder/mnt/478c572419cd4c9cfb0c354746ca8aed/volume-f6c97bb7-ca56-473e-9148-fae23ea87fbb.21eab874-43fa-4f59-8aea-66be41bcc548" returned: 0 in 0.699s {{(pid=94506) execute /opt/stack/data/venv/lib/python3.12/site-packages/oslo_concurrency/processutils.py:468}}
Aug 26 02:59:50 devstack cinder-volume[94506]: DEBUG cinder.volume.drivers.remotefs [None req-e822119f-5c83-424a-801e-ef6a36671848 tempest-SnapshotsActionsTest-1132040017 None] Fetching qemu-img info with special backing_file_template: (/opt/stack/data/cinder/mnt/[0-9a-f]+/)?(volume-f6c97bb7-ca56-473e-9148-fae23ea87fbb(.(tmp-snap-)?[0-9a-f-]+)?|volume_from_snapshot_cache/(tmp-snap-)?[0-9a-f-]+(.(child-|parent-)[0-9a-f-]+)?)$ {{(pid=94506) _qemu_img_info_base /opt/stack/cinder/cinder/volume/drivers/remotefs.py:896}}
Aug 26 02:59:50 devstack cinder-volume[94506]: DEBUG oslo_concurrency.processutils [None req-e822119f-5c83-424a-801e-ef6a36671848 tempest-SnapshotsActionsTest-1132040017 None] Running cmd (subprocess): sudo cinder-rootwrap /etc/cinder/rootwrap.conf qemu-img create -f qcow2 -o backing_file=/opt/stack/data/cinder/mnt/478c572419cd4c9cfb0c354746ca8aed/volume-f6c97bb7-ca56-473e-9148-fae23ea87fbb.21eab874-43fa-4f59-8aea-66be41bcc548,backing_fmt=qcow2 /opt/stack/data/cinder/mnt/478c572419cd4c9cfb0c354746ca8aed/volume-f6c97bb7-ca56-473e-9148-fae23ea87fbb.7a710648-21f8-4949-b875-cb17bb6f5ca5 1G {{(pid=94506) execute /opt/stack/data/venv/lib/python3.12/site-packages/oslo_concurrency/processutils.py:440}}
Aug 26 02:59:50 devstack sudo[98772]: quobyte : PWD=/ ; USER=root ; COMMAND=/opt/stack/data/venv/bin/cinder-rootwrap /etc/cinder/rootwrap.conf qemu-img create -f qcow2 -o backing_file=/opt/stack/data/cinder/mnt/478c572419cd4c9cfb0c354746ca8aed/volume-f6c97bb7-ca56-473e-9148-fae23ea87fbb.21eab874-43fa-4f59-8aea-66be41bcc548,backing_fmt=qcow2 /opt/stack/data/cinder/mnt/478c572419cd4c9cfb0c354746ca8aed/volume-f6c97bb7-ca56-473e-9148-fae23ea87fbb.7a710648-21f8-4949-b875-cb17bb6f5ca5 1G
Aug 26 02:59:50 devstack sudo[98772]: pam_unix(sudo:session): session opened for user root(uid=0) by (uid=1000)
Aug 26 02:59:51 devstack sudo[98772]: pam_unix(sudo:session): session closed for user root
Aug 26 02:59:51 devstack cinder-volume[94506]: DEBUG oslo_concurrency.processutils [None req-e822119f-5c83-424a-801e-ef6a36671848 tempest-SnapshotsActionsTest-1132040017 None] CMD "sudo cinder-rootwrap /etc/cinder/rootwrap.conf qemu-img create -f qcow2 -o backing_file=/opt/stack/data/cinder/mnt/478c572419cd4c9cfb0c354746ca8aed/volume-f6c97bb7-ca56-473e-9148-fae23ea87fbb.21eab874-43fa-4f59-8aea-66be41bcc548,backing_fmt=qcow2 /opt/stack/data/cinder/mnt/478c572419cd4c9cfb0c354746ca8aed/volume-f6c97bb7-ca56-473e-9148-fae23ea87fbb.7a710648-21f8-4949-b875-cb17bb6f5ca5 1G" returned: 0 in 0.802s {{(pid=94506) execute /opt/stack/data/venv/lib/python3.12/site-packages/oslo_concurrency/processutils.py:468}}
Aug 26 02:59:51 devstack cinder-volume[94506]: DEBUG oslo_concurrency.processutils [None req-e822119f-5c83-424a-801e-ef6a36671848 tempest-SnapshotsActionsTest-1132040017 None] Running cmd (subprocess): sudo cinder-rootwrap /etc/cinder/rootwrap.conf qemu-img rebase -u -b volume-f6c97bb7-ca56-473e-9148-fae23ea87fbb.21eab874-43fa-4f59-8aea-66be41bcc548 -F qcow2 /opt/stack/data/cinder/mnt/478c572419cd4c9cfb0c354746ca8aed/volume-f6c97bb7-ca56-473e-9148-fae23ea87fbb.7a710648-21f8-4949-b875-cb17bb6f5ca5 {{(pid=94506) execute /opt/stack/data/venv/lib/python3.12/site-packages/oslo_concurrency/processutils.py:440}}
Aug 26 02:59:51 devstack sudo[98790]: quobyte : PWD=/ ; USER=root ; COMMAND=/opt/stack/data/venv/bin/cinder-rootwrap /etc/cinder/rootwrap.conf qemu-img rebase -u -b volume-f6c97bb7-ca56-473e-9148-fae23ea87fbb.21eab874-43fa-4f59-8aea-66be41bcc548 -F qcow2 /opt/stack/data/cinder/mnt/478c572419cd4c9cfb0c354746ca8aed/volume-f6c97bb7-ca56-473e-9148-fae23ea87fbb.7a710648-21f8-4949-b875-cb17bb6f5ca5
Aug 26 02:59:51 devstack sudo[98790]: pam_unix(sudo:session): session opened for user root(uid=0) by (uid=1000)
Aug 26 02:59:51 devstack sudo[98790]: pam_unix(sudo:session): session closed for user root
Aug 26 02:59:51 devstack cinder-volume[94506]: DEBUG oslo_concurrency.processutils [None req-e822119f-5c83-424a-801e-ef6a36671848 tempest-SnapshotsActionsTest-1132040017 None] CMD "sudo cinder-rootwrap /etc/cinder/rootwrap.conf qemu-img rebase -u -b volume-f6c97bb7-ca56-473e-9148-fae23ea87fbb.21eab874-43fa-4f59-8aea-66be41bcc548 -F qcow2 /opt/stack/data/cinder/mnt/478c572419cd4c9cfb0c354746ca8aed/volume-f6c97bb7-ca56-473e-9148-fae23ea87fbb.7a710648-21f8-4949-b875-cb17bb6f5ca5" returned: 0 in 0.451s {{(pid=94506) execute /opt/stack/data/venv/lib/python3.12/site-packages/oslo_concurrency/processutils.py:468}}
Aug 26 02:59:51 devstack cinder-volume[94506]: WARNING cinder.volume.drivers.remotefs [None req-e822119f-5c83-424a-801e-ef6a36671848 tempest-SnapshotsActionsTest-1132040017 None] /opt/stack/data/cinder/mnt/478c572419cd4c9cfb0c354746ca8aed/volume-f6c97bb7-ca56-473e-9148-fae23ea87fbb.7a710648-21f8-4949-b875-cb17bb6f5ca5 is being set with open permissions: ugo+rw
Aug 26 02:59:51 devstack cinder-volume[94506]: DEBUG oslo_concurrency.processutils [None req-e822119f-5c83-424a-801e-ef6a36671848 tempest-SnapshotsActionsTest-1132040017 None] Running cmd (subprocess): sudo cinder-rootwrap /etc/cinder/rootwrap.conf chmod ugo+rw /opt/stack/data/cinder/mnt/478c572419cd4c9cfb0c354746ca8aed/volume-f6c97bb7-ca56-473e-9148-fae23ea87fbb.7a710648-21f8-4949-b875-cb17bb6f5ca5 {{(pid=94506) execute /opt/stack/data/venv/lib/python3.12/site-packages/oslo_concurrency/processutils.py:440}}
Aug 26 02:59:51 devstack sudo[98796]: quobyte : PWD=/ ; USER=root ; COMMAND=/opt/stack/data/venv/bin/cinder-rootwrap /etc/cinder/rootwrap.conf chmod ugo+rw /opt/stack/data/cinder/mnt/478c572419cd4c9cfb0c354746ca8aed/volume-f6c97bb7-ca56-473e-9148-fae23ea87fbb.7a710648-21f8-4949-b875-cb17bb6f5ca5
Aug 26 02:59:51 devstack sudo[98796]: pam_unix(sudo:session): session opened for user root(uid=0) by (uid=1000)
Aug 26 02:59:52 devstack sudo[98796]: pam_unix(sudo:session): session closed for user root
Aug 26 02:59:52 devstack cinder-volume[94506]: DEBUG oslo_concurrency.processutils [None req-e822119f-5c83-424a-801e-ef6a36671848 tempest-SnapshotsActionsTest-1132040017 None] CMD "sudo cinder-rootwrap /etc/cinder/rootwrap.conf chmod ugo+rw /opt/stack/data/cinder/mnt/478c572419cd4c9cfb0c354746ca8aed/volume-f6c97bb7-ca56-473e-9148-fae23ea87fbb.7a710648-21f8-4949-b875-cb17bb6f5ca5" returned: 0 in 0.320s {{(pid=94506) execute /opt/stack/data/venv/lib/python3.12/site-packages/oslo_concurrency/processutils.py:468}}
Aug 26 02:59:52 devstack cinder-volume[94506]: DEBUG oslo_concurrency.lockutils [None req-e822119f-5c83-424a-801e-ef6a36671848 tempest-SnapshotsActionsTest-1132040017 None] Lock "quobyte" "released" by "cinder.volume.drivers.quobyte.QuobyteDriver.create_snapshot" :: held 2.423s {{(pid=94506) inner /opt/stack/data/venv/lib/python3.12/site-packages/oslo_concurrency/lockutils.py:544}}
Aug 26 02:59:52 devstack cinder-volume[94506]: INFO cinder.volume.manager [None req-e822119f-5c83-424a-801e-ef6a36671848 tempest-SnapshotsActionsTest-1132040017 None] Create snapshot completed successfully
Aug 26 02:59:53 devstack cinder-volume[94506]: DEBUG cinder.coordination [None req-02c6bb32-b789-4ad2-bf82-afb4af43c1ea tempest-SnapshotsActionsTest-1450351968 None] Acquiring lock "cinder-7a710648-21f8-4949-b875-cb17bb6f5ca5-delete_snapshot" by "delete_snapshot" {{(pid=94506) __acquire /opt/stack/cinder/cinder/coordination.py:138}}
Aug 26 02:59:53 devstack cinder-volume[94506]: DEBUG cinder.coordination [None req-02c6bb32-b789-4ad2-bf82-afb4af43c1ea tempest-SnapshotsActionsTest-1450351968 None] Lock "cinder-7a710648-21f8-4949-b875-cb17bb6f5ca5-delete_snapshot" acquired by "delete_snapshot" :: waited 0.029s {{(pid=94506) __acquire /opt/stack/cinder/cinder/coordination.py:141}}
Aug 26 02:59:53 devstack cinder-volume[94506]: DEBUG cinder.coordination [None req-02c6bb32-b789-4ad2-bf82-afb4af43c1ea tempest-SnapshotsActionsTest-1450351968 None] Acquiring lock "cinder-quobyte-f6c97bb7-ca56-473e-9148-fae23ea87fbb" by "delete_snapshot" {{(pid=94506) __acquire /opt/stack/cinder/cinder/coordination.py:138}}
Aug 26 02:59:53 devstack cinder-volume[94506]: DEBUG cinder.coordination [None req-02c6bb32-b789-4ad2-bf82-afb4af43c1ea tempest-SnapshotsActionsTest-1450351968 None] Lock "cinder-quobyte-f6c97bb7-ca56-473e-9148-fae23ea87fbb" acquired by "delete_snapshot" :: waited 0.036s {{(pid=94506) __acquire /opt/stack/cinder/cinder/coordination.py:141}}
Aug 26 02:59:53 devstack cinder-volume[94506]: DEBUG cinder.coordination [None req-02c6bb32-b789-4ad2-bf82-afb4af43c1ea tempest-SnapshotsActionsTest-1450351968 None] Acquiring lock "cinder-quobyte-7a710648-21f8-4949-b875-cb17bb6f5ca5" by "_delete_snapshot" {{(pid=94506) __acquire /opt/stack/cinder/cinder/coordination.py:138}}
Aug 26 02:59:53 devstack cinder-volume[94506]: DEBUG cinder.coordination [None req-02c6bb32-b789-4ad2-bf82-afb4af43c1ea tempest-SnapshotsActionsTest-1450351968 None] Lock "cinder-quobyte-7a710648-21f8-4949-b875-cb17bb6f5ca5" acquired by "_delete_snapshot" :: waited 0.016s {{(pid=94506) __acquire /opt/stack/cinder/cinder/coordination.py:141}}
Aug 26 02:59:53 devstack cinder-volume[94506]: DEBUG cinder.volume.drivers.remotefs [None req-02c6bb32-b789-4ad2-bf82-afb4af43c1ea tempest-SnapshotsActionsTest-1450351968 None] Deleting offline snapshot 7a710648-21f8-4949-b875-cb17bb6f5ca5 of volume f6c97bb7-ca56-473e-9148-fae23ea87fbb {{(pid=94506) _delete_snapshot /opt/stack/cinder/cinder/volume/drivers/remotefs.py:1288}}
Aug 26 02:59:53 devstack cinder-volume[94506]: DEBUG cinder.volume.drivers.remotefs [None req-02c6bb32-b789-4ad2-bf82-afb4af43c1ea tempest-SnapshotsActionsTest-1450351968 None] snapshot_file for this snap is: volume-f6c97bb7-ca56-473e-9148-fae23ea87fbb.7a710648-21f8-4949-b875-cb17bb6f5ca5 {{(pid=94506) _delete_snapshot /opt/stack/cinder/cinder/volume/drivers/remotefs.py:1317}}
Aug 26 02:59:53 devstack cinder-volume[94506]: DEBUG oslo.privsep.daemon [-] privsep: reply[74c0328c-77ad-45ad-8169-8b880560fb63]: (4, 'qcow2') {{(pid=96329) _call_back /opt/stack/data/venv/lib/python3.12/site-packages/oslo_privsep/daemon.py:580}}
Aug 26 02:59:53 devstack cinder-volume[94506]: DEBUG oslo_concurrency.processutils [None req-02c6bb32-b789-4ad2-bf82-afb4af43c1ea tempest-SnapshotsActionsTest-1450351968 None] Running cmd (subprocess): /opt/stack/data/venv/bin/python3.12 -m oslo_concurrency.prlimit --as=1073741824 --cpu=60 -- sudo cinder-rootwrap /etc/cinder/rootwrap.conf env LC_ALL=C qemu-img info -f qcow2 --output=json --force-share /opt/stack/data/cinder/mnt/478c572419cd4c9cfb0c354746ca8aed/volume-f6c97bb7-ca56-473e-9148-fae23ea87fbb.7a710648-21f8-4949-b875-cb17bb6f5ca5 {{(pid=94506) execute /opt/stack/data/venv/lib/python3.12/site-packages/oslo_concurrency/processutils.py:440}}
Aug 26 02:59:53 devstack sudo[98804]: quobyte : PWD=/ ; USER=root ; COMMAND=/opt/stack/data/venv/bin/cinder-rootwrap /etc/cinder/rootwrap.conf env LC_ALL=C qemu-img info -f qcow2 --output=json --force-share /opt/stack/data/cinder/mnt/478c572419cd4c9cfb0c354746ca8aed/volume-f6c97bb7-ca56-473e-9148-fae23ea87fbb.7a710648-21f8-4949-b875-cb17bb6f5ca5
Aug 26 02:59:53 devstack sudo[98804]: pam_unix(sudo:session): session opened for user root(uid=0) by (uid=1000)
Aug 26 02:59:53 devstack sudo[98804]: pam_unix(sudo:session): session closed for user root
Aug 26 02:59:53 devstack cinder-volume[94506]: DEBUG oslo_concurrency.processutils [None req-02c6bb32-b789-4ad2-bf82-afb4af43c1ea tempest-SnapshotsActionsTest-1450351968 None] CMD "/opt/stack/data/venv/bin/python3.12 -m oslo_concurrency.prlimit --as=1073741824 --cpu=60 -- sudo cinder-rootwrap /etc/cinder/rootwrap.conf env LC_ALL=C qemu-img info -f qcow2 --output=json --force-share /opt/stack/data/cinder/mnt/478c572419cd4c9cfb0c354746ca8aed/volume-f6c97bb7-ca56-473e-9148-fae23ea87fbb.7a710648-21f8-4949-b875-cb17bb6f5ca5" returned: 0 in 0.514s {{(pid=94506) execute /opt/stack/data/venv/lib/python3.12/site-packages/oslo_concurrency/processutils.py:468}}
Aug 26 02:59:53 devstack cinder-volume[94506]: DEBUG cinder.volume.drivers.remotefs [None req-02c6bb32-b789-4ad2-bf82-afb4af43c1ea tempest-SnapshotsActionsTest-1450351968 None] Fetching qemu-img info with special backing_file_template: (/opt/stack/data/cinder/mnt/[0-9a-f]+/)?(volume-f6c97bb7-ca56-473e-9148-fae23ea87fbb(.(tmp-snap-)?[0-9a-f-]+)?|volume_from_snapshot_cache/(tmp-snap-)?[0-9a-f-]+(.(child-|parent-)[0-9a-f-]+)?)$ {{(pid=94506) _qemu_img_info_base /opt/stack/cinder/cinder/volume/drivers/remotefs.py:896}}
Aug 26 02:59:53 devstack cinder-volume[94506]: DEBUG oslo.privsep.daemon [-] privsep: reply[1777c193-abb3-4bef-a351-85b49cf2f8e2]: (4, 'qcow2') {{(pid=96329) _call_back /opt/stack/data/venv/lib/python3.12/site-packages/oslo_privsep/daemon.py:580}}
Aug 26 02:59:53 devstack cinder-volume[94506]: DEBUG oslo_concurrency.processutils [None req-02c6bb32-b789-4ad2-bf82-afb4af43c1ea tempest-SnapshotsActionsTest-1450351968 None] Running cmd (subprocess): /opt/stack/data/venv/bin/python3.12 -m oslo_concurrency.prlimit --as=1073741824 --cpu=60 -- sudo cinder-rootwrap /etc/cinder/rootwrap.conf env LC_ALL=C qemu-img info -f qcow2 --output=json --force-share /opt/stack/data/cinder/mnt/478c572419cd4c9cfb0c354746ca8aed/volume-f6c97bb7-ca56-473e-9148-fae23ea87fbb.21eab874-43fa-4f59-8aea-66be41bcc548 {{(pid=94506) execute /opt/stack/data/venv/lib/python3.12/site-packages/oslo_concurrency/processutils.py:440}}
Aug 26 02:59:54 devstack sudo[98809]: quobyte : PWD=/ ; USER=root ; COMMAND=/opt/stack/data/venv/bin/cinder-rootwrap /etc/cinder/rootwrap.conf env LC_ALL=C qemu-img info -f qcow2 --output=json --force-share /opt/stack/data/cinder/mnt/478c572419cd4c9cfb0c354746ca8aed/volume-f6c97bb7-ca56-473e-9148-fae23ea87fbb.21eab874-43fa-4f59-8aea-66be41bcc548
Aug 26 02:59:54 devstack sudo[98809]: pam_unix(sudo:session): session opened for user root(uid=0) by (uid=1000)
Aug 26 02:59:54 devstack sudo[98809]: pam_unix(sudo:session): session closed for user root
Aug 26 02:59:54 devstack cinder-volume[94506]: DEBUG oslo_concurrency.processutils [None req-02c6bb32-b789-4ad2-bf82-afb4af43c1ea tempest-SnapshotsActionsTest-1450351968 None] CMD "/opt/stack/data/venv/bin/python3.12 -m oslo_concurrency.prlimit --as=1073741824 --cpu=60 -- sudo cinder-rootwrap /etc/cinder/rootwrap.conf env LC_ALL=C qemu-img info -f qcow2 --output=json --force-share /opt/stack/data/cinder/mnt/478c572419cd4c9cfb0c354746ca8aed/volume-f6c97bb7-ca56-473e-9148-fae23ea87fbb.21eab874-43fa-4f59-8aea-66be41bcc548" returned: 0 in 0.531s {{(pid=94506) execute /opt/stack/data/venv/lib/python3.12/site-packages/oslo_concurrency/processutils.py:468}}
Aug 26 02:59:54 devstack cinder-volume[94506]: DEBUG cinder.volume.drivers.remotefs [None req-02c6bb32-b789-4ad2-bf82-afb4af43c1ea tempest-SnapshotsActionsTest-1450351968 None] Fetching qemu-img info with special backing_file_template: (/opt/stack/data/cinder/mnt/[0-9a-f]+/)?(volume-f6c97bb7-ca56-473e-9148-fae23ea87fbb(.(tmp-snap-)?[0-9a-f-]+)?|volume_from_snapshot_cache/(tmp-snap-)?[0-9a-f-]+(.(child-|parent-)[0-9a-f-]+)?)$ {{(pid=94506) _qemu_img_info_base /opt/stack/cinder/cinder/volume/drivers/remotefs.py:896}}
Aug 26 02:59:54 devstack cinder-volume[94506]: DEBUG oslo_concurrency.processutils [None req-02c6bb32-b789-4ad2-bf82-afb4af43c1ea tempest-SnapshotsActionsTest-1450351968 None] Running cmd (subprocess): sudo cinder-rootwrap /etc/cinder/rootwrap.conf qemu-img commit -d /opt/stack/data/cinder/mnt/478c572419cd4c9cfb0c354746ca8aed/volume-f6c97bb7-ca56-473e-9148-fae23ea87fbb.7a710648-21f8-4949-b875-cb17bb6f5ca5 {{(pid=94506) execute /opt/stack/data/venv/lib/python3.12/site-packages/oslo_concurrency/processutils.py:440}}
Aug 26 02:59:54 devstack sudo[98815]: quobyte : PWD=/ ; USER=root ; COMMAND=/opt/stack/data/venv/bin/cinder-rootwrap /etc/cinder/rootwrap.conf qemu-img commit -d /opt/stack/data/cinder/mnt/478c572419cd4c9cfb0c354746ca8aed/volume-f6c97bb7-ca56-473e-9148-fae23ea87fbb.7a710648-21f8-4949-b875-cb17bb6f5ca5
Aug 26 02:59:54 devstack sudo[98815]: pam_unix(sudo:session): session opened for user root(uid=0) by (uid=1000)
Aug 26 02:59:54 devstack sudo[98815]: pam_unix(sudo:session): session closed for user root
Aug 26 02:59:54 devstack cinder-volume[94506]: DEBUG oslo_concurrency.processutils [None req-02c6bb32-b789-4ad2-bf82-afb4af43c1ea tempest-SnapshotsActionsTest-1450351968 None] CMD "sudo cinder-rootwrap /etc/cinder/rootwrap.conf qemu-img commit -d /opt/stack/data/cinder/mnt/478c572419cd4c9cfb0c354746ca8aed/volume-f6c97bb7-ca56-473e-9148-fae23ea87fbb.7a710648-21f8-4949-b875-cb17bb6f5ca5" returned: 0 in 0.527s {{(pid=94506) execute /opt/stack/data/venv/lib/python3.12/site-packages/oslo_concurrency/processutils.py:468}}
Aug 26 02:59:54 devstack cinder-volume[94506]: DEBUG oslo_concurrency.processutils [None req-02c6bb32-b789-4ad2-bf82-afb4af43c1ea tempest-SnapshotsActionsTest-1450351968 None] Running cmd (subprocess): sudo cinder-rootwrap /etc/cinder/rootwrap.conf rm -f /opt/stack/data/cinder/mnt/478c572419cd4c9cfb0c354746ca8aed/volume-f6c97bb7-ca56-473e-9148-fae23ea87fbb.7a710648-21f8-4949-b875-cb17bb6f5ca5 {{(pid=94506) execute /opt/stack/data/venv/lib/python3.12/site-packages/oslo_concurrency/processutils.py:440}}
Aug 26 02:59:54 devstack sudo[98820]: quobyte : PWD=/ ; USER=root ; COMMAND=/opt/stack/data/venv/bin/cinder-rootwrap /etc/cinder/rootwrap.conf rm -f /opt/stack/data/cinder/mnt/478c572419cd4c9cfb0c354746ca8aed/volume-f6c97bb7-ca56-473e-9148-fae23ea87fbb.7a710648-21f8-4949-b875-cb17bb6f5ca5
Aug 26 02:59:54 devstack sudo[98820]: pam_unix(sudo:session): session opened for user root(uid=0) by (uid=1000)
Aug 26 02:59:55 devstack sudo[98820]: pam_unix(sudo:session): session closed for user root
Aug 26 02:59:55 devstack cinder-volume[94506]: DEBUG oslo_concurrency.processutils [None req-02c6bb32-b789-4ad2-bf82-afb4af43c1ea tempest-SnapshotsActionsTest-1450351968 None] CMD "sudo cinder-rootwrap /etc/cinder/rootwrap.conf rm -f /opt/stack/data/cinder/mnt/478c572419cd4c9cfb0c354746ca8aed/volume-f6c97bb7-ca56-473e-9148-fae23ea87fbb.7a710648-21f8-4949-b875-cb17bb6f5ca5" returned: 0 in 0.372s {{(pid=94506) execute /opt/stack/data/venv/lib/python3.12/site-packages/oslo_concurrency/processutils.py:468}}
Aug 26 02:59:55 devstack cinder-volume[94506]: DEBUG cinder.coordination [None req-02c6bb32-b789-4ad2-bf82-afb4af43c1ea tempest-SnapshotsActionsTest-1450351968 None] Lock "cinder-quobyte-7a710648-21f8-4949-b875-cb17bb6f5ca5" released by "_delete_snapshot" :: held 2.101s {{(pid=94506) __release /opt/stack/cinder/cinder/coordination.py:152}}
Aug 26 02:59:55 devstack cinder-volume[94506]: DEBUG cinder.coordination [None req-02c6bb32-b789-4ad2-bf82-afb4af43c1ea tempest-SnapshotsActionsTest-1450351968 None] Lock "cinder-quobyte-f6c97bb7-ca56-473e-9148-fae23ea87fbb" released by "delete_snapshot" :: held 2.131s {{(pid=94506) __release /opt/stack/cinder/cinder/coordination.py:152}}
Aug 26 02:59:55 devstack cinder-volume[94506]: DEBUG cinder.quota [None req-02c6bb32-b789-4ad2-bf82-afb4af43c1ea tempest-SnapshotsActionsTest-1450351968 None] Created reservations ['72e24440-53fe-450f-807b-12e47da41673', '2ce054b8-71f0-432a-82f2-26504f1f9c4a', 'f89cc11c-9877-4c2e-bdda-a1d8ae5a8653', 'c5ca722e-975a-46a8-bc0e-6449eddcc2af'] {{(pid=94506) reserve /opt/stack/cinder/cinder/quota.py:752}}
Aug 26 02:59:55 devstack cinder-volume[94506]: INFO cinder.volume.manager [None req-02c6bb32-b789-4ad2-bf82-afb4af43c1ea tempest-SnapshotsActionsTest-1450351968 None] Delete snapshot completed successfully.
Aug 26 02:59:55 devstack cinder-volume[94506]: DEBUG cinder.coordination [None req-02c6bb32-b789-4ad2-bf82-afb4af43c1ea tempest-SnapshotsActionsTest-1450351968 None] Lock "cinder-7a710648-21f8-4949-b875-cb17bb6f5ca5-delete_snapshot" released by "delete_snapshot" :: held 2.386s {{(pid=94506) __release /opt/stack/cinder/cinder/coordination.py:152}}
Aug 26 02:59:56 devstack cinder-volume[94506]: DEBUG cinder.coordination [None req-602af519-fa1f-46b3-b95b-547d6360ecb6 tempest-TaggedAttachmentsTest-1838458769 None] Acquiring lock "cinder-34c5434b-d238-41cd-bb87-41821969bc06-delete_volume" by "delete_volume" {{(pid=94506) __acquire /opt/stack/cinder/cinder/coordination.py:138}}
Aug 26 02:59:56 devstack cinder-volume[94506]: DEBUG cinder.coordination [None req-602af519-fa1f-46b3-b95b-547d6360ecb6 tempest-TaggedAttachmentsTest-1838458769 None] Lock "cinder-34c5434b-d238-41cd-bb87-41821969bc06-delete_volume" acquired by "delete_volume" :: waited 0.049s {{(pid=94506) __acquire /opt/stack/cinder/cinder/coordination.py:141}}
Aug 26 02:59:56 devstack cinder-volume[94506]: DEBUG cinder.coordination [None req-602af519-fa1f-46b3-b95b-547d6360ecb6 tempest-TaggedAttachmentsTest-1838458769 None] Acquiring lock "cinder-quobyte-34c5434b-d238-41cd-bb87-41821969bc06" by "delete_volume" {{(pid=94506) __acquire /opt/stack/cinder/cinder/coordination.py:138}}
Aug 26 02:59:56 devstack cinder-volume[94506]: DEBUG cinder.coordination [None req-602af519-fa1f-46b3-b95b-547d6360ecb6 tempest-TaggedAttachmentsTest-1838458769 None] Lock "cinder-quobyte-34c5434b-d238-41cd-bb87-41821969bc06" acquired by "delete_volume" :: waited 0.023s {{(pid=94506) __acquire /opt/stack/cinder/cinder/coordination.py:141}}
Aug 26 02:59:56 devstack cinder-volume[94506]: DEBUG oslo.privsep.daemon [-] privsep: reply[9ed04bf4-d7bd-4448-8e0a-fb61edb8f920]: (4, 'qcow2') {{(pid=96329) _call_back /opt/stack/data/venv/lib/python3.12/site-packages/oslo_privsep/daemon.py:580}}
Aug 26 02:59:56 devstack cinder-volume[94506]: DEBUG oslo_concurrency.processutils [None req-602af519-fa1f-46b3-b95b-547d6360ecb6 tempest-TaggedAttachmentsTest-1838458769 None] Running cmd (subprocess): /opt/stack/data/venv/bin/python3.12 -m oslo_concurrency.prlimit --as=1073741824 --cpu=60 -- sudo cinder-rootwrap /etc/cinder/rootwrap.conf env LC_ALL=C qemu-img info -f qcow2 --output=json --force-share /opt/stack/data/cinder/mnt/478c572419cd4c9cfb0c354746ca8aed/volume-34c5434b-d238-41cd-bb87-41821969bc06 {{(pid=94506) execute /opt/stack/data/venv/lib/python3.12/site-packages/oslo_concurrency/processutils.py:440}}
Aug 26 02:59:56 devstack sudo[98827]: quobyte : PWD=/ ; USER=root ; COMMAND=/opt/stack/data/venv/bin/cinder-rootwrap /etc/cinder/rootwrap.conf env LC_ALL=C qemu-img info -f qcow2 --output=json --force-share /opt/stack/data/cinder/mnt/478c572419cd4c9cfb0c354746ca8aed/volume-34c5434b-d238-41cd-bb87-41821969bc06
Aug 26 02:59:56 devstack sudo[98827]: pam_unix(sudo:session): session opened for user root(uid=0) by (uid=1000)
Aug 26 02:59:57 devstack cinder-volume[94506]: DEBUG oslo_concurrency.lockutils [None req-c65ddd54-d3b6-42f5-8b31-e1da1330ca26 tempest-SnapshotsActionsTest-1132040017 None] Acquiring lock "quobyte" by "cinder.volume.drivers.quobyte.QuobyteDriver.create_snapshot" {{(pid=94506) inner /opt/stack/data/venv/lib/python3.12/site-packages/oslo_concurrency/lockutils.py:512}}
Aug 26 02:59:57 devstack cinder-volume[94506]: DEBUG oslo_concurrency.lockutils [None req-c65ddd54-d3b6-42f5-8b31-e1da1330ca26 tempest-SnapshotsActionsTest-1132040017 None] Lock "quobyte" acquired by "cinder.volume.drivers.quobyte.QuobyteDriver.create_snapshot" :: waited 0.001s {{(pid=94506) inner /opt/stack/data/venv/lib/python3.12/site-packages/oslo_concurrency/lockutils.py:525}}
Aug 26 02:59:57 devstack cinder-volume[94506]: DEBUG cinder.volume.drivers.remotefs [None req-c65ddd54-d3b6-42f5-8b31-e1da1330ca26 tempest-SnapshotsActionsTest-1132040017 None] Creating offline snapshot 398c361d-bd1f-4a11-a792-065b5dc74d82 of volume f6c97bb7-ca56-473e-9148-fae23ea87fbb {{(pid=94506) _create_snapshot /opt/stack/cinder/cinder/volume/drivers/remotefs.py:1816}}
Aug 26 02:59:57 devstack cinder-volume[94506]: DEBUG oslo.privsep.daemon [-] privsep: reply[0a36e27e-cae2-42a7-9bb1-f34a6d4707c4]: (4, 'qcow2') {{(pid=96329) _call_back /opt/stack/data/venv/lib/python3.12/site-packages/oslo_privsep/daemon.py:580}}
Aug 26 02:59:57 devstack cinder-volume[94506]: DEBUG oslo_concurrency.processutils [None req-c65ddd54-d3b6-42f5-8b31-e1da1330ca26 tempest-SnapshotsActionsTest-1132040017 None] Running cmd (subprocess): /opt/stack/data/venv/bin/python3.12 -m oslo_concurrency.prlimit --as=1073741824 --cpu=60 -- sudo cinder-rootwrap /etc/cinder/rootwrap.conf env LC_ALL=C qemu-img info -f qcow2 --output=json --force-share /opt/stack/data/cinder/mnt/478c572419cd4c9cfb0c354746ca8aed/volume-f6c97bb7-ca56-473e-9148-fae23ea87fbb.21eab874-43fa-4f59-8aea-66be41bcc548 {{(pid=94506) execute /opt/stack/data/venv/lib/python3.12/site-packages/oslo_concurrency/processutils.py:440}}
Aug 26 02:59:57 devstack sudo[98827]: pam_unix(sudo:session): session closed for user root
Aug 26 02:59:57 devstack cinder-volume[94506]: DEBUG oslo_concurrency.processutils [None req-602af519-fa1f-46b3-b95b-547d6360ecb6 tempest-TaggedAttachmentsTest-1838458769 None] CMD "/opt/stack/data/venv/bin/python3.12 -m oslo_concurrency.prlimit --as=1073741824 --cpu=60 -- sudo cinder-rootwrap /etc/cinder/rootwrap.conf env LC_ALL=C qemu-img info -f qcow2 --output=json --force-share /opt/stack/data/cinder/mnt/478c572419cd4c9cfb0c354746ca8aed/volume-34c5434b-d238-41cd-bb87-41821969bc06" returned: 0 in 0.800s {{(pid=94506) execute /opt/stack/data/venv/lib/python3.12/site-packages/oslo_concurrency/processutils.py:468}}
Aug 26 02:59:57 devstack cinder-volume[94506]: DEBUG oslo_concurrency.processutils [None req-602af519-fa1f-46b3-b95b-547d6360ecb6 tempest-TaggedAttachmentsTest-1838458769 None] Running cmd (subprocess): sudo cinder-rootwrap /etc/cinder/rootwrap.conf rm -f /opt/stack/data/cinder/mnt/478c572419cd4c9cfb0c354746ca8aed/volume-34c5434b-d238-41cd-bb87-41821969bc06 {{(pid=94506) execute /opt/stack/data/venv/lib/python3.12/site-packages/oslo_concurrency/processutils.py:440}}
Aug 26 02:59:57 devstack sudo[98849]: quobyte : PWD=/ ; USER=root ; COMMAND=/opt/stack/data/venv/bin/cinder-rootwrap /etc/cinder/rootwrap.conf rm -f /opt/stack/data/cinder/mnt/478c572419cd4c9cfb0c354746ca8aed/volume-34c5434b-d238-41cd-bb87-41821969bc06
Aug 26 02:59:57 devstack sudo[98849]: pam_unix(sudo:session): session opened for user root(uid=0) by (uid=1000)
Aug 26 02:59:57 devstack sudo[98847]: quobyte : PWD=/ ; USER=root ; COMMAND=/opt/stack/data/venv/bin/cinder-rootwrap /etc/cinder/rootwrap.conf env LC_ALL=C qemu-img info -f qcow2 --output=json --force-share /opt/stack/data/cinder/mnt/478c572419cd4c9cfb0c354746ca8aed/volume-f6c97bb7-ca56-473e-9148-fae23ea87fbb.21eab874-43fa-4f59-8aea-66be41bcc548
Aug 26 02:59:57 devstack sudo[98847]: pam_unix(sudo:session): session opened for user root(uid=0) by (uid=1000)
Aug 26 02:59:57 devstack sudo[98849]: pam_unix(sudo:session): session closed for user root
Aug 26 02:59:57 devstack cinder-volume[94506]: DEBUG oslo_concurrency.processutils [None req-602af519-fa1f-46b3-b95b-547d6360ecb6 tempest-TaggedAttachmentsTest-1838458769 None] CMD "sudo cinder-rootwrap /etc/cinder/rootwrap.conf rm -f /opt/stack/data/cinder/mnt/478c572419cd4c9cfb0c354746ca8aed/volume-34c5434b-d238-41cd-bb87-41821969bc06" returned: 0 in 0.460s {{(pid=94506) execute /opt/stack/data/venv/lib/python3.12/site-packages/oslo_concurrency/processutils.py:468}}
Aug 26 02:59:57 devstack cinder-volume[94506]: DEBUG cinder.coordination [None req-602af519-fa1f-46b3-b95b-547d6360ecb6 tempest-TaggedAttachmentsTest-1838458769 None] Lock "cinder-quobyte-34c5434b-d238-41cd-bb87-41821969bc06" released by "delete_volume" :: held 1.353s {{(pid=94506) __release /opt/stack/cinder/cinder/coordination.py:152}}
Aug 26 02:59:57 devstack sudo[98847]: pam_unix(sudo:session): session closed for user root
Aug 26 02:59:57 devstack cinder-volume[94506]: DEBUG oslo_concurrency.processutils [None req-c65ddd54-d3b6-42f5-8b31-e1da1330ca26 tempest-SnapshotsActionsTest-1132040017 None] CMD "/opt/stack/data/venv/bin/python3.12 -m oslo_concurrency.prlimit --as=1073741824 --cpu=60 -- sudo cinder-rootwrap /etc/cinder/rootwrap.conf env LC_ALL=C qemu-img info -f qcow2 --output=json --force-share /opt/stack/data/cinder/mnt/478c572419cd4c9cfb0c354746ca8aed/volume-f6c97bb7-ca56-473e-9148-fae23ea87fbb.21eab874-43fa-4f59-8aea-66be41bcc548" returned: 0 in 0.629s {{(pid=94506) execute /opt/stack/data/venv/lib/python3.12/site-packages/oslo_concurrency/processutils.py:468}}
Aug 26 02:59:57 devstack cinder-volume[94506]: DEBUG cinder.volume.drivers.remotefs [None req-c65ddd54-d3b6-42f5-8b31-e1da1330ca26 tempest-SnapshotsActionsTest-1132040017 None] Fetching qemu-img info with special backing_file_template: (/opt/stack/data/cinder/mnt/[0-9a-f]+/)?(volume-f6c97bb7-ca56-473e-9148-fae23ea87fbb(.(tmp-snap-)?[0-9a-f-]+)?|volume_from_snapshot_cache/(tmp-snap-)?[0-9a-f-]+(.(child-|parent-)[0-9a-f-]+)?)$ {{(pid=94506) _qemu_img_info_base /opt/stack/cinder/cinder/volume/drivers/remotefs.py:896}}
Aug 26 02:59:57 devstack cinder-volume[94506]: DEBUG oslo_concurrency.processutils [None req-c65ddd54-d3b6-42f5-8b31-e1da1330ca26 tempest-SnapshotsActionsTest-1132040017 None] Running cmd (subprocess): sudo cinder-rootwrap /etc/cinder/rootwrap.conf qemu-img create -f qcow2 -o backing_file=/opt/stack/data/cinder/mnt/478c572419cd4c9cfb0c354746ca8aed/volume-f6c97bb7-ca56-473e-9148-fae23ea87fbb.21eab874-43fa-4f59-8aea-66be41bcc548,backing_fmt=qcow2 /opt/stack/data/cinder/mnt/478c572419cd4c9cfb0c354746ca8aed/volume-f6c97bb7-ca56-473e-9148-fae23ea87fbb.398c361d-bd1f-4a11-a792-065b5dc74d82 1G {{(pid=94506) execute /opt/stack/data/venv/lib/python3.12/site-packages/oslo_concurrency/processutils.py:440}}
Aug 26 02:59:58 devstack sudo[98869]: quobyte : PWD=/ ; USER=root ; COMMAND=/opt/stack/data/venv/bin/cinder-rootwrap /etc/cinder/rootwrap.conf qemu-img create -f qcow2 -o backing_file=/opt/stack/data/cinder/mnt/478c572419cd4c9cfb0c354746ca8aed/volume-f6c97bb7-ca56-473e-9148-fae23ea87fbb.21eab874-43fa-4f59-8aea-66be41bcc548,backing_fmt=qcow2 /opt/stack/data/cinder/mnt/478c572419cd4c9cfb0c354746ca8aed/volume-f6c97bb7-ca56-473e-9148-fae23ea87fbb.398c361d-bd1f-4a11-a792-065b5dc74d82 1G
Aug 26 02:59:58 devstack sudo[98869]: pam_unix(sudo:session): session opened for user root(uid=0) by (uid=1000)
Aug 26 02:59:58 devstack cinder-volume[94506]: DEBUG cinder.quota [None req-602af519-fa1f-46b3-b95b-547d6360ecb6 tempest-TaggedAttachmentsTest-1838458769 None] Created reservations ['bcdf3a00-ee1f-4b07-a443-d1e13c93a7a3', '24224a70-81d4-42d3-a5d4-28585bd56523', 'b12d83cd-ae4a-4219-9463-e6bfa95458d2', '40e9c9c6-15fd-458d-93b6-4d81f11c2db3'] {{(pid=94506) reserve /opt/stack/cinder/cinder/quota.py:752}}
Aug 26 02:59:58 devstack cinder-volume[94506]: DEBUG oslo_concurrency.lockutils [None req-602af519-fa1f-46b3-b95b-547d6360ecb6 tempest-TaggedAttachmentsTest-1838458769 None] Acquiring lock "quobyte_ensure" by "cinder.volume.drivers.quobyte.QuobyteDriver._ensure_shares_mounted" {{(pid=94506) inner /opt/stack/data/venv/lib/python3.12/site-packages/oslo_concurrency/lockutils.py:512}}
Aug 26 02:59:58 devstack cinder-volume[94506]: DEBUG oslo_concurrency.lockutils [None req-602af519-fa1f-46b3-b95b-547d6360ecb6 tempest-TaggedAttachmentsTest-1838458769 None] Lock "quobyte_ensure" acquired by "cinder.volume.drivers.quobyte.QuobyteDriver._ensure_shares_mounted" :: waited 0.001s {{(pid=94506) inner /opt/stack/data/venv/lib/python3.12/site-packages/oslo_concurrency/lockutils.py:525}}
Aug 26 02:59:58 devstack cinder-volume[94506]: DEBUG cinder.volume.drivers.quobyte [None req-602af519-fa1f-46b3-b95b-547d6360ecb6 tempest-TaggedAttachmentsTest-1838458769 None] Quobyte Volume URL set to: {'osci02.corp.quobyte.com/cinder-vol-e4672f46-d5ea-4382-ba93-508dc8f1a3de': None} {{(pid=94506) _load_shares_config /opt/stack/cinder/cinder/volume/drivers/quobyte.py:662}}
Aug 26 02:59:58 devstack cinder-volume[94506]: DEBUG cinder.volume.drivers.quobyte [None req-602af519-fa1f-46b3-b95b-547d6360ecb6 tempest-TaggedAttachmentsTest-1838458769 None] Available shares ['osci02.corp.quobyte.com/cinder-vol-e4672f46-d5ea-4382-ba93-508dc8f1a3de'] {{(pid=94506) _ensure_shares_mounted /opt/stack/cinder/cinder/volume/drivers/quobyte.py:692}}
Aug 26 02:59:58 devstack cinder-volume[94506]: DEBUG oslo_concurrency.lockutils [None req-602af519-fa1f-46b3-b95b-547d6360ecb6 tempest-TaggedAttachmentsTest-1838458769 None] Lock "quobyte_ensure" "released" by "cinder.volume.drivers.quobyte.QuobyteDriver._ensure_shares_mounted" :: held 0.013s {{(pid=94506) inner /opt/stack/data/venv/lib/python3.12/site-packages/oslo_concurrency/lockutils.py:544}}
Aug 26 02:59:58 devstack cinder-volume[94506]: DEBUG oslo_concurrency.processutils [None req-602af519-fa1f-46b3-b95b-547d6360ecb6 tempest-TaggedAttachmentsTest-1838458769 None] Running cmd (subprocess): sudo cinder-rootwrap /etc/cinder/rootwrap.conf df --portability --block-size 1 /opt/stack/data/cinder/mnt/478c572419cd4c9cfb0c354746ca8aed {{(pid=94506) execute /opt/stack/data/venv/lib/python3.12/site-packages/oslo_concurrency/processutils.py:440}}
Aug 26 02:59:58 devstack sudo[98872]: quobyte : PWD=/ ; USER=root ; COMMAND=/opt/stack/data/venv/bin/cinder-rootwrap /etc/cinder/rootwrap.conf df --portability --block-size 1 /opt/stack/data/cinder/mnt/478c572419cd4c9cfb0c354746ca8aed
Aug 26 02:59:58 devstack sudo[98872]: pam_unix(sudo:session): session opened for user root(uid=0) by (uid=1000)
Aug 26 02:59:58 devstack sudo[98872]: pam_unix(sudo:session): session closed for user root
Aug 26 02:59:58 devstack cinder-volume[94506]: DEBUG oslo_concurrency.processutils [None req-602af519-fa1f-46b3-b95b-547d6360ecb6 tempest-TaggedAttachmentsTest-1838458769 None] CMD "sudo cinder-rootwrap /etc/cinder/rootwrap.conf df --portability --block-size 1 /opt/stack/data/cinder/mnt/478c572419cd4c9cfb0c354746ca8aed" returned: 0 in 0.378s {{(pid=94506) execute /opt/stack/data/venv/lib/python3.12/site-packages/oslo_concurrency/processutils.py:468}}
Aug 26 02:59:58 devstack cinder-volume[94506]: DEBUG cinder.manager [None req-602af519-fa1f-46b3-b95b-547d6360ecb6 tempest-TaggedAttachmentsTest-1838458769 None] Notifying Schedulers of capabilities ... {{(pid=94506) _publish_service_capabilities /opt/stack/cinder/cinder/manager.py:219}}
Aug 26 02:59:58 devstack cinder-volume[94506]: INFO cinder.volume.manager [None req-602af519-fa1f-46b3-b95b-547d6360ecb6 tempest-TaggedAttachmentsTest-1838458769 None] Deleted volume successfully.
Aug 26 02:59:58 devstack cinder-volume[94506]: DEBUG cinder.coordination [None req-602af519-fa1f-46b3-b95b-547d6360ecb6 tempest-TaggedAttachmentsTest-1838458769 None] Lock "cinder-34c5434b-d238-41cd-bb87-41821969bc06-delete_volume" released by "delete_volume" :: held 2.143s {{(pid=94506) __release /opt/stack/cinder/cinder/coordination.py:152}}
Aug 26 02:59:58 devstack sudo[98869]: pam_unix(sudo:session): session closed for user root
Aug 26 02:59:58 devstack cinder-volume[94506]: DEBUG oslo_concurrency.processutils [None req-c65ddd54-d3b6-42f5-8b31-e1da1330ca26 tempest-SnapshotsActionsTest-1132040017 None] CMD "sudo cinder-rootwrap /etc/cinder/rootwrap.conf qemu-img create -f qcow2 -o backing_file=/opt/stack/data/cinder/mnt/478c572419cd4c9cfb0c354746ca8aed/volume-f6c97bb7-ca56-473e-9148-fae23ea87fbb.21eab874-43fa-4f59-8aea-66be41bcc548,backing_fmt=qcow2 /opt/stack/data/cinder/mnt/478c572419cd4c9cfb0c354746ca8aed/volume-f6c97bb7-ca56-473e-9148-fae23ea87fbb.398c361d-bd1f-4a11-a792-065b5dc74d82 1G" returned: 0 in 0.820s {{(pid=94506) execute /opt/stack/data/venv/lib/python3.12/site-packages/oslo_concurrency/processutils.py:468}}
Aug 26 02:59:58 devstack cinder-volume[94506]: DEBUG oslo_concurrency.processutils [None req-c65ddd54-d3b6-42f5-8b31-e1da1330ca26 tempest-SnapshotsActionsTest-1132040017 None] Running cmd (subprocess): sudo cinder-rootwrap /etc/cinder/rootwrap.conf qemu-img rebase -u -b volume-f6c97bb7-ca56-473e-9148-fae23ea87fbb.21eab874-43fa-4f59-8aea-66be41bcc548 -F qcow2 /opt/stack/data/cinder/mnt/478c572419cd4c9cfb0c354746ca8aed/volume-f6c97bb7-ca56-473e-9148-fae23ea87fbb.398c361d-bd1f-4a11-a792-065b5dc74d82 {{(pid=94506) execute /opt/stack/data/venv/lib/python3.12/site-packages/oslo_concurrency/processutils.py:440}}
Aug 26 02:59:58 devstack sudo[98883]: quobyte : PWD=/ ; USER=root ; COMMAND=/opt/stack/data/venv/bin/cinder-rootwrap /etc/cinder/rootwrap.conf qemu-img rebase -u -b volume-f6c97bb7-ca56-473e-9148-fae23ea87fbb.21eab874-43fa-4f59-8aea-66be41bcc548 -F qcow2 /opt/stack/data/cinder/mnt/478c572419cd4c9cfb0c354746ca8aed/volume-f6c97bb7-ca56-473e-9148-fae23ea87fbb.398c361d-bd1f-4a11-a792-065b5dc74d82
Aug 26 02:59:58 devstack sudo[98883]: pam_unix(sudo:session): session opened for user root(uid=0) by (uid=1000)
Aug 26 02:59:59 devstack sudo[98883]: pam_unix(sudo:session): session closed for user root
Aug 26 02:59:59 devstack cinder-volume[94506]: DEBUG oslo_concurrency.processutils [None req-c65ddd54-d3b6-42f5-8b31-e1da1330ca26 tempest-SnapshotsActionsTest-1132040017 None] CMD "sudo cinder-rootwrap /etc/cinder/rootwrap.conf qemu-img rebase -u -b volume-f6c97bb7-ca56-473e-9148-fae23ea87fbb.21eab874-43fa-4f59-8aea-66be41bcc548 -F qcow2 /opt/stack/data/cinder/mnt/478c572419cd4c9cfb0c354746ca8aed/volume-f6c97bb7-ca56-473e-9148-fae23ea87fbb.398c361d-bd1f-4a11-a792-065b5dc74d82" returned: 0 in 0.424s {{(pid=94506) execute /opt/stack/data/venv/lib/python3.12/site-packages/oslo_concurrency/processutils.py:468}}
Aug 26 02:59:59 devstack cinder-volume[94506]: WARNING cinder.volume.drivers.remotefs [None req-c65ddd54-d3b6-42f5-8b31-e1da1330ca26 tempest-SnapshotsActionsTest-1132040017 None] /opt/stack/data/cinder/mnt/478c572419cd4c9cfb0c354746ca8aed/volume-f6c97bb7-ca56-473e-9148-fae23ea87fbb.398c361d-bd1f-4a11-a792-065b5dc74d82 is being set with open permissions: ugo+rw
Aug 26 02:59:59 devstack cinder-volume[94506]: DEBUG oslo_concurrency.processutils [None req-c65ddd54-d3b6-42f5-8b31-e1da1330ca26 tempest-SnapshotsActionsTest-1132040017 None] Running cmd (subprocess): sudo cinder-rootwrap /etc/cinder/rootwrap.conf chmod ugo+rw /opt/stack/data/cinder/mnt/478c572419cd4c9cfb0c354746ca8aed/volume-f6c97bb7-ca56-473e-9148-fae23ea87fbb.398c361d-bd1f-4a11-a792-065b5dc74d82 {{(pid=94506) execute /opt/stack/data/venv/lib/python3.12/site-packages/oslo_concurrency/processutils.py:440}}
Aug 26 02:59:59 devstack sudo[98889]: quobyte : PWD=/ ; USER=root ; COMMAND=/opt/stack/data/venv/bin/cinder-rootwrap /etc/cinder/rootwrap.conf chmod ugo+rw /opt/stack/data/cinder/mnt/478c572419cd4c9cfb0c354746ca8aed/volume-f6c97bb7-ca56-473e-9148-fae23ea87fbb.398c361d-bd1f-4a11-a792-065b5dc74d82
Aug 26 02:59:59 devstack sudo[98889]: pam_unix(sudo:session): session opened for user root(uid=0) by (uid=1000)
Aug 26 02:59:59 devstack sudo[98889]: pam_unix(sudo:session): session closed for user root
Aug 26 02:59:59 devstack cinder-volume[94506]: DEBUG oslo_concurrency.processutils [None req-c65ddd54-d3b6-42f5-8b31-e1da1330ca26 tempest-SnapshotsActionsTest-1132040017 None] CMD "sudo cinder-rootwrap /etc/cinder/rootwrap.conf chmod ugo+rw /opt/stack/data/cinder/mnt/478c572419cd4c9cfb0c354746ca8aed/volume-f6c97bb7-ca56-473e-9148-fae23ea87fbb.398c361d-bd1f-4a11-a792-065b5dc74d82" returned: 0 in 0.323s {{(pid=94506) execute /opt/stack/data/venv/lib/python3.12/site-packages/oslo_concurrency/processutils.py:468}}
Aug 26 02:59:59 devstack cinder-volume[94506]: DEBUG oslo_concurrency.lockutils [None req-c65ddd54-d3b6-42f5-8b31-e1da1330ca26 tempest-SnapshotsActionsTest-1132040017 None] Lock "quobyte" "released" by "cinder.volume.drivers.quobyte.QuobyteDriver.create_snapshot" :: held 2.401s {{(pid=94506) inner /opt/stack/data/venv/lib/python3.12/site-packages/oslo_concurrency/lockutils.py:544}}
Aug 26 02:59:59 devstack cinder-volume[94506]: INFO cinder.volume.manager [None req-c65ddd54-d3b6-42f5-8b31-e1da1330ca26 tempest-SnapshotsActionsTest-1132040017 None] Create snapshot completed successfully
Aug 26 03:00:00 devstack cinder-volume[94506]: DEBUG cinder.coordination [None req-59b3b5b1-50a4-4466-883d-ea5f736c1997 tempest-SnapshotsActionsTest-1450351968 None] Acquiring lock "cinder-398c361d-bd1f-4a11-a792-065b5dc74d82-delete_snapshot" by "delete_snapshot" {{(pid=94506) __acquire /opt/stack/cinder/cinder/coordination.py:138}}
Aug 26 03:00:00 devstack cinder-volume[94506]: DEBUG cinder.coordination [None req-59b3b5b1-50a4-4466-883d-ea5f736c1997 tempest-SnapshotsActionsTest-1450351968 None] Lock "cinder-398c361d-bd1f-4a11-a792-065b5dc74d82-delete_snapshot" acquired by "delete_snapshot" :: waited 0.030s {{(pid=94506) __acquire /opt/stack/cinder/cinder/coordination.py:141}}
Aug 26 03:00:00 devstack cinder-volume[94506]: DEBUG cinder.coordination [None req-59b3b5b1-50a4-4466-883d-ea5f736c1997 tempest-SnapshotsActionsTest-1450351968 None] Acquiring lock "cinder-quobyte-f6c97bb7-ca56-473e-9148-fae23ea87fbb" by "delete_snapshot" {{(pid=94506) __acquire /opt/stack/cinder/cinder/coordination.py:138}}
Aug 26 03:00:00 devstack cinder-volume[94506]: DEBUG cinder.coordination [None req-59b3b5b1-50a4-4466-883d-ea5f736c1997 tempest-SnapshotsActionsTest-1450351968 None] Lock "cinder-quobyte-f6c97bb7-ca56-473e-9148-fae23ea87fbb" acquired by "delete_snapshot" :: waited 0.025s {{(pid=94506) __acquire /opt/stack/cinder/cinder/coordination.py:141}}
Aug 26 03:00:00 devstack cinder-volume[94506]: DEBUG cinder.coordination [None req-59b3b5b1-50a4-4466-883d-ea5f736c1997 tempest-SnapshotsActionsTest-1450351968 None] Acquiring lock "cinder-quobyte-398c361d-bd1f-4a11-a792-065b5dc74d82" by "_delete_snapshot" {{(pid=94506) __acquire /opt/stack/cinder/cinder/coordination.py:138}}
Aug 26 03:00:00 devstack cinder-volume[94506]: DEBUG cinder.coordination [None req-59b3b5b1-50a4-4466-883d-ea5f736c1997 tempest-SnapshotsActionsTest-1450351968 None] Lock "cinder-quobyte-398c361d-bd1f-4a11-a792-065b5dc74d82" acquired by "_delete_snapshot" :: waited 0.028s {{(pid=94506) __acquire /opt/stack/cinder/cinder/coordination.py:141}}
Aug 26 03:00:00 devstack cinder-volume[94506]: DEBUG cinder.volume.drivers.remotefs [None req-59b3b5b1-50a4-4466-883d-ea5f736c1997 tempest-SnapshotsActionsTest-1450351968 None] Deleting offline snapshot 398c361d-bd1f-4a11-a792-065b5dc74d82 of volume f6c97bb7-ca56-473e-9148-fae23ea87fbb {{(pid=94506) _delete_snapshot /opt/stack/cinder/cinder/volume/drivers/remotefs.py:1288}}
Aug 26 03:00:00 devstack cinder-volume[94506]: DEBUG cinder.volume.drivers.remotefs [None req-59b3b5b1-50a4-4466-883d-ea5f736c1997 tempest-SnapshotsActionsTest-1450351968 None] snapshot_file for this snap is: volume-f6c97bb7-ca56-473e-9148-fae23ea87fbb.398c361d-bd1f-4a11-a792-065b5dc74d82 {{(pid=94506) _delete_snapshot /opt/stack/cinder/cinder/volume/drivers/remotefs.py:1317}}
Aug 26 03:00:00 devstack cinder-volume[94506]: DEBUG oslo.privsep.daemon [-] privsep: reply[ed873f7b-5c72-4f5c-a6c7-08e20cb6dbba]: (4, 'qcow2') {{(pid=96329) _call_back /opt/stack/data/venv/lib/python3.12/site-packages/oslo_privsep/daemon.py:580}}
Aug 26 03:00:00 devstack cinder-volume[94506]: DEBUG oslo_concurrency.processutils [None req-59b3b5b1-50a4-4466-883d-ea5f736c1997 tempest-SnapshotsActionsTest-1450351968 None] Running cmd (subprocess): /opt/stack/data/venv/bin/python3.12 -m oslo_concurrency.prlimit --as=1073741824 --cpu=60 -- sudo cinder-rootwrap /etc/cinder/rootwrap.conf env LC_ALL=C qemu-img info -f qcow2 --output=json --force-share /opt/stack/data/cinder/mnt/478c572419cd4c9cfb0c354746ca8aed/volume-f6c97bb7-ca56-473e-9148-fae23ea87fbb.398c361d-bd1f-4a11-a792-065b5dc74d82 {{(pid=94506) execute /opt/stack/data/venv/lib/python3.12/site-packages/oslo_concurrency/processutils.py:440}}
Aug 26 03:00:00 devstack sudo[98895]: quobyte : PWD=/ ; USER=root ; COMMAND=/opt/stack/data/venv/bin/cinder-rootwrap /etc/cinder/rootwrap.conf env LC_ALL=C qemu-img info -f qcow2 --output=json --force-share /opt/stack/data/cinder/mnt/478c572419cd4c9cfb0c354746ca8aed/volume-f6c97bb7-ca56-473e-9148-fae23ea87fbb.398c361d-bd1f-4a11-a792-065b5dc74d82
Aug 26 03:00:00 devstack sudo[98895]: pam_unix(sudo:session): session opened for user root(uid=0) by (uid=1000)
Aug 26 03:00:01 devstack sudo[98895]: pam_unix(sudo:session): session closed for user root
Aug 26 03:00:01 devstack cinder-volume[94506]: DEBUG oslo_concurrency.processutils [None req-59b3b5b1-50a4-4466-883d-ea5f736c1997 tempest-SnapshotsActionsTest-1450351968 None] CMD "/opt/stack/data/venv/bin/python3.12 -m oslo_concurrency.prlimit --as=1073741824 --cpu=60 -- sudo cinder-rootwrap /etc/cinder/rootwrap.conf env LC_ALL=C qemu-img info -f qcow2 --output=json --force-share /opt/stack/data/cinder/mnt/478c572419cd4c9cfb0c354746ca8aed/volume-f6c97bb7-ca56-473e-9148-fae23ea87fbb.398c361d-bd1f-4a11-a792-065b5dc74d82" returned: 0 in 0.537s {{(pid=94506) execute /opt/stack/data/venv/lib/python3.12/site-packages/oslo_concurrency/processutils.py:468}}
Aug 26 03:00:01 devstack cinder-volume[94506]: DEBUG cinder.volume.drivers.remotefs [None req-59b3b5b1-50a4-4466-883d-ea5f736c1997 tempest-SnapshotsActionsTest-1450351968 None] Fetching qemu-img info with special backing_file_template: (/opt/stack/data/cinder/mnt/[0-9a-f]+/)?(volume-f6c97bb7-ca56-473e-9148-fae23ea87fbb(.(tmp-snap-)?[0-9a-f-]+)?|volume_from_snapshot_cache/(tmp-snap-)?[0-9a-f-]+(.(child-|parent-)[0-9a-f-]+)?)$ {{(pid=94506) _qemu_img_info_base /opt/stack/cinder/cinder/volume/drivers/remotefs.py:896}}
Aug 26 03:00:01 devstack cinder-volume[94506]: DEBUG oslo.privsep.daemon [-] privsep: reply[10db17f1-c2cd-4be6-8aa4-2d3032cf302a]: (4, 'qcow2') {{(pid=96329) _call_back /opt/stack/data/venv/lib/python3.12/site-packages/oslo_privsep/daemon.py:580}}
Aug 26 03:00:01 devstack cinder-volume[94506]: DEBUG oslo_concurrency.processutils [None req-59b3b5b1-50a4-4466-883d-ea5f736c1997 tempest-SnapshotsActionsTest-1450351968 None] Running cmd (subprocess): /opt/stack/data/venv/bin/python3.12 -m oslo_concurrency.prlimit --as=1073741824 --cpu=60 -- sudo cinder-rootwrap /etc/cinder/rootwrap.conf env LC_ALL=C qemu-img info -f qcow2 --output=json --force-share /opt/stack/data/cinder/mnt/478c572419cd4c9cfb0c354746ca8aed/volume-f6c97bb7-ca56-473e-9148-fae23ea87fbb.21eab874-43fa-4f59-8aea-66be41bcc548 {{(pid=94506) execute /opt/stack/data/venv/lib/python3.12/site-packages/oslo_concurrency/processutils.py:440}}
