Jul 02 19:42:52 devstack cinder-volume[86493]: DEBUG oslo_concurrency.processutils [None req-5170d376-a0b6-4c0f-b6be-78d9a0d6ad7f tempest-GroupsV314Test-1898239096 None] Running cmd (subprocess): /opt/stack/data/venv/bin/python3.12 -m oslo_concurrency.prlimit --as=1073741824 --cpu=60 -- sudo cinder-rootwrap /etc/cinder/rootwrap.conf env LC_ALL=C qemu-img info -f qcow2 --output=json --force-share /opt/stack/data/cinder/mnt/9d2fb11b44e6031cded8a304e3de69e6/volume-287e88d4-df78-4ed7-af6b-e056312f6e95 {{(pid=86493) execute /opt/stack/data/venv/lib/python3.12/site-packages/oslo_concurrency/processutils.py:440}}
Jul 02 19:42:53 devstack sudo[93108]: quobyte : PWD=/ ; USER=root ; COMMAND=/opt/stack/data/venv/bin/cinder-rootwrap /etc/cinder/rootwrap.conf env LC_ALL=C qemu-img info -f qcow2 --output=json --force-share /opt/stack/data/cinder/mnt/9d2fb11b44e6031cded8a304e3de69e6/volume-287e88d4-df78-4ed7-af6b-e056312f6e95
Jul 02 19:42:53 devstack sudo[93108]: pam_unix(sudo:session): session opened for user root(uid=0) by (uid=1000)
Jul 02 19:42:53 devstack sudo[93108]: pam_unix(sudo:session): session closed for user root
Jul 02 19:42:53 devstack cinder-volume[86493]: DEBUG oslo_concurrency.processutils [None req-5170d376-a0b6-4c0f-b6be-78d9a0d6ad7f tempest-GroupsV314Test-1898239096 None] CMD "/opt/stack/data/venv/bin/python3.12 -m oslo_concurrency.prlimit --as=1073741824 --cpu=60 -- sudo cinder-rootwrap /etc/cinder/rootwrap.conf env LC_ALL=C qemu-img info -f qcow2 --output=json --force-share /opt/stack/data/cinder/mnt/9d2fb11b44e6031cded8a304e3de69e6/volume-287e88d4-df78-4ed7-af6b-e056312f6e95" returned: 0 in 1.026s {{(pid=86493) execute /opt/stack/data/venv/lib/python3.12/site-packages/oslo_concurrency/processutils.py:468}}
Jul 02 19:42:53 devstack cinder-volume[86493]: DEBUG oslo_concurrency.processutils [None req-5170d376-a0b6-4c0f-b6be-78d9a0d6ad7f tempest-GroupsV314Test-1898239096 None] Running cmd (subprocess): sudo cinder-rootwrap /etc/cinder/rootwrap.conf qemu-img create -f qcow2 -o backing_file=/opt/stack/data/cinder/mnt/9d2fb11b44e6031cded8a304e3de69e6/volume-287e88d4-df78-4ed7-af6b-e056312f6e95,backing_fmt=qcow2 /opt/stack/data/cinder/mnt/9d2fb11b44e6031cded8a304e3de69e6/volume-287e88d4-df78-4ed7-af6b-e056312f6e95.0fc1da09-997a-4c84-ab70-d84cde77f887 1G {{(pid=86493) execute /opt/stack/data/venv/lib/python3.12/site-packages/oslo_concurrency/processutils.py:440}}
Jul 02 19:42:53 devstack sudo[93115]: quobyte : PWD=/ ; USER=root ; COMMAND=/opt/stack/data/venv/bin/cinder-rootwrap /etc/cinder/rootwrap.conf qemu-img create -f qcow2 -o backing_file=/opt/stack/data/cinder/mnt/9d2fb11b44e6031cded8a304e3de69e6/volume-287e88d4-df78-4ed7-af6b-e056312f6e95,backing_fmt=qcow2 /opt/stack/data/cinder/mnt/9d2fb11b44e6031cded8a304e3de69e6/volume-287e88d4-df78-4ed7-af6b-e056312f6e95.0fc1da09-997a-4c84-ab70-d84cde77f887 1G
Jul 02 19:42:53 devstack sudo[93115]: pam_unix(sudo:session): session opened for user root(uid=0) by (uid=1000)
Jul 02 19:42:54 devstack cinder-volume[86493]: DEBUG oslo_concurrency.lockutils [None req-a3981c66-afec-4b92-85a0-7fc2747c114b tempest-SnapshotsActionsTest-545929629 None] Acquiring lock "quobyte" by "cinder.volume.drivers.quobyte.QuobyteDriver.create_snapshot" {{(pid=86493) inner /opt/stack/data/venv/lib/python3.12/site-packages/oslo_concurrency/lockutils.py:511}}
Jul 02 19:42:55 devstack sudo[93115]: pam_unix(sudo:session): session closed for user root
Jul 02 19:42:55 devstack cinder-volume[86493]: DEBUG oslo_concurrency.processutils [None req-5170d376-a0b6-4c0f-b6be-78d9a0d6ad7f tempest-GroupsV314Test-1898239096 None] CMD "sudo cinder-rootwrap /etc/cinder/rootwrap.conf qemu-img create -f qcow2 -o backing_file=/opt/stack/data/cinder/mnt/9d2fb11b44e6031cded8a304e3de69e6/volume-287e88d4-df78-4ed7-af6b-e056312f6e95,backing_fmt=qcow2 /opt/stack/data/cinder/mnt/9d2fb11b44e6031cded8a304e3de69e6/volume-287e88d4-df78-4ed7-af6b-e056312f6e95.0fc1da09-997a-4c84-ab70-d84cde77f887 1G" returned: 0 in 1.075s {{(pid=86493) execute /opt/stack/data/venv/lib/python3.12/site-packages/oslo_concurrency/processutils.py:468}}
Jul 02 19:42:55 devstack cinder-volume[86493]: DEBUG oslo_concurrency.processutils [None req-5170d376-a0b6-4c0f-b6be-78d9a0d6ad7f tempest-GroupsV314Test-1898239096 None] Running cmd (subprocess): sudo cinder-rootwrap /etc/cinder/rootwrap.conf qemu-img rebase -u -b volume-287e88d4-df78-4ed7-af6b-e056312f6e95 -F qcow2 /opt/stack/data/cinder/mnt/9d2fb11b44e6031cded8a304e3de69e6/volume-287e88d4-df78-4ed7-af6b-e056312f6e95.0fc1da09-997a-4c84-ab70-d84cde77f887 {{(pid=86493) execute /opt/stack/data/venv/lib/python3.12/site-packages/oslo_concurrency/processutils.py:440}}
Jul 02 19:42:55 devstack sudo[93122]: quobyte : PWD=/ ; USER=root ; COMMAND=/opt/stack/data/venv/bin/cinder-rootwrap /etc/cinder/rootwrap.conf qemu-img rebase -u -b volume-287e88d4-df78-4ed7-af6b-e056312f6e95 -F qcow2 /opt/stack/data/cinder/mnt/9d2fb11b44e6031cded8a304e3de69e6/volume-287e88d4-df78-4ed7-af6b-e056312f6e95.0fc1da09-997a-4c84-ab70-d84cde77f887
Jul 02 19:42:55 devstack sudo[93122]: pam_unix(sudo:session): session opened for user root(uid=0) by (uid=1000)
Jul 02 19:42:55 devstack sudo[93122]: pam_unix(sudo:session): session closed for user root
Jul 02 19:42:55 devstack cinder-volume[86493]: DEBUG oslo_concurrency.processutils [None req-5170d376-a0b6-4c0f-b6be-78d9a0d6ad7f tempest-GroupsV314Test-1898239096 None] CMD "sudo cinder-rootwrap /etc/cinder/rootwrap.conf qemu-img rebase -u -b volume-287e88d4-df78-4ed7-af6b-e056312f6e95 -F qcow2 /opt/stack/data/cinder/mnt/9d2fb11b44e6031cded8a304e3de69e6/volume-287e88d4-df78-4ed7-af6b-e056312f6e95.0fc1da09-997a-4c84-ab70-d84cde77f887" returned: 0 in 0.846s {{(pid=86493) execute /opt/stack/data/venv/lib/python3.12/site-packages/oslo_concurrency/processutils.py:468}}
Jul 02 19:42:55 devstack cinder-volume[86493]: WARNING cinder.volume.drivers.remotefs [None req-5170d376-a0b6-4c0f-b6be-78d9a0d6ad7f tempest-GroupsV314Test-1898239096 None] /opt/stack/data/cinder/mnt/9d2fb11b44e6031cded8a304e3de69e6/volume-287e88d4-df78-4ed7-af6b-e056312f6e95.0fc1da09-997a-4c84-ab70-d84cde77f887 is being set with open permissions: ugo+rw: NotImplementedError
Jul 02 19:42:55 devstack cinder-volume[86493]: DEBUG oslo_concurrency.processutils [None req-5170d376-a0b6-4c0f-b6be-78d9a0d6ad7f tempest-GroupsV314Test-1898239096 None] Running cmd (subprocess): sudo cinder-rootwrap /etc/cinder/rootwrap.conf chmod ugo+rw /opt/stack/data/cinder/mnt/9d2fb11b44e6031cded8a304e3de69e6/volume-287e88d4-df78-4ed7-af6b-e056312f6e95.0fc1da09-997a-4c84-ab70-d84cde77f887 {{(pid=86493) execute /opt/stack/data/venv/lib/python3.12/site-packages/oslo_concurrency/processutils.py:440}}
Jul 02 19:42:55 devstack sudo[93128]: quobyte : PWD=/ ; USER=root ; COMMAND=/opt/stack/data/venv/bin/cinder-rootwrap /etc/cinder/rootwrap.conf chmod ugo+rw /opt/stack/data/cinder/mnt/9d2fb11b44e6031cded8a304e3de69e6/volume-287e88d4-df78-4ed7-af6b-e056312f6e95.0fc1da09-997a-4c84-ab70-d84cde77f887
Jul 02 19:42:55 devstack sudo[93128]: pam_unix(sudo:session): session opened for user root(uid=0) by (uid=1000)
Jul 02 19:42:56 devstack sudo[93128]: pam_unix(sudo:session): session closed for user root
Jul 02 19:42:56 devstack cinder-volume[86493]: DEBUG oslo_concurrency.processutils [None req-5170d376-a0b6-4c0f-b6be-78d9a0d6ad7f tempest-GroupsV314Test-1898239096 None] CMD "sudo cinder-rootwrap /etc/cinder/rootwrap.conf chmod ugo+rw /opt/stack/data/cinder/mnt/9d2fb11b44e6031cded8a304e3de69e6/volume-287e88d4-df78-4ed7-af6b-e056312f6e95.0fc1da09-997a-4c84-ab70-d84cde77f887" returned: 0 in 0.996s {{(pid=86493) execute /opt/stack/data/venv/lib/python3.12/site-packages/oslo_concurrency/processutils.py:468}}
Jul 02 19:42:56 devstack cinder-volume[86493]: DEBUG oslo_concurrency.processutils [None req-5170d376-a0b6-4c0f-b6be-78d9a0d6ad7f tempest-GroupsV314Test-1898239096 None] Running cmd (subprocess): sudo cinder-rootwrap /etc/cinder/rootwrap.conf truncate -s0 /opt/stack/data/cinder/mnt/9d2fb11b44e6031cded8a304e3de69e6/volume-287e88d4-df78-4ed7-af6b-e056312f6e95.info {{(pid=86493) execute /opt/stack/data/venv/lib/python3.12/site-packages/oslo_concurrency/processutils.py:440}}
Jul 02 19:42:56 devstack sudo[93133]: quobyte : PWD=/ ; USER=root ; COMMAND=/opt/stack/data/venv/bin/cinder-rootwrap /etc/cinder/rootwrap.conf truncate -s0 /opt/stack/data/cinder/mnt/9d2fb11b44e6031cded8a304e3de69e6/volume-287e88d4-df78-4ed7-af6b-e056312f6e95.info
Jul 02 19:42:56 devstack sudo[93133]: pam_unix(sudo:session): session opened for user root(uid=0) by (uid=1000)
Jul 02 19:42:57 devstack sudo[93133]: pam_unix(sudo:session): session closed for user root
Jul 02 19:42:57 devstack cinder-volume[86493]: DEBUG oslo_concurrency.processutils [None req-5170d376-a0b6-4c0f-b6be-78d9a0d6ad7f tempest-GroupsV314Test-1898239096 None] CMD "sudo cinder-rootwrap /etc/cinder/rootwrap.conf truncate -s0 /opt/stack/data/cinder/mnt/9d2fb11b44e6031cded8a304e3de69e6/volume-287e88d4-df78-4ed7-af6b-e056312f6e95.info" returned: 0 in 0.906s {{(pid=86493) execute /opt/stack/data/venv/lib/python3.12/site-packages/oslo_concurrency/processutils.py:468}}
Jul 02 19:42:57 devstack cinder-volume[86493]: WARNING cinder.volume.drivers.remotefs [None req-5170d376-a0b6-4c0f-b6be-78d9a0d6ad7f tempest-GroupsV314Test-1898239096 None] /opt/stack/data/cinder/mnt/9d2fb11b44e6031cded8a304e3de69e6/volume-287e88d4-df78-4ed7-af6b-e056312f6e95.info is being set with open permissions: ugo+rw: NotImplementedError
Jul 02 19:42:57 devstack cinder-volume[86493]: DEBUG oslo_concurrency.processutils [None req-5170d376-a0b6-4c0f-b6be-78d9a0d6ad7f tempest-GroupsV314Test-1898239096 None] Running cmd (subprocess): sudo cinder-rootwrap /etc/cinder/rootwrap.conf chmod ugo+rw /opt/stack/data/cinder/mnt/9d2fb11b44e6031cded8a304e3de69e6/volume-287e88d4-df78-4ed7-af6b-e056312f6e95.info {{(pid=86493) execute /opt/stack/data/venv/lib/python3.12/site-packages/oslo_concurrency/processutils.py:440}}
Jul 02 19:42:57 devstack sudo[93136]: quobyte : PWD=/ ; USER=root ; COMMAND=/opt/stack/data/venv/bin/cinder-rootwrap /etc/cinder/rootwrap.conf chmod ugo+rw /opt/stack/data/cinder/mnt/9d2fb11b44e6031cded8a304e3de69e6/volume-287e88d4-df78-4ed7-af6b-e056312f6e95.info
Jul 02 19:42:57 devstack sudo[93136]: pam_unix(sudo:session): session opened for user root(uid=0) by (uid=1000)
Jul 02 19:42:58 devstack sudo[93136]: pam_unix(sudo:session): session closed for user root
Jul 02 19:42:58 devstack cinder-volume[86493]: DEBUG oslo_concurrency.processutils [None req-5170d376-a0b6-4c0f-b6be-78d9a0d6ad7f tempest-GroupsV314Test-1898239096 None] CMD "sudo cinder-rootwrap /etc/cinder/rootwrap.conf chmod ugo+rw /opt/stack/data/cinder/mnt/9d2fb11b44e6031cded8a304e3de69e6/volume-287e88d4-df78-4ed7-af6b-e056312f6e95.info" returned: 0 in 0.845s {{(pid=86493) execute /opt/stack/data/venv/lib/python3.12/site-packages/oslo_concurrency/processutils.py:468}}
Jul 02 19:42:58 devstack cinder-volume[86493]: DEBUG cinder.coordination [None req-5170d376-a0b6-4c0f-b6be-78d9a0d6ad7f tempest-GroupsV314Test-1898239096 None] Acquiring lock "cinder-quobyte-08f7c4b0-ed76-44ba-b384-ad586a8f9f5d" by "_copy_volume_from_snapshot" {{(pid=86493) __acquire /opt/stack/cinder/cinder/coordination.py:138}}
Jul 02 19:42:58 devstack cinder-volume[86493]: DEBUG cinder.coordination [None req-5170d376-a0b6-4c0f-b6be-78d9a0d6ad7f tempest-GroupsV314Test-1898239096 None] Lock "cinder-quobyte-08f7c4b0-ed76-44ba-b384-ad586a8f9f5d" acquired by "_copy_volume_from_snapshot" :: waited 0.025s {{(pid=86493) __acquire /opt/stack/cinder/cinder/coordination.py:141}}
Jul 02 19:42:58 devstack cinder-volume[86493]: DEBUG cinder.volume.drivers.quobyte [None req-5170d376-a0b6-4c0f-b6be-78d9a0d6ad7f tempest-GroupsV314Test-1898239096 None] snapshot: 0fc1da09-997a-4c84-ab70-d84cde77f887, volume: 08f7c4b0-ed76-44ba-b384-ad586a8f9f5d, {{(pid=86493) _copy_volume_from_snapshot /opt/stack/cinder/cinder/volume/drivers/quobyte.py:401}}
Jul 02 19:42:58 devstack cinder-volume[86493]: DEBUG oslo_concurrency.lockutils [None req-5170d376-a0b6-4c0f-b6be-78d9a0d6ad7f tempest-GroupsV314Test-1898239096 None] Acquiring lock "quobyte_ensure" by "cinder.volume.drivers.quobyte.QuobyteDriver._ensure_shares_mounted" {{(pid=86493) inner /opt/stack/data/venv/lib/python3.12/site-packages/oslo_concurrency/lockutils.py:511}}
Jul 02 19:42:58 devstack cinder-volume[86493]: DEBUG oslo_concurrency.lockutils [None req-5170d376-a0b6-4c0f-b6be-78d9a0d6ad7f tempest-GroupsV314Test-1898239096 None] Lock "quobyte_ensure" acquired by "cinder.volume.drivers.quobyte.QuobyteDriver._ensure_shares_mounted" :: waited 0.001s {{(pid=86493) inner /opt/stack/data/venv/lib/python3.12/site-packages/oslo_concurrency/lockutils.py:524}}
Jul 02 19:42:58 devstack cinder-volume[86493]: DEBUG cinder.volume.drivers.quobyte [None req-5170d376-a0b6-4c0f-b6be-78d9a0d6ad7f tempest-GroupsV314Test-1898239096 None] Quobyte Volume URL set to: {'osci02.corp.quobyte.com/cinder-vol-417993ff-8896-4d31-8479-8dacfb0f4c36': None} {{(pid=86493) _load_shares_config /opt/stack/cinder/cinder/volume/drivers/quobyte.py:617}}
Jul 02 19:42:58 devstack cinder-volume[86493]: DEBUG cinder.volume.drivers.quobyte [None req-5170d376-a0b6-4c0f-b6be-78d9a0d6ad7f tempest-GroupsV314Test-1898239096 None] Available shares ['osci02.corp.quobyte.com/cinder-vol-417993ff-8896-4d31-8479-8dacfb0f4c36'] {{(pid=86493) _ensure_shares_mounted /opt/stack/cinder/cinder/volume/drivers/quobyte.py:647}}
Jul 02 19:42:58 devstack cinder-volume[86493]: DEBUG oslo_concurrency.lockutils [None req-5170d376-a0b6-4c0f-b6be-78d9a0d6ad7f tempest-GroupsV314Test-1898239096 None] Lock "quobyte_ensure" "released" by "cinder.volume.drivers.quobyte.QuobyteDriver._ensure_shares_mounted" :: held 0.007s {{(pid=86493) inner /opt/stack/data/venv/lib/python3.12/site-packages/oslo_concurrency/lockutils.py:543}}
Jul 02 19:42:58 devstack cinder-volume[86493]: DEBUG oslo.privsep.daemon [-] privsep: reply[ca405ca1-dcbd-4350-8504-19ae39e3a02a]: (4, 'qcow2') {{(pid=87671) _call_back /opt/stack/data/venv/lib/python3.12/site-packages/oslo_privsep/daemon.py:580}}
Jul 02 19:42:58 devstack cinder-volume[86493]: DEBUG oslo_concurrency.processutils [None req-5170d376-a0b6-4c0f-b6be-78d9a0d6ad7f tempest-GroupsV314Test-1898239096 None] Running cmd (subprocess): /opt/stack/data/venv/bin/python3.12 -m oslo_concurrency.prlimit --as=1073741824 --cpu=60 -- sudo cinder-rootwrap /etc/cinder/rootwrap.conf env LC_ALL=C qemu-img info -f qcow2 --output=json --force-share /opt/stack/data/cinder/mnt/9d2fb11b44e6031cded8a304e3de69e6/volume-287e88d4-df78-4ed7-af6b-e056312f6e95.0fc1da09-997a-4c84-ab70-d84cde77f887 {{(pid=86493) execute /opt/stack/data/venv/lib/python3.12/site-packages/oslo_concurrency/processutils.py:440}}
Jul 02 19:42:58 devstack sudo[93139]: quobyte : PWD=/ ; USER=root ; COMMAND=/opt/stack/data/venv/bin/cinder-rootwrap /etc/cinder/rootwrap.conf env LC_ALL=C qemu-img info -f qcow2 --output=json --force-share /opt/stack/data/cinder/mnt/9d2fb11b44e6031cded8a304e3de69e6/volume-287e88d4-df78-4ed7-af6b-e056312f6e95.0fc1da09-997a-4c84-ab70-d84cde77f887
Jul 02 19:42:58 devstack sudo[93139]: pam_unix(sudo:session): session opened for user root(uid=0) by (uid=1000)
Jul 02 19:42:59 devstack sudo[93139]: pam_unix(sudo:session): session closed for user root
Jul 02 19:42:59 devstack cinder-volume[86493]: DEBUG oslo_concurrency.processutils [None req-5170d376-a0b6-4c0f-b6be-78d9a0d6ad7f tempest-GroupsV314Test-1898239096 None] CMD "/opt/stack/data/venv/bin/python3.12 -m oslo_concurrency.prlimit --as=1073741824 --cpu=60 -- sudo cinder-rootwrap /etc/cinder/rootwrap.conf env LC_ALL=C qemu-img info -f qcow2 --output=json --force-share /opt/stack/data/cinder/mnt/9d2fb11b44e6031cded8a304e3de69e6/volume-287e88d4-df78-4ed7-af6b-e056312f6e95.0fc1da09-997a-4c84-ab70-d84cde77f887" returned: 0 in 1.009s {{(pid=86493) execute /opt/stack/data/venv/lib/python3.12/site-packages/oslo_concurrency/processutils.py:468}}
Jul 02 19:42:59 devstack cinder-volume[86493]: DEBUG cinder.volume.drivers.remotefs [None req-5170d376-a0b6-4c0f-b6be-78d9a0d6ad7f tempest-GroupsV314Test-1898239096 None] Fetching qemu-img info with special backing_file_template: (/opt/stack/data/cinder/mnt/[0-9a-f]+/)?(volume-287e88d4-df78-4ed7-af6b-e056312f6e95(.(tmp-snap-)?[0-9a-f-]+)?|volume_from_snapshot_cache/(tmp-snap-)?[0-9a-f-]+(.(child-|parent-)[0-9a-f-]+)?)$ {{(pid=86493) _qemu_img_info_base /opt/stack/cinder/cinder/volume/drivers/remotefs.py:896}}
Jul 02 19:42:59 devstack cinder-volume[86493]: DEBUG cinder.volume.drivers.quobyte [None req-5170d376-a0b6-4c0f-b6be-78d9a0d6ad7f tempest-GroupsV314Test-1898239096 None] will copy from snapshot at /opt/stack/data/cinder/mnt/9d2fb11b44e6031cded8a304e3de69e6/volume-287e88d4-df78-4ed7-af6b-e056312f6e95 {{(pid=86493) _copy_volume_from_snapshot /opt/stack/cinder/cinder/volume/drivers/quobyte.py:420}}
Jul 02 19:42:59 devstack cinder-volume[86493]: DEBUG cinder.volume.drivers.quobyte [None req-5170d376-a0b6-4c0f-b6be-78d9a0d6ad7f tempest-GroupsV314Test-1898239096 None] Creating direct copy from snapshot {{(pid=86493) _copy_volume_from_snapshot /opt/stack/cinder/cinder/volume/drivers/quobyte.py:428}}
Jul 02 19:42:59 devstack cinder-volume[86493]: DEBUG oslo.privsep.daemon [-] privsep: reply[9d77c9c6-a608-429a-b2b5-04fc72da54fb]: (4, 'qcow2') {{(pid=87671) _call_back /opt/stack/data/venv/lib/python3.12/site-packages/oslo_privsep/daemon.py:580}}
Jul 02 19:42:59 devstack cinder-volume[86493]: DEBUG oslo_concurrency.processutils [None req-5170d376-a0b6-4c0f-b6be-78d9a0d6ad7f tempest-GroupsV314Test-1898239096 None] Running cmd (subprocess): /opt/stack/data/venv/bin/python3.12 -m oslo_concurrency.prlimit --as=1073741824 --cpu=60 -- sudo cinder-rootwrap /etc/cinder/rootwrap.conf env LC_ALL=C qemu-img info -f qcow2 --output=json /opt/stack/data/cinder/mnt/9d2fb11b44e6031cded8a304e3de69e6/volume-287e88d4-df78-4ed7-af6b-e056312f6e95 {{(pid=86493) execute /opt/stack/data/venv/lib/python3.12/site-packages/oslo_concurrency/processutils.py:440}}
Jul 02 19:42:59 devstack sudo[93144]: quobyte : PWD=/ ; USER=root ; COMMAND=/opt/stack/data/venv/bin/cinder-rootwrap /etc/cinder/rootwrap.conf env LC_ALL=C qemu-img info -f qcow2 --output=json /opt/stack/data/cinder/mnt/9d2fb11b44e6031cded8a304e3de69e6/volume-287e88d4-df78-4ed7-af6b-e056312f6e95
Jul 02 19:42:59 devstack sudo[93144]: pam_unix(sudo:session): session opened for user root(uid=0) by (uid=1000)
Jul 02 19:43:00 devstack sudo[93144]: pam_unix(sudo:session): session closed for user root
Jul 02 19:43:00 devstack cinder-volume[86493]: DEBUG oslo_concurrency.processutils [None req-5170d376-a0b6-4c0f-b6be-78d9a0d6ad7f tempest-GroupsV314Test-1898239096 None] CMD "/opt/stack/data/venv/bin/python3.12 -m oslo_concurrency.prlimit --as=1073741824 --cpu=60 -- sudo cinder-rootwrap /etc/cinder/rootwrap.conf env LC_ALL=C qemu-img info -f qcow2 --output=json /opt/stack/data/cinder/mnt/9d2fb11b44e6031cded8a304e3de69e6/volume-287e88d4-df78-4ed7-af6b-e056312f6e95" returned: 0 in 1.029s {{(pid=86493) execute /opt/stack/data/venv/lib/python3.12/site-packages/oslo_concurrency/processutils.py:468}}
Jul 02 19:43:00 devstack cinder-volume[86493]: DEBUG cinder.utils [None req-5170d376-a0b6-4c0f-b6be-78d9a0d6ad7f tempest-GroupsV314Test-1898239096 None] Path /opt/stack/data/cinder/mnt/9d2fb11b44e6031cded8a304e3de69e6/volume-08f7c4b0-ed76-44ba-b384-ad586a8f9f5d not found in is_blk_device check {{(pid=86493) is_blk_device /opt/stack/cinder/cinder/utils.py:615}}
Jul 02 19:43:00 devstack cinder-volume[86493]: DEBUG oslo_concurrency.processutils [None req-5170d376-a0b6-4c0f-b6be-78d9a0d6ad7f tempest-GroupsV314Test-1898239096 None] Running cmd (subprocess): sudo cinder-rootwrap /etc/cinder/rootwrap.conf qemu-img convert -O qcow2 /opt/stack/data/cinder/mnt/9d2fb11b44e6031cded8a304e3de69e6/volume-287e88d4-df78-4ed7-af6b-e056312f6e95 /opt/stack/data/cinder/mnt/9d2fb11b44e6031cded8a304e3de69e6/volume-08f7c4b0-ed76-44ba-b384-ad586a8f9f5d {{(pid=86493) execute /opt/stack/data/venv/lib/python3.12/site-packages/oslo_concurrency/processutils.py:440}}
Jul 02 19:43:00 devstack sudo[93186]: quobyte : PWD=/ ; USER=root ; COMMAND=/opt/stack/data/venv/bin/cinder-rootwrap /etc/cinder/rootwrap.conf qemu-img convert -O qcow2 /opt/stack/data/cinder/mnt/9d2fb11b44e6031cded8a304e3de69e6/volume-287e88d4-df78-4ed7-af6b-e056312f6e95 /opt/stack/data/cinder/mnt/9d2fb11b44e6031cded8a304e3de69e6/volume-08f7c4b0-ed76-44ba-b384-ad586a8f9f5d
Jul 02 19:43:00 devstack sudo[93186]: pam_unix(sudo:session): session opened for user root(uid=0) by (uid=1000)
Jul 02 19:43:04 devstack cinder-volume[86493]: DEBUG dbcounter [-] [86493] Writing DB stats cinder:SELECT=13,cinder:UPDATE=8,cinder:INSERT=3,cinder:DELETE=2 {{(pid=86493) stat_writer /opt/stack/data/venv/lib/python3.12/site-packages/dbcounter.py:115}}
Jul 02 19:43:06 devstack cinder-volume[86493]: DEBUG dbcounter [-] [86493] Writing DB stats cinder:SELECT=17,cinder:UPDATE=10,cinder:INSERT=2,cinder:DELETE=1 {{(pid=86493) stat_writer /opt/stack/data/venv/lib/python3.12/site-packages/dbcounter.py:115}}
Jul 02 19:43:07 devstack sudo[93186]: pam_unix(sudo:session): session closed for user root
Jul 02 19:43:07 devstack cinder-volume[86493]: DEBUG oslo_concurrency.processutils [None req-5170d376-a0b6-4c0f-b6be-78d9a0d6ad7f tempest-GroupsV314Test-1898239096 None] CMD "sudo cinder-rootwrap /etc/cinder/rootwrap.conf qemu-img convert -O qcow2 /opt/stack/data/cinder/mnt/9d2fb11b44e6031cded8a304e3de69e6/volume-287e88d4-df78-4ed7-af6b-e056312f6e95 /opt/stack/data/cinder/mnt/9d2fb11b44e6031cded8a304e3de69e6/volume-08f7c4b0-ed76-44ba-b384-ad586a8f9f5d" returned: 0 in 6.531s {{(pid=86493) execute /opt/stack/data/venv/lib/python3.12/site-packages/oslo_concurrency/processutils.py:468}}
Jul 02 19:43:07 devstack cinder-volume[86493]: DEBUG oslo.privsep.daemon [-] privsep: reply[0dc79d58-9c17-4101-b1a0-a26df9ff8e65]: (4, 'qcow2') {{(pid=87671) _call_back /opt/stack/data/venv/lib/python3.12/site-packages/oslo_privsep/daemon.py:580}}
Jul 02 19:43:07 devstack cinder-volume[86493]: DEBUG oslo_concurrency.processutils [None req-5170d376-a0b6-4c0f-b6be-78d9a0d6ad7f tempest-GroupsV314Test-1898239096 None] Running cmd (subprocess): /opt/stack/data/venv/bin/python3.12 -m oslo_concurrency.prlimit --as=1073741824 --cpu=60 -- sudo cinder-rootwrap /etc/cinder/rootwrap.conf env LC_ALL=C qemu-img info -f qcow2 --output=json /opt/stack/data/cinder/mnt/9d2fb11b44e6031cded8a304e3de69e6/volume-287e88d4-df78-4ed7-af6b-e056312f6e95 {{(pid=86493) execute /opt/stack/data/venv/lib/python3.12/site-packages/oslo_concurrency/processutils.py:440}}
Jul 02 19:43:07 devstack sudo[93214]: quobyte : PWD=/ ; USER=root ; COMMAND=/opt/stack/data/venv/bin/cinder-rootwrap /etc/cinder/rootwrap.conf env LC_ALL=C qemu-img info -f qcow2 --output=json /opt/stack/data/cinder/mnt/9d2fb11b44e6031cded8a304e3de69e6/volume-287e88d4-df78-4ed7-af6b-e056312f6e95
Jul 02 19:43:07 devstack sudo[93214]: pam_unix(sudo:session): session opened for user root(uid=0) by (uid=1000)
Jul 02 19:43:08 devstack sudo[93214]: pam_unix(sudo:session): session closed for user root
Jul 02 19:43:08 devstack cinder-volume[86493]: DEBUG oslo_concurrency.processutils [None req-5170d376-a0b6-4c0f-b6be-78d9a0d6ad7f tempest-GroupsV314Test-1898239096 None] CMD "/opt/stack/data/venv/bin/python3.12 -m oslo_concurrency.prlimit --as=1073741824 --cpu=60 -- sudo cinder-rootwrap /etc/cinder/rootwrap.conf env LC_ALL=C qemu-img info -f qcow2 --output=json /opt/stack/data/cinder/mnt/9d2fb11b44e6031cded8a304e3de69e6/volume-287e88d4-df78-4ed7-af6b-e056312f6e95" returned: 0 in 1.170s {{(pid=86493) execute /opt/stack/data/venv/lib/python3.12/site-packages/oslo_concurrency/processutils.py:468}}
Jul 02 19:43:08 devstack cinder-volume[86493]: DEBUG cinder.image.image_utils [None req-5170d376-a0b6-4c0f-b6be-78d9a0d6ad7f tempest-GroupsV314Test-1898239096 None] Image conversion details: src /opt/stack/data/cinder/mnt/9d2fb11b44e6031cded8a304e3de69e6/volume-287e88d4-df78-4ed7-af6b-e056312f6e95, size 1024.00 MB, duration 6.53 sec, destination /opt/stack/data/cinder/mnt/9d2fb11b44e6031cded8a304e3de69e6/volume-08f7c4b0-ed76-44ba-b384-ad586a8f9f5d {{(pid=86493) _convert_image /opt/stack/cinder/cinder/image/image_utils.py:536}}
Jul 02 19:43:08 devstack cinder-volume[86493]: INFO cinder.image.image_utils [None req-5170d376-a0b6-4c0f-b6be-78d9a0d6ad7f tempest-GroupsV314Test-1898239096 None] Converted 1024.00 MB image at 156.77 MB/s
Jul 02 19:43:08 devstack cinder-volume[86493]: WARNING cinder.volume.drivers.remotefs [None req-5170d376-a0b6-4c0f-b6be-78d9a0d6ad7f tempest-GroupsV314Test-1898239096 None] /opt/stack/data/cinder/mnt/9d2fb11b44e6031cded8a304e3de69e6/volume-08f7c4b0-ed76-44ba-b384-ad586a8f9f5d is being set with open permissions: ugo+rw: NotImplementedError
Jul 02 19:43:08 devstack cinder-volume[86493]: DEBUG oslo_concurrency.processutils [None req-5170d376-a0b6-4c0f-b6be-78d9a0d6ad7f tempest-GroupsV314Test-1898239096 None] Running cmd (subprocess): sudo cinder-rootwrap /etc/cinder/rootwrap.conf chmod ugo+rw /opt/stack/data/cinder/mnt/9d2fb11b44e6031cded8a304e3de69e6/volume-08f7c4b0-ed76-44ba-b384-ad586a8f9f5d {{(pid=86493) execute /opt/stack/data/venv/lib/python3.12/site-packages/oslo_concurrency/processutils.py:440}}
Jul 02 19:43:08 devstack sudo[93219]: quobyte : PWD=/ ; USER=root ; COMMAND=/opt/stack/data/venv/bin/cinder-rootwrap /etc/cinder/rootwrap.conf chmod ugo+rw /opt/stack/data/cinder/mnt/9d2fb11b44e6031cded8a304e3de69e6/volume-08f7c4b0-ed76-44ba-b384-ad586a8f9f5d
Jul 02 19:43:08 devstack sudo[93219]: pam_unix(sudo:session): session opened for user root(uid=0) by (uid=1000)
Jul 02 19:43:09 devstack sudo[93219]: pam_unix(sudo:session): session closed for user root
Jul 02 19:43:09 devstack cinder-volume[86493]: DEBUG oslo_concurrency.processutils [None req-5170d376-a0b6-4c0f-b6be-78d9a0d6ad7f tempest-GroupsV314Test-1898239096 None] CMD "sudo cinder-rootwrap /etc/cinder/rootwrap.conf chmod ugo+rw /opt/stack/data/cinder/mnt/9d2fb11b44e6031cded8a304e3de69e6/volume-08f7c4b0-ed76-44ba-b384-ad586a8f9f5d" returned: 0 in 0.856s {{(pid=86493) execute /opt/stack/data/venv/lib/python3.12/site-packages/oslo_concurrency/processutils.py:468}}
Jul 02 19:43:09 devstack cinder-volume[86493]: DEBUG cinder.coordination [None req-5170d376-a0b6-4c0f-b6be-78d9a0d6ad7f tempest-GroupsV314Test-1898239096 None] Lock "cinder-quobyte-08f7c4b0-ed76-44ba-b384-ad586a8f9f5d" released by "_copy_volume_from_snapshot" :: held 10.719s {{(pid=86493) __release /opt/stack/cinder/cinder/coordination.py:152}}
Jul 02 19:43:09 devstack cinder-volume[86493]: DEBUG cinder.coordination [None req-5170d376-a0b6-4c0f-b6be-78d9a0d6ad7f tempest-GroupsV314Test-1898239096 None] Acquiring lock "cinder-quobyte-0fc1da09-997a-4c84-ab70-d84cde77f887" by "_delete_snapshot" {{(pid=86493) __acquire /opt/stack/cinder/cinder/coordination.py:138}}
Jul 02 19:43:09 devstack cinder-volume[86493]: DEBUG cinder.coordination [None req-5170d376-a0b6-4c0f-b6be-78d9a0d6ad7f tempest-GroupsV314Test-1898239096 None] Lock "cinder-quobyte-0fc1da09-997a-4c84-ab70-d84cde77f887" acquired by "_delete_snapshot" :: waited 0.021s {{(pid=86493) __acquire /opt/stack/cinder/cinder/coordination.py:141}}
Jul 02 19:43:09 devstack cinder-volume[86493]: DEBUG cinder.volume.drivers.remotefs [None req-5170d376-a0b6-4c0f-b6be-78d9a0d6ad7f tempest-GroupsV314Test-1898239096 None] Deleting offline snapshot 0fc1da09-997a-4c84-ab70-d84cde77f887 of volume 287e88d4-df78-4ed7-af6b-e056312f6e95 {{(pid=86493) _delete_snapshot /opt/stack/cinder/cinder/volume/drivers/remotefs.py:1288}}
Jul 02 19:43:09 devstack cinder-volume[86493]: DEBUG cinder.volume.drivers.remotefs [None req-5170d376-a0b6-4c0f-b6be-78d9a0d6ad7f tempest-GroupsV314Test-1898239096 None] snapshot_file for this snap is: volume-287e88d4-df78-4ed7-af6b-e056312f6e95.0fc1da09-997a-4c84-ab70-d84cde77f887 {{(pid=86493) _delete_snapshot /opt/stack/cinder/cinder/volume/drivers/remotefs.py:1317}}
Jul 02 19:43:09 devstack cinder-volume[86493]: DEBUG oslo.privsep.daemon [-] privsep: reply[7195b1e8-a533-44ea-87d8-a7d241758dcc]: (4, 'qcow2') {{(pid=87671) _call_back /opt/stack/data/venv/lib/python3.12/site-packages/oslo_privsep/daemon.py:580}}
Jul 02 19:43:09 devstack cinder-volume[86493]: DEBUG oslo_concurrency.processutils [None req-5170d376-a0b6-4c0f-b6be-78d9a0d6ad7f tempest-GroupsV314Test-1898239096 None] Running cmd (subprocess): /opt/stack/data/venv/bin/python3.12 -m oslo_concurrency.prlimit --as=1073741824 --cpu=60 -- sudo cinder-rootwrap /etc/cinder/rootwrap.conf env LC_ALL=C qemu-img info -f qcow2 --output=json --force-share /opt/stack/data/cinder/mnt/9d2fb11b44e6031cded8a304e3de69e6/volume-287e88d4-df78-4ed7-af6b-e056312f6e95.0fc1da09-997a-4c84-ab70-d84cde77f887 {{(pid=86493) execute /opt/stack/data/venv/lib/python3.12/site-packages/oslo_concurrency/processutils.py:440}}
Jul 02 19:43:09 devstack sudo[93224]: quobyte : PWD=/ ; USER=root ; COMMAND=/opt/stack/data/venv/bin/cinder-rootwrap /etc/cinder/rootwrap.conf env LC_ALL=C qemu-img info -f qcow2 --output=json --force-share /opt/stack/data/cinder/mnt/9d2fb11b44e6031cded8a304e3de69e6/volume-287e88d4-df78-4ed7-af6b-e056312f6e95.0fc1da09-997a-4c84-ab70-d84cde77f887
Jul 02 19:43:09 devstack sudo[93224]: pam_unix(sudo:session): session opened for user root(uid=0) by (uid=1000)
Jul 02 19:43:10 devstack sudo[93224]: pam_unix(sudo:session): session closed for user root
Jul 02 19:43:10 devstack cinder-volume[86493]: DEBUG oslo_concurrency.processutils [None req-5170d376-a0b6-4c0f-b6be-78d9a0d6ad7f tempest-GroupsV314Test-1898239096 None] CMD "/opt/stack/data/venv/bin/python3.12 -m oslo_concurrency.prlimit --as=1073741824 --cpu=60 -- sudo cinder-rootwrap /etc/cinder/rootwrap.conf env LC_ALL=C qemu-img info -f qcow2 --output=json --force-share /opt/stack/data/cinder/mnt/9d2fb11b44e6031cded8a304e3de69e6/volume-287e88d4-df78-4ed7-af6b-e056312f6e95.0fc1da09-997a-4c84-ab70-d84cde77f887" returned: 0 in 0.974s {{(pid=86493) execute /opt/stack/data/venv/lib/python3.12/site-packages/oslo_concurrency/processutils.py:468}}
Jul 02 19:43:10 devstack cinder-volume[86493]: DEBUG cinder.volume.drivers.remotefs [None req-5170d376-a0b6-4c0f-b6be-78d9a0d6ad7f tempest-GroupsV314Test-1898239096 None] Fetching qemu-img info with special backing_file_template: (/opt/stack/data/cinder/mnt/[0-9a-f]+/)?(volume-287e88d4-df78-4ed7-af6b-e056312f6e95(.(tmp-snap-)?[0-9a-f-]+)?|volume_from_snapshot_cache/(tmp-snap-)?[0-9a-f-]+(.(child-|parent-)[0-9a-f-]+)?)$ {{(pid=86493) _qemu_img_info_base /opt/stack/cinder/cinder/volume/drivers/remotefs.py:896}}
Jul 02 19:43:10 devstack cinder-volume[86493]: DEBUG oslo.privsep.daemon [-] privsep: reply[8fa573cc-619c-4eed-b34f-b86c9bb63316]: (4, 'qcow2') {{(pid=87671) _call_back /opt/stack/data/venv/lib/python3.12/site-packages/oslo_privsep/daemon.py:580}}
Jul 02 19:43:10 devstack cinder-volume[86493]: DEBUG oslo_concurrency.processutils [None req-5170d376-a0b6-4c0f-b6be-78d9a0d6ad7f tempest-GroupsV314Test-1898239096 None] Running cmd (subprocess): /opt/stack/data/venv/bin/python3.12 -m oslo_concurrency.prlimit --as=1073741824 --cpu=60 -- sudo cinder-rootwrap /etc/cinder/rootwrap.conf env LC_ALL=C qemu-img info -f qcow2 --output=json --force-share /opt/stack/data/cinder/mnt/9d2fb11b44e6031cded8a304e3de69e6/volume-287e88d4-df78-4ed7-af6b-e056312f6e95 {{(pid=86493) execute /opt/stack/data/venv/lib/python3.12/site-packages/oslo_concurrency/processutils.py:440}}
Jul 02 19:43:10 devstack sudo[93230]: quobyte : PWD=/ ; USER=root ; COMMAND=/opt/stack/data/venv/bin/cinder-rootwrap /etc/cinder/rootwrap.conf env LC_ALL=C qemu-img info -f qcow2 --output=json --force-share /opt/stack/data/cinder/mnt/9d2fb11b44e6031cded8a304e3de69e6/volume-287e88d4-df78-4ed7-af6b-e056312f6e95
Jul 02 19:43:10 devstack sudo[93230]: pam_unix(sudo:session): session opened for user root(uid=0) by (uid=1000)
Jul 02 19:43:11 devstack sudo[93230]: pam_unix(sudo:session): session closed for user root
Jul 02 19:43:11 devstack cinder-volume[86493]: DEBUG oslo_concurrency.processutils [None req-5170d376-a0b6-4c0f-b6be-78d9a0d6ad7f tempest-GroupsV314Test-1898239096 None] CMD "/opt/stack/data/venv/bin/python3.12 -m oslo_concurrency.prlimit --as=1073741824 --cpu=60 -- sudo cinder-rootwrap /etc/cinder/rootwrap.conf env LC_ALL=C qemu-img info -f qcow2 --output=json --force-share /opt/stack/data/cinder/mnt/9d2fb11b44e6031cded8a304e3de69e6/volume-287e88d4-df78-4ed7-af6b-e056312f6e95" returned: 0 in 0.968s {{(pid=86493) execute /opt/stack/data/venv/lib/python3.12/site-packages/oslo_concurrency/processutils.py:468}}
Jul 02 19:43:11 devstack cinder-volume[86493]: DEBUG oslo_concurrency.processutils [None req-5170d376-a0b6-4c0f-b6be-78d9a0d6ad7f tempest-GroupsV314Test-1898239096 None] Running cmd (subprocess): sudo cinder-rootwrap /etc/cinder/rootwrap.conf qemu-img commit -d /opt/stack/data/cinder/mnt/9d2fb11b44e6031cded8a304e3de69e6/volume-287e88d4-df78-4ed7-af6b-e056312f6e95.0fc1da09-997a-4c84-ab70-d84cde77f887 {{(pid=86493) execute /opt/stack/data/venv/lib/python3.12/site-packages/oslo_concurrency/processutils.py:440}}
Jul 02 19:43:11 devstack sudo[93235]: quobyte : PWD=/ ; USER=root ; COMMAND=/opt/stack/data/venv/bin/cinder-rootwrap /etc/cinder/rootwrap.conf qemu-img commit -d /opt/stack/data/cinder/mnt/9d2fb11b44e6031cded8a304e3de69e6/volume-287e88d4-df78-4ed7-af6b-e056312f6e95.0fc1da09-997a-4c84-ab70-d84cde77f887
Jul 02 19:43:11 devstack sudo[93235]: pam_unix(sudo:session): session opened for user root(uid=0) by (uid=1000)
Jul 02 19:43:12 devstack sudo[93235]: pam_unix(sudo:session): session closed for user root
Jul 02 19:43:12 devstack cinder-volume[86493]: DEBUG oslo_concurrency.processutils [None req-5170d376-a0b6-4c0f-b6be-78d9a0d6ad7f tempest-GroupsV314Test-1898239096 None] CMD "sudo cinder-rootwrap /etc/cinder/rootwrap.conf qemu-img commit -d /opt/stack/data/cinder/mnt/9d2fb11b44e6031cded8a304e3de69e6/volume-287e88d4-df78-4ed7-af6b-e056312f6e95.0fc1da09-997a-4c84-ab70-d84cde77f887" returned: 0 in 0.976s {{(pid=86493) execute /opt/stack/data/venv/lib/python3.12/site-packages/oslo_concurrency/processutils.py:468}}
Jul 02 19:43:12 devstack cinder-volume[86493]: DEBUG oslo_concurrency.processutils [None req-5170d376-a0b6-4c0f-b6be-78d9a0d6ad7f tempest-GroupsV314Test-1898239096 None] Running cmd (subprocess): sudo cinder-rootwrap /etc/cinder/rootwrap.conf rm -f /opt/stack/data/cinder/mnt/9d2fb11b44e6031cded8a304e3de69e6/volume-287e88d4-df78-4ed7-af6b-e056312f6e95.0fc1da09-997a-4c84-ab70-d84cde77f887 {{(pid=86493) execute /opt/stack/data/venv/lib/python3.12/site-packages/oslo_concurrency/processutils.py:440}}
Jul 02 19:43:12 devstack sudo[93241]: quobyte : PWD=/ ; USER=root ; COMMAND=/opt/stack/data/venv/bin/cinder-rootwrap /etc/cinder/rootwrap.conf rm -f /opt/stack/data/cinder/mnt/9d2fb11b44e6031cded8a304e3de69e6/volume-287e88d4-df78-4ed7-af6b-e056312f6e95.0fc1da09-997a-4c84-ab70-d84cde77f887
Jul 02 19:43:12 devstack sudo[93241]: pam_unix(sudo:session): session opened for user root(uid=0) by (uid=1000)
Jul 02 19:43:13 devstack sudo[93241]: pam_unix(sudo:session): session closed for user root
Jul 02 19:43:13 devstack cinder-volume[86493]: DEBUG oslo_concurrency.processutils [None req-5170d376-a0b6-4c0f-b6be-78d9a0d6ad7f tempest-GroupsV314Test-1898239096 None] CMD "sudo cinder-rootwrap /etc/cinder/rootwrap.conf rm -f /opt/stack/data/cinder/mnt/9d2fb11b44e6031cded8a304e3de69e6/volume-287e88d4-df78-4ed7-af6b-e056312f6e95.0fc1da09-997a-4c84-ab70-d84cde77f887" returned: 0 in 0.714s {{(pid=86493) execute /opt/stack/data/venv/lib/python3.12/site-packages/oslo_concurrency/processutils.py:468}}
Jul 02 19:43:13 devstack cinder-volume[86493]: DEBUG cinder.coordination [None req-5170d376-a0b6-4c0f-b6be-78d9a0d6ad7f tempest-GroupsV314Test-1898239096 None] Lock "cinder-quobyte-0fc1da09-997a-4c84-ab70-d84cde77f887" released by "_delete_snapshot" :: held 3.795s {{(pid=86493) __release /opt/stack/cinder/cinder/coordination.py:152}}
Jul 02 19:43:13 devstack cinder-volume[86493]: DEBUG oslo_concurrency.lockutils [None req-5170d376-a0b6-4c0f-b6be-78d9a0d6ad7f tempest-GroupsV314Test-1898239096 None] Lock "quobyte" "released" by "cinder.volume.drivers.quobyte.QuobyteDriver.create_cloned_volume" :: held 20.517s {{(pid=86493) inner /opt/stack/data/venv/lib/python3.12/site-packages/oslo_concurrency/lockutils.py:543}}
Jul 02 19:43:13 devstack cinder-volume[86493]: DEBUG oslo_concurrency.lockutils [None req-a3981c66-afec-4b92-85a0-7fc2747c114b tempest-SnapshotsActionsTest-545929629 None] Lock "quobyte" acquired by "cinder.volume.drivers.quobyte.QuobyteDriver.create_snapshot" :: waited 18.832s {{(pid=86493) inner /opt/stack/data/venv/lib/python3.12/site-packages/oslo_concurrency/lockutils.py:524}}
Jul 02 19:43:13 devstack cinder-volume[86493]: DEBUG cinder.volume.drivers.remotefs [None req-a3981c66-afec-4b92-85a0-7fc2747c114b tempest-SnapshotsActionsTest-545929629 None] Creating offline snapshot e61b690b-418b-454d-9978-b3264377cd21 of volume a5d84bd6-0e7e-49df-9f42-701b5fe99826 {{(pid=86493) _create_snapshot /opt/stack/cinder/cinder/volume/drivers/remotefs.py:1816}}
Jul 02 19:43:13 devstack cinder-volume[86493]: DEBUG oslo.privsep.daemon [-] privsep: reply[ba11c214-2158-426e-a73c-e67da5b13858]: (4, 'qcow2') {{(pid=87671) _call_back /opt/stack/data/venv/lib/python3.12/site-packages/oslo_privsep/daemon.py:580}}
Jul 02 19:43:13 devstack cinder-volume[86493]: DEBUG oslo_concurrency.processutils [None req-a3981c66-afec-4b92-85a0-7fc2747c114b tempest-SnapshotsActionsTest-545929629 None] Running cmd (subprocess): /opt/stack/data/venv/bin/python3.12 -m oslo_concurrency.prlimit --as=1073741824 --cpu=60 -- sudo cinder-rootwrap /etc/cinder/rootwrap.conf env LC_ALL=C qemu-img info -f qcow2 --output=json --force-share /opt/stack/data/cinder/mnt/9d2fb11b44e6031cded8a304e3de69e6/volume-a5d84bd6-0e7e-49df-9f42-701b5fe99826.a409025b-5b24-4f0e-90bd-43099816fb36 {{(pid=86493) execute /opt/stack/data/venv/lib/python3.12/site-packages/oslo_concurrency/processutils.py:440}}
Jul 02 19:43:13 devstack cinder-volume[86493]: INFO cinder.volume.manager [None req-5170d376-a0b6-4c0f-b6be-78d9a0d6ad7f tempest-GroupsV314Test-1898239096 None] Create group from source-group-968a0384-dc73-49a6-8033-e127e6644841 completed successfully.
Jul 02 19:43:13 devstack sudo[93248]: quobyte : PWD=/ ; USER=root ; COMMAND=/opt/stack/data/venv/bin/cinder-rootwrap /etc/cinder/rootwrap.conf env LC_ALL=C qemu-img info -f qcow2 --output=json --force-share /opt/stack/data/cinder/mnt/9d2fb11b44e6031cded8a304e3de69e6/volume-a5d84bd6-0e7e-49df-9f42-701b5fe99826.a409025b-5b24-4f0e-90bd-43099816fb36
Jul 02 19:43:13 devstack sudo[93248]: pam_unix(sudo:session): session opened for user root(uid=0) by (uid=1000)
Jul 02 19:43:14 devstack sudo[93248]: pam_unix(sudo:session): session closed for user root
Jul 02 19:43:14 devstack cinder-volume[86493]: DEBUG oslo_concurrency.processutils [None req-a3981c66-afec-4b92-85a0-7fc2747c114b tempest-SnapshotsActionsTest-545929629 None] CMD "/opt/stack/data/venv/bin/python3.12 -m oslo_concurrency.prlimit --as=1073741824 --cpu=60 -- sudo cinder-rootwrap /etc/cinder/rootwrap.conf env LC_ALL=C qemu-img info -f qcow2 --output=json --force-share /opt/stack/data/cinder/mnt/9d2fb11b44e6031cded8a304e3de69e6/volume-a5d84bd6-0e7e-49df-9f42-701b5fe99826.a409025b-5b24-4f0e-90bd-43099816fb36" returned: 0 in 0.939s {{(pid=86493) execute /opt/stack/data/venv/lib/python3.12/site-packages/oslo_concurrency/processutils.py:468}}
Jul 02 19:43:14 devstack cinder-volume[86493]: DEBUG cinder.volume.drivers.remotefs [None req-a3981c66-afec-4b92-85a0-7fc2747c114b tempest-SnapshotsActionsTest-545929629 None] Fetching qemu-img info with special backing_file_template: (/opt/stack/data/cinder/mnt/[0-9a-f]+/)?(volume-a5d84bd6-0e7e-49df-9f42-701b5fe99826(.(tmp-snap-)?[0-9a-f-]+)?|volume_from_snapshot_cache/(tmp-snap-)?[0-9a-f-]+(.(child-|parent-)[0-9a-f-]+)?)$ {{(pid=86493) _qemu_img_info_base /opt/stack/cinder/cinder/volume/drivers/remotefs.py:896}}
Jul 02 19:43:14 devstack cinder-volume[86493]: DEBUG oslo_concurrency.processutils [None req-a3981c66-afec-4b92-85a0-7fc2747c114b tempest-SnapshotsActionsTest-545929629 None] Running cmd (subprocess): sudo cinder-rootwrap /etc/cinder/rootwrap.conf qemu-img create -f qcow2 -o backing_file=/opt/stack/data/cinder/mnt/9d2fb11b44e6031cded8a304e3de69e6/volume-a5d84bd6-0e7e-49df-9f42-701b5fe99826.a409025b-5b24-4f0e-90bd-43099816fb36,backing_fmt=qcow2 /opt/stack/data/cinder/mnt/9d2fb11b44e6031cded8a304e3de69e6/volume-a5d84bd6-0e7e-49df-9f42-701b5fe99826.e61b690b-418b-454d-9978-b3264377cd21 1G {{(pid=86493) execute /opt/stack/data/venv/lib/python3.12/site-packages/oslo_concurrency/processutils.py:440}}
Jul 02 19:43:14 devstack sudo[93256]: quobyte : PWD=/ ; USER=root ; COMMAND=/opt/stack/data/venv/bin/cinder-rootwrap /etc/cinder/rootwrap.conf qemu-img create -f qcow2 -o backing_file=/opt/stack/data/cinder/mnt/9d2fb11b44e6031cded8a304e3de69e6/volume-a5d84bd6-0e7e-49df-9f42-701b5fe99826.a409025b-5b24-4f0e-90bd-43099816fb36,backing_fmt=qcow2 /opt/stack/data/cinder/mnt/9d2fb11b44e6031cded8a304e3de69e6/volume-a5d84bd6-0e7e-49df-9f42-701b5fe99826.e61b690b-418b-454d-9978-b3264377cd21 1G
Jul 02 19:43:14 devstack sudo[93256]: pam_unix(sudo:session): session opened for user root(uid=0) by (uid=1000)
Jul 02 19:43:15 devstack cinder-volume[86493]: DEBUG cinder.coordination [None req-bf212713-553d-4c30-85a7-143c34c584b8 tempest-GroupsV314Test-1898239096 None] Acquiring lock "cinder-quobyte-08f7c4b0-ed76-44ba-b384-ad586a8f9f5d" by "delete_volume" {{(pid=86493) __acquire /opt/stack/cinder/cinder/coordination.py:138}}
Jul 02 19:43:15 devstack cinder-volume[86493]: DEBUG cinder.coordination [None req-bf212713-553d-4c30-85a7-143c34c584b8 tempest-GroupsV314Test-1898239096 None] Lock "cinder-quobyte-08f7c4b0-ed76-44ba-b384-ad586a8f9f5d" acquired by "delete_volume" :: waited 0.045s {{(pid=86493) __acquire /opt/stack/cinder/cinder/coordination.py:141}}
Jul 02 19:43:15 devstack cinder-volume[86493]: DEBUG oslo.privsep.daemon [-] privsep: reply[0f9f629d-2d0a-48ee-9ca0-416ff54b0f32]: (4, 'qcow2') {{(pid=87671) _call_back /opt/stack/data/venv/lib/python3.12/site-packages/oslo_privsep/daemon.py:580}}
Jul 02 19:43:15 devstack cinder-volume[86493]: DEBUG oslo_concurrency.processutils [None req-bf212713-553d-4c30-85a7-143c34c584b8 tempest-GroupsV314Test-1898239096 None] Running cmd (subprocess): /opt/stack/data/venv/bin/python3.12 -m oslo_concurrency.prlimit --as=1073741824 --cpu=60 -- sudo cinder-rootwrap /etc/cinder/rootwrap.conf env LC_ALL=C qemu-img info -f qcow2 --output=json --force-share /opt/stack/data/cinder/mnt/9d2fb11b44e6031cded8a304e3de69e6/volume-08f7c4b0-ed76-44ba-b384-ad586a8f9f5d {{(pid=86493) execute /opt/stack/data/venv/lib/python3.12/site-packages/oslo_concurrency/processutils.py:440}}
Jul 02 19:43:15 devstack sudo[93270]: quobyte : PWD=/ ; USER=root ; COMMAND=/opt/stack/data/venv/bin/cinder-rootwrap /etc/cinder/rootwrap.conf env LC_ALL=C qemu-img info -f qcow2 --output=json --force-share /opt/stack/data/cinder/mnt/9d2fb11b44e6031cded8a304e3de69e6/volume-08f7c4b0-ed76-44ba-b384-ad586a8f9f5d
Jul 02 19:43:15 devstack sudo[93270]: pam_unix(sudo:session): session opened for user root(uid=0) by (uid=1000)
Jul 02 19:43:15 devstack sudo[93256]: pam_unix(sudo:session): session closed for user root
Jul 02 19:43:15 devstack cinder-volume[86493]: DEBUG oslo_concurrency.processutils [None req-a3981c66-afec-4b92-85a0-7fc2747c114b tempest-SnapshotsActionsTest-545929629 None] CMD "sudo cinder-rootwrap /etc/cinder/rootwrap.conf qemu-img create -f qcow2 -o backing_file=/opt/stack/data/cinder/mnt/9d2fb11b44e6031cded8a304e3de69e6/volume-a5d84bd6-0e7e-49df-9f42-701b5fe99826.a409025b-5b24-4f0e-90bd-43099816fb36,backing_fmt=qcow2 /opt/stack/data/cinder/mnt/9d2fb11b44e6031cded8a304e3de69e6/volume-a5d84bd6-0e7e-49df-9f42-701b5fe99826.e61b690b-418b-454d-9978-b3264377cd21 1G" returned: 0 in 1.214s {{(pid=86493) execute /opt/stack/data/venv/lib/python3.12/site-packages/oslo_concurrency/processutils.py:468}}
Jul 02 19:43:15 devstack cinder-volume[86493]: DEBUG oslo_concurrency.processutils [None req-a3981c66-afec-4b92-85a0-7fc2747c114b tempest-SnapshotsActionsTest-545929629 None] Running cmd (subprocess): sudo cinder-rootwrap /etc/cinder/rootwrap.conf qemu-img rebase -u -b volume-a5d84bd6-0e7e-49df-9f42-701b5fe99826.a409025b-5b24-4f0e-90bd-43099816fb36 -F qcow2 /opt/stack/data/cinder/mnt/9d2fb11b44e6031cded8a304e3de69e6/volume-a5d84bd6-0e7e-49df-9f42-701b5fe99826.e61b690b-418b-454d-9978-b3264377cd21 {{(pid=86493) execute /opt/stack/data/venv/lib/python3.12/site-packages/oslo_concurrency/processutils.py:440}}
Jul 02 19:43:15 devstack sudo[93272]: quobyte : PWD=/ ; USER=root ; COMMAND=/opt/stack/data/venv/bin/cinder-rootwrap /etc/cinder/rootwrap.conf qemu-img rebase -u -b volume-a5d84bd6-0e7e-49df-9f42-701b5fe99826.a409025b-5b24-4f0e-90bd-43099816fb36 -F qcow2 /opt/stack/data/cinder/mnt/9d2fb11b44e6031cded8a304e3de69e6/volume-a5d84bd6-0e7e-49df-9f42-701b5fe99826.e61b690b-418b-454d-9978-b3264377cd21
Jul 02 19:43:15 devstack sudo[93272]: pam_unix(sudo:session): session opened for user root(uid=0) by (uid=1000)
Jul 02 19:43:16 devstack sudo[93270]: pam_unix(sudo:session): session closed for user root
Jul 02 19:43:16 devstack cinder-volume[86493]: DEBUG oslo_concurrency.processutils [None req-bf212713-553d-4c30-85a7-143c34c584b8 tempest-GroupsV314Test-1898239096 None] CMD "/opt/stack/data/venv/bin/python3.12 -m oslo_concurrency.prlimit --as=1073741824 --cpu=60 -- sudo cinder-rootwrap /etc/cinder/rootwrap.conf env LC_ALL=C qemu-img info -f qcow2 --output=json --force-share /opt/stack/data/cinder/mnt/9d2fb11b44e6031cded8a304e3de69e6/volume-08f7c4b0-ed76-44ba-b384-ad586a8f9f5d" returned: 0 in 0.928s {{(pid=86493) execute /opt/stack/data/venv/lib/python3.12/site-packages/oslo_concurrency/processutils.py:468}}
Jul 02 19:43:16 devstack cinder-volume[86493]: DEBUG oslo_concurrency.processutils [None req-bf212713-553d-4c30-85a7-143c34c584b8 tempest-GroupsV314Test-1898239096 None] Running cmd (subprocess): sudo cinder-rootwrap /etc/cinder/rootwrap.conf rm -f /opt/stack/data/cinder/mnt/9d2fb11b44e6031cded8a304e3de69e6/volume-08f7c4b0-ed76-44ba-b384-ad586a8f9f5d {{(pid=86493) execute /opt/stack/data/venv/lib/python3.12/site-packages/oslo_concurrency/processutils.py:440}}
Jul 02 19:43:16 devstack sudo[93277]: quobyte : PWD=/ ; USER=root ; COMMAND=/opt/stack/data/venv/bin/cinder-rootwrap /etc/cinder/rootwrap.conf rm -f /opt/stack/data/cinder/mnt/9d2fb11b44e6031cded8a304e3de69e6/volume-08f7c4b0-ed76-44ba-b384-ad586a8f9f5d
Jul 02 19:43:16 devstack sudo[93277]: pam_unix(sudo:session): session opened for user root(uid=0) by (uid=1000)
Jul 02 19:43:16 devstack sudo[93272]: pam_unix(sudo:session): session closed for user root
Jul 02 19:43:16 devstack cinder-volume[86493]: DEBUG oslo_concurrency.processutils [None req-a3981c66-afec-4b92-85a0-7fc2747c114b tempest-SnapshotsActionsTest-545929629 None] CMD "sudo cinder-rootwrap /etc/cinder/rootwrap.conf qemu-img rebase -u -b volume-a5d84bd6-0e7e-49df-9f42-701b5fe99826.a409025b-5b24-4f0e-90bd-43099816fb36 -F qcow2 /opt/stack/data/cinder/mnt/9d2fb11b44e6031cded8a304e3de69e6/volume-a5d84bd6-0e7e-49df-9f42-701b5fe99826.e61b690b-418b-454d-9978-b3264377cd21" returned: 0 in 0.799s {{(pid=86493) execute /opt/stack/data/venv/lib/python3.12/site-packages/oslo_concurrency/processutils.py:468}}
Jul 02 19:43:16 devstack cinder-volume[86493]: WARNING cinder.volume.drivers.remotefs [None req-a3981c66-afec-4b92-85a0-7fc2747c114b tempest-SnapshotsActionsTest-545929629 None] /opt/stack/data/cinder/mnt/9d2fb11b44e6031cded8a304e3de69e6/volume-a5d84bd6-0e7e-49df-9f42-701b5fe99826.e61b690b-418b-454d-9978-b3264377cd21 is being set with open permissions: ugo+rw
Jul 02 19:43:16 devstack cinder-volume[86493]: DEBUG oslo_concurrency.processutils [None req-a3981c66-afec-4b92-85a0-7fc2747c114b tempest-SnapshotsActionsTest-545929629 None] Running cmd (subprocess): sudo cinder-rootwrap /etc/cinder/rootwrap.conf chmod ugo+rw /opt/stack/data/cinder/mnt/9d2fb11b44e6031cded8a304e3de69e6/volume-a5d84bd6-0e7e-49df-9f42-701b5fe99826.e61b690b-418b-454d-9978-b3264377cd21 {{(pid=86493) execute /opt/stack/data/venv/lib/python3.12/site-packages/oslo_concurrency/processutils.py:440}}
Jul 02 19:43:16 devstack sudo[93282]: quobyte : PWD=/ ; USER=root ; COMMAND=/opt/stack/data/venv/bin/cinder-rootwrap /etc/cinder/rootwrap.conf chmod ugo+rw /opt/stack/data/cinder/mnt/9d2fb11b44e6031cded8a304e3de69e6/volume-a5d84bd6-0e7e-49df-9f42-701b5fe99826.e61b690b-418b-454d-9978-b3264377cd21
Jul 02 19:43:16 devstack sudo[93282]: pam_unix(sudo:session): session opened for user root(uid=0) by (uid=1000)
Jul 02 19:43:16 devstack sudo[93277]: pam_unix(sudo:session): session closed for user root
Jul 02 19:43:16 devstack cinder-volume[86493]: DEBUG oslo_concurrency.processutils [None req-bf212713-553d-4c30-85a7-143c34c584b8 tempest-GroupsV314Test-1898239096 None] CMD "sudo cinder-rootwrap /etc/cinder/rootwrap.conf rm -f /opt/stack/data/cinder/mnt/9d2fb11b44e6031cded8a304e3de69e6/volume-08f7c4b0-ed76-44ba-b384-ad586a8f9f5d" returned: 0 in 0.727s {{(pid=86493) execute /opt/stack/data/venv/lib/python3.12/site-packages/oslo_concurrency/processutils.py:468}}
Jul 02 19:43:16 devstack cinder-volume[86493]: DEBUG cinder.coordination [None req-bf212713-553d-4c30-85a7-143c34c584b8 tempest-GroupsV314Test-1898239096 None] Lock "cinder-quobyte-08f7c4b0-ed76-44ba-b384-ad586a8f9f5d" released by "delete_volume" :: held 1.716s {{(pid=86493) __release /opt/stack/cinder/cinder/coordination.py:152}}
Jul 02 19:43:17 devstack cinder-volume[86493]: DEBUG cinder.quota [None req-bf212713-553d-4c30-85a7-143c34c584b8 tempest-GroupsV314Test-1898239096 None] Created reservations ['ffdf3aa8-f9dc-4f28-b883-4d0e79d7ed8c'] {{(pid=86493) reserve /opt/stack/cinder/cinder/quota.py:752}}
Jul 02 19:43:17 devstack sudo[93282]: pam_unix(sudo:session): session closed for user root
