Jun 28 17:25:47 devstack devstack@g-api.service[83322]: [uWSGI] getting INI configuration from /etc/glance/glance-uwsgi.ini
Jun 28 17:25:47 devstack devstack@g-api.service[83322]: *** Starting uWSGI 2.0.24-debian (64bit) on [Sun Jun 28 17:25:47 2026] ***
Jun 28 17:25:47 devstack devstack@g-api.service[83322]: compiled with version: 13.2.0 on 17 April 2024 16:23:48
Jun 28 17:25:47 devstack devstack@g-api.service[83322]: os: Linux-6.8.0-110-generic #110-Ubuntu SMP PREEMPT_DYNAMIC Thu Mar 19 15:09:20 UTC 2026
Jun 28 17:25:47 devstack devstack@g-api.service[83322]: nodename: devstack
Jun 28 17:25:47 devstack devstack@g-api.service[83322]: machine: x86_64
Jun 28 17:25:47 devstack devstack@g-api.service[83322]: clock source: unix
Jun 28 17:25:47 devstack devstack@g-api.service[83322]: pcre jit disabled
Jun 28 17:25:47 devstack devstack@g-api.service[83322]: detected number of CPU cores: 4
Jun 28 17:25:47 devstack devstack@g-api.service[83322]: current working directory: /
Jun 28 17:25:47 devstack devstack@g-api.service[83322]: detected binary path: /usr/bin/uwsgi-core
Jun 28 17:25:47 devstack devstack@g-api.service[83322]: your processes number limit is 47518
Jun 28 17:25:47 devstack devstack@g-api.service[83322]: your memory page size is 4096 bytes
Jun 28 17:25:47 devstack devstack@g-api.service[83322]: detected max file descriptor number: 2048
Jun 28 17:25:47 devstack devstack@g-api.service[83322]: lock engine: pthread robust mutexes
Jun 28 17:25:47 devstack devstack@g-api.service[83322]: thunder lock: enabled
Jun 28 17:25:47 devstack devstack@g-api.service[83322]: uwsgi socket 0 bound to TCP address 127.0.0.1:60999 fd 4
Jun 28 17:25:47 devstack devstack@g-api.service[83322]: Python version: 3.12.3 (main, Mar 23 2026, 19:04:32) [GCC 13.3.0]
Jun 28 17:25:47 devstack devstack@g-api.service[83322]: PEP 405 virtualenv detected: /opt/stack/data/venv
Jun 28 17:25:47 devstack devstack@g-api.service[83322]: Set PythonHome to /opt/stack/data/venv
Jun 28 17:25:47 devstack devstack@g-api.service[83322]: Python main interpreter initialized at 0x7c3cf3ca3668
Jun 28 17:25:47 devstack devstack@g-api.service[83322]: python threads support enabled
Jun 28 17:25:47 devstack devstack@g-api.service[83322]: your server socket listen backlog is limited to 100 connections
Jun 28 17:25:47 devstack devstack@g-api.service[83322]: your mercy for graceful operations on workers is 80 seconds
Jun 28 17:25:47 devstack devstack@g-api.service[83322]: mapped 403077 bytes (393 KB) for 2 cores
Jun 28 17:25:47 devstack devstack@g-api.service[83322]: *** Operational MODE: preforking ***
Jun 28 17:25:47 devstack devstack@g-api.service[83322]: *** uWSGI is running in multiple interpreter mode ***
Jun 28 17:25:47 devstack devstack@g-api.service[83322]: spawned uWSGI master process (pid: 83322)
Jun 28 17:25:47 devstack devstack@g-api.service[83322]: spawned uWSGI worker 1 (pid: 83327, cores: 1)
Jun 28 17:25:47 devstack devstack@g-api.service[83322]: spawned uWSGI worker 2 (pid: 83329, cores: 1)
Jun 28 17:25:47 devstack devstack@g-api.service[83322]: running "unix_signal:15 gracefully_kill_them_all" (master-start)...
Jun 28 17:25:48 devstack devstack@g-api.service[83329]: /opt/stack/data/venv/lib/python3.12/site-packages/oslo_utils/importutils.py:77: EventletDeprecationWarning:
Jun 28 17:25:48 devstack devstack@g-api.service[83329]: Eventlet is deprecated. It is currently being maintained in bugfix mode, and
Jun 28 17:25:48 devstack devstack@g-api.service[83329]: we strongly recommend against using it for new projects.
Jun 28 17:25:48 devstack devstack@g-api.service[83329]: If you are already using Eventlet, we recommend migrating to a different
Jun 28 17:25:48 devstack devstack@g-api.service[83329]: framework. For more detail see
Jun 28 17:25:48 devstack devstack@g-api.service[83329]: https://eventlet.readthedocs.io/en/latest/asyncio/migration.html
Jun 28 17:25:48 devstack devstack@g-api.service[83329]: __import__(import_str)
Jun 28 17:25:48 devstack devstack@g-api.service[83327]: /opt/stack/data/venv/lib/python3.12/site-packages/oslo_utils/importutils.py:77: EventletDeprecationWarning:
Jun 28 17:25:48 devstack devstack@g-api.service[83327]: Eventlet is deprecated. It is currently being maintained in bugfix mode, and
Jun 28 17:25:48 devstack devstack@g-api.service[83327]: we strongly recommend against using it for new projects.
Jun 28 17:25:48 devstack devstack@g-api.service[83327]: If you are already using Eventlet, we recommend migrating to a different
Jun 28 17:25:48 devstack devstack@g-api.service[83327]: framework. For more detail see
Jun 28 17:25:48 devstack devstack@g-api.service[83327]: https://eventlet.readthedocs.io/en/latest/asyncio/migration.html
Jun 28 17:25:48 devstack devstack@g-api.service[83327]: __import__(import_str)
Jun 28 17:25:50 devstack devstack@g-api.service[83329]: INFO glance.async_ [-] Threadpool model set to 'NativeThreadPoolModel'
Jun 28 17:25:50 devstack devstack@g-api.service[83327]: INFO glance.async_ [-] Threadpool model set to 'NativeThreadPoolModel'
Jun 28 17:25:50 devstack devstack@g-api.service[83329]: DEBUG oslo_concurrency.processutils [-] Running cmd (subprocess): grep -F node.session.scan /sbin/iscsiadm {{(pid=83329) execute /opt/stack/data/venv/lib/python3.12/site-packages/oslo_concurrency/processutils.py:440}}
Jun 28 17:25:50 devstack devstack@g-api.service[83329]: DEBUG oslo_concurrency.processutils [-] CMD "grep -F node.session.scan /sbin/iscsiadm" returned: 0 in 0.014s {{(pid=83329) execute /opt/stack/data/venv/lib/python3.12/site-packages/oslo_concurrency/processutils.py:468}}
Jun 28 17:25:50 devstack devstack@g-api.service[83327]: DEBUG oslo_concurrency.processutils [-] Running cmd (subprocess): grep -F node.session.scan /sbin/iscsiadm {{(pid=83327) execute /opt/stack/data/venv/lib/python3.12/site-packages/oslo_concurrency/processutils.py:440}}
Jun 28 17:25:50 devstack devstack@g-api.service[83327]: DEBUG oslo_concurrency.processutils [-] CMD "grep -F node.session.scan /sbin/iscsiadm" returned: 0 in 0.011s {{(pid=83327) execute /opt/stack/data/venv/lib/python3.12/site-packages/oslo_concurrency/processutils.py:468}}
Jun 28 17:25:50 devstack devstack@g-api.service[83329]: DEBUG glance_store.backend [-] Attempting to import store cinder {{(pid=83329) _load_store /opt/stack/data/venv/lib/python3.12/site-packages/glance_store/backend.py:215}}
Jun 28 17:25:50 devstack devstack@g-api.service[83329]: DEBUG glance_store.backend [-] Attempting to import store file {{(pid=83329) _load_store /opt/stack/data/venv/lib/python3.12/site-packages/glance_store/backend.py:215}}
Jun 28 17:25:50 devstack devstack@g-api.service[83329]: DEBUG glance_store.backend [-] Attempting to import store glance.store.cinder.Store {{(pid=83329) _load_store /opt/stack/data/venv/lib/python3.12/site-packages/glance_store/backend.py:215}}
Jun 28 17:25:50 devstack devstack@g-api.service[83329]: DEBUG glance_store.backend [-] Attempting to import store glance.store.filesystem.Store {{(pid=83329) _load_store /opt/stack/data/venv/lib/python3.12/site-packages/glance_store/backend.py:215}}
Jun 28 17:25:50 devstack devstack@g-api.service[83329]: DEBUG glance_store.backend [-] Attempting to import store glance.store.http.Store {{(pid=83329) _load_store /opt/stack/data/venv/lib/python3.12/site-packages/glance_store/backend.py:215}}
Jun 28 17:25:50 devstack devstack@g-api.service[83329]: DEBUG glance_store.backend [-] Attempting to import store glance.store.rbd.Store {{(pid=83329) _load_store /opt/stack/data/venv/lib/python3.12/site-packages/glance_store/backend.py:215}}
Jun 28 17:25:50 devstack devstack@g-api.service[83329]: DEBUG glance_store.backend [-] Attempting to import store glance.store.s3.Store {{(pid=83329) _load_store /opt/stack/data/venv/lib/python3.12/site-packages/glance_store/backend.py:215}}
Jun 28 17:25:50 devstack devstack@g-api.service[83329]: DEBUG glance_store.backend [-] Attempting to import store glance.store.swift.Store {{(pid=83329) _load_store /opt/stack/data/venv/lib/python3.12/site-packages/glance_store/backend.py:215}}
Jun 28 17:25:50 devstack devstack@g-api.service[83329]: DEBUG glance_store.backend [-] Attempting to import store glance.store.vmware_datastore.Store {{(pid=83329) _load_store /opt/stack/data/venv/lib/python3.12/site-packages/glance_store/backend.py:215}}
Jun 28 17:25:50 devstack devstack@g-api.service[83329]: DEBUG glance_store.backend [-] Attempting to import store http {{(pid=83329) _load_store /opt/stack/data/venv/lib/python3.12/site-packages/glance_store/backend.py:215}}
Jun 28 17:25:50 devstack devstack@g-api.service[83329]: DEBUG glance_store.backend [-] Attempting to import store no_conf {{(pid=83329) _load_store /opt/stack/data/venv/lib/python3.12/site-packages/glance_store/backend.py:215}}
Jun 28 17:25:50 devstack devstack@g-api.service[83329]: DEBUG glance_store.backend [-] Attempting to import store rbd {{(pid=83329) _load_store /opt/stack/data/venv/lib/python3.12/site-packages/glance_store/backend.py:215}}
Jun 28 17:25:50 devstack devstack@g-api.service[83329]: DEBUG glance_store.backend [-] Attempting to import store s3 {{(pid=83329) _load_store /opt/stack/data/venv/lib/python3.12/site-packages/glance_store/backend.py:215}}
Jun 28 17:25:50 devstack devstack@g-api.service[83329]: DEBUG glance_store.backend [-] Attempting to import store swift {{(pid=83329) _load_store /opt/stack/data/venv/lib/python3.12/site-packages/glance_store/backend.py:215}}
Jun 28 17:25:50 devstack devstack@g-api.service[83329]: DEBUG glance_store.backend [-] Attempting to import store vmware {{(pid=83329) _load_store /opt/stack/data/venv/lib/python3.12/site-packages/glance_store/backend.py:215}}
Jun 28 17:25:50 devstack devstack@g-api.service[83329]: DEBUG glance_store.backend [-] Registering options for group glance_store {{(pid=83329) register_opts /opt/stack/data/venv/lib/python3.12/site-packages/glance_store/backend.py:144}}
Jun 28 17:25:50 devstack devstack@g-api.service[83329]: DEBUG glance_store.backend [-] Registering options for group glance_store {{(pid=83329) register_opts /opt/stack/data/venv/lib/python3.12/site-packages/glance_store/backend.py:144}}
Jun 28 17:25:50 devstack devstack@g-api.service[83327]: DEBUG glance_store.backend [-] Attempting to import store cinder {{(pid=83327) _load_store /opt/stack/data/venv/lib/python3.12/site-packages/glance_store/backend.py:215}}
Jun 28 17:25:50 devstack devstack@g-api.service[83329]: DEBUG glance_store.backend [-] Attempting to import store http {{(pid=83329) _load_store /opt/stack/data/venv/lib/python3.12/site-packages/glance_store/backend.py:215}}
Jun 28 17:25:50 devstack devstack@g-api.service[83327]: DEBUG glance_store.backend [-] Attempting to import store file {{(pid=83327) _load_store /opt/stack/data/venv/lib/python3.12/site-packages/glance_store/backend.py:215}}
Jun 28 17:25:50 devstack devstack@g-api.service[83329]: DEBUG glance_store.capabilities [-] Store glance_store._drivers.http.Store doesn't support updating dynamic storage capabilities. Please overwrite 'update_capabilities' method of the store to implement updating logics if needed. {{(pid=83329) update_capabilities /opt/stack/data/venv/lib/python3.12/site-packages/glance_store/capabilities.py:91}}
Jun 28 17:25:50 devstack devstack@g-api.service[83329]: DEBUG glance_store.backend [-] Registering store http with schemes ('http', 'https') {{(pid=83329) create_stores /opt/stack/data/venv/lib/python3.12/site-packages/glance_store/backend.py:261}}
Jun 28 17:25:50 devstack devstack@g-api.service[83329]: DEBUG glance_store.driver [-] Late loading location class glance_store._drivers.http.StoreLocation {{(pid=83329) get_store_location_class /opt/stack/data/venv/lib/python3.12/site-packages/glance_store/driver.py:134}}
Jun 28 17:25:50 devstack devstack@g-api.service[83329]: DEBUG glance_store.location [-] Registering scheme http with {'store': , 'location_class': , 'store_entry': 'http'} {{(pid=83329) register_scheme_map /opt/stack/data/venv/lib/python3.12/site-packages/glance_store/location.py:146}}
Jun 28 17:25:50 devstack devstack@g-api.service[83329]: DEBUG glance_store.location [-] Registering scheme https with {'store': , 'location_class': , 'store_entry': 'http'} {{(pid=83329) register_scheme_map /opt/stack/data/venv/lib/python3.12/site-packages/glance_store/location.py:146}}
Jun 28 17:25:50 devstack devstack@g-api.service[83327]: DEBUG glance_store.backend [-] Attempting to import store glance.store.cinder.Store {{(pid=83327) _load_store /opt/stack/data/venv/lib/python3.12/site-packages/glance_store/backend.py:215}}
Jun 28 17:25:50 devstack devstack@g-api.service[83329]: DEBUG glance_store.backend [-] Attempting to import store file {{(pid=83329) _load_store /opt/stack/data/venv/lib/python3.12/site-packages/glance_store/backend.py:215}}
Jun 28 17:25:50 devstack devstack@g-api.service[83327]: DEBUG glance_store.backend [-] Attempting to import store glance.store.filesystem.Store {{(pid=83327) _load_store /opt/stack/data/venv/lib/python3.12/site-packages/glance_store/backend.py:215}}
Jun 28 17:25:50 devstack devstack@g-api.service[83329]: DEBUG glance_store.capabilities [-] Store glance_store._drivers.filesystem.Store doesn't support updating dynamic storage capabilities. Please overwrite 'update_capabilities' method of the store to implement updating logics if needed. {{(pid=83329) update_capabilities /opt/stack/data/venv/lib/python3.12/site-packages/glance_store/capabilities.py:91}}
Jun 28 17:25:50 devstack devstack@g-api.service[83329]: DEBUG glance_store.backend [-] Registering store file with schemes ('file', 'filesystem') {{(pid=83329) create_stores /opt/stack/data/venv/lib/python3.12/site-packages/glance_store/backend.py:261}}
Jun 28 17:25:50 devstack devstack@g-api.service[83327]: DEBUG glance_store.backend [-] Attempting to import store glance.store.http.Store {{(pid=83327) _load_store /opt/stack/data/venv/lib/python3.12/site-packages/glance_store/backend.py:215}}
Jun 28 17:25:50 devstack devstack@g-api.service[83329]: DEBUG glance_store.driver [-] Late loading location class glance_store._drivers.filesystem.StoreLocation {{(pid=83329) get_store_location_class /opt/stack/data/venv/lib/python3.12/site-packages/glance_store/driver.py:134}}
Jun 28 17:25:50 devstack devstack@g-api.service[83329]: DEBUG glance_store.location [-] Registering scheme file with {'store': , 'location_class': , 'store_entry': 'file'} {{(pid=83329) register_scheme_map /opt/stack/data/venv/lib/python3.12/site-packages/glance_store/location.py:146}}
Jun 28 17:25:50 devstack devstack@g-api.service[83329]: DEBUG glance_store.location [-] Registering scheme filesystem with {'store': , 'location_class': , 'store_entry': 'file'} {{(pid=83329) register_scheme_map /opt/stack/data/venv/lib/python3.12/site-packages/glance_store/location.py:146}}
Jun 28 17:25:50 devstack devstack@g-api.service[83327]: DEBUG glance_store.backend [-] Attempting to import store glance.store.rbd.Store {{(pid=83327) _load_store /opt/stack/data/venv/lib/python3.12/site-packages/glance_store/backend.py:215}}
Jun 28 17:25:50 devstack devstack@g-api.service[83327]: DEBUG glance_store.backend [-] Attempting to import store glance.store.s3.Store {{(pid=83327) _load_store /opt/stack/data/venv/lib/python3.12/site-packages/glance_store/backend.py:215}}
Jun 28 17:25:50 devstack devstack@g-api.service[83327]: DEBUG glance_store.backend [-] Attempting to import store glance.store.swift.Store {{(pid=83327) _load_store /opt/stack/data/venv/lib/python3.12/site-packages/glance_store/backend.py:215}}
Jun 28 17:25:50 devstack devstack@g-api.service[83329]: DEBUG glance.sqlite_migration [-] SQLite caching database not located, skipping migration {{(pid=83329) get_db_path /opt/stack/glance/glance/sqlite_migration.py:68}}
Jun 28 17:25:50 devstack devstack@g-api.service[83327]: DEBUG glance_store.backend [-] Attempting to import store glance.store.vmware_datastore.Store {{(pid=83327) _load_store /opt/stack/data/venv/lib/python3.12/site-packages/glance_store/backend.py:215}}
Jun 28 17:25:50 devstack devstack@g-api.service[83327]: DEBUG glance_store.backend [-] Attempting to import store http {{(pid=83327) _load_store /opt/stack/data/venv/lib/python3.12/site-packages/glance_store/backend.py:215}}
Jun 28 17:25:50 devstack devstack@g-api.service[83327]: DEBUG glance_store.backend [-] Attempting to import store no_conf {{(pid=83327) _load_store /opt/stack/data/venv/lib/python3.12/site-packages/glance_store/backend.py:215}}
Jun 28 17:25:50 devstack devstack@g-api.service[83327]: DEBUG glance_store.backend [-] Attempting to import store rbd {{(pid=83327) _load_store /opt/stack/data/venv/lib/python3.12/site-packages/glance_store/backend.py:215}}
Jun 28 17:25:50 devstack devstack@g-api.service[83329]: WARNING glance.common.wsgi_app [-] Import methods are enabled but staging directory /tmp/staging/ does not exist; Imports will fail!
Jun 28 17:25:50 devstack devstack@g-api.service[83327]: DEBUG glance_store.backend [-] Attempting to import store s3 {{(pid=83327) _load_store /opt/stack/data/venv/lib/python3.12/site-packages/glance_store/backend.py:215}}
Jun 28 17:25:50 devstack devstack@g-api.service[83327]: DEBUG glance_store.backend [-] Attempting to import store swift {{(pid=83327) _load_store /opt/stack/data/venv/lib/python3.12/site-packages/glance_store/backend.py:215}}
Jun 28 17:25:50 devstack devstack@g-api.service[83327]: DEBUG glance_store.backend [-] Attempting to import store vmware {{(pid=83327) _load_store /opt/stack/data/venv/lib/python3.12/site-packages/glance_store/backend.py:215}}
Jun 28 17:25:50 devstack devstack@g-api.service[83327]: DEBUG glance_store.backend [-] Registering options for group glance_store {{(pid=83327) register_opts /opt/stack/data/venv/lib/python3.12/site-packages/glance_store/backend.py:144}}
Jun 28 17:25:50 devstack devstack@g-api.service[83327]: DEBUG glance_store.backend [-] Registering options for group glance_store {{(pid=83327) register_opts /opt/stack/data/venv/lib/python3.12/site-packages/glance_store/backend.py:144}}
Jun 28 17:25:50 devstack devstack@g-api.service[83327]: DEBUG glance_store.backend [-] Attempting to import store http {{(pid=83327) _load_store /opt/stack/data/venv/lib/python3.12/site-packages/glance_store/backend.py:215}}
Jun 28 17:25:50 devstack devstack@g-api.service[83327]: DEBUG glance_store.capabilities [-] Store glance_store._drivers.http.Store doesn't support updating dynamic storage capabilities. Please overwrite 'update_capabilities' method of the store to implement updating logics if needed. {{(pid=83327) update_capabilities /opt/stack/data/venv/lib/python3.12/site-packages/glance_store/capabilities.py:91}}
Jun 28 17:25:50 devstack devstack@g-api.service[83327]: DEBUG glance_store.backend [-] Registering store http with schemes ('http', 'https') {{(pid=83327) create_stores /opt/stack/data/venv/lib/python3.12/site-packages/glance_store/backend.py:261}}
Jun 28 17:25:50 devstack devstack@g-api.service[83327]: DEBUG glance_store.driver [-] Late loading location class glance_store._drivers.http.StoreLocation {{(pid=83327) get_store_location_class /opt/stack/data/venv/lib/python3.12/site-packages/glance_store/driver.py:134}}
Jun 28 17:25:50 devstack devstack@g-api.service[83327]: DEBUG glance_store.location [-] Registering scheme http with {'store': , 'location_class': , 'store_entry': 'http'} {{(pid=83327) register_scheme_map /opt/stack/data/venv/lib/python3.12/site-packages/glance_store/location.py:146}}
Jun 28 17:25:50 devstack devstack@g-api.service[83327]: DEBUG glance_store.location [-] Registering scheme https with {'store': , 'location_class': , 'store_entry': 'http'} {{(pid=83327) register_scheme_map /opt/stack/data/venv/lib/python3.12/site-packages/glance_store/location.py:146}}
Jun 28 17:25:50 devstack devstack@g-api.service[83327]: DEBUG glance_store.backend [-] Attempting to import store file {{(pid=83327) _load_store /opt/stack/data/venv/lib/python3.12/site-packages/glance_store/backend.py:215}}
Jun 28 17:25:50 devstack devstack@g-api.service[83327]: DEBUG glance_store.capabilities [-] Store glance_store._drivers.filesystem.Store doesn't support updating dynamic storage capabilities. Please overwrite 'update_capabilities' method of the store to implement updating logics if needed. {{(pid=83327) update_capabilities /opt/stack/data/venv/lib/python3.12/site-packages/glance_store/capabilities.py:91}}
Jun 28 17:25:50 devstack devstack@g-api.service[83327]: DEBUG glance_store.backend [-] Registering store file with schemes ('file', 'filesystem') {{(pid=83327) create_stores /opt/stack/data/venv/lib/python3.12/site-packages/glance_store/backend.py:261}}
Jun 28 17:25:50 devstack devstack@g-api.service[83327]: DEBUG glance_store.driver [-] Late loading location class glance_store._drivers.filesystem.StoreLocation {{(pid=83327) get_store_location_class /opt/stack/data/venv/lib/python3.12/site-packages/glance_store/driver.py:134}}
Jun 28 17:25:50 devstack devstack@g-api.service[83327]: DEBUG glance_store.location [-] Registering scheme file with {'store': , 'location_class': , 'store_entry': 'file'} {{(pid=83327) register_scheme_map /opt/stack/data/venv/lib/python3.12/site-packages/glance_store/location.py:146}}
Jun 28 17:25:50 devstack devstack@g-api.service[83327]: DEBUG glance_store.location [-] Registering scheme filesystem with {'store': , 'location_class': , 'store_entry': 'file'} {{(pid=83327) register_scheme_map /opt/stack/data/venv/lib/python3.12/site-packages/glance_store/location.py:146}}
Jun 28 17:25:50 devstack devstack@g-api.service[83327]: DEBUG glance.sqlite_migration [-] SQLite caching database not located, skipping migration {{(pid=83327) get_db_path /opt/stack/glance/glance/sqlite_migration.py:68}}
Jun 28 17:25:50 devstack devstack@g-api.service[83327]: WARNING glance.common.wsgi_app [-] Import methods are enabled but staging directory /tmp/staging/ does not exist; Imports will fail!
Jun 28 17:25:51 devstack devstack@g-api.service[83329]: DEBUG glance.common.config [None req-ecb51688-d4a5-46ca-a003-2a9f3f3fa462 None None] Loading glance-api-keystone+cachemanagement from /etc/glance/glance-api-paste.ini {{(pid=83329) load_paste_app /opt/stack/glance/glance/common/config.py:759}}
Jun 28 17:25:51 devstack devstack@g-api.service[83327]: DEBUG glance.common.config [None req-28bf8978-a165-40af-94e0-5514bd5f3b40 None None] Loading glance-api-keystone+cachemanagement from /etc/glance/glance-api-paste.ini {{(pid=83327) load_paste_app /opt/stack/glance/glance/common/config.py:759}}
Jun 28 17:25:52 devstack devstack@g-api.service[83327]: INFO glance.image_cache [None req-28bf8978-a165-40af-94e0-5514bd5f3b40 None None] Image cache loaded driver 'centralized_db'.
Jun 28 17:25:52 devstack devstack@g-api.service[83329]: INFO glance.image_cache [None req-ecb51688-d4a5-46ca-a003-2a9f3f3fa462 None None] Image cache loaded driver 'centralized_db'.
Jun 28 17:25:52 devstack devstack@g-api.service[83327]: INFO dbcounter [None req-28bf8978-a165-40af-94e0-5514bd5f3b40 None None] Registered counter for database glance
Jun 28 17:25:52 devstack devstack@g-api.service[83329]: INFO dbcounter [None req-ecb51688-d4a5-46ca-a003-2a9f3f3fa462 None None] Registered counter for database glance
Jun 28 17:25:52 devstack devstack@g-api.service[83327]: DEBUG oslo_db.sqlalchemy.engines [None req-28bf8978-a165-40af-94e0-5514bd5f3b40 None None] MySQL server mode set to STRICT_TRANS_TABLES,STRICT_ALL_TABLES,NO_ZERO_IN_DATE,NO_ZERO_DATE,ERROR_FOR_DIVISION_BY_ZERO,TRADITIONAL,NO_ENGINE_SUBSTITUTION {{(pid=83327) _check_effective_sql_mode /opt/stack/data/venv/lib/python3.12/site-packages/oslo_db/sqlalchemy/engines.py:325}}
Jun 28 17:25:53 devstack devstack@g-api.service[83329]: DEBUG oslo_db.sqlalchemy.engines [None req-ecb51688-d4a5-46ca-a003-2a9f3f3fa462 None None] MySQL server mode set to STRICT_TRANS_TABLES,STRICT_ALL_TABLES,NO_ZERO_IN_DATE,NO_ZERO_DATE,ERROR_FOR_DIVISION_BY_ZERO,TRADITIONAL,NO_ENGINE_SUBSTITUTION {{(pid=83329) _check_effective_sql_mode /opt/stack/data/venv/lib/python3.12/site-packages/oslo_db/sqlalchemy/engines.py:325}}
Jun 28 17:25:53 devstack devstack@g-api.service[83327]: DEBUG dbcounter [-] [83327] Writer thread running {{(pid=83327) stat_writer /opt/stack/data/venv/lib/python3.12/site-packages/dbcounter.py:102}}
Jun 28 17:25:53 devstack devstack@g-api.service[83329]: DEBUG dbcounter [-] [83329] Writer thread running {{(pid=83329) stat_writer /opt/stack/data/venv/lib/python3.12/site-packages/dbcounter.py:102}}
Jun 28 17:25:53 devstack devstack@g-api.service[83329]: DEBUG glance.image_cache.drivers.centralized_db [None req-ecb51688-d4a5-46ca-a003-2a9f3f3fa462 None None] Node reference is already recorded, ignoring it {{(pid=83329) configure /opt/stack/glance/glance/image_cache/drivers/centralized_db.py:71}}
Jun 28 17:25:53 devstack devstack@g-api.service[83327]: INFO glance.image_cache [None req-28bf8978-a165-40af-94e0-5514bd5f3b40 None None] Image cache loaded driver 'centralized_db'.
Jun 28 17:25:53 devstack devstack@g-api.service[83329]: INFO glance.image_cache [None req-ecb51688-d4a5-46ca-a003-2a9f3f3fa462 None None] Image cache loaded driver 'centralized_db'.
Jun 28 17:25:53 devstack devstack@g-api.service[83327]: DEBUG glance.image_cache.drivers.centralized_db [None req-28bf8978-a165-40af-94e0-5514bd5f3b40 None None] Node reference is already recorded, ignoring it {{(pid=83327) configure /opt/stack/glance/glance/image_cache/drivers/centralized_db.py:71}}
Jun 28 17:25:53 devstack devstack@g-api.service[83329]: DEBUG glance.image_cache.drivers.centralized_db [None req-ecb51688-d4a5-46ca-a003-2a9f3f3fa462 None None] Node reference is already recorded, ignoring it {{(pid=83329) configure /opt/stack/glance/glance/image_cache/drivers/centralized_db.py:71}}
Jun 28 17:25:53 devstack devstack@g-api.service[83327]: DEBUG glance.api.v2.cached_images [None req-28bf8978-a165-40af-94e0-5514bd5f3b40 None None] Started cache worker thread {{(pid=83327) __init__ /opt/stack/glance/glance/api/v2/cached_images.py:69}}
Jun 28 17:25:53 devstack devstack@g-api.service[83327]: INFO glance.image_cache [None req-28bf8978-a165-40af-94e0-5514bd5f3b40 None None] Image cache loaded driver 'centralized_db'.
Jun 28 17:25:53 devstack devstack@g-api.service[83327]: DEBUG glance.image_cache.drivers.centralized_db [None req-28bf8978-a165-40af-94e0-5514bd5f3b40 None None] Node reference is already recorded, ignoring it {{(pid=83327) configure /opt/stack/glance/glance/image_cache/drivers/centralized_db.py:71}}
Jun 28 17:25:53 devstack devstack@g-api.service[83327]: INFO glance.api.middleware.cache_manage [None req-28bf8978-a165-40af-94e0-5514bd5f3b40 None None] Initialized image cache management middleware
Jun 28 17:25:53 devstack devstack@g-api.service[83327]: INFO glance.image_cache [None req-28bf8978-a165-40af-94e0-5514bd5f3b40 None None] Image cache loaded driver 'centralized_db'.
Jun 28 17:25:53 devstack devstack@g-api.service[83329]: DEBUG glance.api.v2.cached_images [None req-ecb51688-d4a5-46ca-a003-2a9f3f3fa462 None None] Started cache worker thread {{(pid=83329) __init__ /opt/stack/glance/glance/api/v2/cached_images.py:69}}
Jun 28 17:25:53 devstack devstack@g-api.service[83329]: INFO glance.image_cache [None req-ecb51688-d4a5-46ca-a003-2a9f3f3fa462 None None] Image cache loaded driver 'centralized_db'.
Jun 28 17:25:53 devstack devstack@g-api.service[83327]: DEBUG glance.image_cache.drivers.centralized_db [None req-28bf8978-a165-40af-94e0-5514bd5f3b40 None None] Node reference is already recorded, ignoring it {{(pid=83327) configure /opt/stack/glance/glance/image_cache/drivers/centralized_db.py:71}}
Jun 28 17:25:53 devstack devstack@g-api.service[83327]: INFO glance.api.middleware.cache [None req-28bf8978-a165-40af-94e0-5514bd5f3b40 None None] Initialized image cache middleware
Jun 28 17:25:53 devstack devstack@g-api.service[83329]: DEBUG glance.image_cache.drivers.centralized_db [None req-ecb51688-d4a5-46ca-a003-2a9f3f3fa462 None None] Node reference is already recorded, ignoring it {{(pid=83329) configure /opt/stack/glance/glance/image_cache/drivers/centralized_db.py:71}}
Jun 28 17:25:53 devstack devstack@g-api.service[83329]: INFO glance.api.middleware.cache_manage [None req-ecb51688-d4a5-46ca-a003-2a9f3f3fa462 None None] Initialized image cache management middleware
Jun 28 17:25:53 devstack devstack@g-api.service[83329]: INFO glance.image_cache [None req-ecb51688-d4a5-46ca-a003-2a9f3f3fa462 None None] Image cache loaded driver 'centralized_db'.
Jun 28 17:25:53 devstack devstack@g-api.service[83327]: DEBUG glance.common.config [None req-28bf8978-a165-40af-94e0-5514bd5f3b40 None None] ******************************************************************************** {{(pid=83327) log_opt_values /opt/stack/data/venv/lib/python3.12/site-packages/oslo_config/cfg.py:3226}}
Jun 28 17:25:53 devstack devstack@g-api.service[83327]: DEBUG glance.common.config [None req-28bf8978-a165-40af-94e0-5514bd5f3b40 None None] Configuration options gathered from: {{(pid=83327) log_opt_values /opt/stack/data/venv/lib/python3.12/site-packages/oslo_config/cfg.py:3227}}
Jun 28 17:25:53 devstack devstack@g-api.service[83327]: DEBUG glance.common.config [None req-28bf8978-a165-40af-94e0-5514bd5f3b40 None None] command line args: [] {{(pid=83327) log_opt_values /opt/stack/data/venv/lib/python3.12/site-packages/oslo_config/cfg.py:3228}}
Jun 28 17:25:53 devstack devstack@g-api.service[83327]: DEBUG glance.common.config [None req-28bf8978-a165-40af-94e0-5514bd5f3b40 None None] config files: ['/etc/glance/glance-image-import.conf', '/etc/glance/glance-api.conf'] {{(pid=83327) log_opt_values /opt/stack/data/venv/lib/python3.12/site-packages/oslo_config/cfg.py:3229}}
Jun 28 17:25:53 devstack devstack@g-api.service[83327]: DEBUG glance.common.config [None req-28bf8978-a165-40af-94e0-5514bd5f3b40 None None] ================================================================================ {{(pid=83327) log_opt_values /opt/stack/data/venv/lib/python3.12/site-packages/oslo_config/cfg.py:3234}}
Jun 28 17:25:53 devstack devstack@g-api.service[83327]: DEBUG glance.common.config [None req-28bf8978-a165-40af-94e0-5514bd5f3b40 None None] allow_anonymous_access = False {{(pid=83327) log_opt_values /opt/stack/data/venv/lib/python3.12/site-packages/oslo_config/cfg.py:3242}}
Jun 28 17:25:53 devstack devstack@g-api.service[83327]: DEBUG glance.common.config [None req-28bf8978-a165-40af-94e0-5514bd5f3b40 None None] api_limit_max = 1000 {{(pid=83327) log_opt_values /opt/stack/data/venv/lib/python3.12/site-packages/oslo_config/cfg.py:3242}}
Jun 28 17:25:53 devstack devstack@g-api.service[83327]: DEBUG glance.common.config [None req-28bf8978-a165-40af-94e0-5514bd5f3b40 None None] backlog = 4096 {{(pid=83327) log_opt_values /opt/stack/data/venv/lib/python3.12/site-packages/oslo_config/cfg.py:3242}}
Jun 28 17:25:53 devstack devstack@g-api.service[83327]: DEBUG glance.common.config [None req-28bf8978-a165-40af-94e0-5514bd5f3b40 None None] bind_host = 0.0.0.0 {{(pid=83327) log_opt_values /opt/stack/data/venv/lib/python3.12/site-packages/oslo_config/cfg.py:3242}}
Jun 28 17:25:53 devstack devstack@g-api.service[83327]: DEBUG glance.common.config [None req-28bf8978-a165-40af-94e0-5514bd5f3b40 None None] bind_port = None {{(pid=83327) log_opt_values /opt/stack/data/venv/lib/python3.12/site-packages/oslo_config/cfg.py:3242}}
Jun 28 17:25:53 devstack devstack@g-api.service[83327]: DEBUG glance.common.config [None req-28bf8978-a165-40af-94e0-5514bd5f3b40 None None] client_socket_timeout = 900 {{(pid=83327) log_opt_values /opt/stack/data/venv/lib/python3.12/site-packages/oslo_config/cfg.py:3242}}
Jun 28 17:25:53 devstack devstack@g-api.service[83327]: DEBUG glance.common.config [None req-28bf8978-a165-40af-94e0-5514bd5f3b40 None None] config_dir = [] {{(pid=83327) log_opt_values /opt/stack/data/venv/lib/python3.12/site-packages/oslo_config/cfg.py:3242}}
Jun 28 17:25:53 devstack devstack@g-api.service[83327]: DEBUG glance.common.config [None req-28bf8978-a165-40af-94e0-5514bd5f3b40 None None] config_file = ['/etc/glance/glance-image-import.conf', '/etc/glance/glance-api.conf'] {{(pid=83327) log_opt_values /opt/stack/data/venv/lib/python3.12/site-packages/oslo_config/cfg.py:3242}}
Jun 28 17:25:53 devstack devstack@g-api.service[83327]: DEBUG glance.common.config [None req-28bf8978-a165-40af-94e0-5514bd5f3b40 None None] config_source = [] {{(pid=83327) log_opt_values /opt/stack/data/venv/lib/python3.12/site-packages/oslo_config/cfg.py:3242}}
Jun 28 17:25:53 devstack devstack@g-api.service[83327]: DEBUG glance.common.config [None req-28bf8978-a165-40af-94e0-5514bd5f3b40 None None] control_exchange = glance {{(pid=83327) log_opt_values /opt/stack/data/venv/lib/python3.12/site-packages/oslo_config/cfg.py:3242}}
Jun 28 17:25:53 devstack devstack@g-api.service[83327]: DEBUG glance.common.config [None req-28bf8978-a165-40af-94e0-5514bd5f3b40 None None] debug = True {{(pid=83327) log_opt_values /opt/stack/data/venv/lib/python3.12/site-packages/oslo_config/cfg.py:3242}}
Jun 28 17:25:53 devstack devstack@g-api.service[83329]: DEBUG glance.image_cache.drivers.centralized_db [None req-ecb51688-d4a5-46ca-a003-2a9f3f3fa462 None None] Node reference is already recorded, ignoring it {{(pid=83329) configure /opt/stack/glance/glance/image_cache/drivers/centralized_db.py:71}}
Jun 28 17:25:53 devstack devstack@g-api.service[83327]: DEBUG glance.common.config [None req-28bf8978-a165-40af-94e0-5514bd5f3b40 None None] default_log_levels = ['amqp=WARN', 'boto=WARN', 'sqlalchemy=WARN', 'suds=INFO', 'oslo.messaging=INFO', 'oslo_messaging=INFO', 'iso8601=WARN', 'requests.packages.urllib3.connectionpool=WARN', 'urllib3.connectionpool=WARN', 'websocket=WARN', 'requests.packages.urllib3.util.retry=WARN', 'urllib3.util.retry=WARN', 'keystonemiddleware=WARN', 'routes.middleware=WARN', 'stevedore=WARN', 'taskflow=WARN', 'keystoneauth=WARN', 'oslo.cache=INFO', 'oslo_policy=INFO', 'dogpile.core.dogpile=INFO'] {{(pid=83327) log_opt_values /opt/stack/data/venv/lib/python3.12/site-packages/oslo_config/cfg.py:3242}}
Jun 28 17:25:53 devstack devstack@g-api.service[83327]: DEBUG glance.common.config [None req-28bf8978-a165-40af-94e0-5514bd5f3b40 None None] default_publisher_id = image.localhost {{(pid=83327) log_opt_values /opt/stack/data/venv/lib/python3.12/site-packages/oslo_config/cfg.py:3242}}
Jun 28 17:25:53 devstack devstack@g-api.service[83327]: DEBUG glance.common.config [None req-28bf8978-a165-40af-94e0-5514bd5f3b40 None None] delayed_delete = False {{(pid=83327) log_opt_values /opt/stack/data/venv/lib/python3.12/site-packages/oslo_config/cfg.py:3242}}
Jun 28 17:25:53 devstack devstack@g-api.service[83327]: DEBUG glance.common.config [None req-28bf8978-a165-40af-94e0-5514bd5f3b40 None None] digest_algorithm = sha256 {{(pid=83327) log_opt_values /opt/stack/data/venv/lib/python3.12/site-packages/oslo_config/cfg.py:3242}}
Jun 28 17:25:53 devstack devstack@g-api.service[83327]: DEBUG glance.common.config [None req-28bf8978-a165-40af-94e0-5514bd5f3b40 None None] disabled_notifications = [] {{(pid=83327) log_opt_values /opt/stack/data/venv/lib/python3.12/site-packages/oslo_config/cfg.py:3242}}
Jun 28 17:25:53 devstack devstack@g-api.service[83327]: DEBUG glance.common.config [None req-28bf8978-a165-40af-94e0-5514bd5f3b40 None None] do_secure_hash = True {{(pid=83327) log_opt_values /opt/stack/data/venv/lib/python3.12/site-packages/oslo_config/cfg.py:3242}}
Jun 28 17:25:53 devstack devstack@g-api.service[83327]: DEBUG glance.common.config [None req-28bf8978-a165-40af-94e0-5514bd5f3b40 None None] enabled_backends = None {{(pid=83327) log_opt_values /opt/stack/data/venv/lib/python3.12/site-packages/oslo_config/cfg.py:3242}}
Jun 28 17:25:53 devstack devstack@g-api.service[83327]: DEBUG glance.common.config [None req-28bf8978-a165-40af-94e0-5514bd5f3b40 None None] enabled_import_methods = ['glance-direct', 'web-download', 'copy-image'] {{(pid=83327) log_opt_values /opt/stack/data/venv/lib/python3.12/site-packages/oslo_config/cfg.py:3242}}
Jun 28 17:25:53 devstack devstack@g-api.service[83327]: DEBUG glance.common.config [None req-28bf8978-a165-40af-94e0-5514bd5f3b40 None None] hashing_algorithm = sha512 {{(pid=83327) log_opt_values /opt/stack/data/venv/lib/python3.12/site-packages/oslo_config/cfg.py:3242}}
Jun 28 17:25:53 devstack devstack@g-api.service[83327]: DEBUG glance.common.config [None req-28bf8978-a165-40af-94e0-5514bd5f3b40 None None] http_keepalive = True {{(pid=83327) log_opt_values /opt/stack/data/venv/lib/python3.12/site-packages/oslo_config/cfg.py:3242}}
Jun 28 17:25:53 devstack devstack@g-api.service[83327]: DEBUG glance.common.config [None req-28bf8978-a165-40af-94e0-5514bd5f3b40 None None] http_retries = 3 {{(pid=83327) log_opt_values /opt/stack/data/venv/lib/python3.12/site-packages/oslo_config/cfg.py:3242}}
Jun 28 17:25:53 devstack devstack@g-api.service[83327]: DEBUG glance.common.config [None req-28bf8978-a165-40af-94e0-5514bd5f3b40 None None] image_cache_dir = /opt/stack/data/glance/cache/ {{(pid=83327) log_opt_values /opt/stack/data/venv/lib/python3.12/site-packages/oslo_config/cfg.py:3242}}
Jun 28 17:25:53 devstack devstack@g-api.service[83327]: DEBUG glance.common.config [None req-28bf8978-a165-40af-94e0-5514bd5f3b40 None None] image_cache_driver = centralized_db {{(pid=83327) log_opt_values /opt/stack/data/venv/lib/python3.12/site-packages/oslo_config/cfg.py:3242}}
Jun 28 17:25:53 devstack devstack@g-api.service[83327]: DEBUG glance.common.config [None req-28bf8978-a165-40af-94e0-5514bd5f3b40 None None] image_cache_max_size = 10737418240 {{(pid=83327) log_opt_values /opt/stack/data/venv/lib/python3.12/site-packages/oslo_config/cfg.py:3242}}
Jun 28 17:25:53 devstack devstack@g-api.service[83327]: DEBUG glance.common.config [None req-28bf8978-a165-40af-94e0-5514bd5f3b40 None None] image_cache_sqlite_db = cache.db {{(pid=83327) log_opt_values /opt/stack/data/venv/lib/python3.12/site-packages/oslo_config/cfg.py:3242}}
Jun 28 17:25:53 devstack devstack@g-api.service[83327]: DEBUG glance.common.config [None req-28bf8978-a165-40af-94e0-5514bd5f3b40 None None] image_cache_stall_time = 86400 {{(pid=83327) log_opt_values /opt/stack/data/venv/lib/python3.12/site-packages/oslo_config/cfg.py:3242}}
Jun 28 17:25:53 devstack devstack@g-api.service[83327]: DEBUG glance.common.config [None req-28bf8978-a165-40af-94e0-5514bd5f3b40 None None] image_location_quota = 10 {{(pid=83327) log_opt_values /opt/stack/data/venv/lib/python3.12/site-packages/oslo_config/cfg.py:3242}}
Jun 28 17:25:53 devstack devstack@g-api.service[83327]: DEBUG glance.common.config [None req-28bf8978-a165-40af-94e0-5514bd5f3b40 None None] image_member_quota = 128 {{(pid=83327) log_opt_values /opt/stack/data/venv/lib/python3.12/site-packages/oslo_config/cfg.py:3242}}
Jun 28 17:25:53 devstack devstack@g-api.service[83327]: DEBUG glance.common.config [None req-28bf8978-a165-40af-94e0-5514bd5f3b40 None None] image_property_quota = 128 {{(pid=83327) log_opt_values /opt/stack/data/venv/lib/python3.12/site-packages/oslo_config/cfg.py:3242}}
Jun 28 17:25:53 devstack devstack@g-api.service[83327]: DEBUG glance.common.config [None req-28bf8978-a165-40af-94e0-5514bd5f3b40 None None] image_size_cap = 1099511627776 {{(pid=83327) log_opt_values /opt/stack/data/venv/lib/python3.12/site-packages/oslo_config/cfg.py:3242}}
Jun 28 17:25:53 devstack devstack@g-api.service[83327]: DEBUG glance.common.config [None req-28bf8978-a165-40af-94e0-5514bd5f3b40 None None] image_tag_quota = 128 {{(pid=83327) log_opt_values /opt/stack/data/venv/lib/python3.12/site-packages/oslo_config/cfg.py:3242}}
Jun 28 17:25:53 devstack devstack@g-api.service[83327]: DEBUG glance.common.config [None req-28bf8978-a165-40af-94e0-5514bd5f3b40 None None] instance_format = [instance: %(uuid)s] {{(pid=83327) log_opt_values /opt/stack/data/venv/lib/python3.12/site-packages/oslo_config/cfg.py:3242}}
Jun 28 17:25:53 devstack devstack@g-api.service[83327]: DEBUG glance.common.config [None req-28bf8978-a165-40af-94e0-5514bd5f3b40 None None] instance_uuid_format = [instance: %(uuid)s] {{(pid=83327) log_opt_values /opt/stack/data/venv/lib/python3.12/site-packages/oslo_config/cfg.py:3242}}
Jun 28 17:25:53 devstack devstack@g-api.service[83327]: DEBUG glance.common.config [None req-28bf8978-a165-40af-94e0-5514bd5f3b40 None None] limit_param_default = 25 {{(pid=83327) log_opt_values /opt/stack/data/venv/lib/python3.12/site-packages/oslo_config/cfg.py:3242}}
Jun 28 17:25:53 devstack devstack@g-api.service[83327]: DEBUG glance.common.config [None req-28bf8978-a165-40af-94e0-5514bd5f3b40 None None] log_color = False {{(pid=83327) log_opt_values /opt/stack/data/venv/lib/python3.12/site-packages/oslo_config/cfg.py:3242}}
Jun 28 17:25:53 devstack devstack@g-api.service[83329]: INFO glance.api.middleware.cache [None req-ecb51688-d4a5-46ca-a003-2a9f3f3fa462 None None] Initialized image cache middleware
Jun 28 17:25:53 devstack devstack@g-api.service[83327]: DEBUG glance.common.config [None req-28bf8978-a165-40af-94e0-5514bd5f3b40 None None] log_config_append = None {{(pid=83327) log_opt_values /opt/stack/data/venv/lib/python3.12/site-packages/oslo_config/cfg.py:3242}}
Jun 28 17:25:53 devstack devstack@g-api.service[83327]: DEBUG glance.common.config [None req-28bf8978-a165-40af-94e0-5514bd5f3b40 None None] log_date_format = %Y-%m-%d %H:%M:%S {{(pid=83327) log_opt_values /opt/stack/data/venv/lib/python3.12/site-packages/oslo_config/cfg.py:3242}}
Jun 28 17:25:53 devstack devstack@g-api.service[83327]: DEBUG glance.common.config [None req-28bf8978-a165-40af-94e0-5514bd5f3b40 None None] log_dir = None {{(pid=83327) log_opt_values /opt/stack/data/venv/lib/python3.12/site-packages/oslo_config/cfg.py:3242}}
Jun 28 17:25:53 devstack devstack@g-api.service[83327]: DEBUG glance.common.config [None req-28bf8978-a165-40af-94e0-5514bd5f3b40 None None] log_file = None {{(pid=83327) log_opt_values /opt/stack/data/venv/lib/python3.12/site-packages/oslo_config/cfg.py:3242}}
Jun 28 17:25:53 devstack devstack@g-api.service[83327]: DEBUG glance.common.config [None req-28bf8978-a165-40af-94e0-5514bd5f3b40 None None] log_rotate_interval = 1 {{(pid=83327) log_opt_values /opt/stack/data/venv/lib/python3.12/site-packages/oslo_config/cfg.py:3242}}
Jun 28 17:25:53 devstack devstack@g-api.service[83327]: DEBUG glance.common.config [None req-28bf8978-a165-40af-94e0-5514bd5f3b40 None None] log_rotate_interval_type = days {{(pid=83327) log_opt_values /opt/stack/data/venv/lib/python3.12/site-packages/oslo_config/cfg.py:3242}}
Jun 28 17:25:53 devstack devstack@g-api.service[83327]: DEBUG glance.common.config [None req-28bf8978-a165-40af-94e0-5514bd5f3b40 None None] log_rotation_type = none {{(pid=83327) log_opt_values /opt/stack/data/venv/lib/python3.12/site-packages/oslo_config/cfg.py:3242}}
Jun 28 17:25:53 devstack devstack@g-api.service[83327]: DEBUG glance.common.config [None req-28bf8978-a165-40af-94e0-5514bd5f3b40 None None] logging_context_format_string = %(color)s%(levelname)s %(name)s [%(global_request_id)s %(request_id)s %(project_name)s %(user_name)s%(color)s] %(instance)s%(color)s%(message)s {{(pid=83327) log_opt_values /opt/stack/data/venv/lib/python3.12/site-packages/oslo_config/cfg.py:3242}}
Jun 28 17:25:53 devstack devstack@g-api.service[83327]: DEBUG glance.common.config [None req-28bf8978-a165-40af-94e0-5514bd5f3b40 None None] logging_debug_format_suffix = {{(pid=%(process)d) %(funcName)s %(pathname)s:%(lineno)d}} {{(pid=83327) log_opt_values /opt/stack/data/venv/lib/python3.12/site-packages/oslo_config/cfg.py:3242}}
Jun 28 17:25:53 devstack devstack@g-api.service[83327]: DEBUG glance.common.config [None req-28bf8978-a165-40af-94e0-5514bd5f3b40 None None] logging_default_format_string = %(color)s%(levelname)s %(name)s [-%(color)s] %(instance)s%(color)s%(message)s {{(pid=83327) log_opt_values /opt/stack/data/venv/lib/python3.12/site-packages/oslo_config/cfg.py:3242}}
Jun 28 17:25:53 devstack devstack@g-api.service[83327]: DEBUG glance.common.config [None req-28bf8978-a165-40af-94e0-5514bd5f3b40 None None] logging_exception_prefix = ERROR %(name)s %(instance)s {{(pid=83327) log_opt_values /opt/stack/data/venv/lib/python3.12/site-packages/oslo_config/cfg.py:3242}}
Jun 28 17:25:53 devstack devstack@g-api.service[83327]: DEBUG glance.common.config [None req-28bf8978-a165-40af-94e0-5514bd5f3b40 None None] logging_user_identity_format = %(user)s %(project)s %(domain)s %(system_scope)s %(user_domain)s %(project_domain)s {{(pid=83327) log_opt_values /opt/stack/data/venv/lib/python3.12/site-packages/oslo_config/cfg.py:3242}}
Jun 28 17:25:53 devstack devstack@g-api.service[83327]: DEBUG glance.common.config [None req-28bf8978-a165-40af-94e0-5514bd5f3b40 None None] max_header_line = 16384 {{(pid=83327) log_opt_values /opt/stack/data/venv/lib/python3.12/site-packages/oslo_config/cfg.py:3242}}
Jun 28 17:25:53 devstack devstack@g-api.service[83327]: DEBUG glance.common.config [None req-28bf8978-a165-40af-94e0-5514bd5f3b40 None None] max_logfile_count = 30 {{(pid=83327) log_opt_values /opt/stack/data/venv/lib/python3.12/site-packages/oslo_config/cfg.py:3242}}
Jun 28 17:25:53 devstack devstack@g-api.service[83327]: DEBUG glance.common.config [None req-28bf8978-a165-40af-94e0-5514bd5f3b40 None None] max_logfile_size_mb = 200 {{(pid=83327) log_opt_values /opt/stack/data/venv/lib/python3.12/site-packages/oslo_config/cfg.py:3242}}
Jun 28 17:25:53 devstack devstack@g-api.service[83327]: DEBUG glance.common.config [None req-28bf8978-a165-40af-94e0-5514bd5f3b40 None None] max_request_id_length = 64 {{(pid=83327) log_opt_values /opt/stack/data/venv/lib/python3.12/site-packages/oslo_config/cfg.py:3242}}
Jun 28 17:25:53 devstack devstack@g-api.service[83327]: DEBUG glance.common.config [None req-28bf8978-a165-40af-94e0-5514bd5f3b40 None None] metadata_encryption_key = **** {{(pid=83327) log_opt_values /opt/stack/data/venv/lib/python3.12/site-packages/oslo_config/cfg.py:3242}}
Jun 28 17:25:53 devstack devstack@g-api.service[83327]: DEBUG glance.common.config [None req-28bf8978-a165-40af-94e0-5514bd5f3b40 None None] node_staging_uri = file:///tmp/staging/ {{(pid=83327) log_opt_values /opt/stack/data/venv/lib/python3.12/site-packages/oslo_config/cfg.py:3242}}
Jun 28 17:25:53 devstack devstack@g-api.service[83327]: DEBUG glance.common.config [None req-28bf8978-a165-40af-94e0-5514bd5f3b40 None None] property_protection_file = None {{(pid=83327) log_opt_values /opt/stack/data/venv/lib/python3.12/site-packages/oslo_config/cfg.py:3242}}
Jun 28 17:25:53 devstack devstack@g-api.service[83327]: DEBUG glance.common.config [None req-28bf8978-a165-40af-94e0-5514bd5f3b40 None None] property_protection_rule_format = roles {{(pid=83327) log_opt_values /opt/stack/data/venv/lib/python3.12/site-packages/oslo_config/cfg.py:3242}}
Jun 28 17:25:53 devstack devstack@g-api.service[83327]: DEBUG glance.common.config [None req-28bf8978-a165-40af-94e0-5514bd5f3b40 None None] public_endpoint = http://192.168.122.244/image {{(pid=83327) log_opt_values /opt/stack/data/venv/lib/python3.12/site-packages/oslo_config/cfg.py:3242}}
Jun 28 17:25:53 devstack devstack@g-api.service[83327]: DEBUG glance.common.config [None req-28bf8978-a165-40af-94e0-5514bd5f3b40 None None] publish_errors = False {{(pid=83327) log_opt_values /opt/stack/data/venv/lib/python3.12/site-packages/oslo_config/cfg.py:3242}}
Jun 28 17:25:53 devstack devstack@g-api.service[83327]: DEBUG glance.common.config [None req-28bf8978-a165-40af-94e0-5514bd5f3b40 None None] pydev_worker_debug_host = None {{(pid=83327) log_opt_values /opt/stack/data/venv/lib/python3.12/site-packages/oslo_config/cfg.py:3242}}
Jun 28 17:25:53 devstack devstack@g-api.service[83327]: DEBUG glance.common.config [None req-28bf8978-a165-40af-94e0-5514bd5f3b40 None None] pydev_worker_debug_port = 5678 {{(pid=83327) log_opt_values /opt/stack/data/venv/lib/python3.12/site-packages/oslo_config/cfg.py:3242}}
Jun 28 17:25:53 devstack devstack@g-api.service[83327]: DEBUG glance.common.config [None req-28bf8978-a165-40af-94e0-5514bd5f3b40 None None] rate_limit_burst = 0 {{(pid=83327) log_opt_values /opt/stack/data/venv/lib/python3.12/site-packages/oslo_config/cfg.py:3242}}
Jun 28 17:25:53 devstack devstack@g-api.service[83327]: DEBUG glance.common.config [None req-28bf8978-a165-40af-94e0-5514bd5f3b40 None None] rate_limit_except_level = CRITICAL {{(pid=83327) log_opt_values /opt/stack/data/venv/lib/python3.12/site-packages/oslo_config/cfg.py:3242}}
Jun 28 17:25:53 devstack devstack@g-api.service[83327]: DEBUG glance.common.config [None req-28bf8978-a165-40af-94e0-5514bd5f3b40 None None] rate_limit_interval = 0 {{(pid=83327) log_opt_values /opt/stack/data/venv/lib/python3.12/site-packages/oslo_config/cfg.py:3242}}
Jun 28 17:25:53 devstack devstack@g-api.service[83327]: DEBUG glance.common.config [None req-28bf8978-a165-40af-94e0-5514bd5f3b40 None None] scrub_pool_size = 1 {{(pid=83327) log_opt_values /opt/stack/data/venv/lib/python3.12/site-packages/oslo_config/cfg.py:3242}}
Jun 28 17:25:53 devstack devstack@g-api.service[83327]: DEBUG glance.common.config [None req-28bf8978-a165-40af-94e0-5514bd5f3b40 None None] scrub_time = 0 {{(pid=83327) log_opt_values /opt/stack/data/venv/lib/python3.12/site-packages/oslo_config/cfg.py:3242}}
Jun 28 17:25:53 devstack devstack@g-api.service[83327]: DEBUG glance.common.config [None req-28bf8978-a165-40af-94e0-5514bd5f3b40 None None] shell_completion = None {{(pid=83327) log_opt_values /opt/stack/data/venv/lib/python3.12/site-packages/oslo_config/cfg.py:3242}}
Jun 28 17:25:53 devstack devstack@g-api.service[83327]: DEBUG glance.common.config [None req-28bf8978-a165-40af-94e0-5514bd5f3b40 None None] show_image_direct_url = False {{(pid=83327) log_opt_values /opt/stack/data/venv/lib/python3.12/site-packages/oslo_config/cfg.py:3242}}
