Jun 28 17:35:36 devstack sudo[98401]: pam_unix(sudo:session): session opened for user root(uid=0) by (uid=1000)
Jun 28 17:35:37 devstack sudo[98401]: pam_unix(sudo:session): session closed for user root
Jun 28 17:35:37 devstack cinder-volume[93488]: DEBUG oslo_concurrency.processutils [None req-dcf2b7b4-b3d2-452f-8b9a-ce885ce630b7 tempest-GroupSnapshotsTest-1140623757 None] CMD "/opt/stack/data/venv/bin/python3.12 -m oslo_concurrency.prlimit --as=1073741824 --cpu=60 -- sudo cinder-rootwrap /etc/cinder/rootwrap.conf env LC_ALL=C qemu-img info -f qcow2 --output=json --force-share /opt/stack/data/cinder/mnt/b6de582dae7f3f0e58113e37a70a73e0/volume-31cf3c26-bf05-4deb-9dfb-a8661a7bb58e" returned: 0 in 0.822s {{(pid=93488) execute /opt/stack/data/venv/lib/python3.12/site-packages/oslo_concurrency/processutils.py:468}}
Jun 28 17:35:37 devstack cinder-volume[93488]: DEBUG oslo_concurrency.processutils [None req-dcf2b7b4-b3d2-452f-8b9a-ce885ce630b7 tempest-GroupSnapshotsTest-1140623757 None] Running cmd (subprocess): sudo cinder-rootwrap /etc/cinder/rootwrap.conf qemu-img create -f qcow2 -o backing_file=/opt/stack/data/cinder/mnt/b6de582dae7f3f0e58113e37a70a73e0/volume-31cf3c26-bf05-4deb-9dfb-a8661a7bb58e,backing_fmt=qcow2 /opt/stack/data/cinder/mnt/b6de582dae7f3f0e58113e37a70a73e0/volume-31cf3c26-bf05-4deb-9dfb-a8661a7bb58e.30926976-f624-4336-a31b-b0df0872ac3f 1G {{(pid=93488) execute /opt/stack/data/venv/lib/python3.12/site-packages/oslo_concurrency/processutils.py:440}}
Jun 28 17:35:37 devstack sudo[98406]: quobyte : PWD=/ ; USER=root ; COMMAND=/opt/stack/data/venv/bin/cinder-rootwrap /etc/cinder/rootwrap.conf qemu-img create -f qcow2 -o backing_file=/opt/stack/data/cinder/mnt/b6de582dae7f3f0e58113e37a70a73e0/volume-31cf3c26-bf05-4deb-9dfb-a8661a7bb58e,backing_fmt=qcow2 /opt/stack/data/cinder/mnt/b6de582dae7f3f0e58113e37a70a73e0/volume-31cf3c26-bf05-4deb-9dfb-a8661a7bb58e.30926976-f624-4336-a31b-b0df0872ac3f 1G
Jun 28 17:35:37 devstack sudo[98406]: pam_unix(sudo:session): session opened for user root(uid=0) by (uid=1000)
Jun 28 17:35:38 devstack sudo[98406]: pam_unix(sudo:session): session closed for user root
Jun 28 17:35:38 devstack cinder-volume[93488]: DEBUG oslo_concurrency.processutils [None req-dcf2b7b4-b3d2-452f-8b9a-ce885ce630b7 tempest-GroupSnapshotsTest-1140623757 None] CMD "sudo cinder-rootwrap /etc/cinder/rootwrap.conf qemu-img create -f qcow2 -o backing_file=/opt/stack/data/cinder/mnt/b6de582dae7f3f0e58113e37a70a73e0/volume-31cf3c26-bf05-4deb-9dfb-a8661a7bb58e,backing_fmt=qcow2 /opt/stack/data/cinder/mnt/b6de582dae7f3f0e58113e37a70a73e0/volume-31cf3c26-bf05-4deb-9dfb-a8661a7bb58e.30926976-f624-4336-a31b-b0df0872ac3f 1G" returned: 0 in 0.854s {{(pid=93488) execute /opt/stack/data/venv/lib/python3.12/site-packages/oslo_concurrency/processutils.py:468}}
Jun 28 17:35:38 devstack cinder-volume[93488]: DEBUG oslo_concurrency.processutils [None req-dcf2b7b4-b3d2-452f-8b9a-ce885ce630b7 tempest-GroupSnapshotsTest-1140623757 None] Running cmd (subprocess): sudo cinder-rootwrap /etc/cinder/rootwrap.conf qemu-img rebase -u -b volume-31cf3c26-bf05-4deb-9dfb-a8661a7bb58e -F qcow2 /opt/stack/data/cinder/mnt/b6de582dae7f3f0e58113e37a70a73e0/volume-31cf3c26-bf05-4deb-9dfb-a8661a7bb58e.30926976-f624-4336-a31b-b0df0872ac3f {{(pid=93488) execute /opt/stack/data/venv/lib/python3.12/site-packages/oslo_concurrency/processutils.py:440}}
Jun 28 17:35:38 devstack sudo[98416]: quobyte : PWD=/ ; USER=root ; COMMAND=/opt/stack/data/venv/bin/cinder-rootwrap /etc/cinder/rootwrap.conf qemu-img rebase -u -b volume-31cf3c26-bf05-4deb-9dfb-a8661a7bb58e -F qcow2 /opt/stack/data/cinder/mnt/b6de582dae7f3f0e58113e37a70a73e0/volume-31cf3c26-bf05-4deb-9dfb-a8661a7bb58e.30926976-f624-4336-a31b-b0df0872ac3f
Jun 28 17:35:38 devstack sudo[98416]: pam_unix(sudo:session): session opened for user root(uid=0) by (uid=1000)
Jun 28 17:35:38 devstack sudo[98416]: pam_unix(sudo:session): session closed for user root
Jun 28 17:35:38 devstack cinder-volume[93488]: DEBUG oslo_concurrency.processutils [None req-dcf2b7b4-b3d2-452f-8b9a-ce885ce630b7 tempest-GroupSnapshotsTest-1140623757 None] CMD "sudo cinder-rootwrap /etc/cinder/rootwrap.conf qemu-img rebase -u -b volume-31cf3c26-bf05-4deb-9dfb-a8661a7bb58e -F qcow2 /opt/stack/data/cinder/mnt/b6de582dae7f3f0e58113e37a70a73e0/volume-31cf3c26-bf05-4deb-9dfb-a8661a7bb58e.30926976-f624-4336-a31b-b0df0872ac3f" returned: 0 in 0.808s {{(pid=93488) execute /opt/stack/data/venv/lib/python3.12/site-packages/oslo_concurrency/processutils.py:468}}
Jun 28 17:35:38 devstack cinder-volume[93488]: WARNING cinder.volume.drivers.remotefs [None req-dcf2b7b4-b3d2-452f-8b9a-ce885ce630b7 tempest-GroupSnapshotsTest-1140623757 None] /opt/stack/data/cinder/mnt/b6de582dae7f3f0e58113e37a70a73e0/volume-31cf3c26-bf05-4deb-9dfb-a8661a7bb58e.30926976-f624-4336-a31b-b0df0872ac3f is being set with open permissions: ugo+rw: NotImplementedError
Jun 28 17:35:38 devstack cinder-volume[93488]: DEBUG oslo_concurrency.processutils [None req-dcf2b7b4-b3d2-452f-8b9a-ce885ce630b7 tempest-GroupSnapshotsTest-1140623757 None] Running cmd (subprocess): sudo cinder-rootwrap /etc/cinder/rootwrap.conf chmod ugo+rw /opt/stack/data/cinder/mnt/b6de582dae7f3f0e58113e37a70a73e0/volume-31cf3c26-bf05-4deb-9dfb-a8661a7bb58e.30926976-f624-4336-a31b-b0df0872ac3f {{(pid=93488) execute /opt/stack/data/venv/lib/python3.12/site-packages/oslo_concurrency/processutils.py:440}}
Jun 28 17:35:38 devstack sudo[98421]: quobyte : PWD=/ ; USER=root ; COMMAND=/opt/stack/data/venv/bin/cinder-rootwrap /etc/cinder/rootwrap.conf chmod ugo+rw /opt/stack/data/cinder/mnt/b6de582dae7f3f0e58113e37a70a73e0/volume-31cf3c26-bf05-4deb-9dfb-a8661a7bb58e.30926976-f624-4336-a31b-b0df0872ac3f
Jun 28 17:35:38 devstack sudo[98421]: pam_unix(sudo:session): session opened for user root(uid=0) by (uid=1000)
Jun 28 17:35:40 devstack sudo[98421]: pam_unix(sudo:session): session closed for user root
Jun 28 17:35:40 devstack cinder-volume[93488]: DEBUG oslo_concurrency.processutils [None req-dcf2b7b4-b3d2-452f-8b9a-ce885ce630b7 tempest-GroupSnapshotsTest-1140623757 None] CMD "sudo cinder-rootwrap /etc/cinder/rootwrap.conf chmod ugo+rw /opt/stack/data/cinder/mnt/b6de582dae7f3f0e58113e37a70a73e0/volume-31cf3c26-bf05-4deb-9dfb-a8661a7bb58e.30926976-f624-4336-a31b-b0df0872ac3f" returned: 0 in 1.071s {{(pid=93488) execute /opt/stack/data/venv/lib/python3.12/site-packages/oslo_concurrency/processutils.py:468}}
Jun 28 17:35:40 devstack cinder-volume[93488]: DEBUG oslo_concurrency.processutils [None req-dcf2b7b4-b3d2-452f-8b9a-ce885ce630b7 tempest-GroupSnapshotsTest-1140623757 None] Running cmd (subprocess): sudo cinder-rootwrap /etc/cinder/rootwrap.conf truncate -s0 /opt/stack/data/cinder/mnt/b6de582dae7f3f0e58113e37a70a73e0/volume-31cf3c26-bf05-4deb-9dfb-a8661a7bb58e.info {{(pid=93488) execute /opt/stack/data/venv/lib/python3.12/site-packages/oslo_concurrency/processutils.py:440}}
Jun 28 17:35:40 devstack sudo[98425]: quobyte : PWD=/ ; USER=root ; COMMAND=/opt/stack/data/venv/bin/cinder-rootwrap /etc/cinder/rootwrap.conf truncate -s0 /opt/stack/data/cinder/mnt/b6de582dae7f3f0e58113e37a70a73e0/volume-31cf3c26-bf05-4deb-9dfb-a8661a7bb58e.info
Jun 28 17:35:40 devstack sudo[98425]: pam_unix(sudo:session): session opened for user root(uid=0) by (uid=1000)
Jun 28 17:35:40 devstack cinder-volume[93488]: DEBUG oslo_concurrency.lockutils [req-18945c67-5aff-48c3-bc9b-067bfdb1937a req-4933430f-cab4-4748-bad6-a2afc425556e tempest-AttachVolumeTestJSON-1375893440 None] Acquiring lock "quobyte" by "cinder.volume.drivers.quobyte.QuobyteDriver.initialize_connection" {{(pid=93488) inner /opt/stack/data/venv/lib/python3.12/site-packages/oslo_concurrency/lockutils.py:511}}
Jun 28 17:35:40 devstack sudo[98425]: pam_unix(sudo:session): session closed for user root
Jun 28 17:35:40 devstack cinder-volume[93488]: DEBUG oslo_concurrency.processutils [None req-dcf2b7b4-b3d2-452f-8b9a-ce885ce630b7 tempest-GroupSnapshotsTest-1140623757 None] CMD "sudo cinder-rootwrap /etc/cinder/rootwrap.conf truncate -s0 /opt/stack/data/cinder/mnt/b6de582dae7f3f0e58113e37a70a73e0/volume-31cf3c26-bf05-4deb-9dfb-a8661a7bb58e.info" returned: 0 in 0.889s {{(pid=93488) execute /opt/stack/data/venv/lib/python3.12/site-packages/oslo_concurrency/processutils.py:468}}
Jun 28 17:35:40 devstack cinder-volume[93488]: WARNING cinder.volume.drivers.remotefs [None req-dcf2b7b4-b3d2-452f-8b9a-ce885ce630b7 tempest-GroupSnapshotsTest-1140623757 None] /opt/stack/data/cinder/mnt/b6de582dae7f3f0e58113e37a70a73e0/volume-31cf3c26-bf05-4deb-9dfb-a8661a7bb58e.info is being set with open permissions: ugo+rw: NotImplementedError
Jun 28 17:35:40 devstack cinder-volume[93488]: DEBUG oslo_concurrency.processutils [None req-dcf2b7b4-b3d2-452f-8b9a-ce885ce630b7 tempest-GroupSnapshotsTest-1140623757 None] Running cmd (subprocess): sudo cinder-rootwrap /etc/cinder/rootwrap.conf chmod ugo+rw /opt/stack/data/cinder/mnt/b6de582dae7f3f0e58113e37a70a73e0/volume-31cf3c26-bf05-4deb-9dfb-a8661a7bb58e.info {{(pid=93488) execute /opt/stack/data/venv/lib/python3.12/site-packages/oslo_concurrency/processutils.py:440}}
Jun 28 17:35:41 devstack sudo[98448]: quobyte : PWD=/ ; USER=root ; COMMAND=/opt/stack/data/venv/bin/cinder-rootwrap /etc/cinder/rootwrap.conf chmod ugo+rw /opt/stack/data/cinder/mnt/b6de582dae7f3f0e58113e37a70a73e0/volume-31cf3c26-bf05-4deb-9dfb-a8661a7bb58e.info
Jun 28 17:35:41 devstack sudo[98448]: pam_unix(sudo:session): session opened for user root(uid=0) by (uid=1000)
Jun 28 17:35:41 devstack sudo[98448]: pam_unix(sudo:session): session closed for user root
Jun 28 17:35:41 devstack cinder-volume[93488]: DEBUG oslo_concurrency.processutils [None req-dcf2b7b4-b3d2-452f-8b9a-ce885ce630b7 tempest-GroupSnapshotsTest-1140623757 None] CMD "sudo cinder-rootwrap /etc/cinder/rootwrap.conf chmod ugo+rw /opt/stack/data/cinder/mnt/b6de582dae7f3f0e58113e37a70a73e0/volume-31cf3c26-bf05-4deb-9dfb-a8661a7bb58e.info" returned: 0 in 0.802s {{(pid=93488) execute /opt/stack/data/venv/lib/python3.12/site-packages/oslo_concurrency/processutils.py:468}}
Jun 28 17:35:41 devstack cinder-volume[93488]: DEBUG oslo_concurrency.lockutils [None req-dcf2b7b4-b3d2-452f-8b9a-ce885ce630b7 tempest-GroupSnapshotsTest-1140623757 None] Lock "quobyte" "released" by "cinder.volume.drivers.quobyte.QuobyteDriver.create_snapshot" :: held 5.393s {{(pid=93488) inner /opt/stack/data/venv/lib/python3.12/site-packages/oslo_concurrency/lockutils.py:543}}
Jun 28 17:35:41 devstack cinder-volume[93488]: DEBUG oslo_concurrency.lockutils [None req-dcf2b7b4-b3d2-452f-8b9a-ce885ce630b7 tempest-GroupSnapshotsTest-1140623757 None] Acquiring lock "quobyte" by "cinder.volume.drivers.quobyte.QuobyteDriver.create_snapshot" {{(pid=93488) inner /opt/stack/data/venv/lib/python3.12/site-packages/oslo_concurrency/lockutils.py:511}}
Jun 28 17:35:41 devstack cinder-volume[93488]: DEBUG oslo_concurrency.lockutils [None req-dcf2b7b4-b3d2-452f-8b9a-ce885ce630b7 tempest-GroupSnapshotsTest-1140623757 None] Lock "quobyte" acquired by "cinder.volume.drivers.quobyte.QuobyteDriver.create_snapshot" :: waited 0.000s {{(pid=93488) inner /opt/stack/data/venv/lib/python3.12/site-packages/oslo_concurrency/lockutils.py:524}}
Jun 28 17:35:41 devstack cinder-volume[93488]: DEBUG cinder.volume.drivers.remotefs [None req-dcf2b7b4-b3d2-452f-8b9a-ce885ce630b7 tempest-GroupSnapshotsTest-1140623757 None] Creating offline snapshot 5efa267d-69f9-4c91-8b0c-2dfe5932491b of volume 15002abb-4c28-4aa2-9ea1-5d39e6440569 {{(pid=93488) _create_snapshot /opt/stack/cinder/cinder/volume/drivers/remotefs.py:1815}}
Jun 28 17:35:41 devstack cinder-volume[93488]: DEBUG oslo.privsep.daemon [-] privsep: reply[f0a6b444-6782-48db-a783-7c98d20c118e]: (4, 'qcow2') {{(pid=94748) _call_back /opt/stack/data/venv/lib/python3.12/site-packages/oslo_privsep/daemon.py:580}}
Jun 28 17:35:41 devstack cinder-volume[93488]: DEBUG oslo_concurrency.processutils [None req-dcf2b7b4-b3d2-452f-8b9a-ce885ce630b7 tempest-GroupSnapshotsTest-1140623757 None] Running cmd (subprocess): /opt/stack/data/venv/bin/python3.12 -m oslo_concurrency.prlimit --as=1073741824 --cpu=60 -- sudo cinder-rootwrap /etc/cinder/rootwrap.conf env LC_ALL=C qemu-img info -f qcow2 --output=json --force-share /opt/stack/data/cinder/mnt/b6de582dae7f3f0e58113e37a70a73e0/volume-15002abb-4c28-4aa2-9ea1-5d39e6440569 {{(pid=93488) execute /opt/stack/data/venv/lib/python3.12/site-packages/oslo_concurrency/processutils.py:440}}
Jun 28 17:35:41 devstack sudo[98457]: quobyte : PWD=/ ; USER=root ; COMMAND=/opt/stack/data/venv/bin/cinder-rootwrap /etc/cinder/rootwrap.conf env LC_ALL=C qemu-img info -f qcow2 --output=json --force-share /opt/stack/data/cinder/mnt/b6de582dae7f3f0e58113e37a70a73e0/volume-15002abb-4c28-4aa2-9ea1-5d39e6440569
Jun 28 17:35:41 devstack sudo[98457]: pam_unix(sudo:session): session opened for user root(uid=0) by (uid=1000)
Jun 28 17:35:42 devstack sudo[98457]: pam_unix(sudo:session): session closed for user root
Jun 28 17:35:42 devstack cinder-volume[93488]: DEBUG oslo_concurrency.processutils [None req-dcf2b7b4-b3d2-452f-8b9a-ce885ce630b7 tempest-GroupSnapshotsTest-1140623757 None] CMD "/opt/stack/data/venv/bin/python3.12 -m oslo_concurrency.prlimit --as=1073741824 --cpu=60 -- sudo cinder-rootwrap /etc/cinder/rootwrap.conf env LC_ALL=C qemu-img info -f qcow2 --output=json --force-share /opt/stack/data/cinder/mnt/b6de582dae7f3f0e58113e37a70a73e0/volume-15002abb-4c28-4aa2-9ea1-5d39e6440569" returned: 0 in 0.989s {{(pid=93488) execute /opt/stack/data/venv/lib/python3.12/site-packages/oslo_concurrency/processutils.py:468}}
Jun 28 17:35:42 devstack cinder-volume[93488]: DEBUG oslo_concurrency.processutils [None req-dcf2b7b4-b3d2-452f-8b9a-ce885ce630b7 tempest-GroupSnapshotsTest-1140623757 None] Running cmd (subprocess): sudo cinder-rootwrap /etc/cinder/rootwrap.conf qemu-img create -f qcow2 -o backing_file=/opt/stack/data/cinder/mnt/b6de582dae7f3f0e58113e37a70a73e0/volume-15002abb-4c28-4aa2-9ea1-5d39e6440569,backing_fmt=qcow2 /opt/stack/data/cinder/mnt/b6de582dae7f3f0e58113e37a70a73e0/volume-15002abb-4c28-4aa2-9ea1-5d39e6440569.5efa267d-69f9-4c91-8b0c-2dfe5932491b 1G {{(pid=93488) execute /opt/stack/data/venv/lib/python3.12/site-packages/oslo_concurrency/processutils.py:440}}
Jun 28 17:35:42 devstack sudo[98464]: quobyte : PWD=/ ; USER=root ; COMMAND=/opt/stack/data/venv/bin/cinder-rootwrap /etc/cinder/rootwrap.conf qemu-img create -f qcow2 -o backing_file=/opt/stack/data/cinder/mnt/b6de582dae7f3f0e58113e37a70a73e0/volume-15002abb-4c28-4aa2-9ea1-5d39e6440569,backing_fmt=qcow2 /opt/stack/data/cinder/mnt/b6de582dae7f3f0e58113e37a70a73e0/volume-15002abb-4c28-4aa2-9ea1-5d39e6440569.5efa267d-69f9-4c91-8b0c-2dfe5932491b 1G
Jun 28 17:35:42 devstack sudo[98464]: pam_unix(sudo:session): session opened for user root(uid=0) by (uid=1000)
Jun 28 17:35:43 devstack sudo[98464]: pam_unix(sudo:session): session closed for user root
Jun 28 17:35:43 devstack cinder-volume[93488]: DEBUG oslo_concurrency.processutils [None req-dcf2b7b4-b3d2-452f-8b9a-ce885ce630b7 tempest-GroupSnapshotsTest-1140623757 None] CMD "sudo cinder-rootwrap /etc/cinder/rootwrap.conf qemu-img create -f qcow2 -o backing_file=/opt/stack/data/cinder/mnt/b6de582dae7f3f0e58113e37a70a73e0/volume-15002abb-4c28-4aa2-9ea1-5d39e6440569,backing_fmt=qcow2 /opt/stack/data/cinder/mnt/b6de582dae7f3f0e58113e37a70a73e0/volume-15002abb-4c28-4aa2-9ea1-5d39e6440569.5efa267d-69f9-4c91-8b0c-2dfe5932491b 1G" returned: 0 in 1.065s {{(pid=93488) execute /opt/stack/data/venv/lib/python3.12/site-packages/oslo_concurrency/processutils.py:468}}
Jun 28 17:35:43 devstack cinder-volume[93488]: DEBUG oslo_concurrency.processutils [None req-dcf2b7b4-b3d2-452f-8b9a-ce885ce630b7 tempest-GroupSnapshotsTest-1140623757 None] Running cmd (subprocess): sudo cinder-rootwrap /etc/cinder/rootwrap.conf qemu-img rebase -u -b volume-15002abb-4c28-4aa2-9ea1-5d39e6440569 -F qcow2 /opt/stack/data/cinder/mnt/b6de582dae7f3f0e58113e37a70a73e0/volume-15002abb-4c28-4aa2-9ea1-5d39e6440569.5efa267d-69f9-4c91-8b0c-2dfe5932491b {{(pid=93488) execute /opt/stack/data/venv/lib/python3.12/site-packages/oslo_concurrency/processutils.py:440}}
Jun 28 17:35:43 devstack sudo[98471]: quobyte : PWD=/ ; USER=root ; COMMAND=/opt/stack/data/venv/bin/cinder-rootwrap /etc/cinder/rootwrap.conf qemu-img rebase -u -b volume-15002abb-4c28-4aa2-9ea1-5d39e6440569 -F qcow2 /opt/stack/data/cinder/mnt/b6de582dae7f3f0e58113e37a70a73e0/volume-15002abb-4c28-4aa2-9ea1-5d39e6440569.5efa267d-69f9-4c91-8b0c-2dfe5932491b
Jun 28 17:35:43 devstack sudo[98471]: pam_unix(sudo:session): session opened for user root(uid=0) by (uid=1000)
Jun 28 17:35:44 devstack sudo[98471]: pam_unix(sudo:session): session closed for user root
Jun 28 17:35:44 devstack cinder-volume[93488]: DEBUG oslo_concurrency.processutils [None req-dcf2b7b4-b3d2-452f-8b9a-ce885ce630b7 tempest-GroupSnapshotsTest-1140623757 None] CMD "sudo cinder-rootwrap /etc/cinder/rootwrap.conf qemu-img rebase -u -b volume-15002abb-4c28-4aa2-9ea1-5d39e6440569 -F qcow2 /opt/stack/data/cinder/mnt/b6de582dae7f3f0e58113e37a70a73e0/volume-15002abb-4c28-4aa2-9ea1-5d39e6440569.5efa267d-69f9-4c91-8b0c-2dfe5932491b" returned: 0 in 0.906s {{(pid=93488) execute /opt/stack/data/venv/lib/python3.12/site-packages/oslo_concurrency/processutils.py:468}}
Jun 28 17:35:44 devstack cinder-volume[93488]: WARNING cinder.volume.drivers.remotefs [None req-dcf2b7b4-b3d2-452f-8b9a-ce885ce630b7 tempest-GroupSnapshotsTest-1140623757 None] /opt/stack/data/cinder/mnt/b6de582dae7f3f0e58113e37a70a73e0/volume-15002abb-4c28-4aa2-9ea1-5d39e6440569.5efa267d-69f9-4c91-8b0c-2dfe5932491b is being set with open permissions: ugo+rw: NotImplementedError
Jun 28 17:35:44 devstack cinder-volume[93488]: DEBUG oslo_concurrency.processutils [None req-dcf2b7b4-b3d2-452f-8b9a-ce885ce630b7 tempest-GroupSnapshotsTest-1140623757 None] Running cmd (subprocess): sudo cinder-rootwrap /etc/cinder/rootwrap.conf chmod ugo+rw /opt/stack/data/cinder/mnt/b6de582dae7f3f0e58113e37a70a73e0/volume-15002abb-4c28-4aa2-9ea1-5d39e6440569.5efa267d-69f9-4c91-8b0c-2dfe5932491b {{(pid=93488) execute /opt/stack/data/venv/lib/python3.12/site-packages/oslo_concurrency/processutils.py:440}}
Jun 28 17:35:44 devstack sudo[98476]: quobyte : PWD=/ ; USER=root ; COMMAND=/opt/stack/data/venv/bin/cinder-rootwrap /etc/cinder/rootwrap.conf chmod ugo+rw /opt/stack/data/cinder/mnt/b6de582dae7f3f0e58113e37a70a73e0/volume-15002abb-4c28-4aa2-9ea1-5d39e6440569.5efa267d-69f9-4c91-8b0c-2dfe5932491b
Jun 28 17:35:44 devstack sudo[98476]: pam_unix(sudo:session): session opened for user root(uid=0) by (uid=1000)
Jun 28 17:35:45 devstack sudo[98476]: pam_unix(sudo:session): session closed for user root
Jun 28 17:35:45 devstack cinder-volume[93488]: DEBUG oslo_concurrency.processutils [None req-dcf2b7b4-b3d2-452f-8b9a-ce885ce630b7 tempest-GroupSnapshotsTest-1140623757 None] CMD "sudo cinder-rootwrap /etc/cinder/rootwrap.conf chmod ugo+rw /opt/stack/data/cinder/mnt/b6de582dae7f3f0e58113e37a70a73e0/volume-15002abb-4c28-4aa2-9ea1-5d39e6440569.5efa267d-69f9-4c91-8b0c-2dfe5932491b" returned: 0 in 0.702s {{(pid=93488) execute /opt/stack/data/venv/lib/python3.12/site-packages/oslo_concurrency/processutils.py:468}}
Jun 28 17:35:45 devstack cinder-volume[93488]: DEBUG oslo_concurrency.processutils [None req-dcf2b7b4-b3d2-452f-8b9a-ce885ce630b7 tempest-GroupSnapshotsTest-1140623757 None] Running cmd (subprocess): sudo cinder-rootwrap /etc/cinder/rootwrap.conf truncate -s0 /opt/stack/data/cinder/mnt/b6de582dae7f3f0e58113e37a70a73e0/volume-15002abb-4c28-4aa2-9ea1-5d39e6440569.info {{(pid=93488) execute /opt/stack/data/venv/lib/python3.12/site-packages/oslo_concurrency/processutils.py:440}}
Jun 28 17:35:45 devstack sudo[98479]: quobyte : PWD=/ ; USER=root ; COMMAND=/opt/stack/data/venv/bin/cinder-rootwrap /etc/cinder/rootwrap.conf truncate -s0 /opt/stack/data/cinder/mnt/b6de582dae7f3f0e58113e37a70a73e0/volume-15002abb-4c28-4aa2-9ea1-5d39e6440569.info
Jun 28 17:35:45 devstack sudo[98479]: pam_unix(sudo:session): session opened for user root(uid=0) by (uid=1000)
Jun 28 17:35:46 devstack sudo[98479]: pam_unix(sudo:session): session closed for user root
Jun 28 17:35:46 devstack cinder-volume[93488]: DEBUG oslo_concurrency.processutils [None req-dcf2b7b4-b3d2-452f-8b9a-ce885ce630b7 tempest-GroupSnapshotsTest-1140623757 None] CMD "sudo cinder-rootwrap /etc/cinder/rootwrap.conf truncate -s0 /opt/stack/data/cinder/mnt/b6de582dae7f3f0e58113e37a70a73e0/volume-15002abb-4c28-4aa2-9ea1-5d39e6440569.info" returned: 0 in 0.696s {{(pid=93488) execute /opt/stack/data/venv/lib/python3.12/site-packages/oslo_concurrency/processutils.py:468}}
Jun 28 17:35:46 devstack cinder-volume[93488]: WARNING cinder.volume.drivers.remotefs [None req-dcf2b7b4-b3d2-452f-8b9a-ce885ce630b7 tempest-GroupSnapshotsTest-1140623757 None] /opt/stack/data/cinder/mnt/b6de582dae7f3f0e58113e37a70a73e0/volume-15002abb-4c28-4aa2-9ea1-5d39e6440569.info is being set with open permissions: ugo+rw: NotImplementedError
Jun 28 17:35:46 devstack cinder-volume[93488]: DEBUG oslo_concurrency.processutils [None req-dcf2b7b4-b3d2-452f-8b9a-ce885ce630b7 tempest-GroupSnapshotsTest-1140623757 None] Running cmd (subprocess): sudo cinder-rootwrap /etc/cinder/rootwrap.conf chmod ugo+rw /opt/stack/data/cinder/mnt/b6de582dae7f3f0e58113e37a70a73e0/volume-15002abb-4c28-4aa2-9ea1-5d39e6440569.info {{(pid=93488) execute /opt/stack/data/venv/lib/python3.12/site-packages/oslo_concurrency/processutils.py:440}}
Jun 28 17:35:46 devstack sudo[98490]: quobyte : PWD=/ ; USER=root ; COMMAND=/opt/stack/data/venv/bin/cinder-rootwrap /etc/cinder/rootwrap.conf chmod ugo+rw /opt/stack/data/cinder/mnt/b6de582dae7f3f0e58113e37a70a73e0/volume-15002abb-4c28-4aa2-9ea1-5d39e6440569.info
Jun 28 17:35:46 devstack sudo[98490]: pam_unix(sudo:session): session opened for user root(uid=0) by (uid=1000)
Jun 28 17:35:46 devstack sudo[98490]: pam_unix(sudo:session): session closed for user root
Jun 28 17:35:46 devstack cinder-volume[93488]: DEBUG oslo_concurrency.processutils [None req-dcf2b7b4-b3d2-452f-8b9a-ce885ce630b7 tempest-GroupSnapshotsTest-1140623757 None] CMD "sudo cinder-rootwrap /etc/cinder/rootwrap.conf chmod ugo+rw /opt/stack/data/cinder/mnt/b6de582dae7f3f0e58113e37a70a73e0/volume-15002abb-4c28-4aa2-9ea1-5d39e6440569.info" returned: 0 in 0.676s {{(pid=93488) execute /opt/stack/data/venv/lib/python3.12/site-packages/oslo_concurrency/processutils.py:468}}
Jun 28 17:35:46 devstack cinder-volume[93488]: DEBUG oslo_concurrency.lockutils [None req-dcf2b7b4-b3d2-452f-8b9a-ce885ce630b7 tempest-GroupSnapshotsTest-1140623757 None] Lock "quobyte" "released" by "cinder.volume.drivers.quobyte.QuobyteDriver.create_snapshot" :: held 5.144s {{(pid=93488) inner /opt/stack/data/venv/lib/python3.12/site-packages/oslo_concurrency/lockutils.py:543}}
Jun 28 17:35:46 devstack cinder-volume[93488]: DEBUG oslo_concurrency.lockutils [req-18945c67-5aff-48c3-bc9b-067bfdb1937a req-4933430f-cab4-4748-bad6-a2afc425556e tempest-AttachVolumeTestJSON-1375893440 None] Lock "quobyte" acquired by "cinder.volume.drivers.quobyte.QuobyteDriver.initialize_connection" :: waited 6.081s {{(pid=93488) inner /opt/stack/data/venv/lib/python3.12/site-packages/oslo_concurrency/lockutils.py:524}}
Jun 28 17:35:46 devstack cinder-volume[93488]: DEBUG oslo.privsep.daemon [-] privsep: reply[637464e8-d4b1-4c01-817f-f0da5b4e4046]: (4, 'qcow2') {{(pid=94748) _call_back /opt/stack/data/venv/lib/python3.12/site-packages/oslo_privsep/daemon.py:580}}
Jun 28 17:35:46 devstack cinder-volume[93488]: DEBUG oslo_concurrency.processutils [req-18945c67-5aff-48c3-bc9b-067bfdb1937a req-4933430f-cab4-4748-bad6-a2afc425556e tempest-AttachVolumeTestJSON-1375893440 None] Running cmd (subprocess): /opt/stack/data/venv/bin/python3.12 -m oslo_concurrency.prlimit --as=1073741824 --cpu=60 -- sudo cinder-rootwrap /etc/cinder/rootwrap.conf env LC_ALL=C qemu-img info -f qcow2 --output=json --force-share /opt/stack/data/cinder/mnt/b6de582dae7f3f0e58113e37a70a73e0/volume-28a81365-08f8-4ee6-bb4c-5250a38df375 {{(pid=93488) execute /opt/stack/data/venv/lib/python3.12/site-packages/oslo_concurrency/processutils.py:440}}
Jun 28 17:35:47 devstack sudo[98495]: quobyte : PWD=/ ; USER=root ; COMMAND=/opt/stack/data/venv/bin/cinder-rootwrap /etc/cinder/rootwrap.conf env LC_ALL=C qemu-img info -f qcow2 --output=json --force-share /opt/stack/data/cinder/mnt/b6de582dae7f3f0e58113e37a70a73e0/volume-28a81365-08f8-4ee6-bb4c-5250a38df375
Jun 28 17:35:47 devstack sudo[98495]: pam_unix(sudo:session): session opened for user root(uid=0) by (uid=1000)
Jun 28 17:35:47 devstack cinder-volume[93488]: INFO cinder.volume.manager [None req-dcf2b7b4-b3d2-452f-8b9a-ce885ce630b7 tempest-GroupSnapshotsTest-1140623757 None] group_snapshot 41e5806d-c3d0-4eb3-b367-747315c95f49: created successfully
Jun 28 17:35:47 devstack sudo[98495]: pam_unix(sudo:session): session closed for user root
Jun 28 17:35:47 devstack cinder-volume[93488]: DEBUG oslo_concurrency.processutils [req-18945c67-5aff-48c3-bc9b-067bfdb1937a req-4933430f-cab4-4748-bad6-a2afc425556e tempest-AttachVolumeTestJSON-1375893440 None] CMD "/opt/stack/data/venv/bin/python3.12 -m oslo_concurrency.prlimit --as=1073741824 --cpu=60 -- sudo cinder-rootwrap /etc/cinder/rootwrap.conf env LC_ALL=C qemu-img info -f qcow2 --output=json --force-share /opt/stack/data/cinder/mnt/b6de582dae7f3f0e58113e37a70a73e0/volume-28a81365-08f8-4ee6-bb4c-5250a38df375" returned: 0 in 0.803s {{(pid=93488) execute /opt/stack/data/venv/lib/python3.12/site-packages/oslo_concurrency/processutils.py:468}}
Jun 28 17:35:47 devstack cinder-volume[93488]: DEBUG oslo_concurrency.lockutils [req-18945c67-5aff-48c3-bc9b-067bfdb1937a req-4933430f-cab4-4748-bad6-a2afc425556e tempest-AttachVolumeTestJSON-1375893440 None] Lock "quobyte" "released" by "cinder.volume.drivers.quobyte.QuobyteDriver.initialize_connection" :: held 0.824s {{(pid=93488) inner /opt/stack/data/venv/lib/python3.12/site-packages/oslo_concurrency/lockutils.py:543}}
Jun 28 17:35:47 devstack cinder-volume[93488]: DEBUG cinder.volume.manager [req-18945c67-5aff-48c3-bc9b-067bfdb1937a req-4933430f-cab4-4748-bad6-a2afc425556e tempest-AttachVolumeTestJSON-1375893440 None] Connection info returned from driver {'export': 'osci02.corp.quobyte.com/cinder-vol-b310acdd-6a83-4b24-b2a4-2a8aada48bef', 'name': 'volume-28a81365-08f8-4ee6-bb4c-5250a38df375', 'options': None, 'format': 'qcow2', 'qos_specs': None, 'access_mode': 'rw', 'encrypted': False, 'cacheable': False, 'driver_volume_type': 'quobyte', 'mount_point_base': '/opt/stack/data/cinder/mnt', 'attachment_id': '03449703-da0c-4c65-a8ff-8ee74dfa598d', 'enforce_multipath': True} {{(pid=93488) _connection_create /opt/stack/cinder/cinder/volume/manager.py:4924}}
Jun 28 17:35:47 devstack cinder-volume[93488]: INFO cinder.volume.manager [req-18945c67-5aff-48c3-bc9b-067bfdb1937a req-4933430f-cab4-4748-bad6-a2afc425556e tempest-AttachVolumeTestJSON-1375893440 None] attachment_update completed successfully.
Jun 28 17:35:48 devstack cinder-volume[93488]: INFO cinder.volume.manager [None req-798accba-370f-4b99-88a3-2813283a32de tempest-GroupSnapshotsTest-1140623757 None] group_snapshot 41e5806d-c3d0-4eb3-b367-747315c95f49: deleting
Jun 28 17:35:48 devstack cinder-volume[93488]: DEBUG cinder.volume.manager [None req-798accba-370f-4b99-88a3-2813283a32de tempest-GroupSnapshotsTest-1140623757 None] group_snapshot 41e5806d-c3d0-4eb3-b367-747315c95f49: deleting {{(pid=93488) delete_group_snapshot /opt/stack/cinder/cinder/volume/manager.py:4350}}
Jun 28 17:35:48 devstack cinder-volume[93488]: DEBUG cinder.coordination [None req-798accba-370f-4b99-88a3-2813283a32de tempest-GroupSnapshotsTest-1140623757 None] Acquiring lock "cinder-quobyte-31cf3c26-bf05-4deb-9dfb-a8661a7bb58e" by "delete_snapshot" {{(pid=93488) __acquire /opt/stack/cinder/cinder/coordination.py:138}}
Jun 28 17:35:48 devstack cinder-volume[93488]: DEBUG cinder.coordination [None req-798accba-370f-4b99-88a3-2813283a32de tempest-GroupSnapshotsTest-1140623757 None] Lock "cinder-quobyte-31cf3c26-bf05-4deb-9dfb-a8661a7bb58e" acquired by "delete_snapshot" :: waited 0.107s {{(pid=93488) __acquire /opt/stack/cinder/cinder/coordination.py:141}}
Jun 28 17:35:48 devstack cinder-volume[93488]: DEBUG cinder.coordination [None req-798accba-370f-4b99-88a3-2813283a32de tempest-GroupSnapshotsTest-1140623757 None] Acquiring lock "cinder-quobyte-30926976-f624-4336-a31b-b0df0872ac3f" by "_delete_snapshot" {{(pid=93488) __acquire /opt/stack/cinder/cinder/coordination.py:138}}
Jun 28 17:35:48 devstack cinder-volume[93488]: DEBUG cinder.coordination [None req-798accba-370f-4b99-88a3-2813283a32de tempest-GroupSnapshotsTest-1140623757 None] Lock "cinder-quobyte-30926976-f624-4336-a31b-b0df0872ac3f" acquired by "_delete_snapshot" :: waited 0.023s {{(pid=93488) __acquire /opt/stack/cinder/cinder/coordination.py:141}}
Jun 28 17:35:48 devstack cinder-volume[93488]: DEBUG cinder.volume.drivers.remotefs [None req-798accba-370f-4b99-88a3-2813283a32de tempest-GroupSnapshotsTest-1140623757 None] Deleting offline snapshot 30926976-f624-4336-a31b-b0df0872ac3f of volume 31cf3c26-bf05-4deb-9dfb-a8661a7bb58e {{(pid=93488) _delete_snapshot /opt/stack/cinder/cinder/volume/drivers/remotefs.py:1288}}
Jun 28 17:35:48 devstack cinder-volume[93488]: DEBUG cinder.volume.drivers.remotefs [None req-798accba-370f-4b99-88a3-2813283a32de tempest-GroupSnapshotsTest-1140623757 None] snapshot_file for this snap is: volume-31cf3c26-bf05-4deb-9dfb-a8661a7bb58e.30926976-f624-4336-a31b-b0df0872ac3f {{(pid=93488) _delete_snapshot /opt/stack/cinder/cinder/volume/drivers/remotefs.py:1317}}
Jun 28 17:35:48 devstack cinder-volume[93488]: DEBUG oslo.privsep.daemon [-] privsep: reply[1bad9af6-f71c-4a33-bee6-e5c7e53f5115]: (4, 'qcow2') {{(pid=94748) _call_back /opt/stack/data/venv/lib/python3.12/site-packages/oslo_privsep/daemon.py:580}}
Jun 28 17:35:48 devstack cinder-volume[93488]: DEBUG oslo_concurrency.processutils [None req-798accba-370f-4b99-88a3-2813283a32de tempest-GroupSnapshotsTest-1140623757 None] Running cmd (subprocess): /opt/stack/data/venv/bin/python3.12 -m oslo_concurrency.prlimit --as=1073741824 --cpu=60 -- sudo cinder-rootwrap /etc/cinder/rootwrap.conf env LC_ALL=C qemu-img info -f qcow2 --output=json --force-share /opt/stack/data/cinder/mnt/b6de582dae7f3f0e58113e37a70a73e0/volume-31cf3c26-bf05-4deb-9dfb-a8661a7bb58e.30926976-f624-4336-a31b-b0df0872ac3f {{(pid=93488) execute /opt/stack/data/venv/lib/python3.12/site-packages/oslo_concurrency/processutils.py:440}}
Jun 28 17:35:48 devstack sudo[98534]: quobyte : PWD=/ ; USER=root ; COMMAND=/opt/stack/data/venv/bin/cinder-rootwrap /etc/cinder/rootwrap.conf env LC_ALL=C qemu-img info -f qcow2 --output=json --force-share /opt/stack/data/cinder/mnt/b6de582dae7f3f0e58113e37a70a73e0/volume-31cf3c26-bf05-4deb-9dfb-a8661a7bb58e.30926976-f624-4336-a31b-b0df0872ac3f
Jun 28 17:35:48 devstack sudo[98534]: pam_unix(sudo:session): session opened for user root(uid=0) by (uid=1000)
Jun 28 17:35:49 devstack sudo[98534]: pam_unix(sudo:session): session closed for user root
Jun 28 17:35:49 devstack cinder-volume[93488]: DEBUG oslo_concurrency.processutils [None req-798accba-370f-4b99-88a3-2813283a32de tempest-GroupSnapshotsTest-1140623757 None] CMD "/opt/stack/data/venv/bin/python3.12 -m oslo_concurrency.prlimit --as=1073741824 --cpu=60 -- sudo cinder-rootwrap /etc/cinder/rootwrap.conf env LC_ALL=C qemu-img info -f qcow2 --output=json --force-share /opt/stack/data/cinder/mnt/b6de582dae7f3f0e58113e37a70a73e0/volume-31cf3c26-bf05-4deb-9dfb-a8661a7bb58e.30926976-f624-4336-a31b-b0df0872ac3f" returned: 0 in 1.402s {{(pid=93488) execute /opt/stack/data/venv/lib/python3.12/site-packages/oslo_concurrency/processutils.py:468}}
Jun 28 17:35:49 devstack cinder-volume[93488]: DEBUG cinder.volume.drivers.remotefs [None req-798accba-370f-4b99-88a3-2813283a32de tempest-GroupSnapshotsTest-1140623757 None] Fetching qemu-img info with special backing_file_template: (/opt/stack/data/cinder/mnt/[0-9a-f]+/)?(volume-31cf3c26-bf05-4deb-9dfb-a8661a7bb58e(.(tmp-snap-)?[0-9a-f-]+)?|volume_from_snapshot_cache/(tmp-snap-)?[0-9a-f-]+(.(child-|parent-)[0-9a-f-]+)?)$ {{(pid=93488) _qemu_img_info_base /opt/stack/cinder/cinder/volume/drivers/remotefs.py:896}}
Jun 28 17:35:49 devstack cinder-volume[93488]: DEBUG oslo.privsep.daemon [-] privsep: reply[7e076068-1868-40c0-bc22-f02aa2dd11f9]: (4, 'qcow2') {{(pid=94748) _call_back /opt/stack/data/venv/lib/python3.12/site-packages/oslo_privsep/daemon.py:580}}
Jun 28 17:35:49 devstack cinder-volume[93488]: DEBUG oslo_concurrency.processutils [None req-798accba-370f-4b99-88a3-2813283a32de tempest-GroupSnapshotsTest-1140623757 None] Running cmd (subprocess): /opt/stack/data/venv/bin/python3.12 -m oslo_concurrency.prlimit --as=1073741824 --cpu=60 -- sudo cinder-rootwrap /etc/cinder/rootwrap.conf env LC_ALL=C qemu-img info -f qcow2 --output=json --force-share /opt/stack/data/cinder/mnt/b6de582dae7f3f0e58113e37a70a73e0/volume-31cf3c26-bf05-4deb-9dfb-a8661a7bb58e {{(pid=93488) execute /opt/stack/data/venv/lib/python3.12/site-packages/oslo_concurrency/processutils.py:440}}
Jun 28 17:35:50 devstack sudo[98972]: quobyte : PWD=/ ; USER=root ; COMMAND=/opt/stack/data/venv/bin/cinder-rootwrap /etc/cinder/rootwrap.conf env LC_ALL=C qemu-img info -f qcow2 --output=json --force-share /opt/stack/data/cinder/mnt/b6de582dae7f3f0e58113e37a70a73e0/volume-31cf3c26-bf05-4deb-9dfb-a8661a7bb58e
Jun 28 17:35:50 devstack sudo[98972]: pam_unix(sudo:session): session opened for user root(uid=0) by (uid=1000)
Jun 28 17:35:51 devstack sudo[98972]: pam_unix(sudo:session): session closed for user root
Jun 28 17:35:51 devstack cinder-volume[93488]: DEBUG oslo_concurrency.processutils [None req-798accba-370f-4b99-88a3-2813283a32de tempest-GroupSnapshotsTest-1140623757 None] CMD "/opt/stack/data/venv/bin/python3.12 -m oslo_concurrency.prlimit --as=1073741824 --cpu=60 -- sudo cinder-rootwrap /etc/cinder/rootwrap.conf env LC_ALL=C qemu-img info -f qcow2 --output=json --force-share /opt/stack/data/cinder/mnt/b6de582dae7f3f0e58113e37a70a73e0/volume-31cf3c26-bf05-4deb-9dfb-a8661a7bb58e" returned: 0 in 1.079s {{(pid=93488) execute /opt/stack/data/venv/lib/python3.12/site-packages/oslo_concurrency/processutils.py:468}}
Jun 28 17:35:51 devstack cinder-volume[93488]: DEBUG oslo_concurrency.processutils [None req-798accba-370f-4b99-88a3-2813283a32de tempest-GroupSnapshotsTest-1140623757 None] Running cmd (subprocess): sudo cinder-rootwrap /etc/cinder/rootwrap.conf qemu-img commit -d /opt/stack/data/cinder/mnt/b6de582dae7f3f0e58113e37a70a73e0/volume-31cf3c26-bf05-4deb-9dfb-a8661a7bb58e.30926976-f624-4336-a31b-b0df0872ac3f {{(pid=93488) execute /opt/stack/data/venv/lib/python3.12/site-packages/oslo_concurrency/processutils.py:440}}
Jun 28 17:35:51 devstack sudo[98979]: quobyte : PWD=/ ; USER=root ; COMMAND=/opt/stack/data/venv/bin/cinder-rootwrap /etc/cinder/rootwrap.conf qemu-img commit -d /opt/stack/data/cinder/mnt/b6de582dae7f3f0e58113e37a70a73e0/volume-31cf3c26-bf05-4deb-9dfb-a8661a7bb58e.30926976-f624-4336-a31b-b0df0872ac3f
Jun 28 17:35:51 devstack sudo[98979]: pam_unix(sudo:session): session opened for user root(uid=0) by (uid=1000)
Jun 28 17:35:52 devstack sudo[98979]: pam_unix(sudo:session): session closed for user root
Jun 28 17:35:52 devstack cinder-volume[93488]: DEBUG oslo_concurrency.processutils [None req-798accba-370f-4b99-88a3-2813283a32de tempest-GroupSnapshotsTest-1140623757 None] CMD "sudo cinder-rootwrap /etc/cinder/rootwrap.conf qemu-img commit -d /opt/stack/data/cinder/mnt/b6de582dae7f3f0e58113e37a70a73e0/volume-31cf3c26-bf05-4deb-9dfb-a8661a7bb58e.30926976-f624-4336-a31b-b0df0872ac3f" returned: 0 in 1.258s {{(pid=93488) execute /opt/stack/data/venv/lib/python3.12/site-packages/oslo_concurrency/processutils.py:468}}
Jun 28 17:35:52 devstack cinder-volume[93488]: DEBUG oslo_concurrency.processutils [None req-798accba-370f-4b99-88a3-2813283a32de tempest-GroupSnapshotsTest-1140623757 None] Running cmd (subprocess): sudo cinder-rootwrap /etc/cinder/rootwrap.conf rm -f /opt/stack/data/cinder/mnt/b6de582dae7f3f0e58113e37a70a73e0/volume-31cf3c26-bf05-4deb-9dfb-a8661a7bb58e.30926976-f624-4336-a31b-b0df0872ac3f {{(pid=93488) execute /opt/stack/data/venv/lib/python3.12/site-packages/oslo_concurrency/processutils.py:440}}
Jun 28 17:35:52 devstack sudo[98985]: quobyte : PWD=/ ; USER=root ; COMMAND=/opt/stack/data/venv/bin/cinder-rootwrap /etc/cinder/rootwrap.conf rm -f /opt/stack/data/cinder/mnt/b6de582dae7f3f0e58113e37a70a73e0/volume-31cf3c26-bf05-4deb-9dfb-a8661a7bb58e.30926976-f624-4336-a31b-b0df0872ac3f
Jun 28 17:35:52 devstack sudo[98985]: pam_unix(sudo:session): session opened for user root(uid=0) by (uid=1000)
Jun 28 17:35:53 devstack sudo[98985]: pam_unix(sudo:session): session closed for user root
Jun 28 17:35:53 devstack cinder-volume[93488]: DEBUG oslo_concurrency.processutils [None req-798accba-370f-4b99-88a3-2813283a32de tempest-GroupSnapshotsTest-1140623757 None] CMD "sudo cinder-rootwrap /etc/cinder/rootwrap.conf rm -f /opt/stack/data/cinder/mnt/b6de582dae7f3f0e58113e37a70a73e0/volume-31cf3c26-bf05-4deb-9dfb-a8661a7bb58e.30926976-f624-4336-a31b-b0df0872ac3f" returned: 0 in 1.344s {{(pid=93488) execute /opt/stack/data/venv/lib/python3.12/site-packages/oslo_concurrency/processutils.py:468}}
Jun 28 17:35:53 devstack cinder-volume[93488]: DEBUG cinder.coordination [None req-798accba-370f-4b99-88a3-2813283a32de tempest-GroupSnapshotsTest-1140623757 None] Lock "cinder-quobyte-30926976-f624-4336-a31b-b0df0872ac3f" released by "_delete_snapshot" :: held 5.333s {{(pid=93488) __release /opt/stack/cinder/cinder/coordination.py:152}}
Jun 28 17:35:53 devstack cinder-volume[93488]: DEBUG cinder.coordination [None req-798accba-370f-4b99-88a3-2813283a32de tempest-GroupSnapshotsTest-1140623757 None] Lock "cinder-quobyte-31cf3c26-bf05-4deb-9dfb-a8661a7bb58e" released by "delete_snapshot" :: held 5.384s {{(pid=93488) __release /opt/stack/cinder/cinder/coordination.py:152}}
Jun 28 17:35:53 devstack cinder-volume[93488]: DEBUG cinder.coordination [None req-798accba-370f-4b99-88a3-2813283a32de tempest-GroupSnapshotsTest-1140623757 None] Acquiring lock "cinder-quobyte-15002abb-4c28-4aa2-9ea1-5d39e6440569" by "delete_snapshot" {{(pid=93488) __acquire /opt/stack/cinder/cinder/coordination.py:138}}
Jun 28 17:35:53 devstack cinder-volume[93488]: DEBUG cinder.coordination [None req-798accba-370f-4b99-88a3-2813283a32de tempest-GroupSnapshotsTest-1140623757 None] Lock "cinder-quobyte-15002abb-4c28-4aa2-9ea1-5d39e6440569" acquired by "delete_snapshot" :: waited 0.047s {{(pid=93488) __acquire /opt/stack/cinder/cinder/coordination.py:141}}
Jun 28 17:35:53 devstack cinder-volume[93488]: DEBUG cinder.coordination [None req-798accba-370f-4b99-88a3-2813283a32de tempest-GroupSnapshotsTest-1140623757 None] Acquiring lock "cinder-quobyte-5efa267d-69f9-4c91-8b0c-2dfe5932491b" by "_delete_snapshot" {{(pid=93488) __acquire /opt/stack/cinder/cinder/coordination.py:138}}
Jun 28 17:35:53 devstack cinder-volume[93488]: DEBUG cinder.coordination [None req-798accba-370f-4b99-88a3-2813283a32de tempest-GroupSnapshotsTest-1140623757 None] Lock "cinder-quobyte-5efa267d-69f9-4c91-8b0c-2dfe5932491b" acquired by "_delete_snapshot" :: waited 0.059s {{(pid=93488) __acquire /opt/stack/cinder/cinder/coordination.py:141}}
Jun 28 17:35:53 devstack cinder-volume[93488]: DEBUG cinder.volume.drivers.remotefs [None req-798accba-370f-4b99-88a3-2813283a32de tempest-GroupSnapshotsTest-1140623757 None] Deleting offline snapshot 5efa267d-69f9-4c91-8b0c-2dfe5932491b of volume 15002abb-4c28-4aa2-9ea1-5d39e6440569 {{(pid=93488) _delete_snapshot /opt/stack/cinder/cinder/volume/drivers/remotefs.py:1288}}
Jun 28 17:35:53 devstack cinder-volume[93488]: DEBUG cinder.volume.drivers.remotefs [None req-798accba-370f-4b99-88a3-2813283a32de tempest-GroupSnapshotsTest-1140623757 None] snapshot_file for this snap is: volume-15002abb-4c28-4aa2-9ea1-5d39e6440569.5efa267d-69f9-4c91-8b0c-2dfe5932491b {{(pid=93488) _delete_snapshot /opt/stack/cinder/cinder/volume/drivers/remotefs.py:1317}}
Jun 28 17:35:54 devstack cinder-volume[93488]: DEBUG oslo.privsep.daemon [-] privsep: reply[ce8f99c0-83a0-4ba4-8733-0304c8c1c487]: (4, 'qcow2') {{(pid=94748) _call_back /opt/stack/data/venv/lib/python3.12/site-packages/oslo_privsep/daemon.py:580}}
Jun 28 17:35:54 devstack cinder-volume[93488]: DEBUG oslo_concurrency.processutils [None req-798accba-370f-4b99-88a3-2813283a32de tempest-GroupSnapshotsTest-1140623757 None] Running cmd (subprocess): /opt/stack/data/venv/bin/python3.12 -m oslo_concurrency.prlimit --as=1073741824 --cpu=60 -- sudo cinder-rootwrap /etc/cinder/rootwrap.conf env LC_ALL=C qemu-img info -f qcow2 --output=json --force-share /opt/stack/data/cinder/mnt/b6de582dae7f3f0e58113e37a70a73e0/volume-15002abb-4c28-4aa2-9ea1-5d39e6440569.5efa267d-69f9-4c91-8b0c-2dfe5932491b {{(pid=93488) execute /opt/stack/data/venv/lib/python3.12/site-packages/oslo_concurrency/processutils.py:440}}
Jun 28 17:35:54 devstack sudo[99003]: quobyte : PWD=/ ; USER=root ; COMMAND=/opt/stack/data/venv/bin/cinder-rootwrap /etc/cinder/rootwrap.conf env LC_ALL=C qemu-img info -f qcow2 --output=json --force-share /opt/stack/data/cinder/mnt/b6de582dae7f3f0e58113e37a70a73e0/volume-15002abb-4c28-4aa2-9ea1-5d39e6440569.5efa267d-69f9-4c91-8b0c-2dfe5932491b
Jun 28 17:35:54 devstack sudo[99003]: pam_unix(sudo:session): session opened for user root(uid=0) by (uid=1000)
Jun 28 17:35:55 devstack sudo[99003]: pam_unix(sudo:session): session closed for user root
Jun 28 17:35:55 devstack cinder-volume[93488]: DEBUG oslo_concurrency.processutils [None req-798accba-370f-4b99-88a3-2813283a32de tempest-GroupSnapshotsTest-1140623757 None] CMD "/opt/stack/data/venv/bin/python3.12 -m oslo_concurrency.prlimit --as=1073741824 --cpu=60 -- sudo cinder-rootwrap /etc/cinder/rootwrap.conf env LC_ALL=C qemu-img info -f qcow2 --output=json --force-share /opt/stack/data/cinder/mnt/b6de582dae7f3f0e58113e37a70a73e0/volume-15002abb-4c28-4aa2-9ea1-5d39e6440569.5efa267d-69f9-4c91-8b0c-2dfe5932491b" returned: 0 in 1.186s {{(pid=93488) execute /opt/stack/data/venv/lib/python3.12/site-packages/oslo_concurrency/processutils.py:468}}
Jun 28 17:35:55 devstack cinder-volume[93488]: DEBUG cinder.volume.drivers.remotefs [None req-798accba-370f-4b99-88a3-2813283a32de tempest-GroupSnapshotsTest-1140623757 None] Fetching qemu-img info with special backing_file_template: (/opt/stack/data/cinder/mnt/[0-9a-f]+/)?(volume-15002abb-4c28-4aa2-9ea1-5d39e6440569(.(tmp-snap-)?[0-9a-f-]+)?|volume_from_snapshot_cache/(tmp-snap-)?[0-9a-f-]+(.(child-|parent-)[0-9a-f-]+)?)$ {{(pid=93488) _qemu_img_info_base /opt/stack/cinder/cinder/volume/drivers/remotefs.py:896}}
Jun 28 17:35:55 devstack cinder-volume[93488]: DEBUG oslo.privsep.daemon [-] privsep: reply[c3042f44-3560-4f2c-8fcb-21bccb64eb1e]: (4, 'qcow2') {{(pid=94748) _call_back /opt/stack/data/venv/lib/python3.12/site-packages/oslo_privsep/daemon.py:580}}
Jun 28 17:35:55 devstack cinder-volume[93488]: DEBUG oslo_concurrency.processutils [None req-798accba-370f-4b99-88a3-2813283a32de tempest-GroupSnapshotsTest-1140623757 None] Running cmd (subprocess): /opt/stack/data/venv/bin/python3.12 -m oslo_concurrency.prlimit --as=1073741824 --cpu=60 -- sudo cinder-rootwrap /etc/cinder/rootwrap.conf env LC_ALL=C qemu-img info -f qcow2 --output=json --force-share /opt/stack/data/cinder/mnt/b6de582dae7f3f0e58113e37a70a73e0/volume-15002abb-4c28-4aa2-9ea1-5d39e6440569 {{(pid=93488) execute /opt/stack/data/venv/lib/python3.12/site-packages/oslo_concurrency/processutils.py:440}}
Jun 28 17:35:55 devstack sudo[99015]: quobyte : PWD=/ ; USER=root ; COMMAND=/opt/stack/data/venv/bin/cinder-rootwrap /etc/cinder/rootwrap.conf env LC_ALL=C qemu-img info -f qcow2 --output=json --force-share /opt/stack/data/cinder/mnt/b6de582dae7f3f0e58113e37a70a73e0/volume-15002abb-4c28-4aa2-9ea1-5d39e6440569
Jun 28 17:35:55 devstack sudo[99015]: pam_unix(sudo:session): session opened for user root(uid=0) by (uid=1000)
Jun 28 17:35:56 devstack sudo[99015]: pam_unix(sudo:session): session closed for user root
Jun 28 17:35:56 devstack cinder-volume[93488]: DEBUG oslo_concurrency.processutils [None req-798accba-370f-4b99-88a3-2813283a32de tempest-GroupSnapshotsTest-1140623757 None] CMD "/opt/stack/data/venv/bin/python3.12 -m oslo_concurrency.prlimit --as=1073741824 --cpu=60 -- sudo cinder-rootwrap /etc/cinder/rootwrap.conf env LC_ALL=C qemu-img info -f qcow2 --output=json --force-share /opt/stack/data/cinder/mnt/b6de582dae7f3f0e58113e37a70a73e0/volume-15002abb-4c28-4aa2-9ea1-5d39e6440569" returned: 0 in 1.085s {{(pid=93488) execute /opt/stack/data/venv/lib/python3.12/site-packages/oslo_concurrency/processutils.py:468}}
Jun 28 17:35:56 devstack cinder-volume[93488]: DEBUG oslo_concurrency.processutils [None req-798accba-370f-4b99-88a3-2813283a32de tempest-GroupSnapshotsTest-1140623757 None] Running cmd (subprocess): sudo cinder-rootwrap /etc/cinder/rootwrap.conf qemu-img commit -d /opt/stack/data/cinder/mnt/b6de582dae7f3f0e58113e37a70a73e0/volume-15002abb-4c28-4aa2-9ea1-5d39e6440569.5efa267d-69f9-4c91-8b0c-2dfe5932491b {{(pid=93488) execute /opt/stack/data/venv/lib/python3.12/site-packages/oslo_concurrency/processutils.py:440}}
Jun 28 17:35:56 devstack sudo[99060]: quobyte : PWD=/ ; USER=root ; COMMAND=/opt/stack/data/venv/bin/cinder-rootwrap /etc/cinder/rootwrap.conf qemu-img commit -d /opt/stack/data/cinder/mnt/b6de582dae7f3f0e58113e37a70a73e0/volume-15002abb-4c28-4aa2-9ea1-5d39e6440569.5efa267d-69f9-4c91-8b0c-2dfe5932491b
Jun 28 17:35:56 devstack sudo[99060]: pam_unix(sudo:session): session opened for user root(uid=0) by (uid=1000)
Jun 28 17:35:57 devstack sudo[99060]: pam_unix(sudo:session): session closed for user root
Jun 28 17:35:57 devstack cinder-volume[93488]: DEBUG oslo_concurrency.processutils [None req-798accba-370f-4b99-88a3-2813283a32de tempest-GroupSnapshotsTest-1140623757 None] CMD "sudo cinder-rootwrap /etc/cinder/rootwrap.conf qemu-img commit -d /opt/stack/data/cinder/mnt/b6de582dae7f3f0e58113e37a70a73e0/volume-15002abb-4c28-4aa2-9ea1-5d39e6440569.5efa267d-69f9-4c91-8b0c-2dfe5932491b" returned: 0 in 0.850s {{(pid=93488) execute /opt/stack/data/venv/lib/python3.12/site-packages/oslo_concurrency/processutils.py:468}}
Jun 28 17:35:57 devstack cinder-volume[93488]: DEBUG oslo_concurrency.processutils [None req-798accba-370f-4b99-88a3-2813283a32de tempest-GroupSnapshotsTest-1140623757 None] Running cmd (subprocess): sudo cinder-rootwrap /etc/cinder/rootwrap.conf rm -f /opt/stack/data/cinder/mnt/b6de582dae7f3f0e58113e37a70a73e0/volume-15002abb-4c28-4aa2-9ea1-5d39e6440569.5efa267d-69f9-4c91-8b0c-2dfe5932491b {{(pid=93488) execute /opt/stack/data/venv/lib/python3.12/site-packages/oslo_concurrency/processutils.py:440}}
Jun 28 17:35:57 devstack sudo[99073]: quobyte : PWD=/ ; USER=root ; COMMAND=/opt/stack/data/venv/bin/cinder-rootwrap /etc/cinder/rootwrap.conf rm -f /opt/stack/data/cinder/mnt/b6de582dae7f3f0e58113e37a70a73e0/volume-15002abb-4c28-4aa2-9ea1-5d39e6440569.5efa267d-69f9-4c91-8b0c-2dfe5932491b
Jun 28 17:35:57 devstack sudo[99073]: pam_unix(sudo:session): session opened for user root(uid=0) by (uid=1000)
Jun 28 17:35:57 devstack sudo[99073]: pam_unix(sudo:session): session closed for user root
Jun 28 17:35:57 devstack cinder-volume[93488]: DEBUG oslo_concurrency.processutils [None req-798accba-370f-4b99-88a3-2813283a32de tempest-GroupSnapshotsTest-1140623757 None] CMD "sudo cinder-rootwrap /etc/cinder/rootwrap.conf rm -f /opt/stack/data/cinder/mnt/b6de582dae7f3f0e58113e37a70a73e0/volume-15002abb-4c28-4aa2-9ea1-5d39e6440569.5efa267d-69f9-4c91-8b0c-2dfe5932491b" returned: 0 in 0.659s {{(pid=93488) execute /opt/stack/data/venv/lib/python3.12/site-packages/oslo_concurrency/processutils.py:468}}
Jun 28 17:35:57 devstack cinder-volume[93488]: DEBUG cinder.coordination [None req-798accba-370f-4b99-88a3-2813283a32de tempest-GroupSnapshotsTest-1140623757 None] Lock "cinder-quobyte-5efa267d-69f9-4c91-8b0c-2dfe5932491b" released by "_delete_snapshot" :: held 3.934s {{(pid=93488) __release /opt/stack/cinder/cinder/coordination.py:152}}
Jun 28 17:35:57 devstack cinder-volume[93488]: DEBUG cinder.coordination [None req-798accba-370f-4b99-88a3-2813283a32de tempest-GroupSnapshotsTest-1140623757 None] Lock "cinder-quobyte-15002abb-4c28-4aa2-9ea1-5d39e6440569" released by "delete_snapshot" :: held 4.003s {{(pid=93488) __release /opt/stack/cinder/cinder/coordination.py:152}}
Jun 28 17:35:57 devstack cinder-volume[93488]: WARNING cinder.quota [None req-798accba-370f-4b99-88a3-2813283a32de tempest-GroupSnapshotsTest-1140623757 None] Deprecated: Default quota for resource: gigabytes_tempest-GroupSnapshotsTest-volume-type-1017067657 is set by the default quota flag: quota_gigabytes_tempest-GroupSnapshotsTest-volume-type-1017067657, it is now deprecated. Please use the default quota class for default quota.
Jun 28 17:35:57 devstack cinder-volume[93488]: WARNING cinder.quota [None req-798accba-370f-4b99-88a3-2813283a32de tempest-GroupSnapshotsTest-1140623757 None] Deprecated: Default quota for resource: snapshots_tempest-GroupSnapshotsTest-volume-type-1017067657 is set by the default quota flag: quota_snapshots_tempest-GroupSnapshotsTest-volume-type-1017067657, it is now deprecated. Please use the default quota class for default quota.
Jun 28 17:35:57 devstack cinder-volume[93488]: DEBUG cinder.quota [None req-798accba-370f-4b99-88a3-2813283a32de tempest-GroupSnapshotsTest-1140623757 None] Created reservations ['993598e4-a49b-46af-8366-6b4fe28628d8', '9f6c2d92-3a56-48cc-9e1a-a72a2b1d926f', 'b5f7b9c4-2edc-45bd-a61f-27d4b3994a13', '56cdd264-fbd5-4ff3-acc6-e3a288ed019e'] {{(pid=93488) reserve /opt/stack/cinder/cinder/quota.py:752}}
