Apr 13 11:00:51 devstack cinder-volume[82656]: DEBUG oslo_concurrency.processutils [None req-d7f7f0d4-f340-4343-aed0-8b94524f4afc tempest-SnapshotsActionsTest-1020043812 None] Running cmd (subprocess): sudo cinder-rootwrap /etc/cinder/rootwrap.conf qemu-img create -f qcow2 -o backing_file=/opt/stack/data/cinder/mnt/1f1c18e8ae7f759d6ef2c3fa07377227/volume-e6579f5e-a175-4bc7-8aad-2bf8215c8aa6,backing_fmt=qcow2 /opt/stack/data/cinder/mnt/1f1c18e8ae7f759d6ef2c3fa07377227/volume-e6579f5e-a175-4bc7-8aad-2bf8215c8aa6.217c338b-7801-4258-adb4-ce5357276482 1G {{(pid=82656) execute /opt/stack/data/venv/lib/python3.10/site-packages/oslo_concurrency/processutils.py:440}}
Apr 13 11:00:51 devstack sudo[85320]: quobyte : PWD=/ ; USER=root ; COMMAND=/opt/stack/data/venv/bin/cinder-rootwrap /etc/cinder/rootwrap.conf qemu-img create -f qcow2 -o backing_file=/opt/stack/data/cinder/mnt/1f1c18e8ae7f759d6ef2c3fa07377227/volume-e6579f5e-a175-4bc7-8aad-2bf8215c8aa6,backing_fmt=qcow2 /opt/stack/data/cinder/mnt/1f1c18e8ae7f759d6ef2c3fa07377227/volume-e6579f5e-a175-4bc7-8aad-2bf8215c8aa6.217c338b-7801-4258-adb4-ce5357276482 1G
Apr 13 11:00:51 devstack sudo[85320]: pam_unix(sudo:session): session opened for user root(uid=0) by (uid=1000)
Apr 13 11:00:51 devstack cinder-volume[82656]: DEBUG cinder.coordination [None req-33ac41e7-f24d-4956-9e1a-57d015d431a6 tempest-VolumeTypesAccessTest-1190573559 None] Acquiring lock "cinder-38bf4e81-5542-4b15-9dcd-afc6288e6dab-delete_volume" by "delete_volume" {{(pid=82656) __acquire /opt/stack/cinder/cinder/coordination.py:138}}
Apr 13 11:00:51 devstack cinder-volume[82656]: DEBUG cinder.coordination [None req-33ac41e7-f24d-4956-9e1a-57d015d431a6 tempest-VolumeTypesAccessTest-1190573559 None] Lock "cinder-38bf4e81-5542-4b15-9dcd-afc6288e6dab-delete_volume" acquired by "delete_volume" :: waited 0.019s {{(pid=82656) __acquire /opt/stack/cinder/cinder/coordination.py:141}}
Apr 13 11:00:51 devstack cinder-volume[82656]: DEBUG cinder.coordination [None req-33ac41e7-f24d-4956-9e1a-57d015d431a6 tempest-VolumeTypesAccessTest-1190573559 None] Acquiring lock "cinder-quobyte-38bf4e81-5542-4b15-9dcd-afc6288e6dab" by "delete_volume" {{(pid=82656) __acquire /opt/stack/cinder/cinder/coordination.py:138}}
Apr 13 11:00:51 devstack cinder-volume[82656]: DEBUG cinder.coordination [None req-33ac41e7-f24d-4956-9e1a-57d015d431a6 tempest-VolumeTypesAccessTest-1190573559 None] Lock "cinder-quobyte-38bf4e81-5542-4b15-9dcd-afc6288e6dab" acquired by "delete_volume" :: waited 0.010s {{(pid=82656) __acquire /opt/stack/cinder/cinder/coordination.py:141}}
Apr 13 11:00:51 devstack cinder-volume[82656]: DEBUG oslo.privsep.daemon [-] privsep: reply[9cee3f7d-8b48-47ab-aa87-f63b60c1f27f]: (4, 'qcow2') {{(pid=83533) _call_back /opt/stack/data/venv/lib/python3.10/site-packages/oslo_privsep/daemon.py:573}}
Apr 13 11:00:51 devstack cinder-volume[82656]: DEBUG oslo_concurrency.processutils [None req-33ac41e7-f24d-4956-9e1a-57d015d431a6 tempest-VolumeTypesAccessTest-1190573559 None] Running cmd (subprocess): /opt/stack/data/venv/bin/python3.10 -m oslo_concurrency.prlimit --as=1073741824 --cpu=60 -- sudo cinder-rootwrap /etc/cinder/rootwrap.conf env LC_ALL=C qemu-img info -f qcow2 --output=json --force-share /opt/stack/data/cinder/mnt/1f1c18e8ae7f759d6ef2c3fa07377227/volume-38bf4e81-5542-4b15-9dcd-afc6288e6dab {{(pid=82656) execute /opt/stack/data/venv/lib/python3.10/site-packages/oslo_concurrency/processutils.py:440}}
Apr 13 11:00:51 devstack sudo[85323]: quobyte : PWD=/ ; USER=root ; COMMAND=/opt/stack/data/venv/bin/cinder-rootwrap /etc/cinder/rootwrap.conf env LC_ALL=C qemu-img info -f qcow2 --output=json --force-share /opt/stack/data/cinder/mnt/1f1c18e8ae7f759d6ef2c3fa07377227/volume-38bf4e81-5542-4b15-9dcd-afc6288e6dab
Apr 13 11:00:51 devstack sudo[85323]: pam_unix(sudo:session): session opened for user root(uid=0) by (uid=1000)
Apr 13 11:00:52 devstack sudo[85320]: pam_unix(sudo:session): session closed for user root
Apr 13 11:00:52 devstack cinder-volume[82656]: DEBUG oslo_concurrency.processutils [None req-d7f7f0d4-f340-4343-aed0-8b94524f4afc tempest-SnapshotsActionsTest-1020043812 None] CMD "sudo cinder-rootwrap /etc/cinder/rootwrap.conf qemu-img create -f qcow2 -o backing_file=/opt/stack/data/cinder/mnt/1f1c18e8ae7f759d6ef2c3fa07377227/volume-e6579f5e-a175-4bc7-8aad-2bf8215c8aa6,backing_fmt=qcow2 /opt/stack/data/cinder/mnt/1f1c18e8ae7f759d6ef2c3fa07377227/volume-e6579f5e-a175-4bc7-8aad-2bf8215c8aa6.217c338b-7801-4258-adb4-ce5357276482 1G" returned: 0 in 0.548s {{(pid=82656) execute /opt/stack/data/venv/lib/python3.10/site-packages/oslo_concurrency/processutils.py:468}}
Apr 13 11:00:52 devstack cinder-volume[82656]: DEBUG oslo_concurrency.processutils [None req-d7f7f0d4-f340-4343-aed0-8b94524f4afc tempest-SnapshotsActionsTest-1020043812 None] Running cmd (subprocess): sudo cinder-rootwrap /etc/cinder/rootwrap.conf qemu-img rebase -u -b volume-e6579f5e-a175-4bc7-8aad-2bf8215c8aa6 -F qcow2 /opt/stack/data/cinder/mnt/1f1c18e8ae7f759d6ef2c3fa07377227/volume-e6579f5e-a175-4bc7-8aad-2bf8215c8aa6.217c338b-7801-4258-adb4-ce5357276482 {{(pid=82656) execute /opt/stack/data/venv/lib/python3.10/site-packages/oslo_concurrency/processutils.py:440}}
Apr 13 11:00:52 devstack sudo[85329]: quobyte : PWD=/ ; USER=root ; COMMAND=/opt/stack/data/venv/bin/cinder-rootwrap /etc/cinder/rootwrap.conf qemu-img rebase -u -b volume-e6579f5e-a175-4bc7-8aad-2bf8215c8aa6 -F qcow2 /opt/stack/data/cinder/mnt/1f1c18e8ae7f759d6ef2c3fa07377227/volume-e6579f5e-a175-4bc7-8aad-2bf8215c8aa6.217c338b-7801-4258-adb4-ce5357276482
Apr 13 11:00:52 devstack sudo[85329]: pam_unix(sudo:session): session opened for user root(uid=0) by (uid=1000)
Apr 13 11:00:52 devstack sudo[85323]: pam_unix(sudo:session): session closed for user root
Apr 13 11:00:52 devstack cinder-volume[82656]: DEBUG oslo_concurrency.processutils [None req-33ac41e7-f24d-4956-9e1a-57d015d431a6 tempest-VolumeTypesAccessTest-1190573559 None] CMD "/opt/stack/data/venv/bin/python3.10 -m oslo_concurrency.prlimit --as=1073741824 --cpu=60 -- sudo cinder-rootwrap /etc/cinder/rootwrap.conf env LC_ALL=C qemu-img info -f qcow2 --output=json --force-share /opt/stack/data/cinder/mnt/1f1c18e8ae7f759d6ef2c3fa07377227/volume-38bf4e81-5542-4b15-9dcd-afc6288e6dab" returned: 0 in 0.559s {{(pid=82656) execute /opt/stack/data/venv/lib/python3.10/site-packages/oslo_concurrency/processutils.py:468}}
Apr 13 11:00:52 devstack cinder-volume[82656]: DEBUG oslo_concurrency.processutils [None req-33ac41e7-f24d-4956-9e1a-57d015d431a6 tempest-VolumeTypesAccessTest-1190573559 None] Running cmd (subprocess): sudo cinder-rootwrap /etc/cinder/rootwrap.conf rm -f /opt/stack/data/cinder/mnt/1f1c18e8ae7f759d6ef2c3fa07377227/volume-38bf4e81-5542-4b15-9dcd-afc6288e6dab {{(pid=82656) execute /opt/stack/data/venv/lib/python3.10/site-packages/oslo_concurrency/processutils.py:440}}
Apr 13 11:00:52 devstack sudo[85334]: quobyte : PWD=/ ; USER=root ; COMMAND=/opt/stack/data/venv/bin/cinder-rootwrap /etc/cinder/rootwrap.conf rm -f /opt/stack/data/cinder/mnt/1f1c18e8ae7f759d6ef2c3fa07377227/volume-38bf4e81-5542-4b15-9dcd-afc6288e6dab
Apr 13 11:00:52 devstack sudo[85334]: pam_unix(sudo:session): session opened for user root(uid=0) by (uid=1000)
Apr 13 11:00:52 devstack sudo[85329]: pam_unix(sudo:session): session closed for user root
Apr 13 11:00:52 devstack cinder-volume[82656]: DEBUG oslo_concurrency.processutils [None req-d7f7f0d4-f340-4343-aed0-8b94524f4afc tempest-SnapshotsActionsTest-1020043812 None] CMD "sudo cinder-rootwrap /etc/cinder/rootwrap.conf qemu-img rebase -u -b volume-e6579f5e-a175-4bc7-8aad-2bf8215c8aa6 -F qcow2 /opt/stack/data/cinder/mnt/1f1c18e8ae7f759d6ef2c3fa07377227/volume-e6579f5e-a175-4bc7-8aad-2bf8215c8aa6.217c338b-7801-4258-adb4-ce5357276482" returned: 0 in 0.479s {{(pid=82656) execute /opt/stack/data/venv/lib/python3.10/site-packages/oslo_concurrency/processutils.py:468}}
Apr 13 11:00:52 devstack cinder-volume[82656]: WARNING cinder.volume.drivers.remotefs [None req-d7f7f0d4-f340-4343-aed0-8b94524f4afc tempest-SnapshotsActionsTest-1020043812 None] /opt/stack/data/cinder/mnt/1f1c18e8ae7f759d6ef2c3fa07377227/volume-e6579f5e-a175-4bc7-8aad-2bf8215c8aa6.217c338b-7801-4258-adb4-ce5357276482 is being set with open permissions: ugo+rw
Apr 13 11:00:52 devstack cinder-volume[82656]: DEBUG oslo_concurrency.processutils [None req-d7f7f0d4-f340-4343-aed0-8b94524f4afc tempest-SnapshotsActionsTest-1020043812 None] Running cmd (subprocess): sudo cinder-rootwrap /etc/cinder/rootwrap.conf chmod ugo+rw /opt/stack/data/cinder/mnt/1f1c18e8ae7f759d6ef2c3fa07377227/volume-e6579f5e-a175-4bc7-8aad-2bf8215c8aa6.217c338b-7801-4258-adb4-ce5357276482 {{(pid=82656) execute /opt/stack/data/venv/lib/python3.10/site-packages/oslo_concurrency/processutils.py:440}}
Apr 13 11:00:52 devstack sudo[85339]: quobyte : PWD=/ ; USER=root ; COMMAND=/opt/stack/data/venv/bin/cinder-rootwrap /etc/cinder/rootwrap.conf chmod ugo+rw /opt/stack/data/cinder/mnt/1f1c18e8ae7f759d6ef2c3fa07377227/volume-e6579f5e-a175-4bc7-8aad-2bf8215c8aa6.217c338b-7801-4258-adb4-ce5357276482
Apr 13 11:00:52 devstack sudo[85339]: pam_unix(sudo:session): session opened for user root(uid=0) by (uid=1000)
Apr 13 11:00:52 devstack sudo[85334]: pam_unix(sudo:session): session closed for user root
Apr 13 11:00:52 devstack cinder-volume[82656]: DEBUG oslo_concurrency.processutils [None req-33ac41e7-f24d-4956-9e1a-57d015d431a6 tempest-VolumeTypesAccessTest-1190573559 None] CMD "sudo cinder-rootwrap /etc/cinder/rootwrap.conf rm -f /opt/stack/data/cinder/mnt/1f1c18e8ae7f759d6ef2c3fa07377227/volume-38bf4e81-5542-4b15-9dcd-afc6288e6dab" returned: 0 in 0.490s {{(pid=82656) execute /opt/stack/data/venv/lib/python3.10/site-packages/oslo_concurrency/processutils.py:468}}
Apr 13 11:00:52 devstack cinder-volume[82656]: DEBUG cinder.coordination [None req-33ac41e7-f24d-4956-9e1a-57d015d431a6 tempest-VolumeTypesAccessTest-1190573559 None] Lock "cinder-quobyte-38bf4e81-5542-4b15-9dcd-afc6288e6dab" released by "delete_volume" :: held 1.085s {{(pid=82656) __release /opt/stack/cinder/cinder/coordination.py:152}}
Apr 13 11:00:52 devstack cinder-volume[82656]: WARNING cinder.quota [None req-33ac41e7-f24d-4956-9e1a-57d015d431a6 tempest-VolumeTypesAccessTest-1190573559 None] Deprecated: Default quota for resource: volumes_tempest-VolumeTypesAccessTest-volume-type-1980082244 is set by the default quota flag: quota_volumes_tempest-VolumeTypesAccessTest-volume-type-1980082244, it is now deprecated. Please use the default quota class for default quota.
Apr 13 11:00:52 devstack cinder-volume[82656]: WARNING cinder.quota [None req-33ac41e7-f24d-4956-9e1a-57d015d431a6 tempest-VolumeTypesAccessTest-1190573559 None] Deprecated: Default quota for resource: gigabytes_tempest-VolumeTypesAccessTest-volume-type-1980082244 is set by the default quota flag: quota_gigabytes_tempest-VolumeTypesAccessTest-volume-type-1980082244, it is now deprecated. Please use the default quota class for default quota.
Apr 13 11:00:52 devstack cinder-volume[82656]: DEBUG cinder.quota [None req-33ac41e7-f24d-4956-9e1a-57d015d431a6 tempest-VolumeTypesAccessTest-1190573559 None] Created reservations ['ec0bb8ea-6c38-41e8-b293-e99c9c550caa', '36b54166-6e07-4f44-9635-1e1604b517fe', '3c0475de-74c2-4536-8c97-8aaba4bee77c', 'c45b6295-5811-4e2b-9d34-d034d0271231'] {{(pid=82656) reserve /opt/stack/cinder/cinder/quota.py:752}}
Apr 13 11:00:53 devstack cinder-volume[82656]: DEBUG oslo_concurrency.lockutils [None req-33ac41e7-f24d-4956-9e1a-57d015d431a6 tempest-VolumeTypesAccessTest-1190573559 None] Acquiring lock "quobyte_ensure" by "cinder.volume.drivers.quobyte.QuobyteDriver._ensure_shares_mounted" {{(pid=82656) inner /opt/stack/data/venv/lib/python3.10/site-packages/oslo_concurrency/lockutils.py:506}}
Apr 13 11:00:53 devstack cinder-volume[82656]: DEBUG oslo_concurrency.lockutils [None req-33ac41e7-f24d-4956-9e1a-57d015d431a6 tempest-VolumeTypesAccessTest-1190573559 None] Lock "quobyte_ensure" acquired by "cinder.volume.drivers.quobyte.QuobyteDriver._ensure_shares_mounted" :: waited 0.001s {{(pid=82656) inner /opt/stack/data/venv/lib/python3.10/site-packages/oslo_concurrency/lockutils.py:519}}
Apr 13 11:00:53 devstack cinder-volume[82656]: DEBUG cinder.volume.drivers.quobyte [None req-33ac41e7-f24d-4956-9e1a-57d015d431a6 tempest-VolumeTypesAccessTest-1190573559 None] Quobyte Volume URL set to: {'osci02.corp.quobyte.com/cinder-vol-d2a58ffe-9728-498a-b936-71619a0eae8e': None} {{(pid=82656) _load_shares_config /opt/stack/cinder/cinder/volume/drivers/quobyte.py:617}}
Apr 13 11:00:53 devstack cinder-volume[82656]: DEBUG cinder.volume.drivers.quobyte [None req-33ac41e7-f24d-4956-9e1a-57d015d431a6 tempest-VolumeTypesAccessTest-1190573559 None] Available shares ['osci02.corp.quobyte.com/cinder-vol-d2a58ffe-9728-498a-b936-71619a0eae8e'] {{(pid=82656) _ensure_shares_mounted /opt/stack/cinder/cinder/volume/drivers/quobyte.py:647}}
Apr 13 11:00:53 devstack cinder-volume[82656]: DEBUG oslo_concurrency.lockutils [None req-33ac41e7-f24d-4956-9e1a-57d015d431a6 tempest-VolumeTypesAccessTest-1190573559 None] Lock "quobyte_ensure" "released" by "cinder.volume.drivers.quobyte.QuobyteDriver._ensure_shares_mounted" :: held 0.007s {{(pid=82656) inner /opt/stack/data/venv/lib/python3.10/site-packages/oslo_concurrency/lockutils.py:538}}
Apr 13 11:00:53 devstack cinder-volume[82656]: DEBUG oslo_concurrency.processutils [None req-33ac41e7-f24d-4956-9e1a-57d015d431a6 tempest-VolumeTypesAccessTest-1190573559 None] Running cmd (subprocess): sudo cinder-rootwrap /etc/cinder/rootwrap.conf df --portability --block-size 1 /opt/stack/data/cinder/mnt/1f1c18e8ae7f759d6ef2c3fa07377227 {{(pid=82656) execute /opt/stack/data/venv/lib/python3.10/site-packages/oslo_concurrency/processutils.py:440}}
Apr 13 11:00:53 devstack sudo[85346]: quobyte : PWD=/ ; USER=root ; COMMAND=/opt/stack/data/venv/bin/cinder-rootwrap /etc/cinder/rootwrap.conf df --portability --block-size 1 /opt/stack/data/cinder/mnt/1f1c18e8ae7f759d6ef2c3fa07377227
Apr 13 11:00:53 devstack sudo[85346]: pam_unix(sudo:session): session opened for user root(uid=0) by (uid=1000)
Apr 13 11:00:53 devstack sudo[85339]: pam_unix(sudo:session): session closed for user root
Apr 13 11:00:53 devstack cinder-volume[82656]: DEBUG oslo_concurrency.processutils [None req-d7f7f0d4-f340-4343-aed0-8b94524f4afc tempest-SnapshotsActionsTest-1020043812 None] CMD "sudo cinder-rootwrap /etc/cinder/rootwrap.conf chmod ugo+rw /opt/stack/data/cinder/mnt/1f1c18e8ae7f759d6ef2c3fa07377227/volume-e6579f5e-a175-4bc7-8aad-2bf8215c8aa6.217c338b-7801-4258-adb4-ce5357276482" returned: 0 in 0.459s {{(pid=82656) execute /opt/stack/data/venv/lib/python3.10/site-packages/oslo_concurrency/processutils.py:468}}
Apr 13 11:00:53 devstack cinder-volume[82656]: DEBUG oslo_concurrency.processutils [None req-d7f7f0d4-f340-4343-aed0-8b94524f4afc tempest-SnapshotsActionsTest-1020043812 None] Running cmd (subprocess): sudo cinder-rootwrap /etc/cinder/rootwrap.conf truncate -s0 /opt/stack/data/cinder/mnt/1f1c18e8ae7f759d6ef2c3fa07377227/volume-e6579f5e-a175-4bc7-8aad-2bf8215c8aa6.info {{(pid=82656) execute /opt/stack/data/venv/lib/python3.10/site-packages/oslo_concurrency/processutils.py:440}}
Apr 13 11:00:53 devstack sudo[85348]: quobyte : PWD=/ ; USER=root ; COMMAND=/opt/stack/data/venv/bin/cinder-rootwrap /etc/cinder/rootwrap.conf truncate -s0 /opt/stack/data/cinder/mnt/1f1c18e8ae7f759d6ef2c3fa07377227/volume-e6579f5e-a175-4bc7-8aad-2bf8215c8aa6.info
Apr 13 11:00:53 devstack sudo[85348]: pam_unix(sudo:session): session opened for user root(uid=0) by (uid=1000)
Apr 13 11:00:53 devstack sudo[85346]: pam_unix(sudo:session): session closed for user root
Apr 13 11:00:53 devstack cinder-volume[82656]: DEBUG oslo_concurrency.processutils [None req-33ac41e7-f24d-4956-9e1a-57d015d431a6 tempest-VolumeTypesAccessTest-1190573559 None] CMD "sudo cinder-rootwrap /etc/cinder/rootwrap.conf df --portability --block-size 1 /opt/stack/data/cinder/mnt/1f1c18e8ae7f759d6ef2c3fa07377227" returned: 0 in 0.452s {{(pid=82656) execute /opt/stack/data/venv/lib/python3.10/site-packages/oslo_concurrency/processutils.py:468}}
Apr 13 11:00:53 devstack cinder-volume[82656]: DEBUG cinder.manager [None req-33ac41e7-f24d-4956-9e1a-57d015d431a6 tempest-VolumeTypesAccessTest-1190573559 None] Notifying Schedulers of capabilities ... {{(pid=82656) _publish_service_capabilities /opt/stack/cinder/cinder/manager.py:202}}
Apr 13 11:00:53 devstack cinder-volume[82656]: INFO cinder.volume.manager [None req-33ac41e7-f24d-4956-9e1a-57d015d431a6 tempest-VolumeTypesAccessTest-1190573559 None] Deleted volume successfully.
Apr 13 11:00:53 devstack cinder-volume[82656]: DEBUG dbcounter [-] [82656] Writing DB stats cinder:SELECT=98,cinder:UPDATE=126,cinder:DELETE=9,cinder:INSERT=44 {{(pid=82656) stat_writer /opt/stack/data/venv/lib/python3.10/site-packages/dbcounter.py:115}}
Apr 13 11:00:53 devstack cinder-volume[82656]: DEBUG cinder.coordination [None req-33ac41e7-f24d-4956-9e1a-57d015d431a6 tempest-VolumeTypesAccessTest-1190573559 None] Lock "cinder-38bf4e81-5542-4b15-9dcd-afc6288e6dab-delete_volume" released by "delete_volume" :: held 1.717s {{(pid=82656) __release /opt/stack/cinder/cinder/coordination.py:152}}
Apr 13 11:00:53 devstack sudo[85348]: pam_unix(sudo:session): session closed for user root
Apr 13 11:00:53 devstack cinder-volume[82656]: DEBUG oslo_concurrency.processutils [None req-d7f7f0d4-f340-4343-aed0-8b94524f4afc tempest-SnapshotsActionsTest-1020043812 None] CMD "sudo cinder-rootwrap /etc/cinder/rootwrap.conf truncate -s0 /opt/stack/data/cinder/mnt/1f1c18e8ae7f759d6ef2c3fa07377227/volume-e6579f5e-a175-4bc7-8aad-2bf8215c8aa6.info" returned: 0 in 0.498s {{(pid=82656) execute /opt/stack/data/venv/lib/python3.10/site-packages/oslo_concurrency/processutils.py:468}}
Apr 13 11:00:53 devstack cinder-volume[82656]: WARNING cinder.volume.drivers.remotefs [None req-d7f7f0d4-f340-4343-aed0-8b94524f4afc tempest-SnapshotsActionsTest-1020043812 None] /opt/stack/data/cinder/mnt/1f1c18e8ae7f759d6ef2c3fa07377227/volume-e6579f5e-a175-4bc7-8aad-2bf8215c8aa6.info is being set with open permissions: ugo+rw
Apr 13 11:00:53 devstack cinder-volume[82656]: DEBUG oslo_concurrency.processutils [None req-d7f7f0d4-f340-4343-aed0-8b94524f4afc tempest-SnapshotsActionsTest-1020043812 None] Running cmd (subprocess): sudo cinder-rootwrap /etc/cinder/rootwrap.conf chmod ugo+rw /opt/stack/data/cinder/mnt/1f1c18e8ae7f759d6ef2c3fa07377227/volume-e6579f5e-a175-4bc7-8aad-2bf8215c8aa6.info {{(pid=82656) execute /opt/stack/data/venv/lib/python3.10/site-packages/oslo_concurrency/processutils.py:440}}
Apr 13 11:00:53 devstack sudo[85352]: quobyte : PWD=/ ; USER=root ; COMMAND=/opt/stack/data/venv/bin/cinder-rootwrap /etc/cinder/rootwrap.conf chmod ugo+rw /opt/stack/data/cinder/mnt/1f1c18e8ae7f759d6ef2c3fa07377227/volume-e6579f5e-a175-4bc7-8aad-2bf8215c8aa6.info
Apr 13 11:00:53 devstack sudo[85352]: pam_unix(sudo:session): session opened for user root(uid=0) by (uid=1000)
Apr 13 11:00:54 devstack sudo[85352]: pam_unix(sudo:session): session closed for user root
Apr 13 11:00:54 devstack cinder-volume[82656]: DEBUG oslo_concurrency.processutils [None req-d7f7f0d4-f340-4343-aed0-8b94524f4afc tempest-SnapshotsActionsTest-1020043812 None] CMD "sudo cinder-rootwrap /etc/cinder/rootwrap.conf chmod ugo+rw /opt/stack/data/cinder/mnt/1f1c18e8ae7f759d6ef2c3fa07377227/volume-e6579f5e-a175-4bc7-8aad-2bf8215c8aa6.info" returned: 0 in 0.470s {{(pid=82656) execute /opt/stack/data/venv/lib/python3.10/site-packages/oslo_concurrency/processutils.py:468}}
Apr 13 11:00:54 devstack cinder-volume[82656]: DEBUG oslo_concurrency.lockutils [None req-d7f7f0d4-f340-4343-aed0-8b94524f4afc tempest-SnapshotsActionsTest-1020043812 None] Lock "quobyte" "released" by "cinder.volume.drivers.quobyte.QuobyteDriver.create_snapshot" :: held 3.058s {{(pid=82656) inner /opt/stack/data/venv/lib/python3.10/site-packages/oslo_concurrency/lockutils.py:538}}
Apr 13 11:00:54 devstack cinder-volume[82656]: INFO cinder.volume.manager [None req-d7f7f0d4-f340-4343-aed0-8b94524f4afc tempest-SnapshotsActionsTest-1020043812 None] Create snapshot completed successfully
Apr 13 11:00:55 devstack cinder-volume[82656]: DEBUG oslo_concurrency.lockutils [None req-a9bf362a-658d-47f1-8d2f-ff678a56ef88 tempest-SnapshotsActionsTest-1020043812 None] Acquiring lock "quobyte" by "cinder.volume.drivers.quobyte.QuobyteDriver.create_snapshot" {{(pid=82656) inner /opt/stack/data/venv/lib/python3.10/site-packages/oslo_concurrency/lockutils.py:506}}
Apr 13 11:00:55 devstack cinder-volume[82656]: DEBUG oslo_concurrency.lockutils [None req-a9bf362a-658d-47f1-8d2f-ff678a56ef88 tempest-SnapshotsActionsTest-1020043812 None] Lock "quobyte" acquired by "cinder.volume.drivers.quobyte.QuobyteDriver.create_snapshot" :: waited 0.001s {{(pid=82656) inner /opt/stack/data/venv/lib/python3.10/site-packages/oslo_concurrency/lockutils.py:519}}
Apr 13 11:00:55 devstack cinder-volume[82656]: DEBUG cinder.volume.drivers.remotefs [None req-a9bf362a-658d-47f1-8d2f-ff678a56ef88 tempest-SnapshotsActionsTest-1020043812 None] Creating offline snapshot cc5b1f7d-ab3f-44d5-800e-318b11e8b114 of volume e6579f5e-a175-4bc7-8aad-2bf8215c8aa6 {{(pid=82656) _create_snapshot /opt/stack/cinder/cinder/volume/drivers/remotefs.py:1815}}
Apr 13 11:00:56 devstack cinder-volume[82656]: DEBUG oslo.privsep.daemon [-] privsep: reply[e6d4f73b-0c0d-4647-9729-831a4d2d19e0]: (4, 'qcow2') {{(pid=83533) _call_back /opt/stack/data/venv/lib/python3.10/site-packages/oslo_privsep/daemon.py:573}}
Apr 13 11:00:56 devstack cinder-volume[82656]: DEBUG oslo_concurrency.processutils [None req-a9bf362a-658d-47f1-8d2f-ff678a56ef88 tempest-SnapshotsActionsTest-1020043812 None] Running cmd (subprocess): /opt/stack/data/venv/bin/python3.10 -m oslo_concurrency.prlimit --as=1073741824 --cpu=60 -- sudo cinder-rootwrap /etc/cinder/rootwrap.conf env LC_ALL=C qemu-img info -f qcow2 --output=json --force-share /opt/stack/data/cinder/mnt/1f1c18e8ae7f759d6ef2c3fa07377227/volume-e6579f5e-a175-4bc7-8aad-2bf8215c8aa6.217c338b-7801-4258-adb4-ce5357276482 {{(pid=82656) execute /opt/stack/data/venv/lib/python3.10/site-packages/oslo_concurrency/processutils.py:440}}
Apr 13 11:00:56 devstack sudo[85381]: quobyte : PWD=/ ; USER=root ; COMMAND=/opt/stack/data/venv/bin/cinder-rootwrap /etc/cinder/rootwrap.conf env LC_ALL=C qemu-img info -f qcow2 --output=json --force-share /opt/stack/data/cinder/mnt/1f1c18e8ae7f759d6ef2c3fa07377227/volume-e6579f5e-a175-4bc7-8aad-2bf8215c8aa6.217c338b-7801-4258-adb4-ce5357276482
Apr 13 11:00:56 devstack sudo[85381]: pam_unix(sudo:session): session opened for user root(uid=0) by (uid=1000)
Apr 13 11:00:56 devstack sudo[85381]: pam_unix(sudo:session): session closed for user root
Apr 13 11:00:56 devstack cinder-volume[82656]: DEBUG oslo_concurrency.processutils [None req-a9bf362a-658d-47f1-8d2f-ff678a56ef88 tempest-SnapshotsActionsTest-1020043812 None] CMD "/opt/stack/data/venv/bin/python3.10 -m oslo_concurrency.prlimit --as=1073741824 --cpu=60 -- sudo cinder-rootwrap /etc/cinder/rootwrap.conf env LC_ALL=C qemu-img info -f qcow2 --output=json --force-share /opt/stack/data/cinder/mnt/1f1c18e8ae7f759d6ef2c3fa07377227/volume-e6579f5e-a175-4bc7-8aad-2bf8215c8aa6.217c338b-7801-4258-adb4-ce5357276482" returned: 0 in 0.625s {{(pid=82656) execute /opt/stack/data/venv/lib/python3.10/site-packages/oslo_concurrency/processutils.py:468}}
Apr 13 11:00:56 devstack cinder-volume[82656]: DEBUG cinder.volume.drivers.remotefs [None req-a9bf362a-658d-47f1-8d2f-ff678a56ef88 tempest-SnapshotsActionsTest-1020043812 None] Fetching qemu-img info with special backing_file_template: (/opt/stack/data/cinder/mnt/[0-9a-f]+/)?(volume-e6579f5e-a175-4bc7-8aad-2bf8215c8aa6(.(tmp-snap-)?[0-9a-f-]+)?|volume_from_snapshot_cache/(tmp-snap-)?[0-9a-f-]+(.(child-|parent-)[0-9a-f-]+)?)$ {{(pid=82656) _qemu_img_info_base /opt/stack/cinder/cinder/volume/drivers/remotefs.py:896}}
Apr 13 11:00:56 devstack cinder-volume[82656]: DEBUG oslo_concurrency.processutils [None req-a9bf362a-658d-47f1-8d2f-ff678a56ef88 tempest-SnapshotsActionsTest-1020043812 None] Running cmd (subprocess): sudo cinder-rootwrap /etc/cinder/rootwrap.conf qemu-img create -f qcow2 -o backing_file=/opt/stack/data/cinder/mnt/1f1c18e8ae7f759d6ef2c3fa07377227/volume-e6579f5e-a175-4bc7-8aad-2bf8215c8aa6.217c338b-7801-4258-adb4-ce5357276482,backing_fmt=qcow2 /opt/stack/data/cinder/mnt/1f1c18e8ae7f759d6ef2c3fa07377227/volume-e6579f5e-a175-4bc7-8aad-2bf8215c8aa6.cc5b1f7d-ab3f-44d5-800e-318b11e8b114 1G {{(pid=82656) execute /opt/stack/data/venv/lib/python3.10/site-packages/oslo_concurrency/processutils.py:440}}
Apr 13 11:00:56 devstack sudo[85387]: quobyte : PWD=/ ; USER=root ; COMMAND=/opt/stack/data/venv/bin/cinder-rootwrap /etc/cinder/rootwrap.conf qemu-img create -f qcow2 -o backing_file=/opt/stack/data/cinder/mnt/1f1c18e8ae7f759d6ef2c3fa07377227/volume-e6579f5e-a175-4bc7-8aad-2bf8215c8aa6.217c338b-7801-4258-adb4-ce5357276482,backing_fmt=qcow2 /opt/stack/data/cinder/mnt/1f1c18e8ae7f759d6ef2c3fa07377227/volume-e6579f5e-a175-4bc7-8aad-2bf8215c8aa6.cc5b1f7d-ab3f-44d5-800e-318b11e8b114 1G
Apr 13 11:00:56 devstack sudo[85387]: pam_unix(sudo:session): session opened for user root(uid=0) by (uid=1000)
Apr 13 11:00:57 devstack sudo[85387]: pam_unix(sudo:session): session closed for user root
Apr 13 11:00:57 devstack cinder-volume[82656]: DEBUG oslo_concurrency.processutils [None req-a9bf362a-658d-47f1-8d2f-ff678a56ef88 tempest-SnapshotsActionsTest-1020043812 None] CMD "sudo cinder-rootwrap /etc/cinder/rootwrap.conf qemu-img create -f qcow2 -o backing_file=/opt/stack/data/cinder/mnt/1f1c18e8ae7f759d6ef2c3fa07377227/volume-e6579f5e-a175-4bc7-8aad-2bf8215c8aa6.217c338b-7801-4258-adb4-ce5357276482,backing_fmt=qcow2 /opt/stack/data/cinder/mnt/1f1c18e8ae7f759d6ef2c3fa07377227/volume-e6579f5e-a175-4bc7-8aad-2bf8215c8aa6.cc5b1f7d-ab3f-44d5-800e-318b11e8b114 1G" returned: 0 in 0.890s {{(pid=82656) execute /opt/stack/data/venv/lib/python3.10/site-packages/oslo_concurrency/processutils.py:468}}
Apr 13 11:00:57 devstack cinder-volume[82656]: DEBUG oslo_concurrency.processutils [None req-a9bf362a-658d-47f1-8d2f-ff678a56ef88 tempest-SnapshotsActionsTest-1020043812 None] Running cmd (subprocess): sudo cinder-rootwrap /etc/cinder/rootwrap.conf qemu-img rebase -u -b volume-e6579f5e-a175-4bc7-8aad-2bf8215c8aa6.217c338b-7801-4258-adb4-ce5357276482 -F qcow2 /opt/stack/data/cinder/mnt/1f1c18e8ae7f759d6ef2c3fa07377227/volume-e6579f5e-a175-4bc7-8aad-2bf8215c8aa6.cc5b1f7d-ab3f-44d5-800e-318b11e8b114 {{(pid=82656) execute /opt/stack/data/venv/lib/python3.10/site-packages/oslo_concurrency/processutils.py:440}}
Apr 13 11:00:57 devstack sudo[85394]: quobyte : PWD=/ ; USER=root ; COMMAND=/opt/stack/data/venv/bin/cinder-rootwrap /etc/cinder/rootwrap.conf qemu-img rebase -u -b volume-e6579f5e-a175-4bc7-8aad-2bf8215c8aa6.217c338b-7801-4258-adb4-ce5357276482 -F qcow2 /opt/stack/data/cinder/mnt/1f1c18e8ae7f759d6ef2c3fa07377227/volume-e6579f5e-a175-4bc7-8aad-2bf8215c8aa6.cc5b1f7d-ab3f-44d5-800e-318b11e8b114
Apr 13 11:00:57 devstack sudo[85394]: pam_unix(sudo:session): session opened for user root(uid=0) by (uid=1000)
Apr 13 11:00:58 devstack sudo[85394]: pam_unix(sudo:session): session closed for user root
Apr 13 11:00:58 devstack cinder-volume[82656]: DEBUG oslo_concurrency.processutils [None req-a9bf362a-658d-47f1-8d2f-ff678a56ef88 tempest-SnapshotsActionsTest-1020043812 None] CMD "sudo cinder-rootwrap /etc/cinder/rootwrap.conf qemu-img rebase -u -b volume-e6579f5e-a175-4bc7-8aad-2bf8215c8aa6.217c338b-7801-4258-adb4-ce5357276482 -F qcow2 /opt/stack/data/cinder/mnt/1f1c18e8ae7f759d6ef2c3fa07377227/volume-e6579f5e-a175-4bc7-8aad-2bf8215c8aa6.cc5b1f7d-ab3f-44d5-800e-318b11e8b114" returned: 0 in 0.689s {{(pid=82656) execute /opt/stack/data/venv/lib/python3.10/site-packages/oslo_concurrency/processutils.py:468}}
Apr 13 11:00:58 devstack cinder-volume[82656]: WARNING cinder.volume.drivers.remotefs [None req-a9bf362a-658d-47f1-8d2f-ff678a56ef88 tempest-SnapshotsActionsTest-1020043812 None] /opt/stack/data/cinder/mnt/1f1c18e8ae7f759d6ef2c3fa07377227/volume-e6579f5e-a175-4bc7-8aad-2bf8215c8aa6.cc5b1f7d-ab3f-44d5-800e-318b11e8b114 is being set with open permissions: ugo+rw
Apr 13 11:00:58 devstack cinder-volume[82656]: DEBUG oslo_concurrency.processutils [None req-a9bf362a-658d-47f1-8d2f-ff678a56ef88 tempest-SnapshotsActionsTest-1020043812 None] Running cmd (subprocess): sudo cinder-rootwrap /etc/cinder/rootwrap.conf chmod ugo+rw /opt/stack/data/cinder/mnt/1f1c18e8ae7f759d6ef2c3fa07377227/volume-e6579f5e-a175-4bc7-8aad-2bf8215c8aa6.cc5b1f7d-ab3f-44d5-800e-318b11e8b114 {{(pid=82656) execute /opt/stack/data/venv/lib/python3.10/site-packages/oslo_concurrency/processutils.py:440}}
Apr 13 11:00:58 devstack sudo[85399]: quobyte : PWD=/ ; USER=root ; COMMAND=/opt/stack/data/venv/bin/cinder-rootwrap /etc/cinder/rootwrap.conf chmod ugo+rw /opt/stack/data/cinder/mnt/1f1c18e8ae7f759d6ef2c3fa07377227/volume-e6579f5e-a175-4bc7-8aad-2bf8215c8aa6.cc5b1f7d-ab3f-44d5-800e-318b11e8b114
Apr 13 11:00:58 devstack sudo[85399]: pam_unix(sudo:session): session opened for user root(uid=0) by (uid=1000)
Apr 13 11:00:59 devstack sudo[85399]: pam_unix(sudo:session): session closed for user root
Apr 13 11:00:59 devstack cinder-volume[82656]: DEBUG oslo_concurrency.processutils [None req-a9bf362a-658d-47f1-8d2f-ff678a56ef88 tempest-SnapshotsActionsTest-1020043812 None] CMD "sudo cinder-rootwrap /etc/cinder/rootwrap.conf chmod ugo+rw /opt/stack/data/cinder/mnt/1f1c18e8ae7f759d6ef2c3fa07377227/volume-e6579f5e-a175-4bc7-8aad-2bf8215c8aa6.cc5b1f7d-ab3f-44d5-800e-318b11e8b114" returned: 0 in 0.773s {{(pid=82656) execute /opt/stack/data/venv/lib/python3.10/site-packages/oslo_concurrency/processutils.py:468}}
Apr 13 11:00:59 devstack cinder-volume[82656]: DEBUG oslo_concurrency.lockutils [None req-a9bf362a-658d-47f1-8d2f-ff678a56ef88 tempest-SnapshotsActionsTest-1020043812 None] Lock "quobyte" "released" by "cinder.volume.drivers.quobyte.QuobyteDriver.create_snapshot" :: held 3.148s {{(pid=82656) inner /opt/stack/data/venv/lib/python3.10/site-packages/oslo_concurrency/lockutils.py:538}}
Apr 13 11:00:59 devstack cinder-volume[82656]: INFO cinder.volume.manager [None req-a9bf362a-658d-47f1-8d2f-ff678a56ef88 tempest-SnapshotsActionsTest-1020043812 None] Create snapshot completed successfully
Apr 13 11:01:00 devstack cinder-volume[82656]: DEBUG cinder.coordination [None req-46312530-51ff-4f9d-aa71-156c880c2401 tempest-SnapshotsActionsTest-918822617 None] Acquiring lock "cinder-cc5b1f7d-ab3f-44d5-800e-318b11e8b114-delete_snapshot" by "delete_snapshot" {{(pid=82656) __acquire /opt/stack/cinder/cinder/coordination.py:138}}
Apr 13 11:01:00 devstack cinder-volume[82656]: DEBUG cinder.coordination [None req-46312530-51ff-4f9d-aa71-156c880c2401 tempest-SnapshotsActionsTest-918822617 None] Lock "cinder-cc5b1f7d-ab3f-44d5-800e-318b11e8b114-delete_snapshot" acquired by "delete_snapshot" :: waited 0.019s {{(pid=82656) __acquire /opt/stack/cinder/cinder/coordination.py:141}}
Apr 13 11:01:00 devstack cinder-volume[82656]: DEBUG cinder.coordination [None req-46312530-51ff-4f9d-aa71-156c880c2401 tempest-SnapshotsActionsTest-918822617 None] Acquiring lock "cinder-quobyte-e6579f5e-a175-4bc7-8aad-2bf8215c8aa6" by "delete_snapshot" {{(pid=82656) __acquire /opt/stack/cinder/cinder/coordination.py:138}}
Apr 13 11:01:00 devstack cinder-volume[82656]: DEBUG cinder.coordination [None req-46312530-51ff-4f9d-aa71-156c880c2401 tempest-SnapshotsActionsTest-918822617 None] Lock "cinder-quobyte-e6579f5e-a175-4bc7-8aad-2bf8215c8aa6" acquired by "delete_snapshot" :: waited 0.023s {{(pid=82656) __acquire /opt/stack/cinder/cinder/coordination.py:141}}
Apr 13 11:01:00 devstack cinder-volume[82656]: DEBUG cinder.coordination [None req-46312530-51ff-4f9d-aa71-156c880c2401 tempest-SnapshotsActionsTest-918822617 None] Acquiring lock "cinder-quobyte-cc5b1f7d-ab3f-44d5-800e-318b11e8b114" by "_delete_snapshot" {{(pid=82656) __acquire /opt/stack/cinder/cinder/coordination.py:138}}
Apr 13 11:01:00 devstack cinder-volume[82656]: DEBUG cinder.coordination [None req-46312530-51ff-4f9d-aa71-156c880c2401 tempest-SnapshotsActionsTest-918822617 None] Lock "cinder-quobyte-cc5b1f7d-ab3f-44d5-800e-318b11e8b114" acquired by "_delete_snapshot" :: waited 0.022s {{(pid=82656) __acquire /opt/stack/cinder/cinder/coordination.py:141}}
Apr 13 11:01:00 devstack cinder-volume[82656]: DEBUG cinder.volume.drivers.remotefs [None req-46312530-51ff-4f9d-aa71-156c880c2401 tempest-SnapshotsActionsTest-918822617 None] Deleting offline snapshot cc5b1f7d-ab3f-44d5-800e-318b11e8b114 of volume e6579f5e-a175-4bc7-8aad-2bf8215c8aa6 {{(pid=82656) _delete_snapshot /opt/stack/cinder/cinder/volume/drivers/remotefs.py:1288}}
Apr 13 11:01:00 devstack cinder-volume[82656]: DEBUG cinder.volume.drivers.remotefs [None req-46312530-51ff-4f9d-aa71-156c880c2401 tempest-SnapshotsActionsTest-918822617 None] snapshot_file for this snap is: volume-e6579f5e-a175-4bc7-8aad-2bf8215c8aa6.cc5b1f7d-ab3f-44d5-800e-318b11e8b114 {{(pid=82656) _delete_snapshot /opt/stack/cinder/cinder/volume/drivers/remotefs.py:1317}}
Apr 13 11:01:00 devstack cinder-volume[82656]: DEBUG oslo.privsep.daemon [-] privsep: reply[bd0fb037-ca29-4a7d-bab6-f10ce7991a40]: (4, 'qcow2') {{(pid=83533) _call_back /opt/stack/data/venv/lib/python3.10/site-packages/oslo_privsep/daemon.py:573}}
Apr 13 11:01:00 devstack cinder-volume[82656]: DEBUG oslo_concurrency.processutils [None req-46312530-51ff-4f9d-aa71-156c880c2401 tempest-SnapshotsActionsTest-918822617 None] Running cmd (subprocess): /opt/stack/data/venv/bin/python3.10 -m oslo_concurrency.prlimit --as=1073741824 --cpu=60 -- sudo cinder-rootwrap /etc/cinder/rootwrap.conf env LC_ALL=C qemu-img info -f qcow2 --output=json --force-share /opt/stack/data/cinder/mnt/1f1c18e8ae7f759d6ef2c3fa07377227/volume-e6579f5e-a175-4bc7-8aad-2bf8215c8aa6.cc5b1f7d-ab3f-44d5-800e-318b11e8b114 {{(pid=82656) execute /opt/stack/data/venv/lib/python3.10/site-packages/oslo_concurrency/processutils.py:440}}
Apr 13 11:01:00 devstack sudo[85404]: quobyte : PWD=/ ; USER=root ; COMMAND=/opt/stack/data/venv/bin/cinder-rootwrap /etc/cinder/rootwrap.conf env LC_ALL=C qemu-img info -f qcow2 --output=json --force-share /opt/stack/data/cinder/mnt/1f1c18e8ae7f759d6ef2c3fa07377227/volume-e6579f5e-a175-4bc7-8aad-2bf8215c8aa6.cc5b1f7d-ab3f-44d5-800e-318b11e8b114
Apr 13 11:01:00 devstack sudo[85404]: pam_unix(sudo:session): session opened for user root(uid=0) by (uid=1000)
Apr 13 11:01:01 devstack sudo[85404]: pam_unix(sudo:session): session closed for user root
Apr 13 11:01:01 devstack cinder-volume[82656]: DEBUG oslo_concurrency.processutils [None req-46312530-51ff-4f9d-aa71-156c880c2401 tempest-SnapshotsActionsTest-918822617 None] CMD "/opt/stack/data/venv/bin/python3.10 -m oslo_concurrency.prlimit --as=1073741824 --cpu=60 -- sudo cinder-rootwrap /etc/cinder/rootwrap.conf env LC_ALL=C qemu-img info -f qcow2 --output=json --force-share /opt/stack/data/cinder/mnt/1f1c18e8ae7f759d6ef2c3fa07377227/volume-e6579f5e-a175-4bc7-8aad-2bf8215c8aa6.cc5b1f7d-ab3f-44d5-800e-318b11e8b114" returned: 0 in 0.781s {{(pid=82656) execute /opt/stack/data/venv/lib/python3.10/site-packages/oslo_concurrency/processutils.py:468}}
Apr 13 11:01:01 devstack cinder-volume[82656]: DEBUG cinder.volume.drivers.remotefs [None req-46312530-51ff-4f9d-aa71-156c880c2401 tempest-SnapshotsActionsTest-918822617 None] Fetching qemu-img info with special backing_file_template: (/opt/stack/data/cinder/mnt/[0-9a-f]+/)?(volume-e6579f5e-a175-4bc7-8aad-2bf8215c8aa6(.(tmp-snap-)?[0-9a-f-]+)?|volume_from_snapshot_cache/(tmp-snap-)?[0-9a-f-]+(.(child-|parent-)[0-9a-f-]+)?)$ {{(pid=82656) _qemu_img_info_base /opt/stack/cinder/cinder/volume/drivers/remotefs.py:896}}
Apr 13 11:01:01 devstack cinder-volume[82656]: DEBUG oslo.privsep.daemon [-] privsep: reply[db3026ad-9d77-454c-9f0e-48818c3ebd4b]: (4, 'qcow2') {{(pid=83533) _call_back /opt/stack/data/venv/lib/python3.10/site-packages/oslo_privsep/daemon.py:573}}
Apr 13 11:01:01 devstack cinder-volume[82656]: DEBUG oslo_concurrency.processutils [None req-46312530-51ff-4f9d-aa71-156c880c2401 tempest-SnapshotsActionsTest-918822617 None] Running cmd (subprocess): /opt/stack/data/venv/bin/python3.10 -m oslo_concurrency.prlimit --as=1073741824 --cpu=60 -- sudo cinder-rootwrap /etc/cinder/rootwrap.conf env LC_ALL=C qemu-img info -f qcow2 --output=json --force-share /opt/stack/data/cinder/mnt/1f1c18e8ae7f759d6ef2c3fa07377227/volume-e6579f5e-a175-4bc7-8aad-2bf8215c8aa6.217c338b-7801-4258-adb4-ce5357276482 {{(pid=82656) execute /opt/stack/data/venv/lib/python3.10/site-packages/oslo_concurrency/processutils.py:440}}
Apr 13 11:01:01 devstack sudo[85410]: quobyte : PWD=/ ; USER=root ; COMMAND=/opt/stack/data/venv/bin/cinder-rootwrap /etc/cinder/rootwrap.conf env LC_ALL=C qemu-img info -f qcow2 --output=json --force-share /opt/stack/data/cinder/mnt/1f1c18e8ae7f759d6ef2c3fa07377227/volume-e6579f5e-a175-4bc7-8aad-2bf8215c8aa6.217c338b-7801-4258-adb4-ce5357276482
Apr 13 11:01:01 devstack sudo[85410]: pam_unix(sudo:session): session opened for user root(uid=0) by (uid=1000)
Apr 13 11:01:02 devstack sudo[85410]: pam_unix(sudo:session): session closed for user root
Apr 13 11:01:02 devstack cinder-volume[82656]: DEBUG oslo_concurrency.processutils [None req-46312530-51ff-4f9d-aa71-156c880c2401 tempest-SnapshotsActionsTest-918822617 None] CMD "/opt/stack/data/venv/bin/python3.10 -m oslo_concurrency.prlimit --as=1073741824 --cpu=60 -- sudo cinder-rootwrap /etc/cinder/rootwrap.conf env LC_ALL=C qemu-img info -f qcow2 --output=json --force-share /opt/stack/data/cinder/mnt/1f1c18e8ae7f759d6ef2c3fa07377227/volume-e6579f5e-a175-4bc7-8aad-2bf8215c8aa6.217c338b-7801-4258-adb4-ce5357276482" returned: 0 in 0.965s {{(pid=82656) execute /opt/stack/data/venv/lib/python3.10/site-packages/oslo_concurrency/processutils.py:468}}
Apr 13 11:01:02 devstack cinder-volume[82656]: DEBUG cinder.volume.drivers.remotefs [None req-46312530-51ff-4f9d-aa71-156c880c2401 tempest-SnapshotsActionsTest-918822617 None] Fetching qemu-img info with special backing_file_template: (/opt/stack/data/cinder/mnt/[0-9a-f]+/)?(volume-e6579f5e-a175-4bc7-8aad-2bf8215c8aa6(.(tmp-snap-)?[0-9a-f-]+)?|volume_from_snapshot_cache/(tmp-snap-)?[0-9a-f-]+(.(child-|parent-)[0-9a-f-]+)?)$ {{(pid=82656) _qemu_img_info_base /opt/stack/cinder/cinder/volume/drivers/remotefs.py:896}}
Apr 13 11:01:02 devstack cinder-volume[82656]: DEBUG oslo_concurrency.processutils [None req-46312530-51ff-4f9d-aa71-156c880c2401 tempest-SnapshotsActionsTest-918822617 None] Running cmd (subprocess): sudo cinder-rootwrap /etc/cinder/rootwrap.conf qemu-img commit -d /opt/stack/data/cinder/mnt/1f1c18e8ae7f759d6ef2c3fa07377227/volume-e6579f5e-a175-4bc7-8aad-2bf8215c8aa6.cc5b1f7d-ab3f-44d5-800e-318b11e8b114 {{(pid=82656) execute /opt/stack/data/venv/lib/python3.10/site-packages/oslo_concurrency/processutils.py:440}}
Apr 13 11:01:02 devstack sudo[85416]: quobyte : PWD=/ ; USER=root ; COMMAND=/opt/stack/data/venv/bin/cinder-rootwrap /etc/cinder/rootwrap.conf qemu-img commit -d /opt/stack/data/cinder/mnt/1f1c18e8ae7f759d6ef2c3fa07377227/volume-e6579f5e-a175-4bc7-8aad-2bf8215c8aa6.cc5b1f7d-ab3f-44d5-800e-318b11e8b114
Apr 13 11:01:02 devstack sudo[85416]: pam_unix(sudo:session): session opened for user root(uid=0) by (uid=1000)
Apr 13 11:01:02 devstack sudo[85416]: pam_unix(sudo:session): session closed for user root
Apr 13 11:01:02 devstack cinder-volume[82656]: DEBUG oslo_concurrency.processutils [None req-46312530-51ff-4f9d-aa71-156c880c2401 tempest-SnapshotsActionsTest-918822617 None] CMD "sudo cinder-rootwrap /etc/cinder/rootwrap.conf qemu-img commit -d /opt/stack/data/cinder/mnt/1f1c18e8ae7f759d6ef2c3fa07377227/volume-e6579f5e-a175-4bc7-8aad-2bf8215c8aa6.cc5b1f7d-ab3f-44d5-800e-318b11e8b114" returned: 0 in 0.757s {{(pid=82656) execute /opt/stack/data/venv/lib/python3.10/site-packages/oslo_concurrency/processutils.py:468}}
Apr 13 11:01:02 devstack cinder-volume[82656]: DEBUG oslo_concurrency.processutils [None req-46312530-51ff-4f9d-aa71-156c880c2401 tempest-SnapshotsActionsTest-918822617 None] Running cmd (subprocess): sudo cinder-rootwrap /etc/cinder/rootwrap.conf rm -f /opt/stack/data/cinder/mnt/1f1c18e8ae7f759d6ef2c3fa07377227/volume-e6579f5e-a175-4bc7-8aad-2bf8215c8aa6.cc5b1f7d-ab3f-44d5-800e-318b11e8b114 {{(pid=82656) execute /opt/stack/data/venv/lib/python3.10/site-packages/oslo_concurrency/processutils.py:440}}
Apr 13 11:01:02 devstack sudo[85427]: quobyte : PWD=/ ; USER=root ; COMMAND=/opt/stack/data/venv/bin/cinder-rootwrap /etc/cinder/rootwrap.conf rm -f /opt/stack/data/cinder/mnt/1f1c18e8ae7f759d6ef2c3fa07377227/volume-e6579f5e-a175-4bc7-8aad-2bf8215c8aa6.cc5b1f7d-ab3f-44d5-800e-318b11e8b114
Apr 13 11:01:02 devstack sudo[85427]: pam_unix(sudo:session): session opened for user root(uid=0) by (uid=1000)
Apr 13 11:01:03 devstack sudo[85427]: pam_unix(sudo:session): session closed for user root
Apr 13 11:01:03 devstack cinder-volume[82656]: DEBUG oslo_concurrency.processutils [None req-46312530-51ff-4f9d-aa71-156c880c2401 tempest-SnapshotsActionsTest-918822617 None] CMD "sudo cinder-rootwrap /etc/cinder/rootwrap.conf rm -f /opt/stack/data/cinder/mnt/1f1c18e8ae7f759d6ef2c3fa07377227/volume-e6579f5e-a175-4bc7-8aad-2bf8215c8aa6.cc5b1f7d-ab3f-44d5-800e-318b11e8b114" returned: 0 in 0.653s {{(pid=82656) execute /opt/stack/data/venv/lib/python3.10/site-packages/oslo_concurrency/processutils.py:468}}
Apr 13 11:01:03 devstack cinder-volume[82656]: DEBUG cinder.coordination [None req-46312530-51ff-4f9d-aa71-156c880c2401 tempest-SnapshotsActionsTest-918822617 None] Lock "cinder-quobyte-cc5b1f7d-ab3f-44d5-800e-318b11e8b114" released by "_delete_snapshot" :: held 3.239s {{(pid=82656) __release /opt/stack/cinder/cinder/coordination.py:152}}
Apr 13 11:01:03 devstack cinder-volume[82656]: DEBUG cinder.coordination [None req-46312530-51ff-4f9d-aa71-156c880c2401 tempest-SnapshotsActionsTest-918822617 None] Lock "cinder-quobyte-e6579f5e-a175-4bc7-8aad-2bf8215c8aa6" released by "delete_snapshot" :: held 3.270s {{(pid=82656) __release /opt/stack/cinder/cinder/coordination.py:152}}
Apr 13 11:01:03 devstack cinder-volume[82656]: DEBUG dbcounter [-] [82656] Writing DB stats cinder:SELECT=105,cinder:UPDATE=113,cinder:INSERT=20,cinder:DELETE=10 {{(pid=82656) stat_writer /opt/stack/data/venv/lib/python3.10/site-packages/dbcounter.py:115}}
Apr 13 11:01:03 devstack cinder-volume[82656]: DEBUG cinder.quota [None req-46312530-51ff-4f9d-aa71-156c880c2401 tempest-SnapshotsActionsTest-918822617 None] Created reservations ['5faa298e-c814-4ef1-8fd3-9c137af650ba', '5676f6f4-a566-4d51-92b3-3883e1ce094b', '1b99457a-e582-4898-afd7-325bd4b4eb27', '461eac2b-0a0f-44e1-bfe3-ffe3955d4b3c'] {{(pid=82656) reserve /opt/stack/cinder/cinder/quota.py:752}}
Apr 13 11:01:03 devstack cinder-volume[82656]: INFO cinder.volume.manager [None req-46312530-51ff-4f9d-aa71-156c880c2401 tempest-SnapshotsActionsTest-918822617 None] Delete snapshot completed successfully.
Apr 13 11:01:03 devstack cinder-volume[82656]: DEBUG cinder.coordination [None req-46312530-51ff-4f9d-aa71-156c880c2401 tempest-SnapshotsActionsTest-918822617 None] Lock "cinder-cc5b1f7d-ab3f-44d5-800e-318b11e8b114-delete_snapshot" released by "delete_snapshot" :: held 3.414s {{(pid=82656) __release /opt/stack/cinder/cinder/coordination.py:152}}
Apr 13 11:01:04 devstack cinder-volume[82656]: DEBUG oslo_concurrency.lockutils [None req-9a63e791-07e3-4f93-9827-b039446feb38 tempest-SnapshotsActionsTest-1020043812 None] Acquiring lock "quobyte" by "cinder.volume.drivers.quobyte.QuobyteDriver.create_snapshot" {{(pid=82656) inner /opt/stack/data/venv/lib/python3.10/site-packages/oslo_concurrency/lockutils.py:506}}
Apr 13 11:01:04 devstack cinder-volume[82656]: DEBUG oslo_concurrency.lockutils [None req-9a63e791-07e3-4f93-9827-b039446feb38 tempest-SnapshotsActionsTest-1020043812 None] Lock "quobyte" acquired by "cinder.volume.drivers.quobyte.QuobyteDriver.create_snapshot" :: waited 0.001s {{(pid=82656) inner /opt/stack/data/venv/lib/python3.10/site-packages/oslo_concurrency/lockutils.py:519}}
Apr 13 11:01:04 devstack cinder-volume[82656]: DEBUG cinder.volume.drivers.remotefs [None req-9a63e791-07e3-4f93-9827-b039446feb38 tempest-SnapshotsActionsTest-1020043812 None] Creating offline snapshot 26d33919-c71d-4311-b0f4-7b01627351e6 of volume e6579f5e-a175-4bc7-8aad-2bf8215c8aa6 {{(pid=82656) _create_snapshot /opt/stack/cinder/cinder/volume/drivers/remotefs.py:1815}}
Apr 13 11:01:04 devstack cinder-volume[82656]: DEBUG oslo.privsep.daemon [-] privsep: reply[f417ee0e-83db-4627-af86-fe7533a5eb69]: (4, 'qcow2') {{(pid=83533) _call_back /opt/stack/data/venv/lib/python3.10/site-packages/oslo_privsep/daemon.py:573}}
Apr 13 11:01:04 devstack cinder-volume[82656]: DEBUG oslo_concurrency.processutils [None req-9a63e791-07e3-4f93-9827-b039446feb38 tempest-SnapshotsActionsTest-1020043812 None] Running cmd (subprocess): /opt/stack/data/venv/bin/python3.10 -m oslo_concurrency.prlimit --as=1073741824 --cpu=60 -- sudo cinder-rootwrap /etc/cinder/rootwrap.conf env LC_ALL=C qemu-img info -f qcow2 --output=json --force-share /opt/stack/data/cinder/mnt/1f1c18e8ae7f759d6ef2c3fa07377227/volume-e6579f5e-a175-4bc7-8aad-2bf8215c8aa6.217c338b-7801-4258-adb4-ce5357276482 {{(pid=82656) execute /opt/stack/data/venv/lib/python3.10/site-packages/oslo_concurrency/processutils.py:440}}
Apr 13 11:01:04 devstack sudo[85461]: quobyte : PWD=/ ; USER=root ; COMMAND=/opt/stack/data/venv/bin/cinder-rootwrap /etc/cinder/rootwrap.conf env LC_ALL=C qemu-img info -f qcow2 --output=json --force-share /opt/stack/data/cinder/mnt/1f1c18e8ae7f759d6ef2c3fa07377227/volume-e6579f5e-a175-4bc7-8aad-2bf8215c8aa6.217c338b-7801-4258-adb4-ce5357276482
Apr 13 11:01:04 devstack sudo[85461]: pam_unix(sudo:session): session opened for user root(uid=0) by (uid=1000)
Apr 13 11:01:05 devstack sudo[85461]: pam_unix(sudo:session): session closed for user root
Apr 13 11:01:05 devstack cinder-volume[82656]: DEBUG oslo_concurrency.processutils [None req-9a63e791-07e3-4f93-9827-b039446feb38 tempest-SnapshotsActionsTest-1020043812 None] CMD "/opt/stack/data/venv/bin/python3.10 -m oslo_concurrency.prlimit --as=1073741824 --cpu=60 -- sudo cinder-rootwrap /etc/cinder/rootwrap.conf env LC_ALL=C qemu-img info -f qcow2 --output=json --force-share /opt/stack/data/cinder/mnt/1f1c18e8ae7f759d6ef2c3fa07377227/volume-e6579f5e-a175-4bc7-8aad-2bf8215c8aa6.217c338b-7801-4258-adb4-ce5357276482" returned: 0 in 0.531s {{(pid=82656) execute /opt/stack/data/venv/lib/python3.10/site-packages/oslo_concurrency/processutils.py:468}}
Apr 13 11:01:05 devstack cinder-volume[82656]: DEBUG cinder.volume.drivers.remotefs [None req-9a63e791-07e3-4f93-9827-b039446feb38 tempest-SnapshotsActionsTest-1020043812 None] Fetching qemu-img info with special backing_file_template: (/opt/stack/data/cinder/mnt/[0-9a-f]+/)?(volume-e6579f5e-a175-4bc7-8aad-2bf8215c8aa6(.(tmp-snap-)?[0-9a-f-]+)?|volume_from_snapshot_cache/(tmp-snap-)?[0-9a-f-]+(.(child-|parent-)[0-9a-f-]+)?)$ {{(pid=82656) _qemu_img_info_base /opt/stack/cinder/cinder/volume/drivers/remotefs.py:896}}
Apr 13 11:01:05 devstack cinder-volume[82656]: DEBUG oslo_concurrency.processutils [None req-9a63e791-07e3-4f93-9827-b039446feb38 tempest-SnapshotsActionsTest-1020043812 None] Running cmd (subprocess): sudo cinder-rootwrap /etc/cinder/rootwrap.conf qemu-img create -f qcow2 -o backing_file=/opt/stack/data/cinder/mnt/1f1c18e8ae7f759d6ef2c3fa07377227/volume-e6579f5e-a175-4bc7-8aad-2bf8215c8aa6.217c338b-7801-4258-adb4-ce5357276482,backing_fmt=qcow2 /opt/stack/data/cinder/mnt/1f1c18e8ae7f759d6ef2c3fa07377227/volume-e6579f5e-a175-4bc7-8aad-2bf8215c8aa6.26d33919-c71d-4311-b0f4-7b01627351e6 1G {{(pid=82656) execute /opt/stack/data/venv/lib/python3.10/site-packages/oslo_concurrency/processutils.py:440}}
Apr 13 11:01:05 devstack sudo[85475]: quobyte : PWD=/ ; USER=root ; COMMAND=/opt/stack/data/venv/bin/cinder-rootwrap /etc/cinder/rootwrap.conf qemu-img create -f qcow2 -o backing_file=/opt/stack/data/cinder/mnt/1f1c18e8ae7f759d6ef2c3fa07377227/volume-e6579f5e-a175-4bc7-8aad-2bf8215c8aa6.217c338b-7801-4258-adb4-ce5357276482,backing_fmt=qcow2 /opt/stack/data/cinder/mnt/1f1c18e8ae7f759d6ef2c3fa07377227/volume-e6579f5e-a175-4bc7-8aad-2bf8215c8aa6.26d33919-c71d-4311-b0f4-7b01627351e6 1G
Apr 13 11:01:05 devstack sudo[85475]: pam_unix(sudo:session): session opened for user root(uid=0) by (uid=1000)
Apr 13 11:01:05 devstack sudo[85475]: pam_unix(sudo:session): session closed for user root
Apr 13 11:01:05 devstack cinder-volume[82656]: DEBUG oslo_concurrency.processutils [None req-9a63e791-07e3-4f93-9827-b039446feb38 tempest-SnapshotsActionsTest-1020043812 None] CMD "sudo cinder-rootwrap /etc/cinder/rootwrap.conf qemu-img create -f qcow2 -o backing_file=/opt/stack/data/cinder/mnt/1f1c18e8ae7f759d6ef2c3fa07377227/volume-e6579f5e-a175-4bc7-8aad-2bf8215c8aa6.217c338b-7801-4258-adb4-ce5357276482,backing_fmt=qcow2 /opt/stack/data/cinder/mnt/1f1c18e8ae7f759d6ef2c3fa07377227/volume-e6579f5e-a175-4bc7-8aad-2bf8215c8aa6.26d33919-c71d-4311-b0f4-7b01627351e6 1G" returned: 0 in 0.598s {{(pid=82656) execute /opt/stack/data/venv/lib/python3.10/site-packages/oslo_concurrency/processutils.py:468}}
Apr 13 11:01:05 devstack cinder-volume[82656]: DEBUG oslo_concurrency.processutils [None req-9a63e791-07e3-4f93-9827-b039446feb38 tempest-SnapshotsActionsTest-1020043812 None] Running cmd (subprocess): sudo cinder-rootwrap /etc/cinder/rootwrap.conf qemu-img rebase -u -b volume-e6579f5e-a175-4bc7-8aad-2bf8215c8aa6.217c338b-7801-4258-adb4-ce5357276482 -F qcow2 /opt/stack/data/cinder/mnt/1f1c18e8ae7f759d6ef2c3fa07377227/volume-e6579f5e-a175-4bc7-8aad-2bf8215c8aa6.26d33919-c71d-4311-b0f4-7b01627351e6 {{(pid=82656) execute /opt/stack/data/venv/lib/python3.10/site-packages/oslo_concurrency/processutils.py:440}}
