Aug 31 14:37:22 devstack devstack@keystone.service[41933]: DEBUG keystone.server.flask.common [-] Adding resource routes to API users: ['/users//application_credentials' {}] {{(pid=41933) _add_mapped_resources /opt/stack/keystone/keystone/server/flask/common.py:484}}
Aug 31 14:37:22 devstack devstack@keystone.service[41933]: DEBUG keystone.server.flask.common [-] Adding resource routes to API users: ['/users//application_credentials/' {}] {{(pid=41933) _add_mapped_resources /opt/stack/keystone/keystone/server/flask/common.py:484}}
Aug 31 14:37:22 devstack devstack@keystone.service[41933]: DEBUG keystone.server.flask.common [-] Adding resource routes to API users: ['/users//access_rules' {}] {{(pid=41933) _add_mapped_resources /opt/stack/keystone/keystone/server/flask/common.py:484}}
Aug 31 14:37:22 devstack devstack@keystone.service[41933]: DEBUG keystone.server.flask.common [-] Adding resource routes to API users: ['/users//access_rules/' {}] {{(pid=41933) _add_mapped_resources /opt/stack/keystone/keystone/server/flask/common.py:484}}
Aug 31 14:37:22 devstack devstack@keystone.service[41933]: DEBUG keystone.server.flask.common [-] Adding resource routes to API users: ['/users//tokens' {}] {{(pid=41933) _add_mapped_resources /opt/stack/keystone/keystone/server/flask/common.py:484}}
Aug 31 14:37:22 devstack devstack@keystone.service[41932]: WSGI app 0 (mountpoint='') ready in 6 seconds on interpreter 0x74dbeb0a4668 pid: 41932 (default app)
Aug 31 14:37:22 devstack devstack@keystone.service[41933]: WSGI app 0 (mountpoint='') ready in 6 seconds on interpreter 0x74dbeb0a4668 pid: 41933 (default app)
Aug 31 14:37:22 devstack devstack@keystone.service[41932]: DEBUG keystone.server.flask.request_processing.req_logging [None req-5d227294-db43-4916-8d6c-7b589fc63349 None None] REQUEST_METHOD: `GET` {{(pid=41932) log_request_info /opt/stack/keystone/keystone/server/flask/request_processing/req_logging.py:26}}
Aug 31 14:37:22 devstack devstack@keystone.service[41932]: DEBUG keystone.server.flask.request_processing.req_logging [None req-5d227294-db43-4916-8d6c-7b589fc63349 None None] SCRIPT_NAME: `/identity` {{(pid=41932) log_request_info /opt/stack/keystone/keystone/server/flask/request_processing/req_logging.py:27}}
Aug 31 14:37:22 devstack devstack@keystone.service[41932]: DEBUG keystone.server.flask.request_processing.req_logging [None req-5d227294-db43-4916-8d6c-7b589fc63349 None None] PATH_INFO: `/v3` {{(pid=41932) log_request_info /opt/stack/keystone/keystone/server/flask/request_processing/req_logging.py:28}}
Aug 31 14:37:22 devstack devstack@keystone.service[41932]: [pid: 41932|app: 0|req: 1/1] 192.168.122.60 () {50 vars in 786 bytes} [Mon Aug 31 14:37:22 2026] GET /identity/v3/ => generated 258 bytes in 5 msecs (HTTP/1.1 200) 5 headers in 177 bytes (1 switches on core 0)
Aug 31 14:37:31 devstack devstack@keystone.service[41933]: DEBUG keystone.server.flask.request_processing.req_logging [None req-36706d74-9941-49a4-a161-850bfb8e6da6 None None] REQUEST_METHOD: `GET` {{(pid=41933) log_request_info /opt/stack/keystone/keystone/server/flask/request_processing/req_logging.py:26}}
Aug 31 14:37:31 devstack devstack@keystone.service[41933]: DEBUG keystone.server.flask.request_processing.req_logging [None req-36706d74-9941-49a4-a161-850bfb8e6da6 None None] SCRIPT_NAME: `/identity` {{(pid=41933) log_request_info /opt/stack/keystone/keystone/server/flask/request_processing/req_logging.py:27}}
Aug 31 14:37:31 devstack devstack@keystone.service[41933]: DEBUG keystone.server.flask.request_processing.req_logging [None req-36706d74-9941-49a4-a161-850bfb8e6da6 None None] PATH_INFO: `/` {{(pid=41933) log_request_info /opt/stack/keystone/keystone/server/flask/request_processing/req_logging.py:28}}
Aug 31 14:37:31 devstack devstack@keystone.service[41933]: [pid: 41933|app: 0|req: 1/2] 192.168.122.60 () {54 vars in 923 bytes} [Mon Aug 31 14:37:31 2026] GET /identity => generated 273 bytes in 6 msecs (HTTP/1.1 300) 6 headers in 237 bytes (1 switches on core 0)
Aug 31 14:37:31 devstack devstack@keystone.service[41932]: DEBUG keystone.server.flask.request_processing.req_logging [None req-a76a9c2a-7b4f-4bf7-8790-5f75be880701 None None] REQUEST_METHOD: `POST` {{(pid=41932) log_request_info /opt/stack/keystone/keystone/server/flask/request_processing/req_logging.py:26}}
Aug 31 14:37:31 devstack devstack@keystone.service[41932]: DEBUG keystone.server.flask.request_processing.req_logging [None req-a76a9c2a-7b4f-4bf7-8790-5f75be880701 None None] SCRIPT_NAME: `/identity` {{(pid=41932) log_request_info /opt/stack/keystone/keystone/server/flask/request_processing/req_logging.py:27}}
Aug 31 14:37:31 devstack devstack@keystone.service[41932]: DEBUG keystone.server.flask.request_processing.req_logging [None req-a76a9c2a-7b4f-4bf7-8790-5f75be880701 None None] PATH_INFO: `/v3/auth/tokens` {{(pid=41932) log_request_info /opt/stack/keystone/keystone/server/flask/request_processing/req_logging.py:28}}
Aug 31 14:37:31 devstack devstack@keystone.service[41932]: INFO dbcounter [None req-a76a9c2a-7b4f-4bf7-8790-5f75be880701 None None] Registered counter for database keystone
Aug 31 14:37:31 devstack devstack@keystone.service[41932]: DEBUG oslo_db.sqlalchemy.engines [None req-a76a9c2a-7b4f-4bf7-8790-5f75be880701 None None] MySQL server mode set to STRICT_TRANS_TABLES,STRICT_ALL_TABLES,NO_ZERO_IN_DATE,NO_ZERO_DATE,ERROR_FOR_DIVISION_BY_ZERO,TRADITIONAL,NO_ENGINE_SUBSTITUTION {{(pid=41932) _check_effective_sql_mode /opt/stack/data/venv/lib/python3.12/site-packages/oslo_db/sqlalchemy/engines.py:325}}
Aug 31 14:37:31 devstack devstack@keystone.service[41932]: DEBUG dbcounter [-] [41932] Writer thread running {{(pid=41932) stat_writer /opt/stack/data/venv/lib/python3.12/site-packages/dbcounter.py:102}}
Aug 31 14:37:31 devstack devstack@keystone.service[41932]: WARNING keystone.common.password_hashing [None req-a76a9c2a-7b4f-4bf7-8790-5f75be880701 None None] Truncating password to algorithm specific maximum length 72 characters.
Aug 31 14:37:31 devstack devstack@keystone.service[41932]: DEBUG keystone.auth.core [None req-a76a9c2a-7b4f-4bf7-8790-5f75be880701 None None] MFA Rules not processed for user `2aa1b81665c94bdf8a9d97e830a2630a`. Rule list: `[]` (Enabled: `True`). {{(pid=41932) check_auth_methods_against_rules /opt/stack/keystone/keystone/auth/core.py:476}}
Aug 31 14:37:31 devstack devstack@keystone.service[41932]: DEBUG keystone.common.fernet_utils [None req-a76a9c2a-7b4f-4bf7-8790-5f75be880701 None None] Loaded 2 Fernet keys from /etc/keystone/fernet-keys/, but `[fernet_tokens] max_active_keys = 3`; perhaps there have not been enough key rotations to reach `max_active_keys` yet? {{(pid=41932) load_keys /opt/stack/keystone/keystone/common/fernet_utils.py:297}}
Aug 31 14:37:31 devstack devstack@keystone.service[41932]: [pid: 41932|app: 0|req: 2/3] 192.168.122.60 () {58 vars in 1020 bytes} [Mon Aug 31 14:37:31 2026] POST /identity/v3/auth/tokens => generated 980 bytes in 711 msecs (HTTP/1.1 201) 6 headers in 384 bytes (1 switches on core 0)
Aug 31 14:37:32 devstack devstack@keystone.service[41933]: DEBUG keystone.server.flask.request_processing.middleware.auth_context [None req-36706d74-9941-49a4-a161-850bfb8e6da6 None None] Authenticating user token {{(pid=41933) process_request /opt/stack/data/venv/lib/python3.12/site-packages/keystonemiddleware/auth_token/__init__.py:406}}
Aug 31 14:37:32 devstack devstack@keystone.service[41933]: INFO dbcounter [None req-36706d74-9941-49a4-a161-850bfb8e6da6 None None] Registered counter for database keystone
Aug 31 14:37:32 devstack devstack@keystone.service[41933]: DEBUG oslo_db.sqlalchemy.engines [None req-36706d74-9941-49a4-a161-850bfb8e6da6 None None] MySQL server mode set to STRICT_TRANS_TABLES,STRICT_ALL_TABLES,NO_ZERO_IN_DATE,NO_ZERO_DATE,ERROR_FOR_DIVISION_BY_ZERO,TRADITIONAL,NO_ENGINE_SUBSTITUTION {{(pid=41933) _check_effective_sql_mode /opt/stack/data/venv/lib/python3.12/site-packages/oslo_db/sqlalchemy/engines.py:325}}
Aug 31 14:37:32 devstack devstack@keystone.service[41933]: DEBUG dbcounter [-] [41933] Writer thread running {{(pid=41933) stat_writer /opt/stack/data/venv/lib/python3.12/site-packages/dbcounter.py:102}}
Aug 31 14:37:32 devstack devstack@keystone.service[41933]: DEBUG keystone.server.flask.request_processing.middleware.auth_context [None req-36706d74-9941-49a4-a161-850bfb8e6da6 None None] Validating token access rules against request {{(pid=41933) validate_allowed_request /opt/stack/data/venv/lib/python3.12/site-packages/keystonemiddleware/auth_token/__init__.py:544}}
Aug 31 14:37:32 devstack devstack@keystone.service[41933]: DEBUG keystone.server.flask.request_processing.middleware.auth_context [None req-8e677fcb-44d5-40d1-afd1-17205908b992 admin admin] RBAC: auth_context: {'token': , 'domain_id': None, 'trust_id': None, 'trustor_id': None, 'trustee_id': None, 'domain_name': None, 'group_ids': [], 'user_id': '2aa1b81665c94bdf8a9d97e830a2630a', 'user_domain_id': 'default', 'system_scope': None, 'project_id': '6f5e39e1505c48479e2b90c4fd510694', 'project_domain_id': 'default', 'roles': ['admin', 'member', 'manager', 'reader'], 'is_admin_project': True, 'service_user_id': None, 'service_user_domain_id': None, 'service_project_id': None, 'service_project_domain_id': None, 'service_roles': []} {{(pid=41933) fill_context /opt/stack/keystone/keystone/server/flask/request_processing/middleware/auth_context.py:516}}
Aug 31 14:37:32 devstack devstack@keystone.service[41933]: DEBUG keystone.server.flask.request_processing.req_logging [None req-8e677fcb-44d5-40d1-afd1-17205908b992 admin admin] REQUEST_METHOD: `GET` {{(pid=41933) log_request_info /opt/stack/keystone/keystone/server/flask/request_processing/req_logging.py:26}}
Aug 31 14:37:32 devstack devstack@keystone.service[41933]: DEBUG keystone.server.flask.request_processing.req_logging [None req-8e677fcb-44d5-40d1-afd1-17205908b992 admin admin] SCRIPT_NAME: `/identity` {{(pid=41933) log_request_info /opt/stack/keystone/keystone/server/flask/request_processing/req_logging.py:27}}
Aug 31 14:37:32 devstack devstack@keystone.service[41933]: DEBUG keystone.server.flask.request_processing.req_logging [None req-8e677fcb-44d5-40d1-afd1-17205908b992 admin admin] PATH_INFO: `/v3/projects/admin` {{(pid=41933) log_request_info /opt/stack/keystone/keystone/server/flask/request_processing/req_logging.py:28}}
Aug 31 14:37:32 devstack devstack@keystone.service[41933]: DEBUG keystone.common.rbac_enforcer.enforcer [None req-8e677fcb-44d5-40d1-afd1-17205908b992 admin admin] RBAC: Authorizing `identity:get_project(project_id=admin)` {{(pid=41933) enforce_call /opt/stack/keystone/keystone/common/rbac_enforcer/enforcer.py:501}}
Aug 31 14:37:32 devstack devstack@keystone.service[41933]: WARNING keystone.common.rbac_enforcer.enforcer [None req-8e677fcb-44d5-40d1-afd1-17205908b992 admin admin] Deprecated policy rules found. Use oslopolicy-policy-generator and oslopolicy-policy-upgrade to detect and resolve deprecated policies in your configuration.
Aug 31 14:37:32 devstack devstack@keystone.service[41933]: DEBUG keystone.common.rbac_enforcer.enforcer [None req-8e677fcb-44d5-40d1-afd1-17205908b992 admin admin] RBAC: Authorization granted {{(pid=41933) enforce_call /opt/stack/keystone/keystone/common/rbac_enforcer/enforcer.py:512}}
Aug 31 14:37:32 devstack devstack@keystone.service[41933]: DEBUG keystone.server.flask.application [None req-8e677fcb-44d5-40d1-afd1-17205908b992 admin admin] Could not find project: admin. {{(pid=41933) _handle_keystone_exception /opt/stack/keystone/keystone/server/flask/application.py:146}}
Aug 31 14:37:32 devstack devstack@keystone.service[41933]: [pid: 41933|app: 0|req: 2/4] 192.168.122.60 () {56 vars in 1166 bytes} [Mon Aug 31 14:37:32 2026] GET /identity/v3/projects/admin => generated 86 bytes in 536 msecs (HTTP/1.1 404) 5 headers in 183 bytes (1 switches on core 0)
Aug 31 14:37:32 devstack devstack@keystone.service[41932]: DEBUG keystone.server.flask.request_processing.middleware.auth_context [None req-a76a9c2a-7b4f-4bf7-8790-5f75be880701 None None] Authenticating user token {{(pid=41932) process_request /opt/stack/data/venv/lib/python3.12/site-packages/keystonemiddleware/auth_token/__init__.py:406}}
Aug 31 14:37:32 devstack devstack@keystone.service[41932]: DEBUG keystone.server.flask.request_processing.middleware.auth_context [None req-a76a9c2a-7b4f-4bf7-8790-5f75be880701 None None] Validating token access rules against request {{(pid=41932) validate_allowed_request /opt/stack/data/venv/lib/python3.12/site-packages/keystonemiddleware/auth_token/__init__.py:544}}
Aug 31 14:37:32 devstack devstack@keystone.service[41932]: DEBUG keystone.server.flask.request_processing.middleware.auth_context [None req-ca19f8f6-50c1-442b-b8cf-43c1f3c82a88 admin admin] RBAC: auth_context: {'token': , 'domain_id': None, 'trust_id': None, 'trustor_id': None, 'trustee_id': None, 'domain_name': None, 'group_ids': [], 'user_id': '2aa1b81665c94bdf8a9d97e830a2630a', 'user_domain_id': 'default', 'system_scope': None, 'project_id': '6f5e39e1505c48479e2b90c4fd510694', 'project_domain_id': 'default', 'roles': ['admin', 'member', 'manager', 'reader'], 'is_admin_project': True, 'service_user_id': None, 'service_user_domain_id': None, 'service_project_id': None, 'service_project_domain_id': None, 'service_roles': []} {{(pid=41932) fill_context /opt/stack/keystone/keystone/server/flask/request_processing/middleware/auth_context.py:516}}
Aug 31 14:37:32 devstack devstack@keystone.service[41932]: DEBUG keystone.server.flask.request_processing.req_logging [None req-ca19f8f6-50c1-442b-b8cf-43c1f3c82a88 admin admin] REQUEST_METHOD: `GET` {{(pid=41932) log_request_info /opt/stack/keystone/keystone/server/flask/request_processing/req_logging.py:26}}
Aug 31 14:37:32 devstack devstack@keystone.service[41932]: DEBUG keystone.server.flask.request_processing.req_logging [None req-ca19f8f6-50c1-442b-b8cf-43c1f3c82a88 admin admin] SCRIPT_NAME: `/identity` {{(pid=41932) log_request_info /opt/stack/keystone/keystone/server/flask/request_processing/req_logging.py:27}}
Aug 31 14:37:32 devstack devstack@keystone.service[41932]: DEBUG keystone.server.flask.request_processing.req_logging [None req-ca19f8f6-50c1-442b-b8cf-43c1f3c82a88 admin admin] PATH_INFO: `/v3/projects` {{(pid=41932) log_request_info /opt/stack/keystone/keystone/server/flask/request_processing/req_logging.py:28}}
Aug 31 14:37:32 devstack devstack@keystone.service[41932]: DEBUG keystone.common.rbac_enforcer.enforcer [None req-ca19f8f6-50c1-442b-b8cf-43c1f3c82a88 admin admin] RBAC: Adding query filter params (name=admin) {{(pid=41932) _extract_filter_values /opt/stack/keystone/keystone/common/rbac_enforcer/enforcer.py:176}}
Aug 31 14:37:32 devstack devstack@keystone.service[41932]: DEBUG keystone.common.rbac_enforcer.enforcer [None req-ca19f8f6-50c1-442b-b8cf-43c1f3c82a88 admin admin] RBAC: Authorizing `identity:list_projects()` {{(pid=41932) enforce_call /opt/stack/keystone/keystone/common/rbac_enforcer/enforcer.py:501}}
Aug 31 14:37:32 devstack devstack@keystone.service[41932]: WARNING keystone.common.rbac_enforcer.enforcer [None req-ca19f8f6-50c1-442b-b8cf-43c1f3c82a88 admin admin] Deprecated policy rules found. Use oslopolicy-policy-generator and oslopolicy-policy-upgrade to detect and resolve deprecated policies in your configuration.
Aug 31 14:37:32 devstack devstack@keystone.service[41932]: DEBUG keystone.common.rbac_enforcer.enforcer [None req-ca19f8f6-50c1-442b-b8cf-43c1f3c82a88 admin admin] RBAC: Authorization granted {{(pid=41932) enforce_call /opt/stack/keystone/keystone/common/rbac_enforcer/enforcer.py:512}}
Aug 31 14:37:32 devstack devstack@keystone.service[41932]: [pid: 41932|app: 0|req: 3/5] 192.168.122.60 () {56 vars in 1182 bytes} [Mon Aug 31 14:37:32 2026] GET /identity/v3/projects?name=admin => generated 458 bytes in 78 msecs (HTTP/1.1 200) 5 headers in 177 bytes (1 switches on core 0)
Aug 31 14:37:32 devstack devstack@keystone.service[41933]: DEBUG keystone.server.flask.request_processing.middleware.auth_context [None req-8e677fcb-44d5-40d1-afd1-17205908b992 admin admin] Authenticating user token {{(pid=41933) process_request /opt/stack/data/venv/lib/python3.12/site-packages/keystonemiddleware/auth_token/__init__.py:406}}
Aug 31 14:37:32 devstack devstack@keystone.service[41933]: DEBUG keystone.server.flask.request_processing.middleware.auth_context [None req-8e677fcb-44d5-40d1-afd1-17205908b992 admin admin] Validating token access rules against request {{(pid=41933) validate_allowed_request /opt/stack/data/venv/lib/python3.12/site-packages/keystonemiddleware/auth_token/__init__.py:544}}
Aug 31 14:37:32 devstack devstack@keystone.service[41933]: DEBUG keystone.server.flask.request_processing.middleware.auth_context [None req-b02fffbe-75e3-4c6e-99a4-7b616f5566d4 admin admin] RBAC: auth_context: {'token': , 'domain_id': None, 'trust_id': None, 'trustor_id': None, 'trustee_id': None, 'domain_name': None, 'group_ids': [], 'user_id': '2aa1b81665c94bdf8a9d97e830a2630a', 'user_domain_id': 'default', 'system_scope': None, 'project_id': '6f5e39e1505c48479e2b90c4fd510694', 'project_domain_id': 'default', 'roles': ['admin', 'member', 'manager', 'reader'], 'is_admin_project': True, 'service_user_id': None, 'service_user_domain_id': None, 'service_project_id': None, 'service_project_domain_id': None, 'service_roles': []} {{(pid=41933) fill_context /opt/stack/keystone/keystone/server/flask/request_processing/middleware/auth_context.py:516}}
Aug 31 14:37:32 devstack devstack@keystone.service[41933]: DEBUG keystone.server.flask.request_processing.req_logging [None req-b02fffbe-75e3-4c6e-99a4-7b616f5566d4 admin admin] REQUEST_METHOD: `GET` {{(pid=41933) log_request_info /opt/stack/keystone/keystone/server/flask/request_processing/req_logging.py:26}}
Aug 31 14:37:32 devstack devstack@keystone.service[41933]: DEBUG keystone.server.flask.request_processing.req_logging [None req-b02fffbe-75e3-4c6e-99a4-7b616f5566d4 admin admin] SCRIPT_NAME: `/identity` {{(pid=41933) log_request_info /opt/stack/keystone/keystone/server/flask/request_processing/req_logging.py:27}}
Aug 31 14:37:32 devstack devstack@keystone.service[41933]: DEBUG keystone.server.flask.request_processing.req_logging [None req-b02fffbe-75e3-4c6e-99a4-7b616f5566d4 admin admin] PATH_INFO: `/v3/projects/6f5e39e1505c48479e2b90c4fd510694` {{(pid=41933) log_request_info /opt/stack/keystone/keystone/server/flask/request_processing/req_logging.py:28}}
Aug 31 14:37:32 devstack devstack@keystone.service[41933]: DEBUG keystone.common.rbac_enforcer.enforcer [None req-b02fffbe-75e3-4c6e-99a4-7b616f5566d4 admin admin] RBAC: Authorizing `identity:get_project(project_id=6f5e39e1505c48479e2b90c4fd510694)` {{(pid=41933) enforce_call /opt/stack/keystone/keystone/common/rbac_enforcer/enforcer.py:501}}
Aug 31 14:37:32 devstack devstack@keystone.service[41933]: DEBUG keystone.common.rbac_enforcer.enforcer [None req-b02fffbe-75e3-4c6e-99a4-7b616f5566d4 admin admin] RBAC: Authorization granted {{(pid=41933) enforce_call /opt/stack/keystone/keystone/common/rbac_enforcer/enforcer.py:512}}
Aug 31 14:37:32 devstack devstack@keystone.service[41933]: [pid: 41933|app: 0|req: 3/6] 192.168.122.60 () {56 vars in 1247 bytes} [Mon Aug 31 14:37:32 2026] GET /identity/v3/projects/6f5e39e1505c48479e2b90c4fd510694 => generated 347 bytes in 26 msecs (HTTP/1.1 200) 5 headers in 177 bytes (1 switches on core 0)
Aug 31 14:37:35 devstack devstack@keystone.service[41932]: DEBUG keystone.server.flask.request_processing.req_logging [None req-518f86c2-bd7a-4556-8c97-fa3c2426f1d2 None None] REQUEST_METHOD: `GET` {{(pid=41932) log_request_info /opt/stack/keystone/keystone/server/flask/request_processing/req_logging.py:26}}
Aug 31 14:37:35 devstack devstack@keystone.service[41932]: DEBUG keystone.server.flask.request_processing.req_logging [None req-518f86c2-bd7a-4556-8c97-fa3c2426f1d2 None None] SCRIPT_NAME: `/identity` {{(pid=41932) log_request_info /opt/stack/keystone/keystone/server/flask/request_processing/req_logging.py:27}}
Aug 31 14:37:35 devstack devstack@keystone.service[41932]: DEBUG keystone.server.flask.request_processing.req_logging [None req-518f86c2-bd7a-4556-8c97-fa3c2426f1d2 None None] PATH_INFO: `/` {{(pid=41932) log_request_info /opt/stack/keystone/keystone/server/flask/request_processing/req_logging.py:28}}
Aug 31 14:37:35 devstack devstack@keystone.service[41932]: [pid: 41932|app: 0|req: 4/7] 192.168.122.60 () {54 vars in 923 bytes} [Mon Aug 31 14:37:35 2026] GET /identity => generated 273 bytes in 3 msecs (HTTP/1.1 300) 6 headers in 237 bytes (1 switches on core 0)
Aug 31 14:37:35 devstack devstack@keystone.service[41933]: DEBUG keystone.server.flask.request_processing.req_logging [None req-830804c0-60db-424c-aaa8-08f38d70c091 None None] REQUEST_METHOD: `POST` {{(pid=41933) log_request_info /opt/stack/keystone/keystone/server/flask/request_processing/req_logging.py:26}}
Aug 31 14:37:35 devstack devstack@keystone.service[41933]: DEBUG keystone.server.flask.request_processing.req_logging [None req-830804c0-60db-424c-aaa8-08f38d70c091 None None] SCRIPT_NAME: `/identity` {{(pid=41933) log_request_info /opt/stack/keystone/keystone/server/flask/request_processing/req_logging.py:27}}
Aug 31 14:37:35 devstack devstack@keystone.service[41933]: DEBUG keystone.server.flask.request_processing.req_logging [None req-830804c0-60db-424c-aaa8-08f38d70c091 None None] PATH_INFO: `/v3/auth/tokens` {{(pid=41933) log_request_info /opt/stack/keystone/keystone/server/flask/request_processing/req_logging.py:28}}
Aug 31 14:37:35 devstack devstack@keystone.service[41933]: WARNING keystone.common.password_hashing [None req-830804c0-60db-424c-aaa8-08f38d70c091 None None] Truncating password to algorithm specific maximum length 72 characters.
Aug 31 14:37:35 devstack devstack@keystone.service[41933]: DEBUG keystone.auth.core [None req-830804c0-60db-424c-aaa8-08f38d70c091 None None] MFA Rules not processed for user `2aa1b81665c94bdf8a9d97e830a2630a`. Rule list: `[]` (Enabled: `True`). {{(pid=41933) check_auth_methods_against_rules /opt/stack/keystone/keystone/auth/core.py:476}}
Aug 31 14:37:35 devstack devstack@keystone.service[41933]: DEBUG keystone.common.fernet_utils [None req-830804c0-60db-424c-aaa8-08f38d70c091 None None] Loaded 2 Fernet keys from /etc/keystone/fernet-keys/, but `[fernet_tokens] max_active_keys = 3`; perhaps there have not been enough key rotations to reach `max_active_keys` yet? {{(pid=41933) load_keys /opt/stack/keystone/keystone/common/fernet_utils.py:297}}
Aug 31 14:37:35 devstack devstack@keystone.service[41933]: [pid: 41933|app: 0|req: 4/8] 192.168.122.60 () {58 vars in 1020 bytes} [Mon Aug 31 14:37:35 2026] POST /identity/v3/auth/tokens => generated 980 bytes in 84 msecs (HTTP/1.1 201) 6 headers in 384 bytes (1 switches on core 0)
Aug 31 14:37:35 devstack devstack@keystone.service[41932]: DEBUG keystone.server.flask.request_processing.middleware.auth_context [None req-518f86c2-bd7a-4556-8c97-fa3c2426f1d2 None None] Authenticating user token {{(pid=41932) process_request /opt/stack/data/venv/lib/python3.12/site-packages/keystonemiddleware/auth_token/__init__.py:406}}
Aug 31 14:37:36 devstack devstack@keystone.service[41932]: DEBUG keystone.server.flask.request_processing.middleware.auth_context [None req-518f86c2-bd7a-4556-8c97-fa3c2426f1d2 None None] Validating token access rules against request {{(pid=41932) validate_allowed_request /opt/stack/data/venv/lib/python3.12/site-packages/keystonemiddleware/auth_token/__init__.py:544}}
Aug 31 14:37:36 devstack devstack@keystone.service[41932]: DEBUG keystone.server.flask.request_processing.middleware.auth_context [None req-05060e0b-dffe-485a-9f34-cee82523d6ec admin admin] RBAC: auth_context: {'token': , 'domain_id': None, 'trust_id': None, 'trustor_id': None, 'trustee_id': None, 'domain_name': None, 'group_ids': [], 'user_id': '2aa1b81665c94bdf8a9d97e830a2630a', 'user_domain_id': 'default', 'system_scope': None, 'project_id': '6f5e39e1505c48479e2b90c4fd510694', 'project_domain_id': 'default', 'roles': ['admin', 'member', 'manager', 'reader'], 'is_admin_project': True, 'service_user_id': None, 'service_user_domain_id': None, 'service_project_id': None, 'service_project_domain_id': None, 'service_roles': []} {{(pid=41932) fill_context /opt/stack/keystone/keystone/server/flask/request_processing/middleware/auth_context.py:516}}
Aug 31 14:37:36 devstack devstack@keystone.service[41932]: DEBUG keystone.server.flask.request_processing.req_logging [None req-05060e0b-dffe-485a-9f34-cee82523d6ec admin admin] REQUEST_METHOD: `GET` {{(pid=41932) log_request_info /opt/stack/keystone/keystone/server/flask/request_processing/req_logging.py:26}}
Aug 31 14:37:36 devstack devstack@keystone.service[41932]: DEBUG keystone.server.flask.request_processing.req_logging [None req-05060e0b-dffe-485a-9f34-cee82523d6ec admin admin] SCRIPT_NAME: `/identity` {{(pid=41932) log_request_info /opt/stack/keystone/keystone/server/flask/request_processing/req_logging.py:27}}
Aug 31 14:37:36 devstack devstack@keystone.service[41932]: DEBUG keystone.server.flask.request_processing.req_logging [None req-05060e0b-dffe-485a-9f34-cee82523d6ec admin admin] PATH_INFO: `/v3/users/admin` {{(pid=41932) log_request_info /opt/stack/keystone/keystone/server/flask/request_processing/req_logging.py:28}}
Aug 31 14:37:36 devstack devstack@keystone.service[41932]: DEBUG keystone.common.rbac_enforcer.enforcer [None req-05060e0b-dffe-485a-9f34-cee82523d6ec admin admin] RBAC: Authorizing `identity:get_user(user_id=admin)` {{(pid=41932) enforce_call /opt/stack/keystone/keystone/common/rbac_enforcer/enforcer.py:501}}
Aug 31 14:37:36 devstack devstack@keystone.service[41932]: DEBUG keystone.common.rbac_enforcer.enforcer [None req-05060e0b-dffe-485a-9f34-cee82523d6ec admin admin] RBAC: Authorization granted {{(pid=41932) enforce_call /opt/stack/keystone/keystone/common/rbac_enforcer/enforcer.py:512}}
Aug 31 14:37:36 devstack devstack@keystone.service[41932]: DEBUG keystone.server.flask.application [None req-05060e0b-dffe-485a-9f34-cee82523d6ec admin admin] Could not find user: admin. {{(pid=41932) _handle_keystone_exception /opt/stack/keystone/keystone/server/flask/application.py:146}}
Aug 31 14:37:36 devstack devstack@keystone.service[41932]: [pid: 41932|app: 0|req: 5/9] 192.168.122.60 () {56 vars in 1157 bytes} [Mon Aug 31 14:37:35 2026] GET /identity/v3/users/admin => generated 83 bytes in 57 msecs (HTTP/1.1 404) 5 headers in 183 bytes (1 switches on core 0)
Aug 31 14:37:36 devstack devstack@keystone.service[41933]: DEBUG keystone.server.flask.request_processing.middleware.auth_context [None req-830804c0-60db-424c-aaa8-08f38d70c091 None None] Authenticating user token {{(pid=41933) process_request /opt/stack/data/venv/lib/python3.12/site-packages/keystonemiddleware/auth_token/__init__.py:406}}
Aug 31 14:37:36 devstack devstack@keystone.service[41933]: DEBUG keystone.server.flask.request_processing.middleware.auth_context [None req-830804c0-60db-424c-aaa8-08f38d70c091 None None] Validating token access rules against request {{(pid=41933) validate_allowed_request /opt/stack/data/venv/lib/python3.12/site-packages/keystonemiddleware/auth_token/__init__.py:544}}
Aug 31 14:37:36 devstack devstack@keystone.service[41933]: DEBUG keystone.server.flask.request_processing.middleware.auth_context [None req-11f71981-9649-4232-87ed-4f58cb117c06 admin admin] RBAC: auth_context: {'token': , 'domain_id': None, 'trust_id': None, 'trustor_id': None, 'trustee_id': None, 'domain_name': None, 'group_ids': [], 'user_id': '2aa1b81665c94bdf8a9d97e830a2630a', 'user_domain_id': 'default', 'system_scope': None, 'project_id': '6f5e39e1505c48479e2b90c4fd510694', 'project_domain_id': 'default', 'roles': ['admin', 'member', 'manager', 'reader'], 'is_admin_project': True, 'service_user_id': None, 'service_user_domain_id': None, 'service_project_id': None, 'service_project_domain_id': None, 'service_roles': []} {{(pid=41933) fill_context /opt/stack/keystone/keystone/server/flask/request_processing/middleware/auth_context.py:516}}
Aug 31 14:37:36 devstack devstack@keystone.service[41933]: DEBUG keystone.server.flask.request_processing.req_logging [None req-11f71981-9649-4232-87ed-4f58cb117c06 admin admin] REQUEST_METHOD: `GET` {{(pid=41933) log_request_info /opt/stack/keystone/keystone/server/flask/request_processing/req_logging.py:26}}
Aug 31 14:37:36 devstack devstack@keystone.service[41933]: DEBUG keystone.server.flask.request_processing.req_logging [None req-11f71981-9649-4232-87ed-4f58cb117c06 admin admin] SCRIPT_NAME: `/identity` {{(pid=41933) log_request_info /opt/stack/keystone/keystone/server/flask/request_processing/req_logging.py:27}}
Aug 31 14:37:36 devstack devstack@keystone.service[41933]: DEBUG keystone.server.flask.request_processing.req_logging [None req-11f71981-9649-4232-87ed-4f58cb117c06 admin admin] PATH_INFO: `/v3/users` {{(pid=41933) log_request_info /opt/stack/keystone/keystone/server/flask/request_processing/req_logging.py:28}}
Aug 31 14:37:36 devstack devstack@keystone.service[41933]: DEBUG keystone.common.rbac_enforcer.enforcer [None req-11f71981-9649-4232-87ed-4f58cb117c06 admin admin] RBAC: Adding query filter params (name=admin) {{(pid=41933) _extract_filter_values /opt/stack/keystone/keystone/common/rbac_enforcer/enforcer.py:176}}
Aug 31 14:37:36 devstack devstack@keystone.service[41933]: DEBUG keystone.common.rbac_enforcer.enforcer [None req-11f71981-9649-4232-87ed-4f58cb117c06 admin admin] RBAC: Authorizing `identity:list_users()` {{(pid=41933) enforce_call /opt/stack/keystone/keystone/common/rbac_enforcer/enforcer.py:501}}
Aug 31 14:37:36 devstack devstack@keystone.service[41933]: DEBUG keystone.common.rbac_enforcer.enforcer [None req-11f71981-9649-4232-87ed-4f58cb117c06 admin admin] RBAC: Authorization granted {{(pid=41933) enforce_call /opt/stack/keystone/keystone/common/rbac_enforcer/enforcer.py:512}}
Aug 31 14:37:36 devstack devstack@keystone.service[41933]: [pid: 41933|app: 0|req: 5/10] 192.168.122.60 () {56 vars in 1173 bytes} [Mon Aug 31 14:37:36 2026] GET /identity/v3/users?name=admin => generated 358 bytes in 76 msecs (HTTP/1.1 200) 5 headers in 177 bytes (1 switches on core 0)
Aug 31 14:37:38 devstack devstack@keystone.service[41932]: DEBUG keystone.server.flask.request_processing.req_logging [None req-dde553a5-6d8e-457d-aed8-c6d0347b67cb None None] REQUEST_METHOD: `GET` {{(pid=41932) log_request_info /opt/stack/keystone/keystone/server/flask/request_processing/req_logging.py:26}}
Aug 31 14:37:38 devstack devstack@keystone.service[41932]: DEBUG keystone.server.flask.request_processing.req_logging [None req-dde553a5-6d8e-457d-aed8-c6d0347b67cb None None] SCRIPT_NAME: `/identity` {{(pid=41932) log_request_info /opt/stack/keystone/keystone/server/flask/request_processing/req_logging.py:27}}
Aug 31 14:37:38 devstack devstack@keystone.service[41932]: DEBUG keystone.server.flask.request_processing.req_logging [None req-dde553a5-6d8e-457d-aed8-c6d0347b67cb None None] PATH_INFO: `/` {{(pid=41932) log_request_info /opt/stack/keystone/keystone/server/flask/request_processing/req_logging.py:28}}
Aug 31 14:37:38 devstack devstack@keystone.service[41932]: [pid: 41932|app: 0|req: 6/11] 192.168.122.60 () {54 vars in 923 bytes} [Mon Aug 31 14:37:38 2026] GET /identity => generated 273 bytes in 3 msecs (HTTP/1.1 300) 6 headers in 237 bytes (1 switches on core 0)
Aug 31 14:37:38 devstack devstack@keystone.service[41933]: DEBUG keystone.server.flask.request_processing.req_logging [None req-65429874-775d-4c80-95b1-4ce8a2145472 None None] REQUEST_METHOD: `POST` {{(pid=41933) log_request_info /opt/stack/keystone/keystone/server/flask/request_processing/req_logging.py:26}}
Aug 31 14:37:38 devstack devstack@keystone.service[41933]: DEBUG keystone.server.flask.request_processing.req_logging [None req-65429874-775d-4c80-95b1-4ce8a2145472 None None] SCRIPT_NAME: `/identity` {{(pid=41933) log_request_info /opt/stack/keystone/keystone/server/flask/request_processing/req_logging.py:27}}
Aug 31 14:37:38 devstack devstack@keystone.service[41933]: DEBUG keystone.server.flask.request_processing.req_logging [None req-65429874-775d-4c80-95b1-4ce8a2145472 None None] PATH_INFO: `/v3/auth/tokens` {{(pid=41933) log_request_info /opt/stack/keystone/keystone/server/flask/request_processing/req_logging.py:28}}
Aug 31 14:37:38 devstack devstack@keystone.service[41933]: WARNING keystone.common.password_hashing [None req-65429874-775d-4c80-95b1-4ce8a2145472 None None] Truncating password to algorithm specific maximum length 72 characters.
Aug 31 14:37:38 devstack devstack@keystone.service[41933]: DEBUG keystone.auth.core [None req-65429874-775d-4c80-95b1-4ce8a2145472 None None] MFA Rules not processed for user `2aa1b81665c94bdf8a9d97e830a2630a`. Rule list: `[]` (Enabled: `True`). {{(pid=41933) check_auth_methods_against_rules /opt/stack/keystone/keystone/auth/core.py:476}}
Aug 31 14:37:38 devstack devstack@keystone.service[41933]: DEBUG keystone.common.fernet_utils [None req-65429874-775d-4c80-95b1-4ce8a2145472 None None] Loaded 2 Fernet keys from /etc/keystone/fernet-keys/, but `[fernet_tokens] max_active_keys = 3`; perhaps there have not been enough key rotations to reach `max_active_keys` yet? {{(pid=41933) load_keys /opt/stack/keystone/keystone/common/fernet_utils.py:297}}
Aug 31 14:37:38 devstack devstack@keystone.service[41932]: DEBUG keystone.server.flask.request_processing.req_logging [None req-4c502f47-0f2e-4d2f-97fd-929ac14ba844 None None] REQUEST_METHOD: `GET` {{(pid=41932) log_request_info /opt/stack/keystone/keystone/server/flask/request_processing/req_logging.py:26}}
Aug 31 14:37:38 devstack devstack@keystone.service[41932]: DEBUG keystone.server.flask.request_processing.req_logging [None req-4c502f47-0f2e-4d2f-97fd-929ac14ba844 None None] SCRIPT_NAME: `/identity` {{(pid=41932) log_request_info /opt/stack/keystone/keystone/server/flask/request_processing/req_logging.py:27}}
Aug 31 14:37:38 devstack devstack@keystone.service[41932]: DEBUG keystone.server.flask.request_processing.req_logging [None req-4c502f47-0f2e-4d2f-97fd-929ac14ba844 None None] PATH_INFO: `/` {{(pid=41932) log_request_info /opt/stack/keystone/keystone/server/flask/request_processing/req_logging.py:28}}
Aug 31 14:37:38 devstack devstack@keystone.service[41932]: [pid: 41932|app: 0|req: 7/12] 192.168.122.60 () {54 vars in 923 bytes} [Mon Aug 31 14:37:38 2026] GET /identity => generated 273 bytes in 3 msecs (HTTP/1.1 300) 6 headers in 237 bytes (1 switches on core 0)
Aug 31 14:37:38 devstack devstack@keystone.service[41932]: DEBUG keystone.server.flask.request_processing.req_logging [None req-191e2118-9e8d-48c5-a30f-e9cc2a582f47 None None] REQUEST_METHOD: `POST` {{(pid=41932) log_request_info /opt/stack/keystone/keystone/server/flask/request_processing/req_logging.py:26}}
Aug 31 14:37:38 devstack devstack@keystone.service[41932]: DEBUG keystone.server.flask.request_processing.req_logging [None req-191e2118-9e8d-48c5-a30f-e9cc2a582f47 None None] SCRIPT_NAME: `/identity` {{(pid=41932) log_request_info /opt/stack/keystone/keystone/server/flask/request_processing/req_logging.py:27}}
Aug 31 14:37:38 devstack devstack@keystone.service[41932]: DEBUG keystone.server.flask.request_processing.req_logging [None req-191e2118-9e8d-48c5-a30f-e9cc2a582f47 None None] PATH_INFO: `/v3/auth/tokens` {{(pid=41932) log_request_info /opt/stack/keystone/keystone/server/flask/request_processing/req_logging.py:28}}
Aug 31 14:37:38 devstack devstack@keystone.service[41932]: WARNING keystone.common.password_hashing [None req-191e2118-9e8d-48c5-a30f-e9cc2a582f47 None None] Truncating password to algorithm specific maximum length 72 characters.
Aug 31 14:37:38 devstack devstack@keystone.service[41932]: DEBUG keystone.auth.core [None req-191e2118-9e8d-48c5-a30f-e9cc2a582f47 None None] MFA Rules not processed for user `2aa1b81665c94bdf8a9d97e830a2630a`. Rule list: `[]` (Enabled: `True`). {{(pid=41932) check_auth_methods_against_rules /opt/stack/keystone/keystone/auth/core.py:476}}
Aug 31 14:37:38 devstack devstack@keystone.service[41932]: DEBUG keystone.common.fernet_utils [None req-191e2118-9e8d-48c5-a30f-e9cc2a582f47 None None] Loaded 2 Fernet keys from /etc/keystone/fernet-keys/, but `[fernet_tokens] max_active_keys = 3`; perhaps there have not been enough key rotations to reach `max_active_keys` yet? {{(pid=41932) load_keys /opt/stack/keystone/keystone/common/fernet_utils.py:297}}
Aug 31 14:37:38 devstack devstack@keystone.service[41933]: [pid: 41933|app: 0|req: 6/13] 192.168.122.60 () {58 vars in 1020 bytes} [Mon Aug 31 14:37:38 2026] POST /identity/v3/auth/tokens => generated 865 bytes in 166 msecs (HTTP/1.1 201) 6 headers in 363 bytes (1 switches on core 0)
Aug 31 14:37:38 devstack devstack@keystone.service[41932]: [pid: 41932|app: 0|req: 8/14] 192.168.122.60 () {58 vars in 1020 bytes} [Mon Aug 31 14:37:38 2026] POST /identity/v3/auth/tokens => generated 865 bytes in 134 msecs (HTTP/1.1 201) 6 headers in 363 bytes (1 switches on core 0)
Aug 31 14:37:39 devstack devstack@keystone.service[41933]: DEBUG keystone.server.flask.request_processing.middleware.auth_context [None req-65429874-775d-4c80-95b1-4ce8a2145472 None None] Authenticating user token {{(pid=41933) process_request /opt/stack/data/venv/lib/python3.12/site-packages/keystonemiddleware/auth_token/__init__.py:406}}
Aug 31 14:37:39 devstack devstack@keystone.service[41932]: DEBUG keystone.server.flask.request_processing.middleware.auth_context [None req-191e2118-9e8d-48c5-a30f-e9cc2a582f47 None None] Authenticating user token {{(pid=41932) process_request /opt/stack/data/venv/lib/python3.12/site-packages/keystonemiddleware/auth_token/__init__.py:406}}
Aug 31 14:37:39 devstack devstack@keystone.service[41933]: DEBUG keystone.server.flask.request_processing.middleware.auth_context [None req-65429874-775d-4c80-95b1-4ce8a2145472 None None] Validating token access rules against request {{(pid=41933) validate_allowed_request /opt/stack/data/venv/lib/python3.12/site-packages/keystonemiddleware/auth_token/__init__.py:544}}
Aug 31 14:37:39 devstack devstack@keystone.service[41932]: DEBUG keystone.server.flask.request_processing.middleware.auth_context [None req-191e2118-9e8d-48c5-a30f-e9cc2a582f47 None None] Validating token access rules against request {{(pid=41932) validate_allowed_request /opt/stack/data/venv/lib/python3.12/site-packages/keystonemiddleware/auth_token/__init__.py:544}}
Aug 31 14:37:39 devstack devstack@keystone.service[41933]: DEBUG keystone.server.flask.request_processing.middleware.auth_context [None req-0f377e57-8d41-4ce7-aba4-ddb3754e3799 None admin] RBAC: auth_context: {'token': , 'domain_id': None, 'trust_id': None, 'trustor_id': None, 'trustee_id': None, 'domain_name': None, 'group_ids': [], 'user_id': '2aa1b81665c94bdf8a9d97e830a2630a', 'user_domain_id': 'default', 'system_scope': 'all', 'project_id': None, 'project_domain_id': None, 'roles': ['admin', 'manager', 'member', 'reader'], 'is_admin_project': True, 'service_user_id': None, 'service_user_domain_id': None, 'service_project_id': None, 'service_project_domain_id': None, 'service_roles': []} {{(pid=41933) fill_context /opt/stack/keystone/keystone/server/flask/request_processing/middleware/auth_context.py:516}}
Aug 31 14:37:39 devstack devstack@keystone.service[41933]: DEBUG keystone.server.flask.request_processing.req_logging [None req-0f377e57-8d41-4ce7-aba4-ddb3754e3799 None admin] REQUEST_METHOD: `POST` {{(pid=41933) log_request_info /opt/stack/keystone/keystone/server/flask/request_processing/req_logging.py:26}}
Aug 31 14:37:39 devstack devstack@keystone.service[41933]: DEBUG keystone.server.flask.request_processing.req_logging [None req-0f377e57-8d41-4ce7-aba4-ddb3754e3799 None admin] SCRIPT_NAME: `/identity` {{(pid=41933) log_request_info /opt/stack/keystone/keystone/server/flask/request_processing/req_logging.py:27}}
Aug 31 14:37:39 devstack devstack@keystone.service[41933]: DEBUG keystone.server.flask.request_processing.req_logging [None req-0f377e57-8d41-4ce7-aba4-ddb3754e3799 None admin] PATH_INFO: `/v3/domains` {{(pid=41933) log_request_info /opt/stack/keystone/keystone/server/flask/request_processing/req_logging.py:28}}
Aug 31 14:37:39 devstack devstack@keystone.service[41933]: DEBUG keystone.common.rbac_enforcer.enforcer [None req-0f377e57-8d41-4ce7-aba4-ddb3754e3799 None admin] RBAC: Authorizing `identity:create_domain()` {{(pid=41933) enforce_call /opt/stack/keystone/keystone/common/rbac_enforcer/enforcer.py:501}}
Aug 31 14:37:39 devstack devstack@keystone.service[41933]: DEBUG keystone.common.rbac_enforcer.enforcer [None req-0f377e57-8d41-4ce7-aba4-ddb3754e3799 None admin] RBAC: Authorization granted {{(pid=41933) enforce_call /opt/stack/keystone/keystone/common/rbac_enforcer/enforcer.py:512}}
Aug 31 14:37:39 devstack devstack@keystone.service[41932]: DEBUG keystone.server.flask.request_processing.middleware.auth_context [None req-5affd5ec-37ad-48fb-bccd-afce3d6c8608 None admin] RBAC: auth_context: {'token': , 'domain_id': None, 'trust_id': None, 'trustor_id': None, 'trustee_id': None, 'domain_name': None, 'group_ids': [], 'user_id': '2aa1b81665c94bdf8a9d97e830a2630a', 'user_domain_id': 'default', 'system_scope': 'all', 'project_id': None, 'project_domain_id': None, 'roles': ['admin', 'manager', 'member', 'reader'], 'is_admin_project': True, 'service_user_id': None, 'service_user_domain_id': None, 'service_project_id': None, 'service_project_domain_id': None, 'service_roles': []} {{(pid=41932) fill_context /opt/stack/keystone/keystone/server/flask/request_processing/middleware/auth_context.py:516}}
Aug 31 14:37:39 devstack devstack@keystone.service[41932]: DEBUG keystone.server.flask.request_processing.req_logging [None req-5affd5ec-37ad-48fb-bccd-afce3d6c8608 None admin] REQUEST_METHOD: `GET` {{(pid=41932) log_request_info /opt/stack/keystone/keystone/server/flask/request_processing/req_logging.py:26}}
Aug 31 14:37:39 devstack devstack@keystone.service[41932]: DEBUG keystone.server.flask.request_processing.req_logging [None req-5affd5ec-37ad-48fb-bccd-afce3d6c8608 None admin] SCRIPT_NAME: `/identity` {{(pid=41932) log_request_info /opt/stack/keystone/keystone/server/flask/request_processing/req_logging.py:27}}
Aug 31 14:37:39 devstack devstack@keystone.service[41932]: DEBUG keystone.server.flask.request_processing.req_logging [None req-5affd5ec-37ad-48fb-bccd-afce3d6c8608 None admin] PATH_INFO: `/v3/roles/admin` {{(pid=41932) log_request_info /opt/stack/keystone/keystone/server/flask/request_processing/req_logging.py:28}}
Aug 31 14:37:39 devstack devstack@keystone.service[41933]: DEBUG keystone.common.sql.core [None req-0f377e57-8d41-4ce7-aba4-ddb3754e3799 None admin] Conflict project: (pymysql.err.IntegrityError) (1062, "Duplicate entry '<>-Default' for key 'project.ixu_project_name_domain_id'")
Aug 31 14:37:39 devstack devstack@keystone.service[41933]: [SQL: INSERT INTO project (id, name, domain_id, description, enabled, extra, parent_id, is_domain) VALUES (%(id)s, %(name)s, %(domain_id)s, %(description)s, %(enabled)s, %(extra)s, %(parent_id)s, %(is_domain)s)]
Aug 31 14:37:39 devstack devstack@keystone.service[41933]: [parameters: {'id': '39b286f553c6494cbe02ed3d4e2b76d9', 'name': 'Default', 'domain_id': '<>', 'description': '', 'enabled': 1, 'extra': '{}', 'parent_id': None, 'is_domain': 1}]
Aug 31 14:37:39 devstack devstack@keystone.service[41933]: (Background on this error at: https://sqlalche.me/e/20/gkpj) {{(pid=41933) wrapper /opt/stack/keystone/keystone/common/sql/core.py:580}}
Aug 31 14:37:39 devstack devstack@keystone.service[41932]: DEBUG keystone.common.rbac_enforcer.enforcer [None req-5affd5ec-37ad-48fb-bccd-afce3d6c8608 None admin] Extracting inferred target data resulted in "NOT FOUND (404)". {{(pid=41932) enforce_call /opt/stack/keystone/keystone/common/rbac_enforcer/enforcer.py:445}}
Aug 31 14:37:39 devstack devstack@keystone.service[41932]: DEBUG keystone.server.flask.application [None req-5affd5ec-37ad-48fb-bccd-afce3d6c8608 None admin] Could not find role: admin. {{(pid=41932) _handle_keystone_exception /opt/stack/keystone/keystone/server/flask/application.py:146}}
Aug 31 14:37:39 devstack devstack@keystone.service[41932]: [pid: 41932|app: 0|req: 9/15] 192.168.122.60 () {56 vars in 1136 bytes} [Mon Aug 31 14:37:39 2026] GET /identity/v3/roles/admin => generated 83 bytes in 181 msecs (HTTP/1.1 404) 5 headers in 183 bytes (1 switches on core 0)
Aug 31 14:37:39 devstack devstack@keystone.service[41932]: DEBUG keystone.server.flask.request_processing.middleware.auth_context [None req-5affd5ec-37ad-48fb-bccd-afce3d6c8608 None admin] Authenticating user token {{(pid=41932) process_request /opt/stack/data/venv/lib/python3.12/site-packages/keystonemiddleware/auth_token/__init__.py:406}}
Aug 31 14:37:39 devstack devstack@keystone.service[41933]: ERROR keystone.server.flask.application [None req-0f377e57-8d41-4ce7-aba4-ddb3754e3799 None admin] Conflict occurred attempting to store project - it is not permitted to have two projects acting as domains with the same name: Default.: keystone.exception.Conflict: Conflict occurred attempting to store project - it is not permitted to have two projects acting as domains with the same name: Default.
Aug 31 14:37:39 devstack devstack@keystone.service[41933]: ERROR keystone.server.flask.application
Traceback (most recent call last):
Aug 31 14:37:39 devstack devstack@keystone.service[41933]: ERROR keystone.server.flask.application
File "/opt/stack/data/venv/lib/python3.12/site-packages/sqlalchemy/engine/base.py", line 1969, in _exec_single_context
Aug 31 14:37:39 devstack devstack@keystone.service[41933]: ERROR keystone.server.flask.application self.dialect.do_execute(
Aug 31 14:37:39 devstack devstack@keystone.service[41933]: ERROR keystone.server.flask.application
File "/opt/stack/data/venv/lib/python3.12/site-packages/sqlalchemy/engine/default.py", line 952, in do_execute
Aug 31 14:37:39 devstack devstack@keystone.service[41933]: ERROR keystone.server.flask.application cursor.execute(statement, parameters)
Aug 31 14:37:39 devstack devstack@keystone.service[41933]: ERROR keystone.server.flask.application
File "/opt/stack/data/venv/lib/python3.12/site-packages/pymysql/cursors.py", line 159, in execute
Aug 31 14:37:39 devstack devstack@keystone.service[41933]: ERROR keystone.server.flask.application result = self._query(query)
Aug 31 14:37:39 devstack devstack@keystone.service[41933]: ERROR keystone.server.flask.application ^^^^^^^^^^^^^^^^^^
Aug 31 14:37:39 devstack devstack@keystone.service[41933]: ERROR keystone.server.flask.application
File "/opt/stack/data/venv/lib/python3.12/site-packages/pymysql/cursors.py", line 330, in _query
Aug 31 14:37:39 devstack devstack@keystone.service[41933]: ERROR keystone.server.flask.application conn.query(q)
Aug 31 14:37:39 devstack devstack@keystone.service[41933]: ERROR keystone.server.flask.application
File "/opt/stack/data/venv/lib/python3.12/site-packages/pymysql/connections.py", line 582, in query
Aug 31 14:37:39 devstack devstack@keystone.service[41933]: ERROR keystone.server.flask.application self._affected_rows = self._read_query_result(unbuffered=unbuffered)
Aug 31 14:37:39 devstack devstack@keystone.service[41933]: ERROR keystone.server.flask.application ^^^^^^^^^^^^^^^^^^^^^^^^^^^^^^^^^^^^^^^^^^^^^^
Aug 31 14:37:39 devstack devstack@keystone.service[41933]: ERROR keystone.server.flask.application
File "/opt/stack/data/venv/lib/python3.12/site-packages/pymysql/connections.py", line 847, in _read_query_result
Aug 31 14:37:39 devstack devstack@keystone.service[41933]: ERROR keystone.server.flask.application result.read()
Aug 31 14:37:39 devstack devstack@keystone.service[41933]: ERROR keystone.server.flask.application
File "/opt/stack/data/venv/lib/python3.12/site-packages/pymysql/connections.py", line 1245, in read
Aug 31 14:37:39 devstack devstack@keystone.service[41933]: ERROR keystone.server.flask.application first_packet = self.connection._read_packet()
Aug 31 14:37:39 devstack devstack@keystone.service[41933]: ERROR keystone.server.flask.application ^^^^^^^^^^^^^^^^^^^^^^^^^^^^^^
Aug 31 14:37:39 devstack devstack@keystone.service[41933]: ERROR keystone.server.flask.application
File "/opt/stack/data/venv/lib/python3.12/site-packages/pymysql/connections.py", line 803, in _read_packet
Aug 31 14:37:39 devstack devstack@keystone.service[41933]: ERROR keystone.server.flask.application packet.raise_for_error()
Aug 31 14:37:39 devstack devstack@keystone.service[41933]: ERROR keystone.server.flask.application
File "/opt/stack/data/venv/lib/python3.12/site-packages/pymysql/protocol.py", line 219, in raise_for_error
Aug 31 14:37:39 devstack devstack@keystone.service[41933]: ERROR keystone.server.flask.application err.raise_mysql_exception(self._data)
Aug 31 14:37:39 devstack devstack@keystone.service[41933]: ERROR keystone.server.flask.application
File "/opt/stack/data/venv/lib/python3.12/site-packages/pymysql/err.py", line 154, in raise_mysql_exception
Aug 31 14:37:39 devstack devstack@keystone.service[41933]: ERROR keystone.server.flask.application raise errorclass(errno, errval, sqlstate=sqlstate)
Aug 31 14:37:39 devstack devstack@keystone.service[41933]: ERROR keystone.server.flask.application pymysql.err.IntegrityError: (1062, "Duplicate entry '<>-Default' for key 'project.ixu_project_name_domain_id'")
Aug 31 14:37:39 devstack devstack@keystone.service[41933]: ERROR keystone.server.flask.application
Aug 31 14:37:39 devstack devstack@keystone.service[41933]: ERROR keystone.server.flask.application The above exception was the direct cause of the following exception:
Aug 31 14:37:39 devstack devstack@keystone.service[41933]: ERROR keystone.server.flask.application
Aug 31 14:37:39 devstack devstack@keystone.service[41933]: ERROR keystone.server.flask.application
Traceback (most recent call last):
Aug 31 14:37:39 devstack devstack@keystone.service[41933]: ERROR keystone.server.flask.application
File "/opt/stack/keystone/keystone/common/sql/core.py", line 575, in wrapper
