Jan 06 11:49:04 devstack devstack@g-api.service[73239]: DEBUG glance.common.config [None req-df9db92a-68aa-4ae9-a17b-cc3c151f3c57 None None] barbican_service_user.cafile = None {{(pid=73239) log_opt_values /opt/stack/data/venv/lib/python3.10/site-packages/oslo_config/cfg.py:2824}}
Jan 06 11:49:04 devstack devstack@g-api.service[73239]: DEBUG glance.common.config [None req-df9db92a-68aa-4ae9-a17b-cc3c151f3c57 None None] barbican_service_user.certfile = None {{(pid=73239) log_opt_values /opt/stack/data/venv/lib/python3.10/site-packages/oslo_config/cfg.py:2824}}
Jan 06 11:49:04 devstack devstack@g-api.service[73239]: DEBUG glance.common.config [None req-df9db92a-68aa-4ae9-a17b-cc3c151f3c57 None None] barbican_service_user.collect_timing = False {{(pid=73239) log_opt_values /opt/stack/data/venv/lib/python3.10/site-packages/oslo_config/cfg.py:2824}}
Jan 06 11:49:04 devstack devstack@g-api.service[73239]: DEBUG glance.common.config [None req-df9db92a-68aa-4ae9-a17b-cc3c151f3c57 None None] barbican_service_user.insecure = False {{(pid=73239) log_opt_values /opt/stack/data/venv/lib/python3.10/site-packages/oslo_config/cfg.py:2824}}
Jan 06 11:49:04 devstack devstack@g-api.service[73239]: DEBUG glance.common.config [None req-df9db92a-68aa-4ae9-a17b-cc3c151f3c57 None None] barbican_service_user.keyfile = None {{(pid=73239) log_opt_values /opt/stack/data/venv/lib/python3.10/site-packages/oslo_config/cfg.py:2824}}
Jan 06 11:49:04 devstack devstack@g-api.service[73239]: DEBUG glance.common.config [None req-df9db92a-68aa-4ae9-a17b-cc3c151f3c57 None None] barbican_service_user.split_loggers = False {{(pid=73239) log_opt_values /opt/stack/data/venv/lib/python3.10/site-packages/oslo_config/cfg.py:2824}}
Jan 06 11:49:04 devstack devstack@g-api.service[73239]: DEBUG glance.common.config [None req-df9db92a-68aa-4ae9-a17b-cc3c151f3c57 None None] barbican_service_user.timeout = None {{(pid=73239) log_opt_values /opt/stack/data/venv/lib/python3.10/site-packages/oslo_config/cfg.py:2824}}
Jan 06 11:49:04 devstack devstack@g-api.service[73239]: DEBUG glance.common.config [None req-df9db92a-68aa-4ae9-a17b-cc3c151f3c57 None None] database.asyncio_connection = **** {{(pid=73239) log_opt_values /opt/stack/data/venv/lib/python3.10/site-packages/oslo_config/cfg.py:2824}}
Jan 06 11:49:04 devstack devstack@g-api.service[73239]: DEBUG glance.common.config [None req-df9db92a-68aa-4ae9-a17b-cc3c151f3c57 None None] database.asyncio_slave_connection = **** {{(pid=73239) log_opt_values /opt/stack/data/venv/lib/python3.10/site-packages/oslo_config/cfg.py:2824}}
Jan 06 11:49:04 devstack devstack@g-api.service[73239]: DEBUG glance.common.config [None req-df9db92a-68aa-4ae9-a17b-cc3c151f3c57 None None] database.backend = sqlalchemy {{(pid=73239) log_opt_values /opt/stack/data/venv/lib/python3.10/site-packages/oslo_config/cfg.py:2824}}
Jan 06 11:49:04 devstack devstack@g-api.service[73239]: DEBUG glance.common.config [None req-df9db92a-68aa-4ae9-a17b-cc3c151f3c57 None None] database.connection = **** {{(pid=73239) log_opt_values /opt/stack/data/venv/lib/python3.10/site-packages/oslo_config/cfg.py:2824}}
Jan 06 11:49:04 devstack devstack@g-api.service[73239]: DEBUG glance.common.config [None req-df9db92a-68aa-4ae9-a17b-cc3c151f3c57 None None] database.connection_debug = 0 {{(pid=73239) log_opt_values /opt/stack/data/venv/lib/python3.10/site-packages/oslo_config/cfg.py:2824}}
Jan 06 11:49:04 devstack devstack@g-api.service[73239]: DEBUG glance.common.config [None req-df9db92a-68aa-4ae9-a17b-cc3c151f3c57 None None] database.connection_parameters = {{(pid=73239) log_opt_values /opt/stack/data/venv/lib/python3.10/site-packages/oslo_config/cfg.py:2824}}
Jan 06 11:49:04 devstack devstack@g-api.service[73239]: DEBUG glance.common.config [None req-df9db92a-68aa-4ae9-a17b-cc3c151f3c57 None None] database.connection_recycle_time = 3600 {{(pid=73239) log_opt_values /opt/stack/data/venv/lib/python3.10/site-packages/oslo_config/cfg.py:2824}}
Jan 06 11:49:04 devstack devstack@g-api.service[73239]: DEBUG glance.common.config [None req-df9db92a-68aa-4ae9-a17b-cc3c151f3c57 None None] database.connection_trace = False {{(pid=73239) log_opt_values /opt/stack/data/venv/lib/python3.10/site-packages/oslo_config/cfg.py:2824}}
Jan 06 11:49:04 devstack devstack@g-api.service[73239]: DEBUG glance.common.config [None req-df9db92a-68aa-4ae9-a17b-cc3c151f3c57 None None] database.db_inc_retry_interval = True {{(pid=73239) log_opt_values /opt/stack/data/venv/lib/python3.10/site-packages/oslo_config/cfg.py:2824}}
Jan 06 11:49:04 devstack devstack@g-api.service[73239]: DEBUG glance.common.config [None req-df9db92a-68aa-4ae9-a17b-cc3c151f3c57 None None] database.db_max_retries = 20 {{(pid=73239) log_opt_values /opt/stack/data/venv/lib/python3.10/site-packages/oslo_config/cfg.py:2824}}
Jan 06 11:49:04 devstack devstack@g-api.service[73239]: DEBUG glance.common.config [None req-df9db92a-68aa-4ae9-a17b-cc3c151f3c57 None None] database.db_max_retry_interval = 10 {{(pid=73239) log_opt_values /opt/stack/data/venv/lib/python3.10/site-packages/oslo_config/cfg.py:2824}}
Jan 06 11:49:04 devstack devstack@g-api.service[73239]: DEBUG glance.common.config [None req-df9db92a-68aa-4ae9-a17b-cc3c151f3c57 None None] database.db_retry_interval = 1 {{(pid=73239) log_opt_values /opt/stack/data/venv/lib/python3.10/site-packages/oslo_config/cfg.py:2824}}
Jan 06 11:49:04 devstack devstack@g-api.service[73239]: DEBUG glance.common.config [None req-df9db92a-68aa-4ae9-a17b-cc3c151f3c57 None None] database.max_overflow = 50 {{(pid=73239) log_opt_values /opt/stack/data/venv/lib/python3.10/site-packages/oslo_config/cfg.py:2824}}
Jan 06 11:49:04 devstack devstack@g-api.service[73239]: DEBUG glance.common.config [None req-df9db92a-68aa-4ae9-a17b-cc3c151f3c57 None None] database.max_pool_size = 5 {{(pid=73239) log_opt_values /opt/stack/data/venv/lib/python3.10/site-packages/oslo_config/cfg.py:2824}}
Jan 06 11:49:04 devstack devstack@g-api.service[73239]: DEBUG glance.common.config [None req-df9db92a-68aa-4ae9-a17b-cc3c151f3c57 None None] database.max_retries = 10 {{(pid=73239) log_opt_values /opt/stack/data/venv/lib/python3.10/site-packages/oslo_config/cfg.py:2824}}
Jan 06 11:49:04 devstack devstack@g-api.service[73239]: DEBUG glance.common.config [None req-df9db92a-68aa-4ae9-a17b-cc3c151f3c57 None None] database.mysql_sql_mode = TRADITIONAL {{(pid=73239) log_opt_values /opt/stack/data/venv/lib/python3.10/site-packages/oslo_config/cfg.py:2824}}
Jan 06 11:49:04 devstack devstack@g-api.service[73239]: DEBUG glance.common.config [None req-df9db92a-68aa-4ae9-a17b-cc3c151f3c57 None None] database.mysql_wsrep_sync_wait = None {{(pid=73239) log_opt_values /opt/stack/data/venv/lib/python3.10/site-packages/oslo_config/cfg.py:2824}}
Jan 06 11:49:04 devstack devstack@g-api.service[73239]: DEBUG glance.common.config [None req-df9db92a-68aa-4ae9-a17b-cc3c151f3c57 None None] database.pool_timeout = None {{(pid=73239) log_opt_values /opt/stack/data/venv/lib/python3.10/site-packages/oslo_config/cfg.py:2824}}
Jan 06 11:49:04 devstack devstack@g-api.service[73239]: DEBUG glance.common.config [None req-df9db92a-68aa-4ae9-a17b-cc3c151f3c57 None None] database.retry_interval = 10 {{(pid=73239) log_opt_values /opt/stack/data/venv/lib/python3.10/site-packages/oslo_config/cfg.py:2824}}
Jan 06 11:49:04 devstack devstack@g-api.service[73239]: DEBUG glance.common.config [None req-df9db92a-68aa-4ae9-a17b-cc3c151f3c57 None None] database.slave_connection = **** {{(pid=73239) log_opt_values /opt/stack/data/venv/lib/python3.10/site-packages/oslo_config/cfg.py:2824}}
Jan 06 11:49:04 devstack devstack@g-api.service[73239]: DEBUG glance.common.config [None req-df9db92a-68aa-4ae9-a17b-cc3c151f3c57 None None] database.sqlite_synchronous = True {{(pid=73239) log_opt_values /opt/stack/data/venv/lib/python3.10/site-packages/oslo_config/cfg.py:2824}}
Jan 06 11:49:04 devstack devstack@g-api.service[73239]: DEBUG glance.common.config [None req-df9db92a-68aa-4ae9-a17b-cc3c151f3c57 None None] database.use_db_reconnect = False {{(pid=73239) log_opt_values /opt/stack/data/venv/lib/python3.10/site-packages/oslo_config/cfg.py:2824}}
Jan 06 11:49:04 devstack devstack@g-api.service[73239]: DEBUG glance.common.config [None req-df9db92a-68aa-4ae9-a17b-cc3c151f3c57 None None] healthcheck.allowed_source_ranges = [] {{(pid=73239) log_opt_values /opt/stack/data/venv/lib/python3.10/site-packages/oslo_config/cfg.py:2824}}
Jan 06 11:49:04 devstack devstack@g-api.service[73239]: DEBUG glance.common.config [None req-df9db92a-68aa-4ae9-a17b-cc3c151f3c57 None None] healthcheck.backends = ['disable_by_file'] {{(pid=73239) log_opt_values /opt/stack/data/venv/lib/python3.10/site-packages/oslo_config/cfg.py:2824}}
Jan 06 11:49:04 devstack devstack@g-api.service[73239]: DEBUG glance.common.config [None req-df9db92a-68aa-4ae9-a17b-cc3c151f3c57 None None] healthcheck.detailed = False {{(pid=73239) log_opt_values /opt/stack/data/venv/lib/python3.10/site-packages/oslo_config/cfg.py:2824}}
Jan 06 11:49:04 devstack devstack@g-api.service[73239]: DEBUG glance.common.config [None req-df9db92a-68aa-4ae9-a17b-cc3c151f3c57 None None] healthcheck.disable_by_file_path = None {{(pid=73239) log_opt_values /opt/stack/data/venv/lib/python3.10/site-packages/oslo_config/cfg.py:2824}}
Jan 06 11:49:04 devstack devstack@g-api.service[73239]: DEBUG glance.common.config [None req-df9db92a-68aa-4ae9-a17b-cc3c151f3c57 None None] healthcheck.ignore_proxied_requests = False {{(pid=73239) log_opt_values /opt/stack/data/venv/lib/python3.10/site-packages/oslo_config/cfg.py:2824}}
Jan 06 11:49:04 devstack devstack@g-api.service[73239]: DEBUG glance.common.config [None req-df9db92a-68aa-4ae9-a17b-cc3c151f3c57 None None] ******************************************************************************** {{(pid=73239) log_opt_values /opt/stack/data/venv/lib/python3.10/site-packages/oslo_config/cfg.py:2828}}
Jan 06 11:49:04 devstack devstack@g-api.service[73239]: WSGI app 0 (mountpoint='') ready in 4 seconds on interpreter 0x559a2ac296a0 pid: 73239 (default app)
Jan 06 11:49:06 devstack devstack@g-api.service[73238]: DEBUG glance.api.middleware.version_negotiation [None req-3e73409e-bd19-4b18-9492-4981389f88bb None None] Determining version of request: GET / Accept: application/json {{(pid=73238) process_request /opt/stack/glance/glance/api/middleware/version_negotiation.py:44}}
Jan 06 11:49:06 devstack devstack@g-api.service[73238]: DEBUG glance.api.middleware.version_negotiation [None req-3e73409e-bd19-4b18-9492-4981389f88bb None None] Using url versioning {{(pid=73238) process_request /opt/stack/glance/glance/api/middleware/version_negotiation.py:57}}
Jan 06 11:49:06 devstack devstack@g-api.service[73238]: DEBUG glance.api.middleware.version_negotiation [None req-3e73409e-bd19-4b18-9492-4981389f88bb None None] Unknown version. Returning version choices. {{(pid=73238) process_request /opt/stack/glance/glance/api/middleware/version_negotiation.py:64}}
Jan 06 11:49:06 devstack devstack@g-api.service[73238]: [pid: 73238|app: 0|req: 2/2] 127.0.0.1 () {34 vars in 516 bytes} [Tue Jan 6 11:49:06 2026] GET / => generated 1446 bytes in 3 msecs (HTTP/1.1 300) 3 headers in 106 bytes (1 switches on core 0)
Jan 06 11:49:06 devstack devstack@g-api.service[73239]: DEBUG glance.api.middleware.version_negotiation [None req-df9db92a-68aa-4ae9-a17b-cc3c151f3c57 None None] Determining version of request: POST /v2/images Accept: */* {{(pid=73239) process_request /opt/stack/glance/glance/api/middleware/version_negotiation.py:44}}
Jan 06 11:49:06 devstack devstack@g-api.service[73239]: DEBUG glance.api.middleware.version_negotiation [None req-df9db92a-68aa-4ae9-a17b-cc3c151f3c57 None None] Using url versioning {{(pid=73239) process_request /opt/stack/glance/glance/api/middleware/version_negotiation.py:57}}
Jan 06 11:49:06 devstack devstack@g-api.service[73239]: DEBUG glance.api.middleware.version_negotiation [None req-df9db92a-68aa-4ae9-a17b-cc3c151f3c57 None None] Matched version: v2 {{(pid=73239) process_request /opt/stack/glance/glance/api/middleware/version_negotiation.py:69}}
Jan 06 11:49:06 devstack devstack@g-api.service[73239]: DEBUG glance.api.middleware.version_negotiation [None req-df9db92a-68aa-4ae9-a17b-cc3c151f3c57 None None] new path /v2/images {{(pid=73239) process_request /opt/stack/glance/glance/api/middleware/version_negotiation.py:70}}
Jan 06 11:49:07 devstack devstack@g-api.service[73239]: [pid: 73239|app: 0|req: 1/3] 127.0.0.1 () {40 vars in 779 bytes} [Tue Jan 6 11:49:06 2026] POST /v2/images => generated 807 bytes in 981 msecs (HTTP/1.1 201) 6 headers in 314 bytes (1 switches on core 0)
Jan 06 11:49:07 devstack devstack@g-api.service[73238]: DEBUG glance.api.middleware.version_negotiation [None req-3e73409e-bd19-4b18-9492-4981389f88bb None None] Determining version of request: PUT /v2/images/3ae782f7-e47c-4de8-bb22-0b7ef100f812/file Accept: {{(pid=73238) process_request /opt/stack/glance/glance/api/middleware/version_negotiation.py:44}}
Jan 06 11:49:07 devstack devstack@g-api.service[73238]: DEBUG glance.api.middleware.version_negotiation [None req-3e73409e-bd19-4b18-9492-4981389f88bb None None] Using url versioning {{(pid=73238) process_request /opt/stack/glance/glance/api/middleware/version_negotiation.py:57}}
Jan 06 11:49:07 devstack devstack@g-api.service[73238]: DEBUG glance.api.middleware.version_negotiation [None req-3e73409e-bd19-4b18-9492-4981389f88bb None None] Matched version: v2 {{(pid=73238) process_request /opt/stack/glance/glance/api/middleware/version_negotiation.py:69}}
Jan 06 11:49:07 devstack devstack@g-api.service[73238]: DEBUG glance.api.middleware.version_negotiation [None req-3e73409e-bd19-4b18-9492-4981389f88bb None None] new path /v2/images/3ae782f7-e47c-4de8-bb22-0b7ef100f812/file {{(pid=73238) process_request /opt/stack/glance/glance/api/middleware/version_negotiation.py:70}}
Jan 06 11:49:08 devstack devstack@g-api.service[73238]: INFO glance.api.v2.image_data [None req-54f96303-85cf-4513-97fd-3655cda1a8e8 admin admin] Unable to create trust: no such option collect_timing in group [keystone_authtoken] Use the existing user token.
Jan 06 11:49:09 devstack devstack@g-api.service[73238]: DEBUG glance.location [None req-54f96303-85cf-4513-97fd-3655cda1a8e8 admin admin] Enabling in-flight format inspection for qcow2 {{(pid=73238) set_data /opt/stack/glance/glance/location.py:616}}
Jan 06 11:49:09 devstack devstack@g-api.service[73238]: DEBUG oslo_utils.imageutils.format_inspector [None req-54f96303-85cf-4513-97fd-3655cda1a8e8 admin admin] Format inspector for vmdk does not match, excluding from consideration (Signature KDMV not found: b'QFI\xfb') {{(pid=73238) _process_chunk /opt/stack/data/venv/lib/python3.10/site-packages/oslo_utils/imageutils/format_inspector.py:1537}}
Jan 06 11:49:09 devstack devstack@g-api.service[73238]: DEBUG oslo_utils.imageutils.format_inspector [None req-54f96303-85cf-4513-97fd-3655cda1a8e8 admin admin] Format inspector for vhdx does not match, excluding from consideration (Region signature not found at 30000) {{(pid=73238) _process_chunk /opt/stack/data/venv/lib/python3.10/site-packages/oslo_utils/imageutils/format_inspector.py:1537}}
Jan 06 11:49:09 devstack devstack@g-api.service[73238]: DEBUG glance_store._drivers.filesystem [None req-54f96303-85cf-4513-97fd-3655cda1a8e8 admin admin] Wrote 21692416 bytes to /opt/stack/data/glance/images/3ae782f7-e47c-4de8-bb22-0b7ef100f812 with checksum 87617e24a5e30cb3b87fda8c0764838f and multihash 9a9bce0083a00939ec17c11febbfc767aa211aaa54f51e75c5a8b271a9b5637c77205a518b7a2007cb391d23cceb01e0e4e8d64832317151bc85b734b92a7be0 {{(pid=73238) add /opt/stack/data/venv/lib/python3.10/site-packages/glance_store/_drivers/filesystem.py:794}}
Jan 06 11:49:09 devstack devstack@g-api.service[73238]: INFO glance.location [None req-54f96303-85cf-4513-97fd-3655cda1a8e8 admin admin] Image format matched and virtual size computed: 117440512
Jan 06 11:49:09 devstack devstack@g-api.service[73238]: DEBUG glance_store.backend [None req-54f96303-85cf-4513-97fd-3655cda1a8e8 admin admin] Skipping store.set_acls... not implemented. {{(pid=73238) set_acls /opt/stack/data/venv/lib/python3.10/site-packages/glance_store/backend.py:507}}
Jan 06 11:49:09 devstack devstack@g-api.service[73238]: [pid: 73238|app: 0|req: 3/4] 127.0.0.1 () {40 vars in 872 bytes} [Tue Jan 6 11:49:07 2026] PUT /v2/images/3ae782f7-e47c-4de8-bb22-0b7ef100f812/file => generated 0 bytes in 1433 msecs (HTTP/1.1 204) 4 headers in 171 bytes (1 switches on core 0)
Jan 06 11:49:09 devstack devstack@g-api.service[73239]: DEBUG glance.api.middleware.version_negotiation [None req-459b171b-b808-49c4-9274-a9bf63ecc3ca admin admin] Determining version of request: GET /v2/images/3ae782f7-e47c-4de8-bb22-0b7ef100f812 Accept: */* {{(pid=73239) process_request /opt/stack/glance/glance/api/middleware/version_negotiation.py:44}}
Jan 06 11:49:09 devstack devstack@g-api.service[73239]: DEBUG glance.api.middleware.version_negotiation [None req-459b171b-b808-49c4-9274-a9bf63ecc3ca admin admin] Using url versioning {{(pid=73239) process_request /opt/stack/glance/glance/api/middleware/version_negotiation.py:57}}
Jan 06 11:49:09 devstack devstack@g-api.service[73239]: DEBUG glance.api.middleware.version_negotiation [None req-459b171b-b808-49c4-9274-a9bf63ecc3ca admin admin] Matched version: v2 {{(pid=73239) process_request /opt/stack/glance/glance/api/middleware/version_negotiation.py:69}}
Jan 06 11:49:09 devstack devstack@g-api.service[73239]: DEBUG glance.api.middleware.version_negotiation [None req-459b171b-b808-49c4-9274-a9bf63ecc3ca admin admin] new path /v2/images/3ae782f7-e47c-4de8-bb22-0b7ef100f812 {{(pid=73239) process_request /opt/stack/glance/glance/api/middleware/version_negotiation.py:70}}
Jan 06 11:49:09 devstack devstack@g-api.service[73239]: [pid: 73239|app: 0|req: 2/5] 127.0.0.1 () {36 vars in 799 bytes} [Tue Jan 6 11:49:09 2026] GET /v2/images/3ae782f7-e47c-4de8-bb22-0b7ef100f812 => generated 976 bytes in 17 msecs (HTTP/1.1 200) 4 headers in 157 bytes (1 switches on core 0)
Jan 06 11:49:19 devstack devstack@g-api.service[73238]: DEBUG dbcounter [-] [73238] Writing DB stats glance:INSERT=5,glance:SELECT=16,glance:UPDATE=2 {{(pid=73238) stat_writer /opt/stack/data/venv/lib/python3.10/site-packages/dbcounter.py:115}}
Jan 06 11:49:19 devstack devstack@g-api.service[73239]: DEBUG dbcounter [-] [73239] Writing DB stats glance:INSERT=9,glance:SELECT=6 {{(pid=73239) stat_writer /opt/stack/data/venv/lib/python3.10/site-packages/dbcounter.py:115}}
Jan 06 11:49:49 devstack devstack@g-api.service[73238]: DEBUG glance.api.middleware.version_negotiation [None req-54f96303-85cf-4513-97fd-3655cda1a8e8 admin admin] Determining version of request: GET / Accept: application/json {{(pid=73238) process_request /opt/stack/glance/glance/api/middleware/version_negotiation.py:44}}
Jan 06 11:49:49 devstack devstack@g-api.service[73238]: DEBUG glance.api.middleware.version_negotiation [None req-54f96303-85cf-4513-97fd-3655cda1a8e8 admin admin] Using url versioning {{(pid=73238) process_request /opt/stack/glance/glance/api/middleware/version_negotiation.py:57}}
Jan 06 11:49:49 devstack devstack@g-api.service[73238]: DEBUG glance.api.middleware.version_negotiation [None req-54f96303-85cf-4513-97fd-3655cda1a8e8 admin admin] Unknown version. Returning version choices. {{(pid=73238) process_request /opt/stack/glance/glance/api/middleware/version_negotiation.py:64}}
Jan 06 11:49:49 devstack devstack@g-api.service[73238]: [pid: 73238|app: 0|req: 4/6] 127.0.0.1 () {34 vars in 513 bytes} [Tue Jan 6 11:49:49 2026] GET / => generated 1446 bytes in 2 msecs (HTTP/1.1 300) 3 headers in 106 bytes (1 switches on core 0)
Jan 06 11:49:49 devstack devstack@g-api.service[73239]: DEBUG glance.api.middleware.version_negotiation [None req-12329bf2-a08d-4022-a938-1a082bdaafe5 admin admin] Determining version of request: GET /v2/images Accept: application/json {{(pid=73239) process_request /opt/stack/glance/glance/api/middleware/version_negotiation.py:44}}
Jan 06 11:49:49 devstack devstack@g-api.service[73239]: DEBUG glance.api.middleware.version_negotiation [None req-12329bf2-a08d-4022-a938-1a082bdaafe5 admin admin] Using url versioning {{(pid=73239) process_request /opt/stack/glance/glance/api/middleware/version_negotiation.py:57}}
Jan 06 11:49:49 devstack devstack@g-api.service[73239]: DEBUG glance.api.middleware.version_negotiation [None req-12329bf2-a08d-4022-a938-1a082bdaafe5 admin admin] Matched version: v2 {{(pid=73239) process_request /opt/stack/glance/glance/api/middleware/version_negotiation.py:69}}
Jan 06 11:49:49 devstack devstack@g-api.service[73239]: DEBUG glance.api.middleware.version_negotiation [None req-12329bf2-a08d-4022-a938-1a082bdaafe5 admin admin] new path /v2/images {{(pid=73239) process_request /opt/stack/glance/glance/api/middleware/version_negotiation.py:70}}
Jan 06 11:49:49 devstack devstack@g-api.service[73239]: [pid: 73239|app: 0|req: 3/7] 127.0.0.1 () {36 vars in 735 bytes} [Tue Jan 6 11:49:49 2026] GET /v2/images => generated 1045 bytes in 67 msecs (HTTP/1.1 200) 4 headers in 158 bytes (1 switches on core 0)
Jan 06 11:49:55 devstack devstack@g-api.service[73238]: DEBUG glance.api.middleware.version_negotiation [None req-54f96303-85cf-4513-97fd-3655cda1a8e8 admin admin] Determining version of request: GET / Accept: application/json {{(pid=73238) process_request /opt/stack/glance/glance/api/middleware/version_negotiation.py:44}}
Jan 06 11:49:55 devstack devstack@g-api.service[73238]: DEBUG glance.api.middleware.version_negotiation [None req-54f96303-85cf-4513-97fd-3655cda1a8e8 admin admin] Using url versioning {{(pid=73238) process_request /opt/stack/glance/glance/api/middleware/version_negotiation.py:57}}
Jan 06 11:49:55 devstack devstack@g-api.service[73238]: DEBUG glance.api.middleware.version_negotiation [None req-54f96303-85cf-4513-97fd-3655cda1a8e8 admin admin] Unknown version. Returning version choices. {{(pid=73238) process_request /opt/stack/glance/glance/api/middleware/version_negotiation.py:64}}
Jan 06 11:49:55 devstack devstack@g-api.service[73238]: [pid: 73238|app: 0|req: 5/8] 127.0.0.1 () {34 vars in 513 bytes} [Tue Jan 6 11:49:55 2026] GET / => generated 1446 bytes in 2 msecs (HTTP/1.1 300) 3 headers in 106 bytes (1 switches on core 0)
Jan 06 11:49:55 devstack devstack@g-api.service[73239]: DEBUG glance.api.middleware.version_negotiation [None req-8a332cf0-1cc8-4bbc-9533-ab3d07723391 admin admin] Determining version of request: GET /v2/images/3ae782f7-e47c-4de8-bb22-0b7ef100f812 Accept: */* {{(pid=73239) process_request /opt/stack/glance/glance/api/middleware/version_negotiation.py:44}}
Jan 06 11:49:55 devstack devstack@g-api.service[73239]: DEBUG glance.api.middleware.version_negotiation [None req-8a332cf0-1cc8-4bbc-9533-ab3d07723391 admin admin] Using url versioning {{(pid=73239) process_request /opt/stack/glance/glance/api/middleware/version_negotiation.py:57}}
Jan 06 11:49:55 devstack devstack@g-api.service[73239]: DEBUG glance.api.middleware.version_negotiation [None req-8a332cf0-1cc8-4bbc-9533-ab3d07723391 admin admin] Matched version: v2 {{(pid=73239) process_request /opt/stack/glance/glance/api/middleware/version_negotiation.py:69}}
Jan 06 11:49:55 devstack devstack@g-api.service[73239]: DEBUG glance.api.middleware.version_negotiation [None req-8a332cf0-1cc8-4bbc-9533-ab3d07723391 admin admin] new path /v2/images/3ae782f7-e47c-4de8-bb22-0b7ef100f812 {{(pid=73239) process_request /opt/stack/glance/glance/api/middleware/version_negotiation.py:70}}
Jan 06 11:49:55 devstack devstack@g-api.service[73239]: [pid: 73239|app: 0|req: 4/9] 127.0.0.1 () {36 vars in 796 bytes} [Tue Jan 6 11:49:55 2026] GET /v2/images/3ae782f7-e47c-4de8-bb22-0b7ef100f812 => generated 976 bytes in 49 msecs (HTTP/1.1 200) 4 headers in 157 bytes (1 switches on core 0)
Jan 06 11:50:00 devstack devstack@g-api.service[73238]: DEBUG glance.api.middleware.version_negotiation [None req-54f96303-85cf-4513-97fd-3655cda1a8e8 admin admin] Determining version of request: GET / Accept: application/json {{(pid=73238) process_request /opt/stack/glance/glance/api/middleware/version_negotiation.py:44}}
Jan 06 11:50:00 devstack devstack@g-api.service[73238]: DEBUG glance.api.middleware.version_negotiation [None req-54f96303-85cf-4513-97fd-3655cda1a8e8 admin admin] Using url versioning {{(pid=73238) process_request /opt/stack/glance/glance/api/middleware/version_negotiation.py:57}}
Jan 06 11:50:00 devstack devstack@g-api.service[73238]: DEBUG glance.api.middleware.version_negotiation [None req-54f96303-85cf-4513-97fd-3655cda1a8e8 admin admin] Unknown version. Returning version choices. {{(pid=73238) process_request /opt/stack/glance/glance/api/middleware/version_negotiation.py:64}}
Jan 06 11:50:00 devstack devstack@g-api.service[73238]: [pid: 73238|app: 0|req: 6/10] 127.0.0.1 () {34 vars in 513 bytes} [Tue Jan 6 11:50:00 2026] GET / => generated 1446 bytes in 2 msecs (HTTP/1.1 300) 3 headers in 106 bytes (1 switches on core 0)
Jan 06 11:50:00 devstack devstack@g-api.service[73239]: DEBUG glance.api.middleware.version_negotiation [None req-3385c5e8-6dee-4560-9942-36ff7744f956 admin admin] Determining version of request: GET /v2/images/3ae782f7-e47c-4de8-bb22-0b7ef100f812 Accept: */* {{(pid=73239) process_request /opt/stack/glance/glance/api/middleware/version_negotiation.py:44}}
Jan 06 11:50:00 devstack devstack@g-api.service[73239]: DEBUG glance.api.middleware.version_negotiation [None req-3385c5e8-6dee-4560-9942-36ff7744f956 admin admin] Using url versioning {{(pid=73239) process_request /opt/stack/glance/glance/api/middleware/version_negotiation.py:57}}
Jan 06 11:50:00 devstack devstack@g-api.service[73239]: DEBUG glance.api.middleware.version_negotiation [None req-3385c5e8-6dee-4560-9942-36ff7744f956 admin admin] Matched version: v2 {{(pid=73239) process_request /opt/stack/glance/glance/api/middleware/version_negotiation.py:69}}
Jan 06 11:50:00 devstack devstack@g-api.service[73239]: DEBUG glance.api.middleware.version_negotiation [None req-3385c5e8-6dee-4560-9942-36ff7744f956 admin admin] new path /v2/images/3ae782f7-e47c-4de8-bb22-0b7ef100f812 {{(pid=73239) process_request /opt/stack/glance/glance/api/middleware/version_negotiation.py:70}}
Jan 06 11:50:00 devstack devstack@g-api.service[73239]: [pid: 73239|app: 0|req: 5/11] 127.0.0.1 () {36 vars in 796 bytes} [Tue Jan 6 11:50:00 2026] GET /v2/images/3ae782f7-e47c-4de8-bb22-0b7ef100f812 => generated 976 bytes in 50 msecs (HTTP/1.1 200) 4 headers in 157 bytes (1 switches on core 0)
Jan 06 11:50:10 devstack devstack@g-api.service[73239]: DEBUG dbcounter [-] [73239] Writing DB stats glance:SELECT=5 {{(pid=73239) stat_writer /opt/stack/data/venv/lib/python3.10/site-packages/dbcounter.py:115}}
Jan 06 11:51:22 devstack devstack@g-api.service[73238]: DEBUG glance.api.middleware.version_negotiation [None req-54f96303-85cf-4513-97fd-3655cda1a8e8 admin admin] Determining version of request: GET / Accept: application/json {{(pid=73238) process_request /opt/stack/glance/glance/api/middleware/version_negotiation.py:44}}
Jan 06 11:51:22 devstack devstack@g-api.service[73238]: DEBUG glance.api.middleware.version_negotiation [None req-54f96303-85cf-4513-97fd-3655cda1a8e8 admin admin] Using url versioning {{(pid=73238) process_request /opt/stack/glance/glance/api/middleware/version_negotiation.py:57}}
Jan 06 11:51:22 devstack devstack@g-api.service[73238]: DEBUG glance.api.middleware.version_negotiation [None req-54f96303-85cf-4513-97fd-3655cda1a8e8 admin admin] Unknown version. Returning version choices. {{(pid=73238) process_request /opt/stack/glance/glance/api/middleware/version_negotiation.py:64}}
Jan 06 11:51:22 devstack devstack@g-api.service[73238]: [pid: 73238|app: 0|req: 7/12] 127.0.0.1 () {36 vars in 484 bytes} [Tue Jan 6 11:51:22 2026] GET / => generated 1446 bytes in 3 msecs (HTTP/1.1 300) 3 headers in 106 bytes (1 switches on core 0)
Jan 06 11:52:31 devstack devstack@g-api.service[73239]: DEBUG glance.api.middleware.version_negotiation [None req-de245893-69f0-427f-b1c8-c0e4e1c5dfd1 admin admin] Determining version of request: GET /v2/images/3ae782f7-e47c-4de8-bb22-0b7ef100f812 Accept: */* {{(pid=73239) process_request /opt/stack/glance/glance/api/middleware/version_negotiation.py:44}}
Jan 06 11:52:31 devstack devstack@g-api.service[73239]: DEBUG glance.api.middleware.version_negotiation [None req-de245893-69f0-427f-b1c8-c0e4e1c5dfd1 admin admin] Using url versioning {{(pid=73239) process_request /opt/stack/glance/glance/api/middleware/version_negotiation.py:57}}
Jan 06 11:52:31 devstack devstack@g-api.service[73239]: DEBUG glance.api.middleware.version_negotiation [None req-de245893-69f0-427f-b1c8-c0e4e1c5dfd1 admin admin] Matched version: v2 {{(pid=73239) process_request /opt/stack/glance/glance/api/middleware/version_negotiation.py:69}}
Jan 06 11:52:31 devstack devstack@g-api.service[73239]: DEBUG glance.api.middleware.version_negotiation [None req-de245893-69f0-427f-b1c8-c0e4e1c5dfd1 admin admin] new path /v2/images/3ae782f7-e47c-4de8-bb22-0b7ef100f812 {{(pid=73239) process_request /opt/stack/glance/glance/api/middleware/version_negotiation.py:70}}
Jan 06 11:52:31 devstack devstack@g-api.service[73239]: WARNING keystonemiddleware.auth_token [None req-de245893-69f0-427f-b1c8-c0e4e1c5dfd1 admin admin] A valid token was submitted as a service token, but it was not a valid service token. This is incorrect but backwards compatible behaviour. This will be removed in future releases.
Jan 06 11:52:31 devstack devstack@g-api.service[73239]: [pid: 73239|app: 0|req: 6/13] 127.0.0.1 () {42 vars in 1055 bytes} [Tue Jan 6 11:52:31 2026] GET /v2/images/3ae782f7-e47c-4de8-bb22-0b7ef100f812 => generated 976 bytes in 181 msecs (HTTP/1.1 200) 4 headers in 157 bytes (1 switches on core 0)
Jan 06 11:52:31 devstack devstack@g-api.service[73238]: DEBUG glance.api.middleware.version_negotiation [None req-54f96303-85cf-4513-97fd-3655cda1a8e8 admin admin] Determining version of request: GET /v2/schemas/image Accept: */* {{(pid=73238) process_request /opt/stack/glance/glance/api/middleware/version_negotiation.py:44}}
Jan 06 11:52:31 devstack devstack@g-api.service[73238]: DEBUG glance.api.middleware.version_negotiation [None req-54f96303-85cf-4513-97fd-3655cda1a8e8 admin admin] Using url versioning {{(pid=73238) process_request /opt/stack/glance/glance/api/middleware/version_negotiation.py:57}}
Jan 06 11:52:31 devstack devstack@g-api.service[73238]: DEBUG glance.api.middleware.version_negotiation [None req-54f96303-85cf-4513-97fd-3655cda1a8e8 admin admin] Matched version: v2 {{(pid=73238) process_request /opt/stack/glance/glance/api/middleware/version_negotiation.py:69}}
Jan 06 11:52:31 devstack devstack@g-api.service[73238]: DEBUG glance.api.middleware.version_negotiation [None req-54f96303-85cf-4513-97fd-3655cda1a8e8 admin admin] new path /v2/schemas/image {{(pid=73238) process_request /opt/stack/glance/glance/api/middleware/version_negotiation.py:70}}
Jan 06 11:52:31 devstack devstack@g-api.service[73238]: WARNING keystonemiddleware.auth_token [None req-54f96303-85cf-4513-97fd-3655cda1a8e8 admin admin] A valid token was submitted as a service token, but it was not a valid service token. This is incorrect but backwards compatible behaviour. This will be removed in future releases.
Jan 06 11:52:31 devstack devstack@g-api.service[73238]: [pid: 73238|app: 0|req: 8/14] 127.0.0.1 () {42 vars in 995 bytes} [Tue Jan 6 11:52:31 2026] GET /v2/schemas/image => generated 6083 bytes in 6 msecs (HTTP/1.1 200) 4 headers in 158 bytes (1 switches on core 0)
Jan 06 11:52:31 devstack devstack@g-api.service[73239]: DEBUG glance.api.middleware.version_negotiation [None req-6cdfb9f7-7fa8-4b05-a9dd-075d86f55240 tempest-TaggedBootDevicesTest-845844965 tempest-TaggedBootDevicesTest-845844965-project-member] Determining version of request: GET /v2/schemas/image Accept: */* {{(pid=73239) process_request /opt/stack/glance/glance/api/middleware/version_negotiation.py:44}}
Jan 06 11:52:31 devstack devstack@g-api.service[73239]: DEBUG glance.api.middleware.version_negotiation [None req-6cdfb9f7-7fa8-4b05-a9dd-075d86f55240 tempest-TaggedBootDevicesTest-845844965 tempest-TaggedBootDevicesTest-845844965-project-member] Using url versioning {{(pid=73239) process_request /opt/stack/glance/glance/api/middleware/version_negotiation.py:57}}
Jan 06 11:52:31 devstack devstack@g-api.service[73239]: DEBUG glance.api.middleware.version_negotiation [None req-6cdfb9f7-7fa8-4b05-a9dd-075d86f55240 tempest-TaggedBootDevicesTest-845844965 tempest-TaggedBootDevicesTest-845844965-project-member] Matched version: v2 {{(pid=73239) process_request /opt/stack/glance/glance/api/middleware/version_negotiation.py:69}}
Jan 06 11:52:31 devstack devstack@g-api.service[73239]: DEBUG glance.api.middleware.version_negotiation [None req-6cdfb9f7-7fa8-4b05-a9dd-075d86f55240 tempest-TaggedBootDevicesTest-845844965 tempest-TaggedBootDevicesTest-845844965-project-member] new path /v2/schemas/image {{(pid=73239) process_request /opt/stack/glance/glance/api/middleware/version_negotiation.py:70}}
Jan 06 11:52:31 devstack devstack@g-api.service[73239]: [pid: 73239|app: 0|req: 7/15] 127.0.0.1 () {42 vars in 995 bytes} [Tue Jan 6 11:52:31 2026] GET /v2/schemas/image => generated 6083 bytes in 6 msecs (HTTP/1.1 200) 4 headers in 158 bytes (1 switches on core 0)
Jan 06 11:52:31 devstack devstack@g-api.service[73238]: DEBUG glance.api.middleware.version_negotiation [None req-6cdfb9f7-7fa8-4b05-a9dd-075d86f55240 tempest-TaggedBootDevicesTest-845844965 tempest-TaggedBootDevicesTest-845844965-project-member] Determining version of request: GET /v2/images/3ae782f7-e47c-4de8-bb22-0b7ef100f812 Accept: */* {{(pid=73238) process_request /opt/stack/glance/glance/api/middleware/version_negotiation.py:44}}
Jan 06 11:52:31 devstack devstack@g-api.service[73238]: DEBUG glance.api.middleware.version_negotiation [None req-6cdfb9f7-7fa8-4b05-a9dd-075d86f55240 tempest-TaggedBootDevicesTest-845844965 tempest-TaggedBootDevicesTest-845844965-project-member] Using url versioning {{(pid=73238) process_request /opt/stack/glance/glance/api/middleware/version_negotiation.py:57}}
Jan 06 11:52:31 devstack devstack@g-api.service[73238]: DEBUG glance.api.middleware.version_negotiation [None req-6cdfb9f7-7fa8-4b05-a9dd-075d86f55240 tempest-TaggedBootDevicesTest-845844965 tempest-TaggedBootDevicesTest-845844965-project-member] Matched version: v2 {{(pid=73238) process_request /opt/stack/glance/glance/api/middleware/version_negotiation.py:69}}
Jan 06 11:52:31 devstack devstack@g-api.service[73238]: DEBUG glance.api.middleware.version_negotiation [None req-6cdfb9f7-7fa8-4b05-a9dd-075d86f55240 tempest-TaggedBootDevicesTest-845844965 tempest-TaggedBootDevicesTest-845844965-project-member] new path /v2/images/3ae782f7-e47c-4de8-bb22-0b7ef100f812 {{(pid=73238) process_request /opt/stack/glance/glance/api/middleware/version_negotiation.py:70}}
Jan 06 11:52:31 devstack devstack@g-api.service[73238]: [pid: 73238|app: 0|req: 9/16] 127.0.0.1 () {42 vars in 1055 bytes} [Tue Jan 6 11:52:31 2026] GET /v2/images/3ae782f7-e47c-4de8-bb22-0b7ef100f812 => generated 976 bytes in 32 msecs (HTTP/1.1 200) 4 headers in 157 bytes (1 switches on core 0)
Jan 06 11:52:31 devstack devstack@g-api.service[73239]: DEBUG glance.api.middleware.version_negotiation [None req-6cdfb9f7-7fa8-4b05-a9dd-075d86f55240 tempest-TaggedBootDevicesTest-845844965 tempest-TaggedBootDevicesTest-845844965-project-member] Determining version of request: GET /v2/schemas/image Accept: */* {{(pid=73239) process_request /opt/stack/glance/glance/api/middleware/version_negotiation.py:44}}
Jan 06 11:52:31 devstack devstack@g-api.service[73239]: DEBUG glance.api.middleware.version_negotiation [None req-6cdfb9f7-7fa8-4b05-a9dd-075d86f55240 tempest-TaggedBootDevicesTest-845844965 tempest-TaggedBootDevicesTest-845844965-project-member] Using url versioning {{(pid=73239) process_request /opt/stack/glance/glance/api/middleware/version_negotiation.py:57}}
Jan 06 11:52:31 devstack devstack@g-api.service[73239]: DEBUG glance.api.middleware.version_negotiation [None req-6cdfb9f7-7fa8-4b05-a9dd-075d86f55240 tempest-TaggedBootDevicesTest-845844965 tempest-TaggedBootDevicesTest-845844965-project-member] Matched version: v2 {{(pid=73239) process_request /opt/stack/glance/glance/api/middleware/version_negotiation.py:69}}
Jan 06 11:52:31 devstack devstack@g-api.service[73239]: DEBUG glance.api.middleware.version_negotiation [None req-6cdfb9f7-7fa8-4b05-a9dd-075d86f55240 tempest-TaggedBootDevicesTest-845844965 tempest-TaggedBootDevicesTest-845844965-project-member] new path /v2/schemas/image {{(pid=73239) process_request /opt/stack/glance/glance/api/middleware/version_negotiation.py:70}}
Jan 06 11:52:31 devstack devstack@g-api.service[73239]: [pid: 73239|app: 0|req: 8/17] 127.0.0.1 () {42 vars in 995 bytes} [Tue Jan 6 11:52:31 2026] GET /v2/schemas/image => generated 6083 bytes in 7 msecs (HTTP/1.1 200) 4 headers in 158 bytes (1 switches on core 0)
Jan 06 11:52:31 devstack devstack@g-api.service[73238]: DEBUG glance.api.middleware.version_negotiation [None req-6cdfb9f7-7fa8-4b05-a9dd-075d86f55240 tempest-TaggedBootDevicesTest-845844965 tempest-TaggedBootDevicesTest-845844965-project-member] Determining version of request: GET /v2/schemas/image Accept: */* {{(pid=73238) process_request /opt/stack/glance/glance/api/middleware/version_negotiation.py:44}}
Jan 06 11:52:31 devstack devstack@g-api.service[73238]: DEBUG glance.api.middleware.version_negotiation [None req-6cdfb9f7-7fa8-4b05-a9dd-075d86f55240 tempest-TaggedBootDevicesTest-845844965 tempest-TaggedBootDevicesTest-845844965-project-member] Using url versioning {{(pid=73238) process_request /opt/stack/glance/glance/api/middleware/version_negotiation.py:57}}
Jan 06 11:52:31 devstack devstack@g-api.service[73238]: DEBUG glance.api.middleware.version_negotiation [None req-6cdfb9f7-7fa8-4b05-a9dd-075d86f55240 tempest-TaggedBootDevicesTest-845844965 tempest-TaggedBootDevicesTest-845844965-project-member] Matched version: v2 {{(pid=73238) process_request /opt/stack/glance/glance/api/middleware/version_negotiation.py:69}}
Jan 06 11:52:31 devstack devstack@g-api.service[73238]: DEBUG glance.api.middleware.version_negotiation [None req-6cdfb9f7-7fa8-4b05-a9dd-075d86f55240 tempest-TaggedBootDevicesTest-845844965 tempest-TaggedBootDevicesTest-845844965-project-member] new path /v2/schemas/image {{(pid=73238) process_request /opt/stack/glance/glance/api/middleware/version_negotiation.py:70}}
Jan 06 11:52:31 devstack devstack@g-api.service[73238]: [pid: 73238|app: 0|req: 10/18] 127.0.0.1 () {42 vars in 995 bytes} [Tue Jan 6 11:52:31 2026] GET /v2/schemas/image => generated 6083 bytes in 5 msecs (HTTP/1.1 200) 4 headers in 158 bytes (1 switches on core 0)
Jan 06 11:52:31 devstack devstack@g-api.service[73239]: DEBUG glance.api.middleware.version_negotiation [None req-6cdfb9f7-7fa8-4b05-a9dd-075d86f55240 tempest-TaggedBootDevicesTest-845844965 tempest-TaggedBootDevicesTest-845844965-project-member] Determining version of request: GET /v2/images/3ae782f7-e47c-4de8-bb22-0b7ef100f812 Accept: */* {{(pid=73239) process_request /opt/stack/glance/glance/api/middleware/version_negotiation.py:44}}
Jan 06 11:52:31 devstack devstack@g-api.service[73239]: DEBUG glance.api.middleware.version_negotiation [None req-6cdfb9f7-7fa8-4b05-a9dd-075d86f55240 tempest-TaggedBootDevicesTest-845844965 tempest-TaggedBootDevicesTest-845844965-project-member] Using url versioning {{(pid=73239) process_request /opt/stack/glance/glance/api/middleware/version_negotiation.py:57}}
Jan 06 11:52:31 devstack devstack@g-api.service[73239]: DEBUG glance.api.middleware.version_negotiation [None req-6cdfb9f7-7fa8-4b05-a9dd-075d86f55240 tempest-TaggedBootDevicesTest-845844965 tempest-TaggedBootDevicesTest-845844965-project-member] Matched version: v2 {{(pid=73239) process_request /opt/stack/glance/glance/api/middleware/version_negotiation.py:69}}
Jan 06 11:52:31 devstack devstack@g-api.service[73239]: DEBUG glance.api.middleware.version_negotiation [None req-6cdfb9f7-7fa8-4b05-a9dd-075d86f55240 tempest-TaggedBootDevicesTest-845844965 tempest-TaggedBootDevicesTest-845844965-project-member] new path /v2/images/3ae782f7-e47c-4de8-bb22-0b7ef100f812 {{(pid=73239) process_request /opt/stack/glance/glance/api/middleware/version_negotiation.py:70}}
Jan 06 11:52:31 devstack devstack@g-api.service[73239]: [pid: 73239|app: 0|req: 9/19] 127.0.0.1 () {42 vars in 1055 bytes} [Tue Jan 6 11:52:31 2026] GET /v2/images/3ae782f7-e47c-4de8-bb22-0b7ef100f812 => generated 976 bytes in 17 msecs (HTTP/1.1 200) 4 headers in 157 bytes (1 switches on core 0)
Jan 06 11:52:31 devstack devstack@g-api.service[73238]: DEBUG glance.api.middleware.version_negotiation [None req-6cdfb9f7-7fa8-4b05-a9dd-075d86f55240 tempest-TaggedBootDevicesTest-845844965 tempest-TaggedBootDevicesTest-845844965-project-member] Determining version of request: GET /v2/schemas/image Accept: */* {{(pid=73238) process_request /opt/stack/glance/glance/api/middleware/version_negotiation.py:44}}
Jan 06 11:52:31 devstack devstack@g-api.service[73238]: DEBUG glance.api.middleware.version_negotiation [None req-6cdfb9f7-7fa8-4b05-a9dd-075d86f55240 tempest-TaggedBootDevicesTest-845844965 tempest-TaggedBootDevicesTest-845844965-project-member] Using url versioning {{(pid=73238) process_request /opt/stack/glance/glance/api/middleware/version_negotiation.py:57}}
Jan 06 11:52:31 devstack devstack@g-api.service[73238]: DEBUG glance.api.middleware.version_negotiation [None req-6cdfb9f7-7fa8-4b05-a9dd-075d86f55240 tempest-TaggedBootDevicesTest-845844965 tempest-TaggedBootDevicesTest-845844965-project-member] Matched version: v2 {{(pid=73238) process_request /opt/stack/glance/glance/api/middleware/version_negotiation.py:69}}
Jan 06 11:52:31 devstack devstack@g-api.service[73238]: DEBUG glance.api.middleware.version_negotiation [None req-6cdfb9f7-7fa8-4b05-a9dd-075d86f55240 tempest-TaggedBootDevicesTest-845844965 tempest-TaggedBootDevicesTest-845844965-project-member] new path /v2/schemas/image {{(pid=73238) process_request /opt/stack/glance/glance/api/middleware/version_negotiation.py:70}}
Jan 06 11:52:31 devstack devstack@g-api.service[73238]: [pid: 73238|app: 0|req: 11/20] 127.0.0.1 () {42 vars in 995 bytes} [Tue Jan 6 11:52:31 2026] GET /v2/schemas/image => generated 6083 bytes in 6 msecs (HTTP/1.1 200) 4 headers in 158 bytes (1 switches on core 0)
Jan 06 11:52:31 devstack devstack@g-api.service[73239]: DEBUG glance.api.middleware.version_negotiation [None req-6cdfb9f7-7fa8-4b05-a9dd-075d86f55240 tempest-TaggedBootDevicesTest-845844965 tempest-TaggedBootDevicesTest-845844965-project-member] Determining version of request: GET /v2/schemas/image Accept: */* {{(pid=73239) process_request /opt/stack/glance/glance/api/middleware/version_negotiation.py:44}}
Jan 06 11:52:31 devstack devstack@g-api.service[73239]: DEBUG glance.api.middleware.version_negotiation [None req-6cdfb9f7-7fa8-4b05-a9dd-075d86f55240 tempest-TaggedBootDevicesTest-845844965 tempest-TaggedBootDevicesTest-845844965-project-member] Using url versioning {{(pid=73239) process_request /opt/stack/glance/glance/api/middleware/version_negotiation.py:57}}
Jan 06 11:52:31 devstack devstack@g-api.service[73239]: DEBUG glance.api.middleware.version_negotiation [None req-6cdfb9f7-7fa8-4b05-a9dd-075d86f55240 tempest-TaggedBootDevicesTest-845844965 tempest-TaggedBootDevicesTest-845844965-project-member] Matched version: v2 {{(pid=73239) process_request /opt/stack/glance/glance/api/middleware/version_negotiation.py:69}}
Jan 06 11:52:31 devstack devstack@g-api.service[73239]: DEBUG glance.api.middleware.version_negotiation [None req-6cdfb9f7-7fa8-4b05-a9dd-075d86f55240 tempest-TaggedBootDevicesTest-845844965 tempest-TaggedBootDevicesTest-845844965-project-member] new path /v2/schemas/image {{(pid=73239) process_request /opt/stack/glance/glance/api/middleware/version_negotiation.py:70}}
Jan 06 11:52:31 devstack devstack@g-api.service[73239]: [pid: 73239|app: 0|req: 10/21] 127.0.0.1 () {42 vars in 995 bytes} [Tue Jan 6 11:52:31 2026] GET /v2/schemas/image => generated 6083 bytes in 6 msecs (HTTP/1.1 200) 4 headers in 158 bytes (1 switches on core 0)
Jan 06 11:52:32 devstack devstack@g-api.service[73238]: DEBUG glance.api.middleware.version_negotiation [None req-6cdfb9f7-7fa8-4b05-a9dd-075d86f55240 tempest-TaggedBootDevicesTest-845844965 tempest-TaggedBootDevicesTest-845844965-project-member] Determining version of request: GET /v2/images/3ae782f7-e47c-4de8-bb22-0b7ef100f812 Accept: application/json {{(pid=73238) process_request /opt/stack/glance/glance/api/middleware/version_negotiation.py:44}}
Jan 06 11:52:32 devstack devstack@g-api.service[73238]: DEBUG glance.api.middleware.version_negotiation [None req-6cdfb9f7-7fa8-4b05-a9dd-075d86f55240 tempest-TaggedBootDevicesTest-845844965 tempest-TaggedBootDevicesTest-845844965-project-member] Using url versioning {{(pid=73238) process_request /opt/stack/glance/glance/api/middleware/version_negotiation.py:57}}
Jan 06 11:52:32 devstack devstack@g-api.service[73238]: DEBUG glance.api.middleware.version_negotiation [None req-6cdfb9f7-7fa8-4b05-a9dd-075d86f55240 tempest-TaggedBootDevicesTest-845844965 tempest-TaggedBootDevicesTest-845844965-project-member] Matched version: v2 {{(pid=73238) process_request /opt/stack/glance/glance/api/middleware/version_negotiation.py:69}}
Jan 06 11:52:32 devstack devstack@g-api.service[73238]: DEBUG glance.api.middleware.version_negotiation [None req-6cdfb9f7-7fa8-4b05-a9dd-075d86f55240 tempest-TaggedBootDevicesTest-845844965 tempest-TaggedBootDevicesTest-845844965-project-member] new path /v2/images/3ae782f7-e47c-4de8-bb22-0b7ef100f812 {{(pid=73238) process_request /opt/stack/glance/glance/api/middleware/version_negotiation.py:70}}
Jan 06 11:52:32 devstack devstack@g-api.service[73238]: [pid: 73238|app: 0|req: 12/22] 127.0.0.1 () {38 vars in 780 bytes} [Tue Jan 6 11:52:32 2026] GET /v2/images/3ae782f7-e47c-4de8-bb22-0b7ef100f812 => generated 976 bytes in 128 msecs (HTTP/1.1 200) 4 headers in 157 bytes (1 switches on core 0)
Jan 06 11:52:32 devstack devstack@g-api.service[73239]: DEBUG glance.api.middleware.version_negotiation [None req-6cdfb9f7-7fa8-4b05-a9dd-075d86f55240 tempest-TaggedBootDevicesTest-845844965 tempest-TaggedBootDevicesTest-845844965-project-member] Determining version of request: GET /v2/images/3ae782f7-e47c-4de8-bb22-0b7ef100f812/file Accept: application/json {{(pid=73239) process_request /opt/stack/glance/glance/api/middleware/version_negotiation.py:44}}
Jan 06 11:52:32 devstack devstack@g-api.service[73239]: DEBUG glance.api.middleware.version_negotiation [None req-6cdfb9f7-7fa8-4b05-a9dd-075d86f55240 tempest-TaggedBootDevicesTest-845844965 tempest-TaggedBootDevicesTest-845844965-project-member] Using url versioning {{(pid=73239) process_request /opt/stack/glance/glance/api/middleware/version_negotiation.py:57}}
Jan 06 11:52:32 devstack devstack@g-api.service[73239]: DEBUG glance.api.middleware.version_negotiation [None req-6cdfb9f7-7fa8-4b05-a9dd-075d86f55240 tempest-TaggedBootDevicesTest-845844965 tempest-TaggedBootDevicesTest-845844965-project-member] Matched version: v2 {{(pid=73239) process_request /opt/stack/glance/glance/api/middleware/version_negotiation.py:69}}
Jan 06 11:52:32 devstack devstack@g-api.service[73239]: DEBUG glance.api.middleware.version_negotiation [None req-6cdfb9f7-7fa8-4b05-a9dd-075d86f55240 tempest-TaggedBootDevicesTest-845844965 tempest-TaggedBootDevicesTest-845844965-project-member] new path /v2/images/3ae782f7-e47c-4de8-bb22-0b7ef100f812/file {{(pid=73239) process_request /opt/stack/glance/glance/api/middleware/version_negotiation.py:70}}
Jan 06 11:52:32 devstack devstack@g-api.service[73239]: DEBUG glance_store._drivers.filesystem [None req-77df8c82-22b5-4f5e-a172-b00a5bc3dea5 tempest-AttachSCSIVolumeTestJSON-1575704149 tempest-AttachSCSIVolumeTestJSON-1575704149-project-admin] Found image at /opt/stack/data/glance/images/3ae782f7-e47c-4de8-bb22-0b7ef100f812. Returning in ChunkedFile. {{(pid=73239) get /opt/stack/data/venv/lib/python3.10/site-packages/glance_store/_drivers/filesystem.py:618}}
Jan 06 11:52:32 devstack devstack@g-api.service[73239]: DEBUG glance.image_cache [None req-77df8c82-22b5-4f5e-a172-b00a5bc3dea5 tempest-AttachSCSIVolumeTestJSON-1575704149 tempest-AttachSCSIVolumeTestJSON-1575704149-project-admin] Tee'ing image '3ae782f7-e47c-4de8-bb22-0b7ef100f812' into cache {{(pid=73239) get_caching_iter /opt/stack/glance/glance/image_cache/__init__.py:350}}
Jan 06 11:52:32 devstack devstack@g-api.service[73238]: DEBUG glance.api.middleware.version_negotiation [None req-d5816f0d-fcb0-4376-8a18-65526f5bf669 tempest-AttachSCSIVolumeTestJSON-1575704149 tempest-AttachSCSIVolumeTestJSON-1575704149-project-admin] Determining version of request: POST /v2/images Accept: application/json {{(pid=73238) process_request /opt/stack/glance/glance/api/middleware/version_negotiation.py:44}}
Jan 06 11:52:32 devstack devstack@g-api.service[73238]: DEBUG glance.api.middleware.version_negotiation [None req-d5816f0d-fcb0-4376-8a18-65526f5bf669 tempest-AttachSCSIVolumeTestJSON-1575704149 tempest-AttachSCSIVolumeTestJSON-1575704149-project-admin] Using url versioning {{(pid=73238) process_request /opt/stack/glance/glance/api/middleware/version_negotiation.py:57}}
Jan 06 11:52:32 devstack devstack@g-api.service[73238]: DEBUG glance.api.middleware.version_negotiation [None req-d5816f0d-fcb0-4376-8a18-65526f5bf669 tempest-AttachSCSIVolumeTestJSON-1575704149 tempest-AttachSCSIVolumeTestJSON-1575704149-project-admin] Matched version: v2 {{(pid=73238) process_request /opt/stack/glance/glance/api/middleware/version_negotiation.py:69}}
