Feb 13 18:18:03 devstack devstack@n-api.service[58551]: [pid: 58551|app: 0|req: 12/25] 192.168.122.242 () {64 vars in 1298 bytes} [Fri Feb 13 18:18:03 2026] POST /compute/v2.1/flavors => generated 413 bytes in 57 msecs (HTTP/1.1 200) 9 headers in 359 bytes (1 switches on core 0)
Feb 13 18:18:03 devstack devstack@n-api.service[58554]: DEBUG nova.api.openstack.wsgi [None req-0d08a9f3-0784-46bb-a4b4-da2a33909b5a admin admin] Action: 'create', calling method: >, body: {"extra_specs": {"hw_rng:allowed": "True"}} {{(pid=58554) _process_stack /opt/stack/nova/nova/api/openstack/wsgi.py:550}}
Feb 13 18:18:03 devstack devstack@n-api.service[58554]: INFO nova.api.openstack.requestlog [None req-0d08a9f3-0784-46bb-a4b4-da2a33909b5a admin admin] 192.168.122.242 "POST /compute/v2.1/flavors/2/os-extra_specs" status: 200 len: 43 microversion: 2.61 time: 0.024059
Feb 13 18:18:03 devstack devstack@n-api.service[58554]: [pid: 58554|app: 0|req: 14/26] 192.168.122.242 () {64 vars in 1348 bytes} [Fri Feb 13 18:18:03 2026] POST /compute/v2.1/flavors/2/os-extra_specs => generated 43 bytes in 25 msecs (HTTP/1.1 200) 9 headers in 358 bytes (1 switches on core 0)
Feb 13 18:18:05 devstack devstack@n-api.service[58551]: DEBUG nova.api.openstack.wsgi [None req-6b811d56-12e3-4e9a-bec7-dac06faee080 admin admin] Calling method '>' {{(pid=58551) _process_stack /opt/stack/nova/nova/api/openstack/wsgi.py:552}}
Feb 13 18:18:05 devstack devstack@n-api.service[58551]: INFO nova.api.openstack.requestlog [None req-6b811d56-12e3-4e9a-bec7-dac06faee080 admin admin] 192.168.122.242 "GET /compute/v2.1" status: 200 len: 393 microversion: 2.1 time: 0.004767
Feb 13 18:18:05 devstack devstack@n-api.service[58551]: [pid: 58551|app: 0|req: 13/27] 192.168.122.242 () {54 vars in 946 bytes} [Fri Feb 13 18:18:05 2026] GET /compute/v2.1 => generated 393 bytes in 6 msecs (HTTP/1.1 200) 9 headers in 357 bytes (1 switches on core 0)
Feb 13 18:18:05 devstack devstack@n-api.service[58554]: DEBUG nova.api.openstack.wsgi [None req-578a8378-4014-4bf2-b333-7ef77774976c admin admin] Action: 'create', calling method: >, body: {"flavor": {"os-flavor-access:is_public": true, "OS-FLV-EXT-DATA:ephemeral": 0, "rxtx_factor": 1.0, "id": "3", "name": "m1.medium", "ram": 4096, "disk": 40, "vcpus": 2, "swap": 0}} {{(pid=58554) _process_stack /opt/stack/nova/nova/api/openstack/wsgi.py:550}}
Feb 13 18:18:05 devstack devstack@n-api.service[58554]: INFO nova.api.openstack.requestlog [None req-578a8378-4014-4bf2-b333-7ef77774976c admin admin] 192.168.122.242 "POST /compute/v2.1/flavors" status: 200 len: 414 microversion: 2.61 time: 0.094842
Feb 13 18:18:05 devstack devstack@n-api.service[58554]: [pid: 58554|app: 0|req: 15/28] 192.168.122.242 () {64 vars in 1298 bytes} [Fri Feb 13 18:18:05 2026] POST /compute/v2.1/flavors => generated 414 bytes in 96 msecs (HTTP/1.1 200) 9 headers in 359 bytes (1 switches on core 0)
Feb 13 18:18:05 devstack devstack@n-api.service[58551]: DEBUG nova.api.openstack.wsgi [None req-42200cef-110e-4a61-9217-2b05a4b64be9 admin admin] Action: 'create', calling method: >, body: {"extra_specs": {"hw_rng:allowed": "True"}} {{(pid=58551) _process_stack /opt/stack/nova/nova/api/openstack/wsgi.py:550}}
Feb 13 18:18:05 devstack devstack@n-api.service[58551]: INFO nova.api.openstack.requestlog [None req-42200cef-110e-4a61-9217-2b05a4b64be9 admin admin] 192.168.122.242 "POST /compute/v2.1/flavors/3/os-extra_specs" status: 200 len: 43 microversion: 2.61 time: 0.022952
Feb 13 18:18:05 devstack devstack@n-api.service[58551]: [pid: 58551|app: 0|req: 14/29] 192.168.122.242 () {64 vars in 1348 bytes} [Fri Feb 13 18:18:05 2026] POST /compute/v2.1/flavors/3/os-extra_specs => generated 43 bytes in 24 msecs (HTTP/1.1 200) 9 headers in 358 bytes (1 switches on core 0)
Feb 13 18:18:07 devstack devstack@n-api.service[58554]: DEBUG nova.api.openstack.wsgi [None req-578a8378-4014-4bf2-b333-7ef77774976c admin admin] Calling method '>' {{(pid=58554) _process_stack /opt/stack/nova/nova/api/openstack/wsgi.py:552}}
Feb 13 18:18:07 devstack devstack@n-api.service[58554]: INFO nova.api.openstack.requestlog [None req-578a8378-4014-4bf2-b333-7ef77774976c admin admin] 192.168.122.242 "GET /compute/v2.1" status: 200 len: 393 microversion: 2.1 time: 0.004769
Feb 13 18:18:07 devstack devstack@n-api.service[58554]: [pid: 58554|app: 0|req: 16/30] 192.168.122.242 () {54 vars in 946 bytes} [Fri Feb 13 18:18:07 2026] GET /compute/v2.1 => generated 393 bytes in 6 msecs (HTTP/1.1 200) 9 headers in 357 bytes (1 switches on core 0)
Feb 13 18:18:07 devstack devstack@n-api.service[58551]: DEBUG nova.api.openstack.wsgi [None req-b78af4bd-7f90-4d0c-b461-2a2be733ba44 admin admin] Action: 'create', calling method: >, body: {"flavor": {"swap": 0, "ram": 8192, "name": "m1.large", "disk": 80, "os-flavor-access:is_public": true, "vcpus": 4, "id": "4", "rxtx_factor": 1.0, "OS-FLV-EXT-DATA:ephemeral": 0}} {{(pid=58551) _process_stack /opt/stack/nova/nova/api/openstack/wsgi.py:550}}
Feb 13 18:18:07 devstack devstack@n-api.service[58551]: INFO nova.api.openstack.requestlog [None req-b78af4bd-7f90-4d0c-b461-2a2be733ba44 admin admin] 192.168.122.242 "POST /compute/v2.1/flavors" status: 200 len: 413 microversion: 2.61 time: 0.053162
Feb 13 18:18:07 devstack devstack@n-api.service[58551]: [pid: 58551|app: 0|req: 15/31] 192.168.122.242 () {64 vars in 1298 bytes} [Fri Feb 13 18:18:07 2026] POST /compute/v2.1/flavors => generated 413 bytes in 54 msecs (HTTP/1.1 200) 9 headers in 359 bytes (1 switches on core 0)
Feb 13 18:18:07 devstack devstack@n-api.service[58554]: DEBUG nova.api.openstack.wsgi [None req-83108c20-f766-4ac6-a6e6-7703b72ed7eb admin admin] Action: 'create', calling method: >, body: {"extra_specs": {"hw_rng:allowed": "True"}} {{(pid=58554) _process_stack /opt/stack/nova/nova/api/openstack/wsgi.py:550}}
Feb 13 18:18:07 devstack devstack@n-api.service[58554]: INFO nova.api.openstack.requestlog [None req-83108c20-f766-4ac6-a6e6-7703b72ed7eb admin admin] 192.168.122.242 "POST /compute/v2.1/flavors/4/os-extra_specs" status: 200 len: 43 microversion: 2.61 time: 0.025093
Feb 13 18:18:07 devstack devstack@n-api.service[58554]: [pid: 58554|app: 0|req: 17/32] 192.168.122.242 () {64 vars in 1348 bytes} [Fri Feb 13 18:18:07 2026] POST /compute/v2.1/flavors/4/os-extra_specs => generated 43 bytes in 26 msecs (HTTP/1.1 200) 9 headers in 358 bytes (1 switches on core 0)
Feb 13 18:18:09 devstack devstack@n-api.service[58551]: DEBUG nova.api.openstack.wsgi [None req-b78af4bd-7f90-4d0c-b461-2a2be733ba44 admin admin] Calling method '>' {{(pid=58551) _process_stack /opt/stack/nova/nova/api/openstack/wsgi.py:552}}
Feb 13 18:18:09 devstack devstack@n-api.service[58551]: INFO nova.api.openstack.requestlog [None req-b78af4bd-7f90-4d0c-b461-2a2be733ba44 admin admin] 192.168.122.242 "GET /compute/v2.1" status: 200 len: 393 microversion: 2.1 time: 0.005705
Feb 13 18:18:09 devstack devstack@n-api.service[58551]: [pid: 58551|app: 0|req: 16/33] 192.168.122.242 () {54 vars in 946 bytes} [Fri Feb 13 18:18:09 2026] GET /compute/v2.1 => generated 393 bytes in 7 msecs (HTTP/1.1 200) 9 headers in 357 bytes (1 switches on core 0)
Feb 13 18:18:09 devstack devstack@n-api.service[58554]: DEBUG nova.api.openstack.wsgi [None req-4a9459f9-0951-4de7-9c8b-1d441c410f6c admin admin] Action: 'create', calling method: >, body: {"flavor": {"OS-FLV-EXT-DATA:ephemeral": 0, "swap": 0, "os-flavor-access:is_public": true, "disk": 160, "name": "m1.xlarge", "id": "5", "rxtx_factor": 1.0, "ram": 16384, "vcpus": 8}} {{(pid=58554) _process_stack /opt/stack/nova/nova/api/openstack/wsgi.py:550}}
Feb 13 18:18:09 devstack devstack@n-api.service[58554]: INFO nova.api.openstack.requestlog [None req-4a9459f9-0951-4de7-9c8b-1d441c410f6c admin admin] 192.168.122.242 "POST /compute/v2.1/flavors" status: 200 len: 416 microversion: 2.61 time: 0.054215
Feb 13 18:18:09 devstack devstack@n-api.service[58554]: [pid: 58554|app: 0|req: 18/34] 192.168.122.242 () {64 vars in 1298 bytes} [Fri Feb 13 18:18:09 2026] POST /compute/v2.1/flavors => generated 416 bytes in 56 msecs (HTTP/1.1 200) 9 headers in 359 bytes (1 switches on core 0)
Feb 13 18:18:09 devstack devstack@n-api.service[58551]: DEBUG nova.api.openstack.wsgi [None req-6db8c805-3cfc-4899-9b83-13e4d63a176f admin admin] Action: 'create', calling method: >, body: {"extra_specs": {"hw_rng:allowed": "True"}} {{(pid=58551) _process_stack /opt/stack/nova/nova/api/openstack/wsgi.py:550}}
Feb 13 18:18:09 devstack devstack@n-api.service[58551]: INFO nova.api.openstack.requestlog [None req-6db8c805-3cfc-4899-9b83-13e4d63a176f admin admin] 192.168.122.242 "POST /compute/v2.1/flavors/5/os-extra_specs" status: 200 len: 43 microversion: 2.61 time: 0.027154
Feb 13 18:18:09 devstack devstack@n-api.service[58551]: [pid: 58551|app: 0|req: 17/35] 192.168.122.242 () {64 vars in 1348 bytes} [Fri Feb 13 18:18:09 2026] POST /compute/v2.1/flavors/5/os-extra_specs => generated 43 bytes in 28 msecs (HTTP/1.1 200) 9 headers in 358 bytes (1 switches on core 0)
Feb 13 18:18:14 devstack devstack@n-api.service[58554]: DEBUG nova.api.openstack.wsgi [None req-4a9459f9-0951-4de7-9c8b-1d441c410f6c admin admin] Calling method '>' {{(pid=58554) _process_stack /opt/stack/nova/nova/api/openstack/wsgi.py:552}}
Feb 13 18:18:14 devstack devstack@n-api.service[58554]: INFO nova.api.openstack.requestlog [None req-4a9459f9-0951-4de7-9c8b-1d441c410f6c admin admin] 192.168.122.242 "GET /compute/v2.1" status: 200 len: 393 microversion: 2.1 time: 0.004628
Feb 13 18:18:14 devstack devstack@n-api.service[58554]: [pid: 58554|app: 0|req: 19/36] 192.168.122.242 () {54 vars in 946 bytes} [Fri Feb 13 18:18:14 2026] GET /compute/v2.1 => generated 393 bytes in 5 msecs (HTTP/1.1 200) 9 headers in 357 bytes (1 switches on core 0)
Feb 13 18:18:14 devstack devstack@n-api.service[58551]: DEBUG nova.api.openstack.wsgi [None req-1198e3b9-8ebe-4d79-a769-6690f7e504b1 admin admin] Calling method '>' {{(pid=58551) _process_stack /opt/stack/nova/nova/api/openstack/wsgi.py:552}}
Feb 13 18:18:14 devstack devstack@n-api.service[58551]: DEBUG oslo_concurrency.lockutils [None req-1198e3b9-8ebe-4d79-a769-6690f7e504b1 admin admin] Acquiring lock "00000000-0000-0000-0000-000000000000" by "nova.context.set_target_cell..get_or_set_cached_cell_and_set_connections" {{(pid=58551) inner /opt/stack/data/venv/lib/python3.10/site-packages/oslo_concurrency/lockutils.py:506}}
Feb 13 18:18:14 devstack devstack@n-api.service[58551]: DEBUG oslo_concurrency.lockutils [None req-1198e3b9-8ebe-4d79-a769-6690f7e504b1 admin admin] Lock "00000000-0000-0000-0000-000000000000" acquired by "nova.context.set_target_cell..get_or_set_cached_cell_and_set_connections" :: waited 0.000s {{(pid=58551) inner /opt/stack/data/venv/lib/python3.10/site-packages/oslo_concurrency/lockutils.py:519}}
Feb 13 18:18:14 devstack devstack@n-api.service[58551]: DEBUG oslo_concurrency.lockutils [None req-1198e3b9-8ebe-4d79-a769-6690f7e504b1 admin admin] Lock "00000000-0000-0000-0000-000000000000" "released" by "nova.context.set_target_cell..get_or_set_cached_cell_and_set_connections" :: held 0.000s {{(pid=58551) inner /opt/stack/data/venv/lib/python3.10/site-packages/oslo_concurrency/lockutils.py:538}}
Feb 13 18:18:14 devstack devstack@n-api.service[58551]: DEBUG oslo_concurrency.lockutils [None req-1198e3b9-8ebe-4d79-a769-6690f7e504b1 admin admin] Acquiring lock "3693f739-875d-4ebd-ae28-aa3823661548" by "nova.context.set_target_cell..get_or_set_cached_cell_and_set_connections" {{(pid=58551) inner /opt/stack/data/venv/lib/python3.10/site-packages/oslo_concurrency/lockutils.py:506}}
Feb 13 18:18:14 devstack devstack@n-api.service[58551]: DEBUG oslo_concurrency.lockutils [None req-1198e3b9-8ebe-4d79-a769-6690f7e504b1 admin admin] Lock "3693f739-875d-4ebd-ae28-aa3823661548" acquired by "nova.context.set_target_cell..get_or_set_cached_cell_and_set_connections" :: waited 0.000s {{(pid=58551) inner /opt/stack/data/venv/lib/python3.10/site-packages/oslo_concurrency/lockutils.py:519}}
Feb 13 18:18:14 devstack devstack@n-api.service[58551]: DEBUG oslo_concurrency.lockutils [None req-1198e3b9-8ebe-4d79-a769-6690f7e504b1 admin admin] Lock "3693f739-875d-4ebd-ae28-aa3823661548" "released" by "nova.context.set_target_cell..get_or_set_cached_cell_and_set_connections" :: held 0.000s {{(pid=58551) inner /opt/stack/data/venv/lib/python3.10/site-packages/oslo_concurrency/lockutils.py:538}}
Feb 13 18:18:14 devstack devstack@n-api.service[58551]: INFO nova.api.openstack.requestlog [None req-1198e3b9-8ebe-4d79-a769-6690f7e504b1 admin admin] 192.168.122.242 "GET /compute/v2.1/os-services?binary=nova-compute&host=devstack" status: 200 len: 251 microversion: 2.69 time: 0.071029
Feb 13 18:18:14 devstack devstack@n-api.service[58551]: [pid: 58551|app: 0|req: 18/37] 192.168.122.242 () {60 vars in 1336 bytes} [Fri Feb 13 18:18:14 2026] GET /compute/v2.1/os-services?binary=nova-compute&host=devstack => generated 251 bytes in 72 msecs (HTTP/1.1 200) 9 headers in 359 bytes (1 switches on core 0)
Feb 13 18:18:19 devstack devstack@n-api.service[58554]: DEBUG dbcounter [-] [58554] Writing DB stats nova_api:SELECT=21,nova_api:SAVEPOINT=5,nova_api:INSERT=10,nova_api:RELEASE=5 {{(pid=58554) stat_writer /opt/stack/data/venv/lib/python3.10/site-packages/dbcounter.py:115}}
Feb 13 18:18:24 devstack devstack@n-api.service[58551]: DEBUG dbcounter [-] [58551] Writing DB stats nova_cell0:SELECT=1 {{(pid=58551) stat_writer /opt/stack/data/venv/lib/python3.10/site-packages/dbcounter.py:115}}
Feb 13 18:18:24 devstack devstack@n-api.service[58551]: DEBUG dbcounter [-] [58551] Writing DB stats nova_cell1:SELECT=1 {{(pid=58551) stat_writer /opt/stack/data/venv/lib/python3.10/site-packages/dbcounter.py:115}}
Feb 13 18:18:24 devstack devstack@n-api.service[58551]: DEBUG dbcounter [-] [58551] Writing DB stats nova_api:SELECT=23,nova_api:INSERT=10,nova_api:SAVEPOINT=5,nova_api:RELEASE=5 {{(pid=58551) stat_writer /opt/stack/data/venv/lib/python3.10/site-packages/dbcounter.py:115}}
Feb 13 18:18:39 devstack devstack@n-api.service[58554]: DEBUG nova.api.openstack.wsgi [None req-4a9459f9-0951-4de7-9c8b-1d441c410f6c admin admin] Calling method '>' {{(pid=58554) _process_stack /opt/stack/nova/nova/api/openstack/wsgi.py:552}}
Feb 13 18:18:39 devstack devstack@n-api.service[58554]: INFO nova.api.openstack.requestlog [None req-4a9459f9-0951-4de7-9c8b-1d441c410f6c admin admin] 192.168.122.242 "GET /compute/v2.1" status: 200 len: 393 microversion: 2.1 time: 0.004129
Feb 13 18:18:39 devstack devstack@n-api.service[58554]: [pid: 58554|app: 0|req: 20/38] 192.168.122.242 () {54 vars in 946 bytes} [Fri Feb 13 18:18:39 2026] GET /compute/v2.1 => generated 393 bytes in 5 msecs (HTTP/1.1 200) 9 headers in 357 bytes (1 switches on core 0)
Feb 13 18:18:39 devstack devstack@n-api.service[58551]: DEBUG nova.api.openstack.wsgi [None req-c2a8a1cc-0cd4-4181-9a42-385bea809b29 admin admin] Calling method '>' {{(pid=58551) _process_stack /opt/stack/nova/nova/api/openstack/wsgi.py:552}}
Feb 13 18:18:39 devstack devstack@n-api.service[58551]: INFO nova.api.openstack.requestlog [None req-c2a8a1cc-0cd4-4181-9a42-385bea809b29 admin admin] 192.168.122.242 "GET /compute/v2.1/flavors/detail?is_public=True" status: 200 len: 4282 microversion: 2.61 time: 0.055420
Feb 13 18:18:39 devstack devstack@n-api.service[58551]: [pid: 58551|app: 0|req: 19/39] 192.168.122.242 () {60 vars in 1307 bytes} [Fri Feb 13 18:18:39 2026] GET /compute/v2.1/flavors/detail?is_public=True => generated 4282 bytes in 57 msecs (HTTP/1.1 200) 9 headers in 360 bytes (1 switches on core 0)
Feb 13 18:18:43 devstack devstack@n-api.service[58554]: DEBUG nova.api.openstack.wsgi [None req-4a9459f9-0951-4de7-9c8b-1d441c410f6c admin admin] Calling method '>' {{(pid=58554) _process_stack /opt/stack/nova/nova/api/openstack/wsgi.py:552}}
Feb 13 18:18:43 devstack devstack@n-api.service[58554]: INFO nova.api.openstack.requestlog [None req-4a9459f9-0951-4de7-9c8b-1d441c410f6c admin admin] 192.168.122.242 "GET /compute/v2.1" status: 200 len: 393 microversion: 2.1 time: 0.004610
Feb 13 18:18:43 devstack devstack@n-api.service[58554]: [pid: 58554|app: 0|req: 21/40] 192.168.122.242 () {54 vars in 946 bytes} [Fri Feb 13 18:18:43 2026] GET /compute/v2.1 => generated 393 bytes in 5 msecs (HTTP/1.1 200) 9 headers in 357 bytes (1 switches on core 0)
Feb 13 18:18:43 devstack devstack@n-api.service[58551]: DEBUG nova.api.openstack.wsgi [None req-251d9bbf-20e3-4b9a-8fe6-e04cd4158c41 admin admin] Action: 'create', calling method: >, body: {"flavor": {"ram": 192, "disk": 1, "os-flavor-access:is_public": true, "OS-FLV-EXT-DATA:ephemeral": 0, "swap": 0, "id": "42", "vcpus": 1, "name": "m1.nano", "rxtx_factor": 1.0}} {{(pid=58551) _process_stack /opt/stack/nova/nova/api/openstack/wsgi.py:550}}
Feb 13 18:18:43 devstack devstack@n-api.service[58551]: INFO nova.api.openstack.requestlog [None req-251d9bbf-20e3-4b9a-8fe6-e04cd4158c41 admin admin] 192.168.122.242 "POST /compute/v2.1/flavors" status: 200 len: 413 microversion: 2.61 time: 0.047231
Feb 13 18:18:43 devstack devstack@n-api.service[58551]: [pid: 58551|app: 0|req: 20/41] 192.168.122.242 () {64 vars in 1298 bytes} [Fri Feb 13 18:18:43 2026] POST /compute/v2.1/flavors => generated 413 bytes in 48 msecs (HTTP/1.1 200) 9 headers in 359 bytes (1 switches on core 0)
Feb 13 18:18:43 devstack devstack@n-api.service[58554]: DEBUG nova.api.openstack.wsgi [None req-2810a8ce-4337-4ce9-a6b4-47204a1208f6 admin admin] Action: 'create', calling method: >, body: {"extra_specs": {"hw_rng:allowed": "True"}} {{(pid=58554) _process_stack /opt/stack/nova/nova/api/openstack/wsgi.py:550}}
Feb 13 18:18:43 devstack devstack@n-api.service[58554]: INFO nova.api.openstack.requestlog [None req-2810a8ce-4337-4ce9-a6b4-47204a1208f6 admin admin] 192.168.122.242 "POST /compute/v2.1/flavors/42/os-extra_specs" status: 200 len: 43 microversion: 2.61 time: 0.023101
Feb 13 18:18:43 devstack devstack@n-api.service[58554]: [pid: 58554|app: 0|req: 22/42] 192.168.122.242 () {64 vars in 1351 bytes} [Fri Feb 13 18:18:43 2026] POST /compute/v2.1/flavors/42/os-extra_specs => generated 43 bytes in 24 msecs (HTTP/1.1 200) 9 headers in 358 bytes (1 switches on core 0)
Feb 13 18:18:46 devstack devstack@n-api.service[58551]: DEBUG nova.api.openstack.wsgi [None req-251d9bbf-20e3-4b9a-8fe6-e04cd4158c41 admin admin] Calling method '>' {{(pid=58551) _process_stack /opt/stack/nova/nova/api/openstack/wsgi.py:552}}
Feb 13 18:18:46 devstack devstack@n-api.service[58551]: INFO nova.api.openstack.requestlog [None req-251d9bbf-20e3-4b9a-8fe6-e04cd4158c41 admin admin] 192.168.122.242 "GET /compute/v2.1" status: 200 len: 393 microversion: 2.1 time: 0.005983
Feb 13 18:18:46 devstack devstack@n-api.service[58551]: [pid: 58551|app: 0|req: 21/43] 192.168.122.242 () {54 vars in 946 bytes} [Fri Feb 13 18:18:46 2026] GET /compute/v2.1 => generated 393 bytes in 7 msecs (HTTP/1.1 200) 9 headers in 357 bytes (1 switches on core 0)
Feb 13 18:18:46 devstack devstack@n-api.service[58554]: DEBUG nova.api.openstack.wsgi [None req-ef7a1356-68bf-4a9b-ad63-ecf0540063d0 admin admin] Action: 'create', calling method: >, body: {"flavor": {"disk": 1, "name": "m1.micro", "os-flavor-access:is_public": true, "OS-FLV-EXT-DATA:ephemeral": 0, "ram": 256, "id": "84", "rxtx_factor": 1.0, "swap": 0, "vcpus": 1}} {{(pid=58554) _process_stack /opt/stack/nova/nova/api/openstack/wsgi.py:550}}
Feb 13 18:18:46 devstack devstack@n-api.service[58554]: INFO nova.api.openstack.requestlog [None req-ef7a1356-68bf-4a9b-ad63-ecf0540063d0 admin admin] 192.168.122.242 "POST /compute/v2.1/flavors" status: 200 len: 414 microversion: 2.61 time: 0.109611
Feb 13 18:18:46 devstack devstack@n-api.service[58554]: [pid: 58554|app: 0|req: 23/44] 192.168.122.242 () {64 vars in 1298 bytes} [Fri Feb 13 18:18:46 2026] POST /compute/v2.1/flavors => generated 414 bytes in 111 msecs (HTTP/1.1 200) 9 headers in 359 bytes (1 switches on core 0)
Feb 13 18:18:46 devstack devstack@n-api.service[58551]: DEBUG nova.api.openstack.wsgi [None req-d55058b6-30fb-4b13-ae77-deac3070b37c admin admin] Action: 'create', calling method: >, body: {"extra_specs": {"hw_rng:allowed": "True"}} {{(pid=58551) _process_stack /opt/stack/nova/nova/api/openstack/wsgi.py:550}}
Feb 13 18:18:47 devstack devstack@n-api.service[58551]: INFO nova.api.openstack.requestlog [None req-d55058b6-30fb-4b13-ae77-deac3070b37c admin admin] 192.168.122.242 "POST /compute/v2.1/flavors/84/os-extra_specs" status: 200 len: 43 microversion: 2.61 time: 0.024467
Feb 13 18:18:47 devstack devstack@n-api.service[58551]: [pid: 58551|app: 0|req: 22/45] 192.168.122.242 () {64 vars in 1351 bytes} [Fri Feb 13 18:18:46 2026] POST /compute/v2.1/flavors/84/os-extra_specs => generated 43 bytes in 26 msecs (HTTP/1.1 200) 9 headers in 358 bytes (2 switches on core 0)
Feb 13 18:18:56 devstack devstack@n-api.service[58554]: DEBUG dbcounter [-] [58554] Writing DB stats nova_api:SELECT=4,nova_api:SAVEPOINT=1,nova_api:INSERT=2,nova_api:RELEASE=1 {{(pid=58554) stat_writer /opt/stack/data/venv/lib/python3.10/site-packages/dbcounter.py:115}}
Feb 13 18:18:57 devstack devstack@n-api.service[58551]: DEBUG dbcounter [-] [58551] Writing DB stats nova_api:SELECT=5,nova_api:INSERT=2,nova_api:SAVEPOINT=1,nova_api:RELEASE=1 {{(pid=58551) stat_writer /opt/stack/data/venv/lib/python3.10/site-packages/dbcounter.py:115}}
Feb 13 18:20:52 devstack devstack@n-api.service[58554]: DEBUG nova.api.openstack.wsgi [None req-ed358099-01d0-4bf4-80fe-7dc1f313c8ad tempest-DeleteServersTestJSON-1553227097 tempest-DeleteServersTestJSON-1553227097-project-member] Action: 'create', calling method: >, body: {"server": {"name": "tempest-DeleteServersTestJSON-server-1061937101", "imageRef": "a6a9c757-bfda-45d1-aa55-a877d677ec96", "flavorRef": "42", "networks": [{"uuid": "7e845c17-4a62-44b3-89d7-ac5f19796ab6"}]}} {{(pid=58554) _process_stack /opt/stack/nova/nova/api/openstack/wsgi.py:550}}
Feb 13 18:20:52 devstack devstack@n-api.service[58554]: DEBUG oslo_concurrency.lockutils [None req-ed358099-01d0-4bf4-80fe-7dc1f313c8ad tempest-DeleteServersTestJSON-1553227097 tempest-DeleteServersTestJSON-1553227097-project-member] Acquiring lock "00000000-0000-0000-0000-000000000000" by "nova.context.set_target_cell..get_or_set_cached_cell_and_set_connections" {{(pid=58554) inner /opt/stack/data/venv/lib/python3.10/site-packages/oslo_concurrency/lockutils.py:506}}
Feb 13 18:20:52 devstack devstack@n-api.service[58554]: DEBUG oslo_concurrency.lockutils [None req-ed358099-01d0-4bf4-80fe-7dc1f313c8ad tempest-DeleteServersTestJSON-1553227097 tempest-DeleteServersTestJSON-1553227097-project-member] Lock "00000000-0000-0000-0000-000000000000" acquired by "nova.context.set_target_cell..get_or_set_cached_cell_and_set_connections" :: waited 0.001s {{(pid=58554) inner /opt/stack/data/venv/lib/python3.10/site-packages/oslo_concurrency/lockutils.py:519}}
Feb 13 18:20:52 devstack devstack@n-api.service[58554]: DEBUG oslo_concurrency.lockutils [None req-ed358099-01d0-4bf4-80fe-7dc1f313c8ad tempest-DeleteServersTestJSON-1553227097 tempest-DeleteServersTestJSON-1553227097-project-member] Lock "00000000-0000-0000-0000-000000000000" "released" by "nova.context.set_target_cell..get_or_set_cached_cell_and_set_connections" :: held 0.000s {{(pid=58554) inner /opt/stack/data/venv/lib/python3.10/site-packages/oslo_concurrency/lockutils.py:538}}
Feb 13 18:20:52 devstack devstack@n-api.service[58554]: DEBUG oslo_concurrency.lockutils [None req-ed358099-01d0-4bf4-80fe-7dc1f313c8ad tempest-DeleteServersTestJSON-1553227097 tempest-DeleteServersTestJSON-1553227097-project-member] Acquiring lock "3693f739-875d-4ebd-ae28-aa3823661548" by "nova.context.set_target_cell..get_or_set_cached_cell_and_set_connections" {{(pid=58554) inner /opt/stack/data/venv/lib/python3.10/site-packages/oslo_concurrency/lockutils.py:506}}
Feb 13 18:20:52 devstack devstack@n-api.service[58554]: DEBUG oslo_concurrency.lockutils [None req-ed358099-01d0-4bf4-80fe-7dc1f313c8ad tempest-DeleteServersTestJSON-1553227097 tempest-DeleteServersTestJSON-1553227097-project-member] Lock "3693f739-875d-4ebd-ae28-aa3823661548" acquired by "nova.context.set_target_cell..get_or_set_cached_cell_and_set_connections" :: waited 0.005s {{(pid=58554) inner /opt/stack/data/venv/lib/python3.10/site-packages/oslo_concurrency/lockutils.py:519}}
Feb 13 18:20:52 devstack devstack@n-api.service[58554]: DEBUG oslo_concurrency.lockutils [None req-ed358099-01d0-4bf4-80fe-7dc1f313c8ad tempest-DeleteServersTestJSON-1553227097 tempest-DeleteServersTestJSON-1553227097-project-member] Lock "3693f739-875d-4ebd-ae28-aa3823661548" "released" by "nova.context.set_target_cell..get_or_set_cached_cell_and_set_connections" :: held 0.000s {{(pid=58554) inner /opt/stack/data/venv/lib/python3.10/site-packages/oslo_concurrency/lockutils.py:538}}
Feb 13 18:20:52 devstack devstack@n-api.service[58554]: DEBUG nova.network.neutron [None req-ed358099-01d0-4bf4-80fe-7dc1f313c8ad tempest-DeleteServersTestJSON-1553227097 tempest-DeleteServersTestJSON-1553227097-project-member] validate_networks() for [('7e845c17-4a62-44b3-89d7-ac5f19796ab6', None, None, None, None, None)] {{(pid=58554) validate_networks /opt/stack/nova/nova/network/neutron.py:2706}}
Feb 13 18:20:52 devstack devstack@n-api.service[58554]: WARNING neutronclient.v2_0.client [None req-ed358099-01d0-4bf4-80fe-7dc1f313c8ad tempest-DeleteServersTestJSON-1553227097 tempest-DeleteServersTestJSON-1553227097-project-member] The python binding code in neutronclient is deprecated in favor of OpenstackSDK, please use that as this will be removed in a future release.
Feb 13 18:20:53 devstack devstack@n-api.service[58551]: DEBUG nova.api.openstack.wsgi [None req-b54a4dea-a561-4604-8a10-8447c195ed0d tempest-ServersNegativeTestJSON-1120672847 tempest-ServersNegativeTestJSON-1120672847-project-member] Action: 'create', calling method: >, body: {"server": {"name": "tempest-ServersNegativeTestJSON-server-1018915368", "imageRef": "a6a9c757-bfda-45d1-aa55-a877d677ec96", "flavorRef": "42", "networks": [{"uuid": "05b82dc7-7ca9-44c1-aa80-96c4b60ccbb9"}]}} {{(pid=58551) _process_stack /opt/stack/nova/nova/api/openstack/wsgi.py:550}}
Feb 13 18:20:53 devstack devstack@n-api.service[58551]: DEBUG oslo_concurrency.lockutils [None req-b54a4dea-a561-4604-8a10-8447c195ed0d tempest-ServersNegativeTestJSON-1120672847 tempest-ServersNegativeTestJSON-1120672847-project-member] Acquiring lock "00000000-0000-0000-0000-000000000000" by "nova.context.set_target_cell..get_or_set_cached_cell_and_set_connections" {{(pid=58551) inner /opt/stack/data/venv/lib/python3.10/site-packages/oslo_concurrency/lockutils.py:506}}
Feb 13 18:20:53 devstack devstack@n-api.service[58551]: DEBUG oslo_concurrency.lockutils [None req-b54a4dea-a561-4604-8a10-8447c195ed0d tempest-ServersNegativeTestJSON-1120672847 tempest-ServersNegativeTestJSON-1120672847-project-member] Lock "00000000-0000-0000-0000-000000000000" acquired by "nova.context.set_target_cell..get_or_set_cached_cell_and_set_connections" :: waited 0.001s {{(pid=58551) inner /opt/stack/data/venv/lib/python3.10/site-packages/oslo_concurrency/lockutils.py:519}}
Feb 13 18:20:53 devstack devstack@n-api.service[58551]: DEBUG oslo_concurrency.lockutils [None req-b54a4dea-a561-4604-8a10-8447c195ed0d tempest-ServersNegativeTestJSON-1120672847 tempest-ServersNegativeTestJSON-1120672847-project-member] Lock "00000000-0000-0000-0000-000000000000" "released" by "nova.context.set_target_cell..get_or_set_cached_cell_and_set_connections" :: held 0.000s {{(pid=58551) inner /opt/stack/data/venv/lib/python3.10/site-packages/oslo_concurrency/lockutils.py:538}}
Feb 13 18:20:53 devstack devstack@n-api.service[58551]: DEBUG oslo_concurrency.lockutils [None req-b54a4dea-a561-4604-8a10-8447c195ed0d tempest-ServersNegativeTestJSON-1120672847 tempest-ServersNegativeTestJSON-1120672847-project-member] Acquiring lock "3693f739-875d-4ebd-ae28-aa3823661548" by "nova.context.set_target_cell..get_or_set_cached_cell_and_set_connections" {{(pid=58551) inner /opt/stack/data/venv/lib/python3.10/site-packages/oslo_concurrency/lockutils.py:506}}
Feb 13 18:20:53 devstack devstack@n-api.service[58551]: DEBUG oslo_concurrency.lockutils [None req-b54a4dea-a561-4604-8a10-8447c195ed0d tempest-ServersNegativeTestJSON-1120672847 tempest-ServersNegativeTestJSON-1120672847-project-member] Lock "3693f739-875d-4ebd-ae28-aa3823661548" acquired by "nova.context.set_target_cell..get_or_set_cached_cell_and_set_connections" :: waited 0.000s {{(pid=58551) inner /opt/stack/data/venv/lib/python3.10/site-packages/oslo_concurrency/lockutils.py:519}}
Feb 13 18:20:53 devstack devstack@n-api.service[58551]: DEBUG oslo_concurrency.lockutils [None req-b54a4dea-a561-4604-8a10-8447c195ed0d tempest-ServersNegativeTestJSON-1120672847 tempest-ServersNegativeTestJSON-1120672847-project-member] Lock "3693f739-875d-4ebd-ae28-aa3823661548" "released" by "nova.context.set_target_cell..get_or_set_cached_cell_and_set_connections" :: held 0.000s {{(pid=58551) inner /opt/stack/data/venv/lib/python3.10/site-packages/oslo_concurrency/lockutils.py:538}}
Feb 13 18:20:53 devstack devstack@n-api.service[58551]: DEBUG nova.network.neutron [None req-b54a4dea-a561-4604-8a10-8447c195ed0d tempest-ServersNegativeTestJSON-1120672847 tempest-ServersNegativeTestJSON-1120672847-project-member] validate_networks() for [('05b82dc7-7ca9-44c1-aa80-96c4b60ccbb9', None, None, None, None, None)] {{(pid=58551) validate_networks /opt/stack/nova/nova/network/neutron.py:2706}}
Feb 13 18:20:53 devstack devstack@n-api.service[58551]: WARNING neutronclient.v2_0.client [None req-b54a4dea-a561-4604-8a10-8447c195ed0d tempest-ServersNegativeTestJSON-1120672847 tempest-ServersNegativeTestJSON-1120672847-project-member] The python binding code in neutronclient is deprecated in favor of OpenstackSDK, please use that as this will be removed in a future release.
Feb 13 18:20:54 devstack devstack@n-api.service[58554]: WARNING neutronclient.v2_0.client [None req-ed358099-01d0-4bf4-80fe-7dc1f313c8ad tempest-DeleteServersTestJSON-1553227097 tempest-DeleteServersTestJSON-1553227097-project-member] The python binding code in neutronclient is deprecated in favor of OpenstackSDK, please use that as this will be removed in a future release.
Feb 13 18:20:56 devstack devstack@n-api.service[58551]: WARNING neutronclient.v2_0.client [None req-b54a4dea-a561-4604-8a10-8447c195ed0d tempest-ServersNegativeTestJSON-1120672847 tempest-ServersNegativeTestJSON-1120672847-project-member] The python binding code in neutronclient is deprecated in favor of OpenstackSDK, please use that as this will be removed in a future release.
Feb 13 18:21:00 devstack devstack@n-api.service[58554]: DEBUG nova.virt.hardware [None req-ed358099-01d0-4bf4-80fe-7dc1f313c8ad tempest-DeleteServersTestJSON-1553227097 tempest-DeleteServersTestJSON-1553227097-project-member] Flavor limits 0:0:0 {{(pid=58554) get_cpu_topology_constraints /opt/stack/nova/nova/virt/hardware.py:356}}
Feb 13 18:21:00 devstack devstack@n-api.service[58554]: DEBUG nova.virt.hardware [None req-ed358099-01d0-4bf4-80fe-7dc1f313c8ad tempest-DeleteServersTestJSON-1553227097 tempest-DeleteServersTestJSON-1553227097-project-member] Image limits 0:0:0 {{(pid=58554) get_cpu_topology_constraints /opt/stack/nova/nova/virt/hardware.py:360}}
Feb 13 18:21:00 devstack devstack@n-api.service[58554]: DEBUG nova.virt.hardware [None req-ed358099-01d0-4bf4-80fe-7dc1f313c8ad tempest-DeleteServersTestJSON-1553227097 tempest-DeleteServersTestJSON-1553227097-project-member] Flavor pref 0:0:0 {{(pid=58554) get_cpu_topology_constraints /opt/stack/nova/nova/virt/hardware.py:396}}
Feb 13 18:21:00 devstack devstack@n-api.service[58554]: DEBUG nova.virt.hardware [None req-ed358099-01d0-4bf4-80fe-7dc1f313c8ad tempest-DeleteServersTestJSON-1553227097 tempest-DeleteServersTestJSON-1553227097-project-member] Image pref 0:0:0 {{(pid=58554) get_cpu_topology_constraints /opt/stack/nova/nova/virt/hardware.py:400}}
Feb 13 18:21:00 devstack devstack@n-api.service[58554]: DEBUG nova.virt.hardware [None req-ed358099-01d0-4bf4-80fe-7dc1f313c8ad tempest-DeleteServersTestJSON-1553227097 tempest-DeleteServersTestJSON-1553227097-project-member] Chose sockets=0, cores=0, threads=0; limits were sockets=65536, cores=65536, threads=65536 {{(pid=58554) get_cpu_topology_constraints /opt/stack/nova/nova/virt/hardware.py:438}}
Feb 13 18:21:00 devstack devstack@n-api.service[58554]: DEBUG oslo_concurrency.lockutils [None req-ed358099-01d0-4bf4-80fe-7dc1f313c8ad tempest-DeleteServersTestJSON-1553227097 tempest-DeleteServersTestJSON-1553227097-project-member] Acquiring lock "00000000-0000-0000-0000-000000000000" by "nova.context.set_target_cell..get_or_set_cached_cell_and_set_connections" {{(pid=58554) inner /opt/stack/data/venv/lib/python3.10/site-packages/oslo_concurrency/lockutils.py:506}}
Feb 13 18:21:00 devstack devstack@n-api.service[58554]: DEBUG oslo_concurrency.lockutils [None req-ed358099-01d0-4bf4-80fe-7dc1f313c8ad tempest-DeleteServersTestJSON-1553227097 tempest-DeleteServersTestJSON-1553227097-project-member] Lock "00000000-0000-0000-0000-000000000000" acquired by "nova.context.set_target_cell..get_or_set_cached_cell_and_set_connections" :: waited 0.000s {{(pid=58554) inner /opt/stack/data/venv/lib/python3.10/site-packages/oslo_concurrency/lockutils.py:519}}
Feb 13 18:21:00 devstack devstack@n-api.service[58554]: DEBUG oslo_concurrency.lockutils [None req-ed358099-01d0-4bf4-80fe-7dc1f313c8ad tempest-DeleteServersTestJSON-1553227097 tempest-DeleteServersTestJSON-1553227097-project-member] Lock "00000000-0000-0000-0000-000000000000" "released" by "nova.context.set_target_cell..get_or_set_cached_cell_and_set_connections" :: held 0.000s {{(pid=58554) inner /opt/stack/data/venv/lib/python3.10/site-packages/oslo_concurrency/lockutils.py:538}}
Feb 13 18:21:00 devstack devstack@n-api.service[58554]: DEBUG oslo_concurrency.lockutils [None req-ed358099-01d0-4bf4-80fe-7dc1f313c8ad tempest-DeleteServersTestJSON-1553227097 tempest-DeleteServersTestJSON-1553227097-project-member] Acquiring lock "3693f739-875d-4ebd-ae28-aa3823661548" by "nova.context.set_target_cell..get_or_set_cached_cell_and_set_connections" {{(pid=58554) inner /opt/stack/data/venv/lib/python3.10/site-packages/oslo_concurrency/lockutils.py:506}}
Feb 13 18:21:00 devstack devstack@n-api.service[58554]: DEBUG oslo_concurrency.lockutils [None req-ed358099-01d0-4bf4-80fe-7dc1f313c8ad tempest-DeleteServersTestJSON-1553227097 tempest-DeleteServersTestJSON-1553227097-project-member] Lock "3693f739-875d-4ebd-ae28-aa3823661548" acquired by "nova.context.set_target_cell..get_or_set_cached_cell_and_set_connections" :: waited 0.003s {{(pid=58554) inner /opt/stack/data/venv/lib/python3.10/site-packages/oslo_concurrency/lockutils.py:519}}
Feb 13 18:21:00 devstack devstack@n-api.service[58554]: DEBUG oslo_concurrency.lockutils [None req-ed358099-01d0-4bf4-80fe-7dc1f313c8ad tempest-DeleteServersTestJSON-1553227097 tempest-DeleteServersTestJSON-1553227097-project-member] Lock "3693f739-875d-4ebd-ae28-aa3823661548" "released" by "nova.context.set_target_cell..get_or_set_cached_cell_and_set_connections" :: held 0.000s {{(pid=58554) inner /opt/stack/data/venv/lib/python3.10/site-packages/oslo_concurrency/lockutils.py:538}}
Feb 13 18:21:00 devstack devstack@n-api.service[58554]: DEBUG nova.quota [None req-ed358099-01d0-4bf4-80fe-7dc1f313c8ad tempest-DeleteServersTestJSON-1553227097 tempest-DeleteServersTestJSON-1553227097-project-member] Getting quotas for project 403e7e7fa04041bba3e8551898bb42d1. Resources: {'ram', 'instances', 'cores'} {{(pid=58554) _get_quotas /opt/stack/nova/nova/quota.py:392}}
Feb 13 18:21:00 devstack devstack@n-api.service[58554]: DEBUG nova.quota [None req-ed358099-01d0-4bf4-80fe-7dc1f313c8ad tempest-DeleteServersTestJSON-1553227097 tempest-DeleteServersTestJSON-1553227097-project-member] Getting quotas for user 48b471c074374454ae4feda84f86684c and project 403e7e7fa04041bba3e8551898bb42d1. Resources: {'ram', 'instances', 'cores'} {{(pid=58554) _get_quotas /opt/stack/nova/nova/quota.py:382}}
Feb 13 18:21:00 devstack devstack@n-api.service[58554]: DEBUG nova.compute.api [None req-ed358099-01d0-4bf4-80fe-7dc1f313c8ad tempest-DeleteServersTestJSON-1553227097 tempest-DeleteServersTestJSON-1553227097-project-member] Going to run 1 instances... {{(pid=58554) _provision_instances /opt/stack/nova/nova/compute/api.py:1436}}
Feb 13 18:21:00 devstack devstack@n-api.service[58554]: DEBUG nova.compute.api [None req-ed358099-01d0-4bf4-80fe-7dc1f313c8ad tempest-DeleteServersTestJSON-1553227097 tempest-DeleteServersTestJSON-1553227097-project-member] [instance: e097fee9-c1d7-4a5f-858c-16e724d246ea] block_device_mapping [BlockDeviceMapping(attachment_id=,boot_index=0,connection_info=None,created_at=,delete_on_termination=True,deleted=,deleted_at=,destination_type='local',device_name=None,device_type='disk',disk_bus=None,encrypted=False,encryption_format=None,encryption_options=None,encryption_secret_uuid=None,guest_format=None,id=,image_id='a6a9c757-bfda-45d1-aa55-a877d677ec96',instance=,instance_uuid=,no_device=False,snapshot_id=None,source_type='image',tag=None,updated_at=,uuid=,volume_id=None,volume_size=None,volume_type=None)] {{(pid=58554) _bdm_validate_set_size_and_instance /opt/stack/nova/nova/compute/api.py:1904}}
Feb 13 18:21:00 devstack devstack@n-api.service[58551]: DEBUG nova.virt.hardware [None req-b54a4dea-a561-4604-8a10-8447c195ed0d tempest-ServersNegativeTestJSON-1120672847 tempest-ServersNegativeTestJSON-1120672847-project-member] Flavor limits 0:0:0 {{(pid=58551) get_cpu_topology_constraints /opt/stack/nova/nova/virt/hardware.py:356}}
Feb 13 18:21:00 devstack devstack@n-api.service[58551]: DEBUG nova.virt.hardware [None req-b54a4dea-a561-4604-8a10-8447c195ed0d tempest-ServersNegativeTestJSON-1120672847 tempest-ServersNegativeTestJSON-1120672847-project-member] Image limits 0:0:0 {{(pid=58551) get_cpu_topology_constraints /opt/stack/nova/nova/virt/hardware.py:360}}
Feb 13 18:21:00 devstack devstack@n-api.service[58551]: DEBUG nova.virt.hardware [None req-b54a4dea-a561-4604-8a10-8447c195ed0d tempest-ServersNegativeTestJSON-1120672847 tempest-ServersNegativeTestJSON-1120672847-project-member] Flavor pref 0:0:0 {{(pid=58551) get_cpu_topology_constraints /opt/stack/nova/nova/virt/hardware.py:396}}
Feb 13 18:21:00 devstack devstack@n-api.service[58551]: DEBUG nova.virt.hardware [None req-b54a4dea-a561-4604-8a10-8447c195ed0d tempest-ServersNegativeTestJSON-1120672847 tempest-ServersNegativeTestJSON-1120672847-project-member] Image pref 0:0:0 {{(pid=58551) get_cpu_topology_constraints /opt/stack/nova/nova/virt/hardware.py:400}}
Feb 13 18:21:00 devstack devstack@n-api.service[58551]: DEBUG nova.virt.hardware [None req-b54a4dea-a561-4604-8a10-8447c195ed0d tempest-ServersNegativeTestJSON-1120672847 tempest-ServersNegativeTestJSON-1120672847-project-member] Chose sockets=0, cores=0, threads=0; limits were sockets=65536, cores=65536, threads=65536 {{(pid=58551) get_cpu_topology_constraints /opt/stack/nova/nova/virt/hardware.py:438}}
Feb 13 18:21:00 devstack devstack@n-api.service[58551]: DEBUG oslo_concurrency.lockutils [None req-b54a4dea-a561-4604-8a10-8447c195ed0d tempest-ServersNegativeTestJSON-1120672847 tempest-ServersNegativeTestJSON-1120672847-project-member] Acquiring lock "00000000-0000-0000-0000-000000000000" by "nova.context.set_target_cell..get_or_set_cached_cell_and_set_connections" {{(pid=58551) inner /opt/stack/data/venv/lib/python3.10/site-packages/oslo_concurrency/lockutils.py:506}}
Feb 13 18:21:00 devstack devstack@n-api.service[58551]: DEBUG oslo_concurrency.lockutils [None req-b54a4dea-a561-4604-8a10-8447c195ed0d tempest-ServersNegativeTestJSON-1120672847 tempest-ServersNegativeTestJSON-1120672847-project-member] Lock "00000000-0000-0000-0000-000000000000" acquired by "nova.context.set_target_cell..get_or_set_cached_cell_and_set_connections" :: waited 0.001s {{(pid=58551) inner /opt/stack/data/venv/lib/python3.10/site-packages/oslo_concurrency/lockutils.py:519}}
Feb 13 18:21:00 devstack devstack@n-api.service[58551]: DEBUG oslo_concurrency.lockutils [None req-b54a4dea-a561-4604-8a10-8447c195ed0d tempest-ServersNegativeTestJSON-1120672847 tempest-ServersNegativeTestJSON-1120672847-project-member] Lock "00000000-0000-0000-0000-000000000000" "released" by "nova.context.set_target_cell..get_or_set_cached_cell_and_set_connections" :: held 0.000s {{(pid=58551) inner /opt/stack/data/venv/lib/python3.10/site-packages/oslo_concurrency/lockutils.py:538}}
Feb 13 18:21:00 devstack devstack@n-api.service[58551]: DEBUG oslo_concurrency.lockutils [None req-b54a4dea-a561-4604-8a10-8447c195ed0d tempest-ServersNegativeTestJSON-1120672847 tempest-ServersNegativeTestJSON-1120672847-project-member] Acquiring lock "3693f739-875d-4ebd-ae28-aa3823661548" by "nova.context.set_target_cell..get_or_set_cached_cell_and_set_connections" {{(pid=58551) inner /opt/stack/data/venv/lib/python3.10/site-packages/oslo_concurrency/lockutils.py:506}}
Feb 13 18:21:00 devstack devstack@n-api.service[58551]: DEBUG oslo_concurrency.lockutils [None req-b54a4dea-a561-4604-8a10-8447c195ed0d tempest-ServersNegativeTestJSON-1120672847 tempest-ServersNegativeTestJSON-1120672847-project-member] Lock "3693f739-875d-4ebd-ae28-aa3823661548" acquired by "nova.context.set_target_cell..get_or_set_cached_cell_and_set_connections" :: waited 0.013s {{(pid=58551) inner /opt/stack/data/venv/lib/python3.10/site-packages/oslo_concurrency/lockutils.py:519}}
Feb 13 18:21:00 devstack devstack@n-api.service[58551]: DEBUG oslo_concurrency.lockutils [None req-b54a4dea-a561-4604-8a10-8447c195ed0d tempest-ServersNegativeTestJSON-1120672847 tempest-ServersNegativeTestJSON-1120672847-project-member] Lock "3693f739-875d-4ebd-ae28-aa3823661548" "released" by "nova.context.set_target_cell..get_or_set_cached_cell_and_set_connections" :: held 0.001s {{(pid=58551) inner /opt/stack/data/venv/lib/python3.10/site-packages/oslo_concurrency/lockutils.py:538}}
Feb 13 18:21:00 devstack devstack@n-api.service[58551]: DEBUG nova.quota [None req-b54a4dea-a561-4604-8a10-8447c195ed0d tempest-ServersNegativeTestJSON-1120672847 tempest-ServersNegativeTestJSON-1120672847-project-member] Getting quotas for project 5f86cdab57294177a0ba3a1a84a37d48. Resources: {'ram', 'instances', 'cores'} {{(pid=58551) _get_quotas /opt/stack/nova/nova/quota.py:392}}
Feb 13 18:21:00 devstack devstack@n-api.service[58551]: DEBUG nova.quota [None req-b54a4dea-a561-4604-8a10-8447c195ed0d tempest-ServersNegativeTestJSON-1120672847 tempest-ServersNegativeTestJSON-1120672847-project-member] Getting quotas for user 340e969b8b324f439d7d8eb1588c62eb and project 5f86cdab57294177a0ba3a1a84a37d48. Resources: {'ram', 'instances', 'cores'} {{(pid=58551) _get_quotas /opt/stack/nova/nova/quota.py:382}}
Feb 13 18:21:00 devstack devstack@n-api.service[58551]: DEBUG nova.compute.api [None req-b54a4dea-a561-4604-8a10-8447c195ed0d tempest-ServersNegativeTestJSON-1120672847 tempest-ServersNegativeTestJSON-1120672847-project-member] Going to run 1 instances... {{(pid=58551) _provision_instances /opt/stack/nova/nova/compute/api.py:1436}}
Feb 13 18:21:00 devstack devstack@n-api.service[58551]: DEBUG nova.compute.api [None req-b54a4dea-a561-4604-8a10-8447c195ed0d tempest-ServersNegativeTestJSON-1120672847 tempest-ServersNegativeTestJSON-1120672847-project-member] [instance: f69d3ee4-169d-4c1b-8bed-d949d2121352] block_device_mapping [BlockDeviceMapping(attachment_id=,boot_index=0,connection_info=None,created_at=,delete_on_termination=True,deleted=,deleted_at=,destination_type='local',device_name=None,device_type='disk',disk_bus=None,encrypted=False,encryption_format=None,encryption_options=None,encryption_secret_uuid=None,guest_format=None,id=,image_id='a6a9c757-bfda-45d1-aa55-a877d677ec96',instance=,instance_uuid=,no_device=False,snapshot_id=None,source_type='image',tag=None,updated_at=,uuid=,volume_id=None,volume_size=None,volume_type=None)] {{(pid=58551) _bdm_validate_set_size_and_instance /opt/stack/nova/nova/compute/api.py:1904}}
Feb 13 18:21:00 devstack devstack@n-api.service[58554]: INFO nova.api.openstack.requestlog [None req-ed358099-01d0-4bf4-80fe-7dc1f313c8ad tempest-DeleteServersTestJSON-1553227097 tempest-DeleteServersTestJSON-1553227097-project-member] 192.168.122.242 "POST /compute/v2.1/servers" status: 202 len: 388 microversion: 2.1 time: 8.048731
Feb 13 18:21:00 devstack devstack@n-api.service[58551]: INFO nova.api.openstack.requestlog [None req-b54a4dea-a561-4604-8a10-8447c195ed0d tempest-ServersNegativeTestJSON-1120672847 tempest-ServersNegativeTestJSON-1120672847-project-member] 192.168.122.242 "POST /compute/v2.1/servers" status: 202 len: 388 microversion: 2.1 time: 7.189337
Feb 13 18:21:00 devstack devstack@n-api.service[58551]: [pid: 58551|app: 0|req: 23/46] 192.168.122.242 () {60 vars in 1162 bytes} [Fri Feb 13 18:20:53 2026] POST /compute/v2.1/servers => generated 388 bytes in 7191 msecs (HTTP/1.1 202) 10 headers in 455 bytes (1 switches on core 0)
Feb 13 18:21:00 devstack devstack@n-api.service[58551]: DEBUG nova.api.openstack.wsgi [None req-5a8fdae0-e1f0-42ad-9ab1-1f3af8ad7d76 tempest-DeleteServersTestJSON-1553227097 tempest-DeleteServersTestJSON-1553227097-project-member] Calling method '>' {{(pid=58551) _process_stack /opt/stack/nova/nova/api/openstack/wsgi.py:552}}
Feb 13 18:21:00 devstack devstack@n-api.service[58551]: DEBUG nova.compute.api [None req-5a8fdae0-e1f0-42ad-9ab1-1f3af8ad7d76 tempest-DeleteServersTestJSON-1553227097 tempest-DeleteServersTestJSON-1553227097-project-member] [instance: e097fee9-c1d7-4a5f-858c-16e724d246ea] Fetching instance by UUID {{(pid=58551) get /opt/stack/nova/nova/compute/api.py:3017}}
Feb 13 18:21:00 devstack devstack@n-api.service[58554]: [pid: 58554|app: 0|req: 24/47] 192.168.122.242 () {60 vars in 1162 bytes} [Fri Feb 13 18:20:52 2026] POST /compute/v2.1/servers => generated 388 bytes in 8076 msecs (HTTP/1.1 202) 10 headers in 455 bytes (1 switches on core 0)
Feb 13 18:21:00 devstack devstack@n-api.service[58551]: WARNING neutronclient.v2_0.client [None req-5a8fdae0-e1f0-42ad-9ab1-1f3af8ad7d76 tempest-DeleteServersTestJSON-1553227097 tempest-DeleteServersTestJSON-1553227097-project-member] The python binding code in neutronclient is deprecated in favor of OpenstackSDK, please use that as this will be removed in a future release.
Feb 13 18:21:00 devstack devstack@n-api.service[58554]: DEBUG nova.api.openstack.wsgi [None req-9fc1f7eb-9e2a-4786-9351-5abc40f23a03 tempest-ServersNegativeTestJSON-1120672847 tempest-ServersNegativeTestJSON-1120672847-project-member] Calling method '>' {{(pid=58554) _process_stack /opt/stack/nova/nova/api/openstack/wsgi.py:552}}
Feb 13 18:21:00 devstack devstack@n-api.service[58554]: DEBUG nova.compute.api [None req-9fc1f7eb-9e2a-4786-9351-5abc40f23a03 tempest-ServersNegativeTestJSON-1120672847 tempest-ServersNegativeTestJSON-1120672847-project-member] [instance: f69d3ee4-169d-4c1b-8bed-d949d2121352] Fetching instance by UUID {{(pid=58554) get /opt/stack/nova/nova/compute/api.py:3017}}
Feb 13 18:21:00 devstack devstack@n-api.service[58554]: WARNING neutronclient.v2_0.client [None req-9fc1f7eb-9e2a-4786-9351-5abc40f23a03 tempest-ServersNegativeTestJSON-1120672847 tempest-ServersNegativeTestJSON-1120672847-project-member] The python binding code in neutronclient is deprecated in favor of OpenstackSDK, please use that as this will be removed in a future release.
Feb 13 18:21:00 devstack devstack@n-api.service[58551]: DEBUG nova.policy [None req-5a8fdae0-e1f0-42ad-9ab1-1f3af8ad7d76 tempest-DeleteServersTestJSON-1553227097 tempest-DeleteServersTestJSON-1553227097-project-member] Policy check for os_compute_api:os-extended-server-attributes failed with credentials {'is_admin': False, 'user_id': '48b471c074374454ae4feda84f86684c', 'user_domain_id': 'default', 'system_scope': None, 'domain_id': None, 'project_id': '403e7e7fa04041bba3e8551898bb42d1', 'project_domain_id': 'default', 'roles': ['member', 'reader'], 'is_admin_project': True, 'service_user_id': None, 'service_user_domain_id': None, 'service_project_id': None, 'service_project_domain_id': None, 'service_roles': []} {{(pid=58551) authorize /opt/stack/nova/nova/policy.py:192}}
Feb 13 18:21:00 devstack devstack@n-api.service[58551]: INFO nova.api.openstack.requestlog [None req-5a8fdae0-e1f0-42ad-9ab1-1f3af8ad7d76 tempest-DeleteServersTestJSON-1553227097 tempest-DeleteServersTestJSON-1553227097-project-member] 192.168.122.242 "GET /compute/v2.1/servers/e097fee9-c1d7-4a5f-858c-16e724d246ea" status: 200 len: 1229 microversion: 2.1 time: 0.217352
Feb 13 18:21:00 devstack devstack@n-api.service[58551]: [pid: 58551|app: 0|req: 24/48] 192.168.122.242 () {58 vars in 1251 bytes} [Fri Feb 13 18:21:00 2026] GET /compute/v2.1/servers/e097fee9-c1d7-4a5f-858c-16e724d246ea => generated 1229 bytes in 219 msecs (HTTP/1.1 200) 9 headers in 358 bytes (1 switches on core 0)
Feb 13 18:21:00 devstack devstack@n-api.service[58554]: DEBUG nova.policy [None req-9fc1f7eb-9e2a-4786-9351-5abc40f23a03 tempest-ServersNegativeTestJSON-1120672847 tempest-ServersNegativeTestJSON-1120672847-project-member] Policy check for os_compute_api:os-extended-server-attributes failed with credentials {'is_admin': False, 'user_id': '340e969b8b324f439d7d8eb1588c62eb', 'user_domain_id': 'default', 'system_scope': None, 'domain_id': None, 'project_id': '5f86cdab57294177a0ba3a1a84a37d48', 'project_domain_id': 'default', 'roles': ['member', 'reader'], 'is_admin_project': True, 'service_user_id': None, 'service_user_domain_id': None, 'service_project_id': None, 'service_project_domain_id': None, 'service_roles': []} {{(pid=58554) authorize /opt/stack/nova/nova/policy.py:192}}
Feb 13 18:21:00 devstack devstack@n-api.service[58554]: INFO nova.api.openstack.requestlog [None req-9fc1f7eb-9e2a-4786-9351-5abc40f23a03 tempest-ServersNegativeTestJSON-1120672847 tempest-ServersNegativeTestJSON-1120672847-project-member] 192.168.122.242 "GET /compute/v2.1/servers/f69d3ee4-169d-4c1b-8bed-d949d2121352" status: 200 len: 1231 microversion: 2.1 time: 0.270112
