Feb 13 18:22:33 devstack cinder-volume[79189]: DEBUG oslo_concurrency.lockutils [req-f7aa71e0-6c0b-4d7d-8dbd-1320e5899946 req-4e35dadd-014b-406d-8685-5e55457b219c tempest-VolumesSnapshotsTestJSON-1601292899 None] Acquiring lock "quobyte" by "cinder.volume.drivers.quobyte.QuobyteDriver.create_volume" {{(pid=79189) inner /opt/stack/data/venv/lib/python3.10/site-packages/oslo_concurrency/lockutils.py:506}}
Feb 13 18:22:34 devstack sudo[81050]: pam_unix(sudo:session): session closed for user root
Feb 13 18:22:34 devstack cinder-volume[79189]: DEBUG oslo_concurrency.processutils [None req-425fadec-3da2-4345-97cc-3c580a607b0f tempest-GroupSnapshotsV319Test-918031542 None] CMD "sudo cinder-rootwrap /etc/cinder/rootwrap.conf chmod ugo+rw /opt/stack/data/cinder/mnt/43ba1ad7cf9fc38cd4256d6708dc3b2d/volume-cd0374f2-e0c3-4080-9a31-c2e48d1f5abd" returned: 0 in 0.646s {{(pid=79189) execute /opt/stack/data/venv/lib/python3.10/site-packages/oslo_concurrency/processutils.py:396}}
Feb 13 18:22:34 devstack cinder-volume[79189]: DEBUG cinder.volume.drivers.quobyte [None req-425fadec-3da2-4345-97cc-3c580a607b0f tempest-GroupSnapshotsV319Test-918031542 None] <== create_volume: return (1752ms) {'provider_location': 'osci02.corp.quobyte.com/cinder-vol-b3684578-e511-42eb-8ddb-ae4f4fdf2213'} {{(pid=79189) trace_logging_wrapper /opt/stack/cinder/cinder/volume/volume_utils.py:1523}}
Feb 13 18:22:34 devstack cinder-volume[79189]: DEBUG oslo_concurrency.lockutils [None req-425fadec-3da2-4345-97cc-3c580a607b0f tempest-GroupSnapshotsV319Test-918031542 None] Lock "quobyte" "released" by "cinder.volume.drivers.quobyte.QuobyteDriver.create_volume" :: held 1.755s {{(pid=79189) inner /opt/stack/data/venv/lib/python3.10/site-packages/oslo_concurrency/lockutils.py:538}}
Feb 13 18:22:34 devstack cinder-volume[79189]: DEBUG oslo_concurrency.lockutils [None req-16e88701-0a44-4e2a-a7fd-edddd70571ff tempest-GroupSnapshotsTest-1978334670 None] Lock "quobyte" acquired by "cinder.volume.drivers.quobyte.QuobyteDriver.create_snapshot" :: waited 0.663s {{(pid=79189) inner /opt/stack/data/venv/lib/python3.10/site-packages/oslo_concurrency/lockutils.py:519}}
Feb 13 18:22:34 devstack cinder-volume[79189]: DEBUG cinder.volume.drivers.remotefs [None req-16e88701-0a44-4e2a-a7fd-edddd70571ff tempest-GroupSnapshotsTest-1978334670 None] Creating offline snapshot d6f5b428-60f0-447d-b6f6-451247e7368d of volume d42253ca-2abf-4977-8c03-124c5a46b9b5 {{(pid=79189) _create_snapshot /opt/stack/cinder/cinder/volume/drivers/remotefs.py:1817}}
Feb 13 18:22:34 devstack cinder-volume[79189]: DEBUG oslo.privsep.daemon [-] privsep: reply[18523877-0514-4f90-b8fe-98f072e5790f]: (4, 'qcow2') {{(pid=80006) _call_back /opt/stack/data/venv/lib/python3.10/site-packages/oslo_privsep/daemon.py:515}}
Feb 13 18:22:34 devstack cinder-volume[79189]: DEBUG oslo_concurrency.processutils [None req-16e88701-0a44-4e2a-a7fd-edddd70571ff tempest-GroupSnapshotsTest-1978334670 None] Running cmd (subprocess): /opt/stack/data/venv/bin/python3.10 -m oslo_concurrency.prlimit --as=1073741824 --cpu=60 -- sudo cinder-rootwrap /etc/cinder/rootwrap.conf env LC_ALL=C qemu-img info -f qcow2 --output=json --force-share /opt/stack/data/cinder/mnt/43ba1ad7cf9fc38cd4256d6708dc3b2d/volume-d42253ca-2abf-4977-8c03-124c5a46b9b5 {{(pid=79189) execute /opt/stack/data/venv/lib/python3.10/site-packages/oslo_concurrency/processutils.py:368}}
Feb 13 18:22:34 devstack cinder-volume[79189]: DEBUG cinder.volume.manager [None req-425fadec-3da2-4345-97cc-3c580a607b0f tempest-GroupSnapshotsV319Test-918031542 None] Task 'cinder.volume.flows.manager.create_volume.CreateVolumeFromSpecTask;volume:create' (f915c7c4-3de5-4610-b697-10a4a0c82306) transitioned into state 'SUCCESS' from state 'RUNNING' with result '{'status': 'creating', 'volume_name': 'volume-cd0374f2-e0c3-4080-9a31-c2e48d1f5abd', 'volume_size': 1}' {{(pid=79189) _task_receiver /opt/stack/data/venv/lib/python3.10/site-packages/taskflow/listeners/logging.py:182}}
Feb 13 18:22:34 devstack cinder-volume[79189]: DEBUG cinder.volume.manager [None req-425fadec-3da2-4345-97cc-3c580a607b0f tempest-GroupSnapshotsV319Test-918031542 None] Task 'cinder.volume.flows.manager.create_volume.CreateVolumeOnFinishTask;volume:create, create.end' (b89c96d2-89d6-46c2-9d7d-d9d55c80f383) transitioned into state 'RUNNING' from state 'PENDING' {{(pid=79189) _task_receiver /opt/stack/data/venv/lib/python3.10/site-packages/taskflow/listeners/logging.py:194}}
Feb 13 18:22:34 devstack cinder-volume[79189]: INFO cinder.volume.flows.manager.create_volume [None req-425fadec-3da2-4345-97cc-3c580a607b0f tempest-GroupSnapshotsV319Test-918031542 None] Volume volume-cd0374f2-e0c3-4080-9a31-c2e48d1f5abd (cd0374f2-e0c3-4080-9a31-c2e48d1f5abd): created successfully
Feb 13 18:22:34 devstack cinder-volume[79189]: DEBUG cinder.volume.manager [None req-425fadec-3da2-4345-97cc-3c580a607b0f tempest-GroupSnapshotsV319Test-918031542 None] Task 'cinder.volume.flows.manager.create_volume.CreateVolumeOnFinishTask;volume:create, create.end' (b89c96d2-89d6-46c2-9d7d-d9d55c80f383) transitioned into state 'SUCCESS' from state 'RUNNING' with result 'None' {{(pid=79189) _task_receiver /opt/stack/data/venv/lib/python3.10/site-packages/taskflow/listeners/logging.py:182}}
Feb 13 18:22:34 devstack cinder-volume[79189]: DEBUG cinder.volume.manager [None req-425fadec-3da2-4345-97cc-3c580a607b0f tempest-GroupSnapshotsV319Test-918031542 None] Flow 'volume_create_manager' (8b403e21-e39f-43d4-9063-6efb1288f7d4) transitioned into state 'SUCCESS' from state 'RUNNING' {{(pid=79189) _flow_receiver /opt/stack/data/venv/lib/python3.10/site-packages/taskflow/listeners/logging.py:145}}
Feb 13 18:22:34 devstack sudo[81054]: quobyte : PWD=/ ; USER=root ; COMMAND=/opt/stack/data/venv/bin/cinder-rootwrap /etc/cinder/rootwrap.conf env LC_ALL=C qemu-img info -f qcow2 --output=json --force-share /opt/stack/data/cinder/mnt/43ba1ad7cf9fc38cd4256d6708dc3b2d/volume-d42253ca-2abf-4977-8c03-124c5a46b9b5
Feb 13 18:22:34 devstack sudo[81054]: pam_unix(sudo:session): session opened for user root(uid=0) by (uid=1000)
Feb 13 18:22:34 devstack cinder-volume[79189]: INFO cinder.volume.manager [None req-425fadec-3da2-4345-97cc-3c580a607b0f tempest-GroupSnapshotsV319Test-918031542 None] Created volume successfully.
Feb 13 18:22:34 devstack sudo[81054]: pam_unix(sudo:session): session closed for user root
Feb 13 18:22:34 devstack cinder-volume[79189]: DEBUG oslo_concurrency.processutils [None req-16e88701-0a44-4e2a-a7fd-edddd70571ff tempest-GroupSnapshotsTest-1978334670 None] CMD "/opt/stack/data/venv/bin/python3.10 -m oslo_concurrency.prlimit --as=1073741824 --cpu=60 -- sudo cinder-rootwrap /etc/cinder/rootwrap.conf env LC_ALL=C qemu-img info -f qcow2 --output=json --force-share /opt/stack/data/cinder/mnt/43ba1ad7cf9fc38cd4256d6708dc3b2d/volume-d42253ca-2abf-4977-8c03-124c5a46b9b5" returned: 0 in 0.610s {{(pid=79189) execute /opt/stack/data/venv/lib/python3.10/site-packages/oslo_concurrency/processutils.py:396}}
Feb 13 18:22:34 devstack cinder-volume[79189]: DEBUG oslo_concurrency.processutils [None req-16e88701-0a44-4e2a-a7fd-edddd70571ff tempest-GroupSnapshotsTest-1978334670 None] Running cmd (subprocess): sudo cinder-rootwrap /etc/cinder/rootwrap.conf qemu-img create -f qcow2 -o backing_file=/opt/stack/data/cinder/mnt/43ba1ad7cf9fc38cd4256d6708dc3b2d/volume-d42253ca-2abf-4977-8c03-124c5a46b9b5,backing_fmt=qcow2 /opt/stack/data/cinder/mnt/43ba1ad7cf9fc38cd4256d6708dc3b2d/volume-d42253ca-2abf-4977-8c03-124c5a46b9b5.d6f5b428-60f0-447d-b6f6-451247e7368d 1G {{(pid=79189) execute /opt/stack/data/venv/lib/python3.10/site-packages/oslo_concurrency/processutils.py:368}}
Feb 13 18:22:34 devstack sudo[81059]: quobyte : PWD=/ ; USER=root ; COMMAND=/opt/stack/data/venv/bin/cinder-rootwrap /etc/cinder/rootwrap.conf qemu-img create -f qcow2 -o backing_file=/opt/stack/data/cinder/mnt/43ba1ad7cf9fc38cd4256d6708dc3b2d/volume-d42253ca-2abf-4977-8c03-124c5a46b9b5,backing_fmt=qcow2 /opt/stack/data/cinder/mnt/43ba1ad7cf9fc38cd4256d6708dc3b2d/volume-d42253ca-2abf-4977-8c03-124c5a46b9b5.d6f5b428-60f0-447d-b6f6-451247e7368d 1G
Feb 13 18:22:34 devstack sudo[81059]: pam_unix(sudo:session): session opened for user root(uid=0) by (uid=1000)
Feb 13 18:22:34 devstack cinder-volume[79189]: INFO cinder.volume.manager [None req-e2c92067-e40d-4745-9216-954e76b6b283 tempest-GroupSnapshotsV319Test-918031542 None] GroupSnapshot 1b3539a6-c2c7-4a8d-81b7-76f1168a7352: creating.
Feb 13 18:22:34 devstack cinder-volume[79189]: WARNING cinder.volume.volume_utils [None req-e2c92067-e40d-4745-9216-954e76b6b283 tempest-GroupSnapshotsV319Test-918031542 None] Volume driver (QuobyteDriver 1.1.14) is currently unsupported and may be removed in the next release of OpenStack. Use at your own risk.
Feb 13 18:22:34 devstack cinder-volume[79189]: DEBUG cinder.volume.manager [None req-e2c92067-e40d-4745-9216-954e76b6b283 tempest-GroupSnapshotsV319Test-918031542 None] Group snapshot 1b3539a6-c2c7-4a8d-81b7-76f1168a7352: creating. {{(pid=79189) create_group_snapshot /opt/stack/cinder/cinder/volume/manager.py:4175}}
Feb 13 18:22:34 devstack cinder-volume[79189]: DEBUG oslo_concurrency.lockutils [None req-e2c92067-e40d-4745-9216-954e76b6b283 tempest-GroupSnapshotsV319Test-918031542 None] Acquiring lock "quobyte" by "cinder.volume.drivers.quobyte.QuobyteDriver.create_snapshot" {{(pid=79189) inner /opt/stack/data/venv/lib/python3.10/site-packages/oslo_concurrency/lockutils.py:506}}
Feb 13 18:22:35 devstack sudo[81059]: pam_unix(sudo:session): session closed for user root
Feb 13 18:22:35 devstack cinder-volume[79189]: DEBUG oslo_concurrency.processutils [None req-16e88701-0a44-4e2a-a7fd-edddd70571ff tempest-GroupSnapshotsTest-1978334670 None] CMD "sudo cinder-rootwrap /etc/cinder/rootwrap.conf qemu-img create -f qcow2 -o backing_file=/opt/stack/data/cinder/mnt/43ba1ad7cf9fc38cd4256d6708dc3b2d/volume-d42253ca-2abf-4977-8c03-124c5a46b9b5,backing_fmt=qcow2 /opt/stack/data/cinder/mnt/43ba1ad7cf9fc38cd4256d6708dc3b2d/volume-d42253ca-2abf-4977-8c03-124c5a46b9b5.d6f5b428-60f0-447d-b6f6-451247e7368d 1G" returned: 0 in 0.648s {{(pid=79189) execute /opt/stack/data/venv/lib/python3.10/site-packages/oslo_concurrency/processutils.py:396}}
Feb 13 18:22:35 devstack cinder-volume[79189]: DEBUG oslo_concurrency.processutils [None req-16e88701-0a44-4e2a-a7fd-edddd70571ff tempest-GroupSnapshotsTest-1978334670 None] Running cmd (subprocess): sudo cinder-rootwrap /etc/cinder/rootwrap.conf qemu-img rebase -u -b volume-d42253ca-2abf-4977-8c03-124c5a46b9b5 -F qcow2 /opt/stack/data/cinder/mnt/43ba1ad7cf9fc38cd4256d6708dc3b2d/volume-d42253ca-2abf-4977-8c03-124c5a46b9b5.d6f5b428-60f0-447d-b6f6-451247e7368d {{(pid=79189) execute /opt/stack/data/venv/lib/python3.10/site-packages/oslo_concurrency/processutils.py:368}}
Feb 13 18:22:35 devstack sudo[81064]: quobyte : PWD=/ ; USER=root ; COMMAND=/opt/stack/data/venv/bin/cinder-rootwrap /etc/cinder/rootwrap.conf qemu-img rebase -u -b volume-d42253ca-2abf-4977-8c03-124c5a46b9b5 -F qcow2 /opt/stack/data/cinder/mnt/43ba1ad7cf9fc38cd4256d6708dc3b2d/volume-d42253ca-2abf-4977-8c03-124c5a46b9b5.d6f5b428-60f0-447d-b6f6-451247e7368d
Feb 13 18:22:35 devstack sudo[81064]: pam_unix(sudo:session): session opened for user root(uid=0) by (uid=1000)
Feb 13 18:22:35 devstack sudo[81064]: pam_unix(sudo:session): session closed for user root
Feb 13 18:22:35 devstack cinder-volume[79189]: DEBUG oslo_concurrency.processutils [None req-16e88701-0a44-4e2a-a7fd-edddd70571ff tempest-GroupSnapshotsTest-1978334670 None] CMD "sudo cinder-rootwrap /etc/cinder/rootwrap.conf qemu-img rebase -u -b volume-d42253ca-2abf-4977-8c03-124c5a46b9b5 -F qcow2 /opt/stack/data/cinder/mnt/43ba1ad7cf9fc38cd4256d6708dc3b2d/volume-d42253ca-2abf-4977-8c03-124c5a46b9b5.d6f5b428-60f0-447d-b6f6-451247e7368d" returned: 0 in 0.432s {{(pid=79189) execute /opt/stack/data/venv/lib/python3.10/site-packages/oslo_concurrency/processutils.py:396}}
Feb 13 18:22:35 devstack cinder-volume[79189]: WARNING cinder.volume.drivers.remotefs [None req-16e88701-0a44-4e2a-a7fd-edddd70571ff tempest-GroupSnapshotsTest-1978334670 None] /opt/stack/data/cinder/mnt/43ba1ad7cf9fc38cd4256d6708dc3b2d/volume-d42253ca-2abf-4977-8c03-124c5a46b9b5.d6f5b428-60f0-447d-b6f6-451247e7368d is being set with open permissions: ugo+rw: NotImplementedError
Feb 13 18:22:35 devstack cinder-volume[79189]: DEBUG oslo_concurrency.processutils [None req-16e88701-0a44-4e2a-a7fd-edddd70571ff tempest-GroupSnapshotsTest-1978334670 None] Running cmd (subprocess): sudo cinder-rootwrap /etc/cinder/rootwrap.conf chmod ugo+rw /opt/stack/data/cinder/mnt/43ba1ad7cf9fc38cd4256d6708dc3b2d/volume-d42253ca-2abf-4977-8c03-124c5a46b9b5.d6f5b428-60f0-447d-b6f6-451247e7368d {{(pid=79189) execute /opt/stack/data/venv/lib/python3.10/site-packages/oslo_concurrency/processutils.py:368}}
Feb 13 18:22:35 devstack sudo[81069]: quobyte : PWD=/ ; USER=root ; COMMAND=/opt/stack/data/venv/bin/cinder-rootwrap /etc/cinder/rootwrap.conf chmod ugo+rw /opt/stack/data/cinder/mnt/43ba1ad7cf9fc38cd4256d6708dc3b2d/volume-d42253ca-2abf-4977-8c03-124c5a46b9b5.d6f5b428-60f0-447d-b6f6-451247e7368d
Feb 13 18:22:35 devstack sudo[81069]: pam_unix(sudo:session): session opened for user root(uid=0) by (uid=1000)
Feb 13 18:22:36 devstack sudo[81069]: pam_unix(sudo:session): session closed for user root
Feb 13 18:22:36 devstack cinder-volume[79189]: DEBUG oslo_concurrency.processutils [None req-16e88701-0a44-4e2a-a7fd-edddd70571ff tempest-GroupSnapshotsTest-1978334670 None] CMD "sudo cinder-rootwrap /etc/cinder/rootwrap.conf chmod ugo+rw /opt/stack/data/cinder/mnt/43ba1ad7cf9fc38cd4256d6708dc3b2d/volume-d42253ca-2abf-4977-8c03-124c5a46b9b5.d6f5b428-60f0-447d-b6f6-451247e7368d" returned: 0 in 0.404s {{(pid=79189) execute /opt/stack/data/venv/lib/python3.10/site-packages/oslo_concurrency/processutils.py:396}}
Feb 13 18:22:36 devstack cinder-volume[79189]: DEBUG oslo_concurrency.processutils [None req-16e88701-0a44-4e2a-a7fd-edddd70571ff tempest-GroupSnapshotsTest-1978334670 None] Running cmd (subprocess): sudo cinder-rootwrap /etc/cinder/rootwrap.conf truncate -s0 /opt/stack/data/cinder/mnt/43ba1ad7cf9fc38cd4256d6708dc3b2d/volume-d42253ca-2abf-4977-8c03-124c5a46b9b5.info {{(pid=79189) execute /opt/stack/data/venv/lib/python3.10/site-packages/oslo_concurrency/processutils.py:368}}
Feb 13 18:22:36 devstack sudo[81072]: quobyte : PWD=/ ; USER=root ; COMMAND=/opt/stack/data/venv/bin/cinder-rootwrap /etc/cinder/rootwrap.conf truncate -s0 /opt/stack/data/cinder/mnt/43ba1ad7cf9fc38cd4256d6708dc3b2d/volume-d42253ca-2abf-4977-8c03-124c5a46b9b5.info
Feb 13 18:22:36 devstack sudo[81072]: pam_unix(sudo:session): session opened for user root(uid=0) by (uid=1000)
Feb 13 18:22:36 devstack sudo[81072]: pam_unix(sudo:session): session closed for user root
Feb 13 18:22:36 devstack cinder-volume[79189]: DEBUG oslo_concurrency.processutils [None req-16e88701-0a44-4e2a-a7fd-edddd70571ff tempest-GroupSnapshotsTest-1978334670 None] CMD "sudo cinder-rootwrap /etc/cinder/rootwrap.conf truncate -s0 /opt/stack/data/cinder/mnt/43ba1ad7cf9fc38cd4256d6708dc3b2d/volume-d42253ca-2abf-4977-8c03-124c5a46b9b5.info" returned: 0 in 0.471s {{(pid=79189) execute /opt/stack/data/venv/lib/python3.10/site-packages/oslo_concurrency/processutils.py:396}}
Feb 13 18:22:36 devstack cinder-volume[79189]: WARNING cinder.volume.drivers.remotefs [None req-16e88701-0a44-4e2a-a7fd-edddd70571ff tempest-GroupSnapshotsTest-1978334670 None] /opt/stack/data/cinder/mnt/43ba1ad7cf9fc38cd4256d6708dc3b2d/volume-d42253ca-2abf-4977-8c03-124c5a46b9b5.info is being set with open permissions: ugo+rw: NotImplementedError
Feb 13 18:22:36 devstack cinder-volume[79189]: DEBUG oslo_concurrency.processutils [None req-16e88701-0a44-4e2a-a7fd-edddd70571ff tempest-GroupSnapshotsTest-1978334670 None] Running cmd (subprocess): sudo cinder-rootwrap /etc/cinder/rootwrap.conf chmod ugo+rw /opt/stack/data/cinder/mnt/43ba1ad7cf9fc38cd4256d6708dc3b2d/volume-d42253ca-2abf-4977-8c03-124c5a46b9b5.info {{(pid=79189) execute /opt/stack/data/venv/lib/python3.10/site-packages/oslo_concurrency/processutils.py:368}}
Feb 13 18:22:36 devstack sudo[81075]: quobyte : PWD=/ ; USER=root ; COMMAND=/opt/stack/data/venv/bin/cinder-rootwrap /etc/cinder/rootwrap.conf chmod ugo+rw /opt/stack/data/cinder/mnt/43ba1ad7cf9fc38cd4256d6708dc3b2d/volume-d42253ca-2abf-4977-8c03-124c5a46b9b5.info
Feb 13 18:22:36 devstack sudo[81075]: pam_unix(sudo:session): session opened for user root(uid=0) by (uid=1000)
Feb 13 18:22:37 devstack sudo[81075]: pam_unix(sudo:session): session closed for user root
Feb 13 18:22:37 devstack cinder-volume[79189]: DEBUG oslo_concurrency.processutils [None req-16e88701-0a44-4e2a-a7fd-edddd70571ff tempest-GroupSnapshotsTest-1978334670 None] CMD "sudo cinder-rootwrap /etc/cinder/rootwrap.conf chmod ugo+rw /opt/stack/data/cinder/mnt/43ba1ad7cf9fc38cd4256d6708dc3b2d/volume-d42253ca-2abf-4977-8c03-124c5a46b9b5.info" returned: 0 in 0.435s {{(pid=79189) execute /opt/stack/data/venv/lib/python3.10/site-packages/oslo_concurrency/processutils.py:396}}
Feb 13 18:22:37 devstack cinder-volume[79189]: DEBUG oslo_concurrency.lockutils [None req-16e88701-0a44-4e2a-a7fd-edddd70571ff tempest-GroupSnapshotsTest-1978334670 None] Lock "quobyte" "released" by "cinder.volume.drivers.quobyte.QuobyteDriver.create_snapshot" :: held 3.085s {{(pid=79189) inner /opt/stack/data/venv/lib/python3.10/site-packages/oslo_concurrency/lockutils.py:538}}
Feb 13 18:22:37 devstack cinder-volume[79189]: DEBUG oslo_concurrency.lockutils [None req-16e88701-0a44-4e2a-a7fd-edddd70571ff tempest-GroupSnapshotsTest-1978334670 None] Acquiring lock "quobyte" by "cinder.volume.drivers.quobyte.QuobyteDriver.create_snapshot" {{(pid=79189) inner /opt/stack/data/venv/lib/python3.10/site-packages/oslo_concurrency/lockutils.py:506}}
Feb 13 18:22:37 devstack cinder-volume[79189]: DEBUG oslo_concurrency.lockutils [None req-16e88701-0a44-4e2a-a7fd-edddd70571ff tempest-GroupSnapshotsTest-1978334670 None] Lock "quobyte" acquired by "cinder.volume.drivers.quobyte.QuobyteDriver.create_snapshot" :: waited 0.001s {{(pid=79189) inner /opt/stack/data/venv/lib/python3.10/site-packages/oslo_concurrency/lockutils.py:519}}
Feb 13 18:22:37 devstack cinder-volume[79189]: DEBUG cinder.volume.drivers.remotefs [None req-16e88701-0a44-4e2a-a7fd-edddd70571ff tempest-GroupSnapshotsTest-1978334670 None] Creating offline snapshot e39a94a0-de54-4e67-92ba-6865c1eb43d2 of volume 5eca72b6-fae1-43a5-bff9-65f8790b061c {{(pid=79189) _create_snapshot /opt/stack/cinder/cinder/volume/drivers/remotefs.py:1817}}
Feb 13 18:22:37 devstack cinder-volume[79189]: DEBUG oslo.privsep.daemon [-] privsep: reply[00ea6f27-f1f7-4f5c-8ab4-beaf3d6a30c8]: (4, 'qcow2') {{(pid=80006) _call_back /opt/stack/data/venv/lib/python3.10/site-packages/oslo_privsep/daemon.py:515}}
Feb 13 18:22:37 devstack cinder-volume[79189]: DEBUG oslo_concurrency.processutils [None req-16e88701-0a44-4e2a-a7fd-edddd70571ff tempest-GroupSnapshotsTest-1978334670 None] Running cmd (subprocess): /opt/stack/data/venv/bin/python3.10 -m oslo_concurrency.prlimit --as=1073741824 --cpu=60 -- sudo cinder-rootwrap /etc/cinder/rootwrap.conf env LC_ALL=C qemu-img info -f qcow2 --output=json --force-share /opt/stack/data/cinder/mnt/43ba1ad7cf9fc38cd4256d6708dc3b2d/volume-5eca72b6-fae1-43a5-bff9-65f8790b061c {{(pid=79189) execute /opt/stack/data/venv/lib/python3.10/site-packages/oslo_concurrency/processutils.py:368}}
Feb 13 18:22:37 devstack sudo[81078]: quobyte : PWD=/ ; USER=root ; COMMAND=/opt/stack/data/venv/bin/cinder-rootwrap /etc/cinder/rootwrap.conf env LC_ALL=C qemu-img info -f qcow2 --output=json --force-share /opt/stack/data/cinder/mnt/43ba1ad7cf9fc38cd4256d6708dc3b2d/volume-5eca72b6-fae1-43a5-bff9-65f8790b061c
Feb 13 18:22:37 devstack sudo[81078]: pam_unix(sudo:session): session opened for user root(uid=0) by (uid=1000)
Feb 13 18:22:37 devstack sudo[81078]: pam_unix(sudo:session): session closed for user root
Feb 13 18:22:37 devstack cinder-volume[79189]: DEBUG oslo_concurrency.processutils [None req-16e88701-0a44-4e2a-a7fd-edddd70571ff tempest-GroupSnapshotsTest-1978334670 None] CMD "/opt/stack/data/venv/bin/python3.10 -m oslo_concurrency.prlimit --as=1073741824 --cpu=60 -- sudo cinder-rootwrap /etc/cinder/rootwrap.conf env LC_ALL=C qemu-img info -f qcow2 --output=json --force-share /opt/stack/data/cinder/mnt/43ba1ad7cf9fc38cd4256d6708dc3b2d/volume-5eca72b6-fae1-43a5-bff9-65f8790b061c" returned: 0 in 0.537s {{(pid=79189) execute /opt/stack/data/venv/lib/python3.10/site-packages/oslo_concurrency/processutils.py:396}}
Feb 13 18:22:37 devstack cinder-volume[79189]: DEBUG oslo_concurrency.processutils [None req-16e88701-0a44-4e2a-a7fd-edddd70571ff tempest-GroupSnapshotsTest-1978334670 None] Running cmd (subprocess): sudo cinder-rootwrap /etc/cinder/rootwrap.conf qemu-img create -f qcow2 -o backing_file=/opt/stack/data/cinder/mnt/43ba1ad7cf9fc38cd4256d6708dc3b2d/volume-5eca72b6-fae1-43a5-bff9-65f8790b061c,backing_fmt=qcow2 /opt/stack/data/cinder/mnt/43ba1ad7cf9fc38cd4256d6708dc3b2d/volume-5eca72b6-fae1-43a5-bff9-65f8790b061c.e39a94a0-de54-4e67-92ba-6865c1eb43d2 1G {{(pid=79189) execute /opt/stack/data/venv/lib/python3.10/site-packages/oslo_concurrency/processutils.py:368}}
Feb 13 18:22:37 devstack sudo[81083]: quobyte : PWD=/ ; USER=root ; COMMAND=/opt/stack/data/venv/bin/cinder-rootwrap /etc/cinder/rootwrap.conf qemu-img create -f qcow2 -o backing_file=/opt/stack/data/cinder/mnt/43ba1ad7cf9fc38cd4256d6708dc3b2d/volume-5eca72b6-fae1-43a5-bff9-65f8790b061c,backing_fmt=qcow2 /opt/stack/data/cinder/mnt/43ba1ad7cf9fc38cd4256d6708dc3b2d/volume-5eca72b6-fae1-43a5-bff9-65f8790b061c.e39a94a0-de54-4e67-92ba-6865c1eb43d2 1G
Feb 13 18:22:37 devstack sudo[81083]: pam_unix(sudo:session): session opened for user root(uid=0) by (uid=1000)
Feb 13 18:22:38 devstack sudo[81083]: pam_unix(sudo:session): session closed for user root
Feb 13 18:22:38 devstack cinder-volume[79189]: DEBUG oslo_concurrency.processutils [None req-16e88701-0a44-4e2a-a7fd-edddd70571ff tempest-GroupSnapshotsTest-1978334670 None] CMD "sudo cinder-rootwrap /etc/cinder/rootwrap.conf qemu-img create -f qcow2 -o backing_file=/opt/stack/data/cinder/mnt/43ba1ad7cf9fc38cd4256d6708dc3b2d/volume-5eca72b6-fae1-43a5-bff9-65f8790b061c,backing_fmt=qcow2 /opt/stack/data/cinder/mnt/43ba1ad7cf9fc38cd4256d6708dc3b2d/volume-5eca72b6-fae1-43a5-bff9-65f8790b061c.e39a94a0-de54-4e67-92ba-6865c1eb43d2 1G" returned: 0 in 0.556s {{(pid=79189) execute /opt/stack/data/venv/lib/python3.10/site-packages/oslo_concurrency/processutils.py:396}}
Feb 13 18:22:38 devstack cinder-volume[79189]: DEBUG oslo_concurrency.processutils [None req-16e88701-0a44-4e2a-a7fd-edddd70571ff tempest-GroupSnapshotsTest-1978334670 None] Running cmd (subprocess): sudo cinder-rootwrap /etc/cinder/rootwrap.conf qemu-img rebase -u -b volume-5eca72b6-fae1-43a5-bff9-65f8790b061c -F qcow2 /opt/stack/data/cinder/mnt/43ba1ad7cf9fc38cd4256d6708dc3b2d/volume-5eca72b6-fae1-43a5-bff9-65f8790b061c.e39a94a0-de54-4e67-92ba-6865c1eb43d2 {{(pid=79189) execute /opt/stack/data/venv/lib/python3.10/site-packages/oslo_concurrency/processutils.py:368}}
Feb 13 18:22:38 devstack sudo[81088]: quobyte : PWD=/ ; USER=root ; COMMAND=/opt/stack/data/venv/bin/cinder-rootwrap /etc/cinder/rootwrap.conf qemu-img rebase -u -b volume-5eca72b6-fae1-43a5-bff9-65f8790b061c -F qcow2 /opt/stack/data/cinder/mnt/43ba1ad7cf9fc38cd4256d6708dc3b2d/volume-5eca72b6-fae1-43a5-bff9-65f8790b061c.e39a94a0-de54-4e67-92ba-6865c1eb43d2
Feb 13 18:22:38 devstack sudo[81088]: pam_unix(sudo:session): session opened for user root(uid=0) by (uid=1000)
Feb 13 18:22:38 devstack sudo[81088]: pam_unix(sudo:session): session closed for user root
Feb 13 18:22:38 devstack cinder-volume[79189]: DEBUG oslo_concurrency.processutils [None req-16e88701-0a44-4e2a-a7fd-edddd70571ff tempest-GroupSnapshotsTest-1978334670 None] CMD "sudo cinder-rootwrap /etc/cinder/rootwrap.conf qemu-img rebase -u -b volume-5eca72b6-fae1-43a5-bff9-65f8790b061c -F qcow2 /opt/stack/data/cinder/mnt/43ba1ad7cf9fc38cd4256d6708dc3b2d/volume-5eca72b6-fae1-43a5-bff9-65f8790b061c.e39a94a0-de54-4e67-92ba-6865c1eb43d2" returned: 0 in 0.439s {{(pid=79189) execute /opt/stack/data/venv/lib/python3.10/site-packages/oslo_concurrency/processutils.py:396}}
Feb 13 18:22:38 devstack cinder-volume[79189]: WARNING cinder.volume.drivers.remotefs [None req-16e88701-0a44-4e2a-a7fd-edddd70571ff tempest-GroupSnapshotsTest-1978334670 None] /opt/stack/data/cinder/mnt/43ba1ad7cf9fc38cd4256d6708dc3b2d/volume-5eca72b6-fae1-43a5-bff9-65f8790b061c.e39a94a0-de54-4e67-92ba-6865c1eb43d2 is being set with open permissions: ugo+rw: NotImplementedError
Feb 13 18:22:38 devstack cinder-volume[79189]: DEBUG oslo_concurrency.processutils [None req-16e88701-0a44-4e2a-a7fd-edddd70571ff tempest-GroupSnapshotsTest-1978334670 None] Running cmd (subprocess): sudo cinder-rootwrap /etc/cinder/rootwrap.conf chmod ugo+rw /opt/stack/data/cinder/mnt/43ba1ad7cf9fc38cd4256d6708dc3b2d/volume-5eca72b6-fae1-43a5-bff9-65f8790b061c.e39a94a0-de54-4e67-92ba-6865c1eb43d2 {{(pid=79189) execute /opt/stack/data/venv/lib/python3.10/site-packages/oslo_concurrency/processutils.py:368}}
Feb 13 18:22:38 devstack sudo[81097]: quobyte : PWD=/ ; USER=root ; COMMAND=/opt/stack/data/venv/bin/cinder-rootwrap /etc/cinder/rootwrap.conf chmod ugo+rw /opt/stack/data/cinder/mnt/43ba1ad7cf9fc38cd4256d6708dc3b2d/volume-5eca72b6-fae1-43a5-bff9-65f8790b061c.e39a94a0-de54-4e67-92ba-6865c1eb43d2
Feb 13 18:22:38 devstack sudo[81097]: pam_unix(sudo:session): session opened for user root(uid=0) by (uid=1000)
Feb 13 18:22:39 devstack sudo[81097]: pam_unix(sudo:session): session closed for user root
Feb 13 18:22:39 devstack cinder-volume[79189]: DEBUG oslo_concurrency.processutils [None req-16e88701-0a44-4e2a-a7fd-edddd70571ff tempest-GroupSnapshotsTest-1978334670 None] CMD "sudo cinder-rootwrap /etc/cinder/rootwrap.conf chmod ugo+rw /opt/stack/data/cinder/mnt/43ba1ad7cf9fc38cd4256d6708dc3b2d/volume-5eca72b6-fae1-43a5-bff9-65f8790b061c.e39a94a0-de54-4e67-92ba-6865c1eb43d2" returned: 0 in 0.646s {{(pid=79189) execute /opt/stack/data/venv/lib/python3.10/site-packages/oslo_concurrency/processutils.py:396}}
Feb 13 18:22:39 devstack cinder-volume[79189]: DEBUG oslo_concurrency.processutils [None req-16e88701-0a44-4e2a-a7fd-edddd70571ff tempest-GroupSnapshotsTest-1978334670 None] Running cmd (subprocess): sudo cinder-rootwrap /etc/cinder/rootwrap.conf truncate -s0 /opt/stack/data/cinder/mnt/43ba1ad7cf9fc38cd4256d6708dc3b2d/volume-5eca72b6-fae1-43a5-bff9-65f8790b061c.info {{(pid=79189) execute /opt/stack/data/venv/lib/python3.10/site-packages/oslo_concurrency/processutils.py:368}}
Feb 13 18:22:39 devstack sudo[81109]: quobyte : PWD=/ ; USER=root ; COMMAND=/opt/stack/data/venv/bin/cinder-rootwrap /etc/cinder/rootwrap.conf truncate -s0 /opt/stack/data/cinder/mnt/43ba1ad7cf9fc38cd4256d6708dc3b2d/volume-5eca72b6-fae1-43a5-bff9-65f8790b061c.info
Feb 13 18:22:39 devstack sudo[81109]: pam_unix(sudo:session): session opened for user root(uid=0) by (uid=1000)
Feb 13 18:22:40 devstack sudo[81109]: pam_unix(sudo:session): session closed for user root
Feb 13 18:22:40 devstack cinder-volume[79189]: DEBUG oslo_concurrency.processutils [None req-16e88701-0a44-4e2a-a7fd-edddd70571ff tempest-GroupSnapshotsTest-1978334670 None] CMD "sudo cinder-rootwrap /etc/cinder/rootwrap.conf truncate -s0 /opt/stack/data/cinder/mnt/43ba1ad7cf9fc38cd4256d6708dc3b2d/volume-5eca72b6-fae1-43a5-bff9-65f8790b061c.info" returned: 0 in 0.550s {{(pid=79189) execute /opt/stack/data/venv/lib/python3.10/site-packages/oslo_concurrency/processutils.py:396}}
Feb 13 18:22:40 devstack cinder-volume[79189]: WARNING cinder.volume.drivers.remotefs [None req-16e88701-0a44-4e2a-a7fd-edddd70571ff tempest-GroupSnapshotsTest-1978334670 None] /opt/stack/data/cinder/mnt/43ba1ad7cf9fc38cd4256d6708dc3b2d/volume-5eca72b6-fae1-43a5-bff9-65f8790b061c.info is being set with open permissions: ugo+rw: NotImplementedError
Feb 13 18:22:40 devstack cinder-volume[79189]: DEBUG oslo_concurrency.processutils [None req-16e88701-0a44-4e2a-a7fd-edddd70571ff tempest-GroupSnapshotsTest-1978334670 None] Running cmd (subprocess): sudo cinder-rootwrap /etc/cinder/rootwrap.conf chmod ugo+rw /opt/stack/data/cinder/mnt/43ba1ad7cf9fc38cd4256d6708dc3b2d/volume-5eca72b6-fae1-43a5-bff9-65f8790b061c.info {{(pid=79189) execute /opt/stack/data/venv/lib/python3.10/site-packages/oslo_concurrency/processutils.py:368}}
Feb 13 18:22:40 devstack sudo[81125]: quobyte : PWD=/ ; USER=root ; COMMAND=/opt/stack/data/venv/bin/cinder-rootwrap /etc/cinder/rootwrap.conf chmod ugo+rw /opt/stack/data/cinder/mnt/43ba1ad7cf9fc38cd4256d6708dc3b2d/volume-5eca72b6-fae1-43a5-bff9-65f8790b061c.info
Feb 13 18:22:40 devstack sudo[81125]: pam_unix(sudo:session): session opened for user root(uid=0) by (uid=1000)
Feb 13 18:22:40 devstack sudo[81125]: pam_unix(sudo:session): session closed for user root
Feb 13 18:22:40 devstack cinder-volume[79189]: DEBUG oslo_concurrency.processutils [None req-16e88701-0a44-4e2a-a7fd-edddd70571ff tempest-GroupSnapshotsTest-1978334670 None] CMD "sudo cinder-rootwrap /etc/cinder/rootwrap.conf chmod ugo+rw /opt/stack/data/cinder/mnt/43ba1ad7cf9fc38cd4256d6708dc3b2d/volume-5eca72b6-fae1-43a5-bff9-65f8790b061c.info" returned: 0 in 0.506s {{(pid=79189) execute /opt/stack/data/venv/lib/python3.10/site-packages/oslo_concurrency/processutils.py:396}}
Feb 13 18:22:40 devstack cinder-volume[79189]: DEBUG oslo_concurrency.lockutils [None req-16e88701-0a44-4e2a-a7fd-edddd70571ff tempest-GroupSnapshotsTest-1978334670 None] Lock "quobyte" "released" by "cinder.volume.drivers.quobyte.QuobyteDriver.create_snapshot" :: held 3.474s {{(pid=79189) inner /opt/stack/data/venv/lib/python3.10/site-packages/oslo_concurrency/lockutils.py:538}}
Feb 13 18:22:40 devstack cinder-volume[79189]: DEBUG oslo_concurrency.lockutils [None req-e2c92067-e40d-4745-9216-954e76b6b283 tempest-GroupSnapshotsV319Test-918031542 None] Lock "quobyte" acquired by "cinder.volume.drivers.quobyte.QuobyteDriver.create_snapshot" :: waited 5.720s {{(pid=79189) inner /opt/stack/data/venv/lib/python3.10/site-packages/oslo_concurrency/lockutils.py:519}}
Feb 13 18:22:40 devstack cinder-volume[79189]: DEBUG cinder.volume.drivers.remotefs [None req-e2c92067-e40d-4745-9216-954e76b6b283 tempest-GroupSnapshotsV319Test-918031542 None] Creating offline snapshot 658d26d0-3733-4df9-b7e5-6fa8d578e6e3 of volume cd0374f2-e0c3-4080-9a31-c2e48d1f5abd {{(pid=79189) _create_snapshot /opt/stack/cinder/cinder/volume/drivers/remotefs.py:1817}}
Feb 13 18:22:40 devstack cinder-volume[79189]: DEBUG oslo.privsep.daemon [-] privsep: reply[d74d1a5a-d6d9-4fa0-802e-f4be7045ee5c]: (4, 'qcow2') {{(pid=80006) _call_back /opt/stack/data/venv/lib/python3.10/site-packages/oslo_privsep/daemon.py:515}}
Feb 13 18:22:40 devstack cinder-volume[79189]: DEBUG oslo_concurrency.processutils [None req-e2c92067-e40d-4745-9216-954e76b6b283 tempest-GroupSnapshotsV319Test-918031542 None] Running cmd (subprocess): /opt/stack/data/venv/bin/python3.10 -m oslo_concurrency.prlimit --as=1073741824 --cpu=60 -- sudo cinder-rootwrap /etc/cinder/rootwrap.conf env LC_ALL=C qemu-img info -f qcow2 --output=json --force-share /opt/stack/data/cinder/mnt/43ba1ad7cf9fc38cd4256d6708dc3b2d/volume-cd0374f2-e0c3-4080-9a31-c2e48d1f5abd {{(pid=79189) execute /opt/stack/data/venv/lib/python3.10/site-packages/oslo_concurrency/processutils.py:368}}
Feb 13 18:22:40 devstack sudo[81140]: quobyte : PWD=/ ; USER=root ; COMMAND=/opt/stack/data/venv/bin/cinder-rootwrap /etc/cinder/rootwrap.conf env LC_ALL=C qemu-img info -f qcow2 --output=json --force-share /opt/stack/data/cinder/mnt/43ba1ad7cf9fc38cd4256d6708dc3b2d/volume-cd0374f2-e0c3-4080-9a31-c2e48d1f5abd
Feb 13 18:22:40 devstack sudo[81140]: pam_unix(sudo:session): session opened for user root(uid=0) by (uid=1000)
Feb 13 18:22:40 devstack cinder-volume[79189]: INFO cinder.volume.manager [None req-16e88701-0a44-4e2a-a7fd-edddd70571ff tempest-GroupSnapshotsTest-1978334670 None] group_snapshot a84d6b06-f2f1-4207-bf78-7d25530e2a6b: created successfully
Feb 13 18:22:41 devstack sudo[81140]: pam_unix(sudo:session): session closed for user root
Feb 13 18:22:41 devstack cinder-volume[79189]: DEBUG oslo_concurrency.processutils [None req-e2c92067-e40d-4745-9216-954e76b6b283 tempest-GroupSnapshotsV319Test-918031542 None] CMD "/opt/stack/data/venv/bin/python3.10 -m oslo_concurrency.prlimit --as=1073741824 --cpu=60 -- sudo cinder-rootwrap /etc/cinder/rootwrap.conf env LC_ALL=C qemu-img info -f qcow2 --output=json --force-share /opt/stack/data/cinder/mnt/43ba1ad7cf9fc38cd4256d6708dc3b2d/volume-cd0374f2-e0c3-4080-9a31-c2e48d1f5abd" returned: 0 in 0.496s {{(pid=79189) execute /opt/stack/data/venv/lib/python3.10/site-packages/oslo_concurrency/processutils.py:396}}
Feb 13 18:22:41 devstack cinder-volume[79189]: DEBUG oslo_concurrency.processutils [None req-e2c92067-e40d-4745-9216-954e76b6b283 tempest-GroupSnapshotsV319Test-918031542 None] Running cmd (subprocess): sudo cinder-rootwrap /etc/cinder/rootwrap.conf qemu-img create -f qcow2 -o backing_file=/opt/stack/data/cinder/mnt/43ba1ad7cf9fc38cd4256d6708dc3b2d/volume-cd0374f2-e0c3-4080-9a31-c2e48d1f5abd,backing_fmt=qcow2 /opt/stack/data/cinder/mnt/43ba1ad7cf9fc38cd4256d6708dc3b2d/volume-cd0374f2-e0c3-4080-9a31-c2e48d1f5abd.658d26d0-3733-4df9-b7e5-6fa8d578e6e3 1G {{(pid=79189) execute /opt/stack/data/venv/lib/python3.10/site-packages/oslo_concurrency/processutils.py:368}}
Feb 13 18:22:41 devstack sudo[81145]: quobyte : PWD=/ ; USER=root ; COMMAND=/opt/stack/data/venv/bin/cinder-rootwrap /etc/cinder/rootwrap.conf qemu-img create -f qcow2 -o backing_file=/opt/stack/data/cinder/mnt/43ba1ad7cf9fc38cd4256d6708dc3b2d/volume-cd0374f2-e0c3-4080-9a31-c2e48d1f5abd,backing_fmt=qcow2 /opt/stack/data/cinder/mnt/43ba1ad7cf9fc38cd4256d6708dc3b2d/volume-cd0374f2-e0c3-4080-9a31-c2e48d1f5abd.658d26d0-3733-4df9-b7e5-6fa8d578e6e3 1G
Feb 13 18:22:41 devstack sudo[81145]: pam_unix(sudo:session): session opened for user root(uid=0) by (uid=1000)
Feb 13 18:22:41 devstack sudo[81145]: pam_unix(sudo:session): session closed for user root
Feb 13 18:22:41 devstack cinder-volume[79189]: DEBUG oslo_concurrency.processutils [None req-e2c92067-e40d-4745-9216-954e76b6b283 tempest-GroupSnapshotsV319Test-918031542 None] CMD "sudo cinder-rootwrap /etc/cinder/rootwrap.conf qemu-img create -f qcow2 -o backing_file=/opt/stack/data/cinder/mnt/43ba1ad7cf9fc38cd4256d6708dc3b2d/volume-cd0374f2-e0c3-4080-9a31-c2e48d1f5abd,backing_fmt=qcow2 /opt/stack/data/cinder/mnt/43ba1ad7cf9fc38cd4256d6708dc3b2d/volume-cd0374f2-e0c3-4080-9a31-c2e48d1f5abd.658d26d0-3733-4df9-b7e5-6fa8d578e6e3 1G" returned: 0 in 0.518s {{(pid=79189) execute /opt/stack/data/venv/lib/python3.10/site-packages/oslo_concurrency/processutils.py:396}}
Feb 13 18:22:41 devstack cinder-volume[79189]: DEBUG oslo_concurrency.processutils [None req-e2c92067-e40d-4745-9216-954e76b6b283 tempest-GroupSnapshotsV319Test-918031542 None] Running cmd (subprocess): sudo cinder-rootwrap /etc/cinder/rootwrap.conf qemu-img rebase -u -b volume-cd0374f2-e0c3-4080-9a31-c2e48d1f5abd -F qcow2 /opt/stack/data/cinder/mnt/43ba1ad7cf9fc38cd4256d6708dc3b2d/volume-cd0374f2-e0c3-4080-9a31-c2e48d1f5abd.658d26d0-3733-4df9-b7e5-6fa8d578e6e3 {{(pid=79189) execute /opt/stack/data/venv/lib/python3.10/site-packages/oslo_concurrency/processutils.py:368}}
Feb 13 18:22:41 devstack sudo[81156]: quobyte : PWD=/ ; USER=root ; COMMAND=/opt/stack/data/venv/bin/cinder-rootwrap /etc/cinder/rootwrap.conf qemu-img rebase -u -b volume-cd0374f2-e0c3-4080-9a31-c2e48d1f5abd -F qcow2 /opt/stack/data/cinder/mnt/43ba1ad7cf9fc38cd4256d6708dc3b2d/volume-cd0374f2-e0c3-4080-9a31-c2e48d1f5abd.658d26d0-3733-4df9-b7e5-6fa8d578e6e3
Feb 13 18:22:41 devstack sudo[81156]: pam_unix(sudo:session): session opened for user root(uid=0) by (uid=1000)
Feb 13 18:22:41 devstack cinder-volume[79189]: INFO cinder.volume.manager [None req-f01552eb-e91b-4d5d-b2d8-c2b4a658481a tempest-GroupSnapshotsTest-1978334670 None] group_snapshot a84d6b06-f2f1-4207-bf78-7d25530e2a6b: deleting
Feb 13 18:22:41 devstack cinder-volume[79189]: WARNING cinder.volume.volume_utils [None req-f01552eb-e91b-4d5d-b2d8-c2b4a658481a tempest-GroupSnapshotsTest-1978334670 None] Volume driver (QuobyteDriver 1.1.14) is currently unsupported and may be removed in the next release of OpenStack. Use at your own risk.
Feb 13 18:22:41 devstack cinder-volume[79189]: DEBUG cinder.volume.manager [None req-f01552eb-e91b-4d5d-b2d8-c2b4a658481a tempest-GroupSnapshotsTest-1978334670 None] group_snapshot a84d6b06-f2f1-4207-bf78-7d25530e2a6b: deleting {{(pid=79189) delete_group_snapshot /opt/stack/cinder/cinder/volume/manager.py:4350}}
Feb 13 18:22:41 devstack cinder-volume[79189]: DEBUG cinder.coordination [None req-f01552eb-e91b-4d5d-b2d8-c2b4a658481a tempest-GroupSnapshotsTest-1978334670 None] Acquiring lock "cinder-quobyte-d42253ca-2abf-4977-8c03-124c5a46b9b5" by "delete_snapshot" {{(pid=79189) __acquire /opt/stack/cinder/cinder/coordination.py:143}}
Feb 13 18:22:41 devstack cinder-volume[79189]: DEBUG cinder.coordination [None req-f01552eb-e91b-4d5d-b2d8-c2b4a658481a tempest-GroupSnapshotsTest-1978334670 None] Lock "cinder-quobyte-d42253ca-2abf-4977-8c03-124c5a46b9b5" acquired by "delete_snapshot" :: waited 0.015s {{(pid=79189) __acquire /opt/stack/cinder/cinder/coordination.py:146}}
Feb 13 18:22:41 devstack cinder-volume[79189]: DEBUG cinder.coordination [None req-f01552eb-e91b-4d5d-b2d8-c2b4a658481a tempest-GroupSnapshotsTest-1978334670 None] Acquiring lock "cinder-quobyte-d6f5b428-60f0-447d-b6f6-451247e7368d" by "_delete_snapshot" {{(pid=79189) __acquire /opt/stack/cinder/cinder/coordination.py:143}}
Feb 13 18:22:41 devstack cinder-volume[79189]: DEBUG cinder.coordination [None req-f01552eb-e91b-4d5d-b2d8-c2b4a658481a tempest-GroupSnapshotsTest-1978334670 None] Lock "cinder-quobyte-d6f5b428-60f0-447d-b6f6-451247e7368d" acquired by "_delete_snapshot" :: waited 0.009s {{(pid=79189) __acquire /opt/stack/cinder/cinder/coordination.py:146}}
Feb 13 18:22:41 devstack cinder-volume[79189]: DEBUG cinder.volume.drivers.remotefs [None req-f01552eb-e91b-4d5d-b2d8-c2b4a658481a tempest-GroupSnapshotsTest-1978334670 None] Deleting offline snapshot d6f5b428-60f0-447d-b6f6-451247e7368d of volume d42253ca-2abf-4977-8c03-124c5a46b9b5 {{(pid=79189) _delete_snapshot /opt/stack/cinder/cinder/volume/drivers/remotefs.py:1290}}
Feb 13 18:22:41 devstack cinder-volume[79189]: DEBUG cinder.volume.drivers.remotefs [None req-f01552eb-e91b-4d5d-b2d8-c2b4a658481a tempest-GroupSnapshotsTest-1978334670 None] snapshot_file for this snap is: volume-d42253ca-2abf-4977-8c03-124c5a46b9b5.d6f5b428-60f0-447d-b6f6-451247e7368d {{(pid=79189) _delete_snapshot /opt/stack/cinder/cinder/volume/drivers/remotefs.py:1319}}
Feb 13 18:22:41 devstack cinder-volume[79189]: DEBUG oslo.privsep.daemon [-] privsep: reply[056e7f6b-8035-4069-bdda-4883275ea1de]: (4, 'qcow2') {{(pid=80006) _call_back /opt/stack/data/venv/lib/python3.10/site-packages/oslo_privsep/daemon.py:515}}
Feb 13 18:22:41 devstack cinder-volume[79189]: DEBUG oslo_concurrency.processutils [None req-f01552eb-e91b-4d5d-b2d8-c2b4a658481a tempest-GroupSnapshotsTest-1978334670 None] Running cmd (subprocess): /opt/stack/data/venv/bin/python3.10 -m oslo_concurrency.prlimit --as=1073741824 --cpu=60 -- sudo cinder-rootwrap /etc/cinder/rootwrap.conf env LC_ALL=C qemu-img info -f qcow2 --output=json --force-share /opt/stack/data/cinder/mnt/43ba1ad7cf9fc38cd4256d6708dc3b2d/volume-d42253ca-2abf-4977-8c03-124c5a46b9b5.d6f5b428-60f0-447d-b6f6-451247e7368d {{(pid=79189) execute /opt/stack/data/venv/lib/python3.10/site-packages/oslo_concurrency/processutils.py:368}}
Feb 13 18:22:42 devstack sudo[81159]: quobyte : PWD=/ ; USER=root ; COMMAND=/opt/stack/data/venv/bin/cinder-rootwrap /etc/cinder/rootwrap.conf env LC_ALL=C qemu-img info -f qcow2 --output=json --force-share /opt/stack/data/cinder/mnt/43ba1ad7cf9fc38cd4256d6708dc3b2d/volume-d42253ca-2abf-4977-8c03-124c5a46b9b5.d6f5b428-60f0-447d-b6f6-451247e7368d
Feb 13 18:22:42 devstack sudo[81159]: pam_unix(sudo:session): session opened for user root(uid=0) by (uid=1000)
Feb 13 18:22:42 devstack sudo[81156]: pam_unix(sudo:session): session closed for user root
Feb 13 18:22:42 devstack cinder-volume[79189]: DEBUG oslo_concurrency.processutils [None req-e2c92067-e40d-4745-9216-954e76b6b283 tempest-GroupSnapshotsV319Test-918031542 None] CMD "sudo cinder-rootwrap /etc/cinder/rootwrap.conf qemu-img rebase -u -b volume-cd0374f2-e0c3-4080-9a31-c2e48d1f5abd -F qcow2 /opt/stack/data/cinder/mnt/43ba1ad7cf9fc38cd4256d6708dc3b2d/volume-cd0374f2-e0c3-4080-9a31-c2e48d1f5abd.658d26d0-3733-4df9-b7e5-6fa8d578e6e3" returned: 0 in 0.478s {{(pid=79189) execute /opt/stack/data/venv/lib/python3.10/site-packages/oslo_concurrency/processutils.py:396}}
Feb 13 18:22:42 devstack cinder-volume[79189]: WARNING cinder.volume.drivers.remotefs [None req-e2c92067-e40d-4745-9216-954e76b6b283 tempest-GroupSnapshotsV319Test-918031542 None] /opt/stack/data/cinder/mnt/43ba1ad7cf9fc38cd4256d6708dc3b2d/volume-cd0374f2-e0c3-4080-9a31-c2e48d1f5abd.658d26d0-3733-4df9-b7e5-6fa8d578e6e3 is being set with open permissions: ugo+rw: NotImplementedError
Feb 13 18:22:42 devstack cinder-volume[79189]: DEBUG oslo_concurrency.processutils [None req-e2c92067-e40d-4745-9216-954e76b6b283 tempest-GroupSnapshotsV319Test-918031542 None] Running cmd (subprocess): sudo cinder-rootwrap /etc/cinder/rootwrap.conf chmod ugo+rw /opt/stack/data/cinder/mnt/43ba1ad7cf9fc38cd4256d6708dc3b2d/volume-cd0374f2-e0c3-4080-9a31-c2e48d1f5abd.658d26d0-3733-4df9-b7e5-6fa8d578e6e3 {{(pid=79189) execute /opt/stack/data/venv/lib/python3.10/site-packages/oslo_concurrency/processutils.py:368}}
Feb 13 18:22:42 devstack sudo[81164]: quobyte : PWD=/ ; USER=root ; COMMAND=/opt/stack/data/venv/bin/cinder-rootwrap /etc/cinder/rootwrap.conf chmod ugo+rw /opt/stack/data/cinder/mnt/43ba1ad7cf9fc38cd4256d6708dc3b2d/volume-cd0374f2-e0c3-4080-9a31-c2e48d1f5abd.658d26d0-3733-4df9-b7e5-6fa8d578e6e3
Feb 13 18:22:42 devstack sudo[81164]: pam_unix(sudo:session): session opened for user root(uid=0) by (uid=1000)
Feb 13 18:22:42 devstack sudo[81159]: pam_unix(sudo:session): session closed for user root
Feb 13 18:22:42 devstack cinder-volume[79189]: DEBUG oslo_concurrency.processutils [None req-f01552eb-e91b-4d5d-b2d8-c2b4a658481a tempest-GroupSnapshotsTest-1978334670 None] CMD "/opt/stack/data/venv/bin/python3.10 -m oslo_concurrency.prlimit --as=1073741824 --cpu=60 -- sudo cinder-rootwrap /etc/cinder/rootwrap.conf env LC_ALL=C qemu-img info -f qcow2 --output=json --force-share /opt/stack/data/cinder/mnt/43ba1ad7cf9fc38cd4256d6708dc3b2d/volume-d42253ca-2abf-4977-8c03-124c5a46b9b5.d6f5b428-60f0-447d-b6f6-451247e7368d" returned: 0 in 0.554s {{(pid=79189) execute /opt/stack/data/venv/lib/python3.10/site-packages/oslo_concurrency/processutils.py:396}}
Feb 13 18:22:42 devstack cinder-volume[79189]: DEBUG cinder.volume.drivers.remotefs [None req-f01552eb-e91b-4d5d-b2d8-c2b4a658481a tempest-GroupSnapshotsTest-1978334670 None] Fetching qemu-img info with special backing_file_template: (/opt/stack/data/cinder/mnt/[0-9a-f]+/)?(volume-d42253ca-2abf-4977-8c03-124c5a46b9b5(.(tmp-snap-)?[0-9a-f-]+)?|volume_from_snapshot_cache/(tmp-snap-)?[0-9a-f-]+(.(child-|parent-)[0-9a-f-]+)?)$ {{(pid=79189) _qemu_img_info_base /opt/stack/cinder/cinder/volume/drivers/remotefs.py:898}}
Feb 13 18:22:42 devstack cinder-volume[79189]: DEBUG oslo.privsep.daemon [-] privsep: reply[51f81d48-27cf-4794-a938-58e780da4445]: (4, 'qcow2') {{(pid=80006) _call_back /opt/stack/data/venv/lib/python3.10/site-packages/oslo_privsep/daemon.py:515}}
Feb 13 18:22:42 devstack cinder-volume[79189]: DEBUG oslo_concurrency.processutils [None req-f01552eb-e91b-4d5d-b2d8-c2b4a658481a tempest-GroupSnapshotsTest-1978334670 None] Running cmd (subprocess): /opt/stack/data/venv/bin/python3.10 -m oslo_concurrency.prlimit --as=1073741824 --cpu=60 -- sudo cinder-rootwrap /etc/cinder/rootwrap.conf env LC_ALL=C qemu-img info -f qcow2 --output=json --force-share /opt/stack/data/cinder/mnt/43ba1ad7cf9fc38cd4256d6708dc3b2d/volume-d42253ca-2abf-4977-8c03-124c5a46b9b5 {{(pid=79189) execute /opt/stack/data/venv/lib/python3.10/site-packages/oslo_concurrency/processutils.py:368}}
Feb 13 18:22:42 devstack sudo[81169]: quobyte : PWD=/ ; USER=root ; COMMAND=/opt/stack/data/venv/bin/cinder-rootwrap /etc/cinder/rootwrap.conf env LC_ALL=C qemu-img info -f qcow2 --output=json --force-share /opt/stack/data/cinder/mnt/43ba1ad7cf9fc38cd4256d6708dc3b2d/volume-d42253ca-2abf-4977-8c03-124c5a46b9b5
Feb 13 18:22:42 devstack sudo[81169]: pam_unix(sudo:session): session opened for user root(uid=0) by (uid=1000)
Feb 13 18:22:42 devstack sudo[81164]: pam_unix(sudo:session): session closed for user root
Feb 13 18:22:42 devstack cinder-volume[79189]: DEBUG oslo_concurrency.processutils [None req-e2c92067-e40d-4745-9216-954e76b6b283 tempest-GroupSnapshotsV319Test-918031542 None] CMD "sudo cinder-rootwrap /etc/cinder/rootwrap.conf chmod ugo+rw /opt/stack/data/cinder/mnt/43ba1ad7cf9fc38cd4256d6708dc3b2d/volume-cd0374f2-e0c3-4080-9a31-c2e48d1f5abd.658d26d0-3733-4df9-b7e5-6fa8d578e6e3" returned: 0 in 0.451s {{(pid=79189) execute /opt/stack/data/venv/lib/python3.10/site-packages/oslo_concurrency/processutils.py:396}}
Feb 13 18:22:42 devstack cinder-volume[79189]: DEBUG oslo_concurrency.processutils [None req-e2c92067-e40d-4745-9216-954e76b6b283 tempest-GroupSnapshotsV319Test-918031542 None] Running cmd (subprocess): sudo cinder-rootwrap /etc/cinder/rootwrap.conf truncate -s0 /opt/stack/data/cinder/mnt/43ba1ad7cf9fc38cd4256d6708dc3b2d/volume-cd0374f2-e0c3-4080-9a31-c2e48d1f5abd.info {{(pid=79189) execute /opt/stack/data/venv/lib/python3.10/site-packages/oslo_concurrency/processutils.py:368}}
Feb 13 18:22:42 devstack sudo[81172]: quobyte : PWD=/ ; USER=root ; COMMAND=/opt/stack/data/venv/bin/cinder-rootwrap /etc/cinder/rootwrap.conf truncate -s0 /opt/stack/data/cinder/mnt/43ba1ad7cf9fc38cd4256d6708dc3b2d/volume-cd0374f2-e0c3-4080-9a31-c2e48d1f5abd.info
Feb 13 18:22:42 devstack sudo[81172]: pam_unix(sudo:session): session opened for user root(uid=0) by (uid=1000)
Feb 13 18:22:43 devstack sudo[81169]: pam_unix(sudo:session): session closed for user root
Feb 13 18:22:43 devstack cinder-volume[79189]: DEBUG oslo_concurrency.processutils [None req-f01552eb-e91b-4d5d-b2d8-c2b4a658481a tempest-GroupSnapshotsTest-1978334670 None] CMD "/opt/stack/data/venv/bin/python3.10 -m oslo_concurrency.prlimit --as=1073741824 --cpu=60 -- sudo cinder-rootwrap /etc/cinder/rootwrap.conf env LC_ALL=C qemu-img info -f qcow2 --output=json --force-share /opt/stack/data/cinder/mnt/43ba1ad7cf9fc38cd4256d6708dc3b2d/volume-d42253ca-2abf-4977-8c03-124c5a46b9b5" returned: 0 in 0.557s {{(pid=79189) execute /opt/stack/data/venv/lib/python3.10/site-packages/oslo_concurrency/processutils.py:396}}
Feb 13 18:22:43 devstack cinder-volume[79189]: DEBUG oslo_concurrency.processutils [None req-f01552eb-e91b-4d5d-b2d8-c2b4a658481a tempest-GroupSnapshotsTest-1978334670 None] Running cmd (subprocess): sudo cinder-rootwrap /etc/cinder/rootwrap.conf qemu-img commit -d /opt/stack/data/cinder/mnt/43ba1ad7cf9fc38cd4256d6708dc3b2d/volume-d42253ca-2abf-4977-8c03-124c5a46b9b5.d6f5b428-60f0-447d-b6f6-451247e7368d {{(pid=79189) execute /opt/stack/data/venv/lib/python3.10/site-packages/oslo_concurrency/processutils.py:368}}
Feb 13 18:22:43 devstack sudo[81177]: quobyte : PWD=/ ; USER=root ; COMMAND=/opt/stack/data/venv/bin/cinder-rootwrap /etc/cinder/rootwrap.conf qemu-img commit -d /opt/stack/data/cinder/mnt/43ba1ad7cf9fc38cd4256d6708dc3b2d/volume-d42253ca-2abf-4977-8c03-124c5a46b9b5.d6f5b428-60f0-447d-b6f6-451247e7368d
Feb 13 18:22:43 devstack sudo[81177]: pam_unix(sudo:session): session opened for user root(uid=0) by (uid=1000)
Feb 13 18:22:43 devstack sudo[81172]: pam_unix(sudo:session): session closed for user root
Feb 13 18:22:43 devstack cinder-volume[79189]: DEBUG oslo_concurrency.processutils [None req-e2c92067-e40d-4745-9216-954e76b6b283 tempest-GroupSnapshotsV319Test-918031542 None] CMD "sudo cinder-rootwrap /etc/cinder/rootwrap.conf truncate -s0 /opt/stack/data/cinder/mnt/43ba1ad7cf9fc38cd4256d6708dc3b2d/volume-cd0374f2-e0c3-4080-9a31-c2e48d1f5abd.info" returned: 0 in 0.487s {{(pid=79189) execute /opt/stack/data/venv/lib/python3.10/site-packages/oslo_concurrency/processutils.py:396}}
Feb 13 18:22:43 devstack cinder-volume[79189]: WARNING cinder.volume.drivers.remotefs [None req-e2c92067-e40d-4745-9216-954e76b6b283 tempest-GroupSnapshotsV319Test-918031542 None] /opt/stack/data/cinder/mnt/43ba1ad7cf9fc38cd4256d6708dc3b2d/volume-cd0374f2-e0c3-4080-9a31-c2e48d1f5abd.info is being set with open permissions: ugo+rw: NotImplementedError
Feb 13 18:22:43 devstack cinder-volume[79189]: DEBUG oslo_concurrency.processutils [None req-e2c92067-e40d-4745-9216-954e76b6b283 tempest-GroupSnapshotsV319Test-918031542 None] Running cmd (subprocess): sudo cinder-rootwrap /etc/cinder/rootwrap.conf chmod ugo+rw /opt/stack/data/cinder/mnt/43ba1ad7cf9fc38cd4256d6708dc3b2d/volume-cd0374f2-e0c3-4080-9a31-c2e48d1f5abd.info {{(pid=79189) execute /opt/stack/data/venv/lib/python3.10/site-packages/oslo_concurrency/processutils.py:368}}
Feb 13 18:22:43 devstack sudo[81180]: quobyte : PWD=/ ; USER=root ; COMMAND=/opt/stack/data/venv/bin/cinder-rootwrap /etc/cinder/rootwrap.conf chmod ugo+rw /opt/stack/data/cinder/mnt/43ba1ad7cf9fc38cd4256d6708dc3b2d/volume-cd0374f2-e0c3-4080-9a31-c2e48d1f5abd.info
Feb 13 18:22:43 devstack sudo[81180]: pam_unix(sudo:session): session opened for user root(uid=0) by (uid=1000)
Feb 13 18:22:43 devstack sudo[81180]: pam_unix(sudo:session): session closed for user root
Feb 13 18:22:43 devstack sudo[81177]: pam_unix(sudo:session): session closed for user root
