Jul 05 05:13:25 devstack cinder-volume[86688]: DEBUG cinder.volume.manager [req-0f51ff07-8de6-4d4c-b94c-ae8b69dd628e req-1485b597-e41a-414d-bcbc-dd5ebd19a5f4 tempest-AttachVolumeNegativeTest-1383062054 None] Connection info returned from driver {'export': 'osci02.corp.quobyte.com/cinder-vol-7e881f6e-59d3-4686-8cc6-1ec677f7be64', 'name': 'volume-01b2103f-01c7-4413-a6f8-d905d61c0380', 'options': None, 'format': 'qcow2', 'qos_specs': None, 'access_mode': 'rw', 'encrypted': False, 'cacheable': False, 'driver_volume_type': 'quobyte', 'mount_point_base': '/opt/stack/data/cinder/mnt', 'attachment_id': 'f96f1bfc-a0a4-4f02-badf-73fa46a0b644', 'enforce_multipath': True} {{(pid=86688) _connection_create /opt/stack/cinder/cinder/volume/manager.py:4924}}
Jul 05 05:13:25 devstack cinder-volume[86688]: DEBUG oslo.privsep.daemon [-] privsep: reply[43d174ce-9e88-4fca-9d3c-53d64d3b94a0]: (4, 'qcow2') {{(pid=87812) _call_back /opt/stack/data/venv/lib/python3.12/site-packages/oslo_privsep/daemon.py:580}}
Jul 05 05:13:25 devstack cinder-volume[86688]: DEBUG oslo_concurrency.processutils [None req-4d375789-ef00-4320-93fd-4828b2bf08c5 tempest-GroupsV314Test-1186870175 None] Running cmd (subprocess): /opt/stack/data/venv/bin/python3.12 -m oslo_concurrency.prlimit --as=1073741824 --cpu=60 -- sudo cinder-rootwrap /etc/cinder/rootwrap.conf env LC_ALL=C qemu-img info -f qcow2 --output=json --force-share /opt/stack/data/cinder/mnt/361b023276b198f9e01d26bce3e6863f/volume-4dbdbed3-bc2a-47fd-8e19-31fc4547c2a1 {{(pid=86688) execute /opt/stack/data/venv/lib/python3.12/site-packages/oslo_concurrency/processutils.py:440}}
Jul 05 05:13:25 devstack cinder-volume[86688]: INFO cinder.volume.manager [req-0f51ff07-8de6-4d4c-b94c-ae8b69dd628e req-1485b597-e41a-414d-bcbc-dd5ebd19a5f4 tempest-AttachVolumeNegativeTest-1383062054 None] attachment_update completed successfully.
Jul 05 05:13:25 devstack sudo[91506]: quobyte : PWD=/ ; USER=root ; COMMAND=/opt/stack/data/venv/bin/cinder-rootwrap /etc/cinder/rootwrap.conf env LC_ALL=C qemu-img info -f qcow2 --output=json --force-share /opt/stack/data/cinder/mnt/361b023276b198f9e01d26bce3e6863f/volume-4dbdbed3-bc2a-47fd-8e19-31fc4547c2a1
Jul 05 05:13:25 devstack sudo[91506]: pam_unix(sudo:session): session opened for user root(uid=0) by (uid=1000)
Jul 05 05:13:26 devstack sudo[91506]: pam_unix(sudo:session): session closed for user root
Jul 05 05:13:26 devstack cinder-volume[86688]: DEBUG oslo_concurrency.processutils [None req-4d375789-ef00-4320-93fd-4828b2bf08c5 tempest-GroupsV314Test-1186870175 None] CMD "/opt/stack/data/venv/bin/python3.12 -m oslo_concurrency.prlimit --as=1073741824 --cpu=60 -- sudo cinder-rootwrap /etc/cinder/rootwrap.conf env LC_ALL=C qemu-img info -f qcow2 --output=json --force-share /opt/stack/data/cinder/mnt/361b023276b198f9e01d26bce3e6863f/volume-4dbdbed3-bc2a-47fd-8e19-31fc4547c2a1" returned: 0 in 0.996s {{(pid=86688) execute /opt/stack/data/venv/lib/python3.12/site-packages/oslo_concurrency/processutils.py:468}}
Jul 05 05:13:26 devstack cinder-volume[86688]: DEBUG oslo_concurrency.processutils [None req-4d375789-ef00-4320-93fd-4828b2bf08c5 tempest-GroupsV314Test-1186870175 None] Running cmd (subprocess): sudo cinder-rootwrap /etc/cinder/rootwrap.conf qemu-img create -f qcow2 -o backing_file=/opt/stack/data/cinder/mnt/361b023276b198f9e01d26bce3e6863f/volume-4dbdbed3-bc2a-47fd-8e19-31fc4547c2a1,backing_fmt=qcow2 /opt/stack/data/cinder/mnt/361b023276b198f9e01d26bce3e6863f/volume-4dbdbed3-bc2a-47fd-8e19-31fc4547c2a1.b6de56dc-9af8-4cee-b537-171d31d22dc3 1G {{(pid=86688) execute /opt/stack/data/venv/lib/python3.12/site-packages/oslo_concurrency/processutils.py:440}}
Jul 05 05:13:26 devstack sudo[91599]: quobyte : PWD=/ ; USER=root ; COMMAND=/opt/stack/data/venv/bin/cinder-rootwrap /etc/cinder/rootwrap.conf qemu-img create -f qcow2 -o backing_file=/opt/stack/data/cinder/mnt/361b023276b198f9e01d26bce3e6863f/volume-4dbdbed3-bc2a-47fd-8e19-31fc4547c2a1,backing_fmt=qcow2 /opt/stack/data/cinder/mnt/361b023276b198f9e01d26bce3e6863f/volume-4dbdbed3-bc2a-47fd-8e19-31fc4547c2a1.b6de56dc-9af8-4cee-b537-171d31d22dc3 1G
Jul 05 05:13:26 devstack sudo[91599]: pam_unix(sudo:session): session opened for user root(uid=0) by (uid=1000)
Jul 05 05:13:27 devstack sudo[91599]: pam_unix(sudo:session): session closed for user root
Jul 05 05:13:27 devstack cinder-volume[86688]: DEBUG oslo_concurrency.processutils [None req-4d375789-ef00-4320-93fd-4828b2bf08c5 tempest-GroupsV314Test-1186870175 None] CMD "sudo cinder-rootwrap /etc/cinder/rootwrap.conf qemu-img create -f qcow2 -o backing_file=/opt/stack/data/cinder/mnt/361b023276b198f9e01d26bce3e6863f/volume-4dbdbed3-bc2a-47fd-8e19-31fc4547c2a1,backing_fmt=qcow2 /opt/stack/data/cinder/mnt/361b023276b198f9e01d26bce3e6863f/volume-4dbdbed3-bc2a-47fd-8e19-31fc4547c2a1.b6de56dc-9af8-4cee-b537-171d31d22dc3 1G" returned: 0 in 0.950s {{(pid=86688) execute /opt/stack/data/venv/lib/python3.12/site-packages/oslo_concurrency/processutils.py:468}}
Jul 05 05:13:27 devstack cinder-volume[86688]: DEBUG oslo_concurrency.processutils [None req-4d375789-ef00-4320-93fd-4828b2bf08c5 tempest-GroupsV314Test-1186870175 None] Running cmd (subprocess): sudo cinder-rootwrap /etc/cinder/rootwrap.conf qemu-img rebase -u -b volume-4dbdbed3-bc2a-47fd-8e19-31fc4547c2a1 -F qcow2 /opt/stack/data/cinder/mnt/361b023276b198f9e01d26bce3e6863f/volume-4dbdbed3-bc2a-47fd-8e19-31fc4547c2a1.b6de56dc-9af8-4cee-b537-171d31d22dc3 {{(pid=86688) execute /opt/stack/data/venv/lib/python3.12/site-packages/oslo_concurrency/processutils.py:440}}
Jul 05 05:13:27 devstack sudo[91925]: quobyte : PWD=/ ; USER=root ; COMMAND=/opt/stack/data/venv/bin/cinder-rootwrap /etc/cinder/rootwrap.conf qemu-img rebase -u -b volume-4dbdbed3-bc2a-47fd-8e19-31fc4547c2a1 -F qcow2 /opt/stack/data/cinder/mnt/361b023276b198f9e01d26bce3e6863f/volume-4dbdbed3-bc2a-47fd-8e19-31fc4547c2a1.b6de56dc-9af8-4cee-b537-171d31d22dc3
Jul 05 05:13:27 devstack sudo[91925]: pam_unix(sudo:session): session opened for user root(uid=0) by (uid=1000)
Jul 05 05:13:28 devstack sudo[91925]: pam_unix(sudo:session): session closed for user root
Jul 05 05:13:28 devstack cinder-volume[86688]: DEBUG oslo_concurrency.processutils [None req-4d375789-ef00-4320-93fd-4828b2bf08c5 tempest-GroupsV314Test-1186870175 None] CMD "sudo cinder-rootwrap /etc/cinder/rootwrap.conf qemu-img rebase -u -b volume-4dbdbed3-bc2a-47fd-8e19-31fc4547c2a1 -F qcow2 /opt/stack/data/cinder/mnt/361b023276b198f9e01d26bce3e6863f/volume-4dbdbed3-bc2a-47fd-8e19-31fc4547c2a1.b6de56dc-9af8-4cee-b537-171d31d22dc3" returned: 0 in 0.775s {{(pid=86688) execute /opt/stack/data/venv/lib/python3.12/site-packages/oslo_concurrency/processutils.py:468}}
Jul 05 05:13:28 devstack cinder-volume[86688]: WARNING cinder.volume.drivers.remotefs [None req-4d375789-ef00-4320-93fd-4828b2bf08c5 tempest-GroupsV314Test-1186870175 None] /opt/stack/data/cinder/mnt/361b023276b198f9e01d26bce3e6863f/volume-4dbdbed3-bc2a-47fd-8e19-31fc4547c2a1.b6de56dc-9af8-4cee-b537-171d31d22dc3 is being set with open permissions: ugo+rw: NotImplementedError
Jul 05 05:13:28 devstack cinder-volume[86688]: DEBUG oslo_concurrency.processutils [None req-4d375789-ef00-4320-93fd-4828b2bf08c5 tempest-GroupsV314Test-1186870175 None] Running cmd (subprocess): sudo cinder-rootwrap /etc/cinder/rootwrap.conf chmod ugo+rw /opt/stack/data/cinder/mnt/361b023276b198f9e01d26bce3e6863f/volume-4dbdbed3-bc2a-47fd-8e19-31fc4547c2a1.b6de56dc-9af8-4cee-b537-171d31d22dc3 {{(pid=86688) execute /opt/stack/data/venv/lib/python3.12/site-packages/oslo_concurrency/processutils.py:440}}
Jul 05 05:13:28 devstack sudo[91933]: quobyte : PWD=/ ; USER=root ; COMMAND=/opt/stack/data/venv/bin/cinder-rootwrap /etc/cinder/rootwrap.conf chmod ugo+rw /opt/stack/data/cinder/mnt/361b023276b198f9e01d26bce3e6863f/volume-4dbdbed3-bc2a-47fd-8e19-31fc4547c2a1.b6de56dc-9af8-4cee-b537-171d31d22dc3
Jul 05 05:13:28 devstack sudo[91933]: pam_unix(sudo:session): session opened for user root(uid=0) by (uid=1000)
Jul 05 05:13:29 devstack sudo[91933]: pam_unix(sudo:session): session closed for user root
Jul 05 05:13:29 devstack cinder-volume[86688]: DEBUG oslo_concurrency.processutils [None req-4d375789-ef00-4320-93fd-4828b2bf08c5 tempest-GroupsV314Test-1186870175 None] CMD "sudo cinder-rootwrap /etc/cinder/rootwrap.conf chmod ugo+rw /opt/stack/data/cinder/mnt/361b023276b198f9e01d26bce3e6863f/volume-4dbdbed3-bc2a-47fd-8e19-31fc4547c2a1.b6de56dc-9af8-4cee-b537-171d31d22dc3" returned: 0 in 0.681s {{(pid=86688) execute /opt/stack/data/venv/lib/python3.12/site-packages/oslo_concurrency/processutils.py:468}}
Jul 05 05:13:29 devstack cinder-volume[86688]: DEBUG oslo_concurrency.processutils [None req-4d375789-ef00-4320-93fd-4828b2bf08c5 tempest-GroupsV314Test-1186870175 None] Running cmd (subprocess): sudo cinder-rootwrap /etc/cinder/rootwrap.conf truncate -s0 /opt/stack/data/cinder/mnt/361b023276b198f9e01d26bce3e6863f/volume-4dbdbed3-bc2a-47fd-8e19-31fc4547c2a1.info {{(pid=86688) execute /opt/stack/data/venv/lib/python3.12/site-packages/oslo_concurrency/processutils.py:440}}
Jul 05 05:13:29 devstack sudo[91938]: quobyte : PWD=/ ; USER=root ; COMMAND=/opt/stack/data/venv/bin/cinder-rootwrap /etc/cinder/rootwrap.conf truncate -s0 /opt/stack/data/cinder/mnt/361b023276b198f9e01d26bce3e6863f/volume-4dbdbed3-bc2a-47fd-8e19-31fc4547c2a1.info
Jul 05 05:13:29 devstack sudo[91938]: pam_unix(sudo:session): session opened for user root(uid=0) by (uid=1000)
Jul 05 05:13:29 devstack sudo[91938]: pam_unix(sudo:session): session closed for user root
Jul 05 05:13:29 devstack cinder-volume[86688]: DEBUG oslo_concurrency.processutils [None req-4d375789-ef00-4320-93fd-4828b2bf08c5 tempest-GroupsV314Test-1186870175 None] CMD "sudo cinder-rootwrap /etc/cinder/rootwrap.conf truncate -s0 /opt/stack/data/cinder/mnt/361b023276b198f9e01d26bce3e6863f/volume-4dbdbed3-bc2a-47fd-8e19-31fc4547c2a1.info" returned: 0 in 0.664s {{(pid=86688) execute /opt/stack/data/venv/lib/python3.12/site-packages/oslo_concurrency/processutils.py:468}}
Jul 05 05:13:29 devstack cinder-volume[86688]: WARNING cinder.volume.drivers.remotefs [None req-4d375789-ef00-4320-93fd-4828b2bf08c5 tempest-GroupsV314Test-1186870175 None] /opt/stack/data/cinder/mnt/361b023276b198f9e01d26bce3e6863f/volume-4dbdbed3-bc2a-47fd-8e19-31fc4547c2a1.info is being set with open permissions: ugo+rw: NotImplementedError
Jul 05 05:13:29 devstack cinder-volume[86688]: DEBUG oslo_concurrency.processutils [None req-4d375789-ef00-4320-93fd-4828b2bf08c5 tempest-GroupsV314Test-1186870175 None] Running cmd (subprocess): sudo cinder-rootwrap /etc/cinder/rootwrap.conf chmod ugo+rw /opt/stack/data/cinder/mnt/361b023276b198f9e01d26bce3e6863f/volume-4dbdbed3-bc2a-47fd-8e19-31fc4547c2a1.info {{(pid=86688) execute /opt/stack/data/venv/lib/python3.12/site-packages/oslo_concurrency/processutils.py:440}}
Jul 05 05:13:29 devstack sudo[91941]: quobyte : PWD=/ ; USER=root ; COMMAND=/opt/stack/data/venv/bin/cinder-rootwrap /etc/cinder/rootwrap.conf chmod ugo+rw /opt/stack/data/cinder/mnt/361b023276b198f9e01d26bce3e6863f/volume-4dbdbed3-bc2a-47fd-8e19-31fc4547c2a1.info
Jul 05 05:13:29 devstack sudo[91941]: pam_unix(sudo:session): session opened for user root(uid=0) by (uid=1000)
Jul 05 05:13:30 devstack cinder-volume[86688]: DEBUG oslo_service.periodic_task [None req-0fb8353b-a7db-40ad-921e-41ff77806957 None None] Running periodic task VolumeManager.publish_service_capabilities {{(pid=86688) run_periodic_tasks /opt/stack/data/venv/lib/python3.12/site-packages/oslo_service/periodic_task.py:225}}
Jul 05 05:13:30 devstack cinder-volume[86688]: DEBUG oslo_concurrency.lockutils [None req-0fb8353b-a7db-40ad-921e-41ff77806957 None None] Acquiring lock "quobyte_ensure" by "cinder.volume.drivers.quobyte.QuobyteDriver._ensure_shares_mounted" {{(pid=86688) inner /opt/stack/data/venv/lib/python3.12/site-packages/oslo_concurrency/lockutils.py:511}}
Jul 05 05:13:30 devstack cinder-volume[86688]: DEBUG oslo_concurrency.lockutils [None req-0fb8353b-a7db-40ad-921e-41ff77806957 None None] Lock "quobyte_ensure" acquired by "cinder.volume.drivers.quobyte.QuobyteDriver._ensure_shares_mounted" :: waited 0.001s {{(pid=86688) inner /opt/stack/data/venv/lib/python3.12/site-packages/oslo_concurrency/lockutils.py:524}}
Jul 05 05:13:30 devstack cinder-volume[86688]: DEBUG cinder.volume.drivers.quobyte [None req-0fb8353b-a7db-40ad-921e-41ff77806957 None None] Quobyte Volume URL set to: {'osci02.corp.quobyte.com/cinder-vol-7e881f6e-59d3-4686-8cc6-1ec677f7be64': None} {{(pid=86688) _load_shares_config /opt/stack/cinder/cinder/volume/drivers/quobyte.py:617}}
Jul 05 05:13:30 devstack cinder-volume[86688]: DEBUG cinder.volume.drivers.quobyte [None req-0fb8353b-a7db-40ad-921e-41ff77806957 None None] Available shares ['osci02.corp.quobyte.com/cinder-vol-7e881f6e-59d3-4686-8cc6-1ec677f7be64'] {{(pid=86688) _ensure_shares_mounted /opt/stack/cinder/cinder/volume/drivers/quobyte.py:647}}
Jul 05 05:13:30 devstack cinder-volume[86688]: DEBUG oslo_concurrency.lockutils [None req-0fb8353b-a7db-40ad-921e-41ff77806957 None None] Lock "quobyte_ensure" "released" by "cinder.volume.drivers.quobyte.QuobyteDriver._ensure_shares_mounted" :: held 0.005s {{(pid=86688) inner /opt/stack/data/venv/lib/python3.12/site-packages/oslo_concurrency/lockutils.py:543}}
Jul 05 05:13:30 devstack sudo[91941]: pam_unix(sudo:session): session closed for user root
Jul 05 05:13:30 devstack cinder-volume[86688]: DEBUG oslo_concurrency.processutils [None req-0fb8353b-a7db-40ad-921e-41ff77806957 None None] Running cmd (subprocess): sudo cinder-rootwrap /etc/cinder/rootwrap.conf df --portability --block-size 1 /opt/stack/data/cinder/mnt/361b023276b198f9e01d26bce3e6863f {{(pid=86688) execute /opt/stack/data/venv/lib/python3.12/site-packages/oslo_concurrency/processutils.py:440}}
Jul 05 05:13:30 devstack cinder-volume[86688]: DEBUG oslo_concurrency.processutils [None req-4d375789-ef00-4320-93fd-4828b2bf08c5 tempest-GroupsV314Test-1186870175 None] CMD "sudo cinder-rootwrap /etc/cinder/rootwrap.conf chmod ugo+rw /opt/stack/data/cinder/mnt/361b023276b198f9e01d26bce3e6863f/volume-4dbdbed3-bc2a-47fd-8e19-31fc4547c2a1.info" returned: 0 in 0.660s {{(pid=86688) execute /opt/stack/data/venv/lib/python3.12/site-packages/oslo_concurrency/processutils.py:468}}
Jul 05 05:13:30 devstack sudo[91944]: quobyte : PWD=/ ; USER=root ; COMMAND=/opt/stack/data/venv/bin/cinder-rootwrap /etc/cinder/rootwrap.conf df --portability --block-size 1 /opt/stack/data/cinder/mnt/361b023276b198f9e01d26bce3e6863f
Jul 05 05:13:30 devstack sudo[91944]: pam_unix(sudo:session): session opened for user root(uid=0) by (uid=1000)
Jul 05 05:13:30 devstack cinder-volume[86688]: DEBUG cinder.coordination [None req-4d375789-ef00-4320-93fd-4828b2bf08c5 tempest-GroupsV314Test-1186870175 None] Acquiring lock "cinder-quobyte-ec999998-3b72-4f55-85c6-1c3b677ad0da" by "_copy_volume_from_snapshot" {{(pid=86688) __acquire /opt/stack/cinder/cinder/coordination.py:138}}
Jul 05 05:13:30 devstack cinder-volume[86688]: DEBUG cinder.coordination [None req-4d375789-ef00-4320-93fd-4828b2bf08c5 tempest-GroupsV314Test-1186870175 None] Lock "cinder-quobyte-ec999998-3b72-4f55-85c6-1c3b677ad0da" acquired by "_copy_volume_from_snapshot" :: waited 0.024s {{(pid=86688) __acquire /opt/stack/cinder/cinder/coordination.py:141}}
Jul 05 05:13:30 devstack cinder-volume[86688]: DEBUG cinder.volume.drivers.quobyte [None req-4d375789-ef00-4320-93fd-4828b2bf08c5 tempest-GroupsV314Test-1186870175 None] snapshot: b6de56dc-9af8-4cee-b537-171d31d22dc3, volume: ec999998-3b72-4f55-85c6-1c3b677ad0da, {{(pid=86688) _copy_volume_from_snapshot /opt/stack/cinder/cinder/volume/drivers/quobyte.py:401}}
Jul 05 05:13:30 devstack cinder-volume[86688]: DEBUG oslo_concurrency.lockutils [None req-4d375789-ef00-4320-93fd-4828b2bf08c5 tempest-GroupsV314Test-1186870175 None] Acquiring lock "quobyte_ensure" by "cinder.volume.drivers.quobyte.QuobyteDriver._ensure_shares_mounted" {{(pid=86688) inner /opt/stack/data/venv/lib/python3.12/site-packages/oslo_concurrency/lockutils.py:511}}
Jul 05 05:13:30 devstack cinder-volume[86688]: DEBUG oslo_concurrency.lockutils [None req-4d375789-ef00-4320-93fd-4828b2bf08c5 tempest-GroupsV314Test-1186870175 None] Lock "quobyte_ensure" acquired by "cinder.volume.drivers.quobyte.QuobyteDriver._ensure_shares_mounted" :: waited 0.001s {{(pid=86688) inner /opt/stack/data/venv/lib/python3.12/site-packages/oslo_concurrency/lockutils.py:524}}
Jul 05 05:13:30 devstack cinder-volume[86688]: DEBUG cinder.volume.drivers.quobyte [None req-4d375789-ef00-4320-93fd-4828b2bf08c5 tempest-GroupsV314Test-1186870175 None] Quobyte Volume URL set to: {'osci02.corp.quobyte.com/cinder-vol-7e881f6e-59d3-4686-8cc6-1ec677f7be64': None} {{(pid=86688) _load_shares_config /opt/stack/cinder/cinder/volume/drivers/quobyte.py:617}}
Jul 05 05:13:30 devstack cinder-volume[86688]: DEBUG cinder.volume.drivers.quobyte [None req-4d375789-ef00-4320-93fd-4828b2bf08c5 tempest-GroupsV314Test-1186870175 None] Available shares ['osci02.corp.quobyte.com/cinder-vol-7e881f6e-59d3-4686-8cc6-1ec677f7be64'] {{(pid=86688) _ensure_shares_mounted /opt/stack/cinder/cinder/volume/drivers/quobyte.py:647}}
Jul 05 05:13:30 devstack cinder-volume[86688]: DEBUG oslo_concurrency.lockutils [None req-4d375789-ef00-4320-93fd-4828b2bf08c5 tempest-GroupsV314Test-1186870175 None] Lock "quobyte_ensure" "released" by "cinder.volume.drivers.quobyte.QuobyteDriver._ensure_shares_mounted" :: held 0.012s {{(pid=86688) inner /opt/stack/data/venv/lib/python3.12/site-packages/oslo_concurrency/lockutils.py:543}}
Jul 05 05:13:30 devstack cinder-volume[86688]: DEBUG oslo.privsep.daemon [-] privsep: reply[6e97ba53-8b1e-4ea5-9a73-ee3aae8164d5]: (4, 'qcow2') {{(pid=87812) _call_back /opt/stack/data/venv/lib/python3.12/site-packages/oslo_privsep/daemon.py:580}}
Jul 05 05:13:30 devstack cinder-volume[86688]: DEBUG oslo_concurrency.processutils [None req-4d375789-ef00-4320-93fd-4828b2bf08c5 tempest-GroupsV314Test-1186870175 None] Running cmd (subprocess): /opt/stack/data/venv/bin/python3.12 -m oslo_concurrency.prlimit --as=1073741824 --cpu=60 -- sudo cinder-rootwrap /etc/cinder/rootwrap.conf env LC_ALL=C qemu-img info -f qcow2 --output=json --force-share /opt/stack/data/cinder/mnt/361b023276b198f9e01d26bce3e6863f/volume-4dbdbed3-bc2a-47fd-8e19-31fc4547c2a1.b6de56dc-9af8-4cee-b537-171d31d22dc3 {{(pid=86688) execute /opt/stack/data/venv/lib/python3.12/site-packages/oslo_concurrency/processutils.py:440}}
Jul 05 05:13:30 devstack sudo[91946]: quobyte : PWD=/ ; USER=root ; COMMAND=/opt/stack/data/venv/bin/cinder-rootwrap /etc/cinder/rootwrap.conf env LC_ALL=C qemu-img info -f qcow2 --output=json --force-share /opt/stack/data/cinder/mnt/361b023276b198f9e01d26bce3e6863f/volume-4dbdbed3-bc2a-47fd-8e19-31fc4547c2a1.b6de56dc-9af8-4cee-b537-171d31d22dc3
Jul 05 05:13:30 devstack sudo[91946]: pam_unix(sudo:session): session opened for user root(uid=0) by (uid=1000)
Jul 05 05:13:31 devstack sudo[91944]: pam_unix(sudo:session): session closed for user root
Jul 05 05:13:31 devstack cinder-volume[86688]: DEBUG oslo_concurrency.processutils [None req-0fb8353b-a7db-40ad-921e-41ff77806957 None None] CMD "sudo cinder-rootwrap /etc/cinder/rootwrap.conf df --portability --block-size 1 /opt/stack/data/cinder/mnt/361b023276b198f9e01d26bce3e6863f" returned: 0 in 0.856s {{(pid=86688) execute /opt/stack/data/venv/lib/python3.12/site-packages/oslo_concurrency/processutils.py:468}}
Jul 05 05:13:31 devstack cinder-volume[86688]: DEBUG cinder.manager [None req-0fb8353b-a7db-40ad-921e-41ff77806957 None None] Notifying Schedulers of capabilities ... {{(pid=86688) _publish_service_capabilities /opt/stack/cinder/cinder/manager.py:219}}
Jul 05 05:13:31 devstack cinder-volume[86688]: DEBUG oslo_service.periodic_task [None req-0fb8353b-a7db-40ad-921e-41ff77806957 None None] Running periodic task VolumeManager._thread_info {{(pid=86688) run_periodic_tasks /opt/stack/data/venv/lib/python3.12/site-packages/oslo_service/periodic_task.py:225}}
Jul 05 05:13:31 devstack cinder-volume[86688]: DEBUG cinder.volume.manager [None req-0fb8353b-a7db-40ad-921e-41ff77806957 None None] thread count: 8 {{(pid=86688) _thread_info /opt/stack/cinder/cinder/volume/manager.py:5472}}
Jul 05 05:13:31 devstack cinder-volume[86688]: DEBUG cinder.volume.manager [None req-0fb8353b-a7db-40ad-921e-41ff77806957 None None] thread info: [<_MainThread(MainThread, started 124498720931968)>, , , , , , , ] {{(pid=86688) _thread_info /opt/stack/cinder/cinder/volume/manager.py:5473}}
Jul 05 05:13:31 devstack sudo[91946]: pam_unix(sudo:session): session closed for user root
Jul 05 05:13:31 devstack cinder-volume[86688]: DEBUG oslo_concurrency.processutils [None req-4d375789-ef00-4320-93fd-4828b2bf08c5 tempest-GroupsV314Test-1186870175 None] CMD "/opt/stack/data/venv/bin/python3.12 -m oslo_concurrency.prlimit --as=1073741824 --cpu=60 -- sudo cinder-rootwrap /etc/cinder/rootwrap.conf env LC_ALL=C qemu-img info -f qcow2 --output=json --force-share /opt/stack/data/cinder/mnt/361b023276b198f9e01d26bce3e6863f/volume-4dbdbed3-bc2a-47fd-8e19-31fc4547c2a1.b6de56dc-9af8-4cee-b537-171d31d22dc3" returned: 0 in 0.962s {{(pid=86688) execute /opt/stack/data/venv/lib/python3.12/site-packages/oslo_concurrency/processutils.py:468}}
Jul 05 05:13:31 devstack cinder-volume[86688]: DEBUG cinder.volume.drivers.remotefs [None req-4d375789-ef00-4320-93fd-4828b2bf08c5 tempest-GroupsV314Test-1186870175 None] Fetching qemu-img info with special backing_file_template: (/opt/stack/data/cinder/mnt/[0-9a-f]+/)?(volume-4dbdbed3-bc2a-47fd-8e19-31fc4547c2a1(.(tmp-snap-)?[0-9a-f-]+)?|volume_from_snapshot_cache/(tmp-snap-)?[0-9a-f-]+(.(child-|parent-)[0-9a-f-]+)?)$ {{(pid=86688) _qemu_img_info_base /opt/stack/cinder/cinder/volume/drivers/remotefs.py:896}}
Jul 05 05:13:31 devstack cinder-volume[86688]: DEBUG cinder.volume.drivers.quobyte [None req-4d375789-ef00-4320-93fd-4828b2bf08c5 tempest-GroupsV314Test-1186870175 None] will copy from snapshot at /opt/stack/data/cinder/mnt/361b023276b198f9e01d26bce3e6863f/volume-4dbdbed3-bc2a-47fd-8e19-31fc4547c2a1 {{(pid=86688) _copy_volume_from_snapshot /opt/stack/cinder/cinder/volume/drivers/quobyte.py:420}}
Jul 05 05:13:31 devstack cinder-volume[86688]: DEBUG cinder.volume.drivers.quobyte [None req-4d375789-ef00-4320-93fd-4828b2bf08c5 tempest-GroupsV314Test-1186870175 None] Creating direct copy from snapshot {{(pid=86688) _copy_volume_from_snapshot /opt/stack/cinder/cinder/volume/drivers/quobyte.py:428}}
Jul 05 05:13:31 devstack cinder-volume[86688]: DEBUG oslo.privsep.daemon [-] privsep: reply[3e0fca7f-3158-4439-8be4-df94ce1ddfc6]: (4, 'qcow2') {{(pid=87812) _call_back /opt/stack/data/venv/lib/python3.12/site-packages/oslo_privsep/daemon.py:580}}
Jul 05 05:13:31 devstack cinder-volume[86688]: DEBUG oslo_concurrency.processutils [None req-4d375789-ef00-4320-93fd-4828b2bf08c5 tempest-GroupsV314Test-1186870175 None] Running cmd (subprocess): /opt/stack/data/venv/bin/python3.12 -m oslo_concurrency.prlimit --as=1073741824 --cpu=60 -- sudo cinder-rootwrap /etc/cinder/rootwrap.conf env LC_ALL=C qemu-img info -f qcow2 --output=json /opt/stack/data/cinder/mnt/361b023276b198f9e01d26bce3e6863f/volume-4dbdbed3-bc2a-47fd-8e19-31fc4547c2a1 {{(pid=86688) execute /opt/stack/data/venv/lib/python3.12/site-packages/oslo_concurrency/processutils.py:440}}
Jul 05 05:13:31 devstack sudo[91952]: quobyte : PWD=/ ; USER=root ; COMMAND=/opt/stack/data/venv/bin/cinder-rootwrap /etc/cinder/rootwrap.conf env LC_ALL=C qemu-img info -f qcow2 --output=json /opt/stack/data/cinder/mnt/361b023276b198f9e01d26bce3e6863f/volume-4dbdbed3-bc2a-47fd-8e19-31fc4547c2a1
Jul 05 05:13:31 devstack sudo[91952]: pam_unix(sudo:session): session opened for user root(uid=0) by (uid=1000)
Jul 05 05:13:32 devstack sudo[91952]: pam_unix(sudo:session): session closed for user root
Jul 05 05:13:32 devstack cinder-volume[86688]: DEBUG oslo_concurrency.processutils [None req-4d375789-ef00-4320-93fd-4828b2bf08c5 tempest-GroupsV314Test-1186870175 None] CMD "/opt/stack/data/venv/bin/python3.12 -m oslo_concurrency.prlimit --as=1073741824 --cpu=60 -- sudo cinder-rootwrap /etc/cinder/rootwrap.conf env LC_ALL=C qemu-img info -f qcow2 --output=json /opt/stack/data/cinder/mnt/361b023276b198f9e01d26bce3e6863f/volume-4dbdbed3-bc2a-47fd-8e19-31fc4547c2a1" returned: 0 in 0.949s {{(pid=86688) execute /opt/stack/data/venv/lib/python3.12/site-packages/oslo_concurrency/processutils.py:468}}
Jul 05 05:13:32 devstack cinder-volume[86688]: DEBUG cinder.utils [None req-4d375789-ef00-4320-93fd-4828b2bf08c5 tempest-GroupsV314Test-1186870175 None] Path /opt/stack/data/cinder/mnt/361b023276b198f9e01d26bce3e6863f/volume-ec999998-3b72-4f55-85c6-1c3b677ad0da not found in is_blk_device check {{(pid=86688) is_blk_device /opt/stack/cinder/cinder/utils.py:615}}
Jul 05 05:13:32 devstack cinder-volume[86688]: DEBUG oslo_concurrency.processutils [None req-4d375789-ef00-4320-93fd-4828b2bf08c5 tempest-GroupsV314Test-1186870175 None] Running cmd (subprocess): sudo cinder-rootwrap /etc/cinder/rootwrap.conf qemu-img convert -O qcow2 /opt/stack/data/cinder/mnt/361b023276b198f9e01d26bce3e6863f/volume-4dbdbed3-bc2a-47fd-8e19-31fc4547c2a1 /opt/stack/data/cinder/mnt/361b023276b198f9e01d26bce3e6863f/volume-ec999998-3b72-4f55-85c6-1c3b677ad0da {{(pid=86688) execute /opt/stack/data/venv/lib/python3.12/site-packages/oslo_concurrency/processutils.py:440}}
Jul 05 05:13:32 devstack sudo[91958]: quobyte : PWD=/ ; USER=root ; COMMAND=/opt/stack/data/venv/bin/cinder-rootwrap /etc/cinder/rootwrap.conf qemu-img convert -O qcow2 /opt/stack/data/cinder/mnt/361b023276b198f9e01d26bce3e6863f/volume-4dbdbed3-bc2a-47fd-8e19-31fc4547c2a1 /opt/stack/data/cinder/mnt/361b023276b198f9e01d26bce3e6863f/volume-ec999998-3b72-4f55-85c6-1c3b677ad0da
Jul 05 05:13:32 devstack sudo[91958]: pam_unix(sudo:session): session opened for user root(uid=0) by (uid=1000)
Jul 05 05:13:33 devstack cinder-volume[86688]: DEBUG cinder.coordination [None req-eb4846bb-4436-4ba7-9123-1e3da4d678bd tempest-ServerActionsTestOtherA-1380680844 None] Acquiring lock "cinder-895259a7-100e-4449-9347-b22a98b6eb40-delete_volume" by "delete_volume" {{(pid=86688) __acquire /opt/stack/cinder/cinder/coordination.py:138}}
Jul 05 05:13:33 devstack cinder-volume[86688]: DEBUG cinder.coordination [None req-eb4846bb-4436-4ba7-9123-1e3da4d678bd tempest-ServerActionsTestOtherA-1380680844 None] Lock "cinder-895259a7-100e-4449-9347-b22a98b6eb40-delete_volume" acquired by "delete_volume" :: waited 0.040s {{(pid=86688) __acquire /opt/stack/cinder/cinder/coordination.py:141}}
Jul 05 05:13:33 devstack cinder-volume[86688]: DEBUG cinder.coordination [None req-eb4846bb-4436-4ba7-9123-1e3da4d678bd tempest-ServerActionsTestOtherA-1380680844 None] Acquiring lock "cinder-quobyte-895259a7-100e-4449-9347-b22a98b6eb40" by "delete_volume" {{(pid=86688) __acquire /opt/stack/cinder/cinder/coordination.py:138}}
Jul 05 05:13:33 devstack cinder-volume[86688]: DEBUG cinder.coordination [None req-eb4846bb-4436-4ba7-9123-1e3da4d678bd tempest-ServerActionsTestOtherA-1380680844 None] Lock "cinder-quobyte-895259a7-100e-4449-9347-b22a98b6eb40" acquired by "delete_volume" :: waited 0.021s {{(pid=86688) __acquire /opt/stack/cinder/cinder/coordination.py:141}}
Jul 05 05:13:33 devstack cinder-volume[86688]: DEBUG oslo.privsep.daemon [-] privsep: reply[e7838cd4-c3db-4f6b-b278-7637bfb60b89]: (4, 'qcow2') {{(pid=87812) _call_back /opt/stack/data/venv/lib/python3.12/site-packages/oslo_privsep/daemon.py:580}}
Jul 05 05:13:33 devstack cinder-volume[86688]: DEBUG oslo_concurrency.processutils [None req-eb4846bb-4436-4ba7-9123-1e3da4d678bd tempest-ServerActionsTestOtherA-1380680844 None] Running cmd (subprocess): /opt/stack/data/venv/bin/python3.12 -m oslo_concurrency.prlimit --as=1073741824 --cpu=60 -- sudo cinder-rootwrap /etc/cinder/rootwrap.conf env LC_ALL=C qemu-img info -f qcow2 --output=json --force-share /opt/stack/data/cinder/mnt/361b023276b198f9e01d26bce3e6863f/volume-895259a7-100e-4449-9347-b22a98b6eb40 {{(pid=86688) execute /opt/stack/data/venv/lib/python3.12/site-packages/oslo_concurrency/processutils.py:440}}
Jul 05 05:13:33 devstack sudo[91964]: quobyte : PWD=/ ; USER=root ; COMMAND=/opt/stack/data/venv/bin/cinder-rootwrap /etc/cinder/rootwrap.conf env LC_ALL=C qemu-img info -f qcow2 --output=json --force-share /opt/stack/data/cinder/mnt/361b023276b198f9e01d26bce3e6863f/volume-895259a7-100e-4449-9347-b22a98b6eb40
Jul 05 05:13:33 devstack sudo[91964]: pam_unix(sudo:session): session opened for user root(uid=0) by (uid=1000)
Jul 05 05:13:35 devstack sudo[91964]: pam_unix(sudo:session): session closed for user root
Jul 05 05:13:35 devstack cinder-volume[86688]: DEBUG oslo_concurrency.processutils [None req-eb4846bb-4436-4ba7-9123-1e3da4d678bd tempest-ServerActionsTestOtherA-1380680844 None] CMD "/opt/stack/data/venv/bin/python3.12 -m oslo_concurrency.prlimit --as=1073741824 --cpu=60 -- sudo cinder-rootwrap /etc/cinder/rootwrap.conf env LC_ALL=C qemu-img info -f qcow2 --output=json --force-share /opt/stack/data/cinder/mnt/361b023276b198f9e01d26bce3e6863f/volume-895259a7-100e-4449-9347-b22a98b6eb40" returned: 0 in 2.117s {{(pid=86688) execute /opt/stack/data/venv/lib/python3.12/site-packages/oslo_concurrency/processutils.py:468}}
Jul 05 05:13:35 devstack cinder-volume[86688]: DEBUG oslo_concurrency.processutils [None req-eb4846bb-4436-4ba7-9123-1e3da4d678bd tempest-ServerActionsTestOtherA-1380680844 None] Running cmd (subprocess): sudo cinder-rootwrap /etc/cinder/rootwrap.conf rm -f /opt/stack/data/cinder/mnt/361b023276b198f9e01d26bce3e6863f/volume-895259a7-100e-4449-9347-b22a98b6eb40 {{(pid=86688) execute /opt/stack/data/venv/lib/python3.12/site-packages/oslo_concurrency/processutils.py:440}}
Jul 05 05:13:35 devstack sudo[91991]: quobyte : PWD=/ ; USER=root ; COMMAND=/opt/stack/data/venv/bin/cinder-rootwrap /etc/cinder/rootwrap.conf rm -f /opt/stack/data/cinder/mnt/361b023276b198f9e01d26bce3e6863f/volume-895259a7-100e-4449-9347-b22a98b6eb40
Jul 05 05:13:35 devstack sudo[91991]: pam_unix(sudo:session): session opened for user root(uid=0) by (uid=1000)
Jul 05 05:13:37 devstack sudo[91991]: pam_unix(sudo:session): session closed for user root
Jul 05 05:13:37 devstack cinder-volume[86688]: DEBUG oslo_concurrency.processutils [None req-eb4846bb-4436-4ba7-9123-1e3da4d678bd tempest-ServerActionsTestOtherA-1380680844 None] CMD "sudo cinder-rootwrap /etc/cinder/rootwrap.conf rm -f /opt/stack/data/cinder/mnt/361b023276b198f9e01d26bce3e6863f/volume-895259a7-100e-4449-9347-b22a98b6eb40" returned: 0 in 2.048s {{(pid=86688) execute /opt/stack/data/venv/lib/python3.12/site-packages/oslo_concurrency/processutils.py:468}}
Jul 05 05:13:37 devstack cinder-volume[86688]: DEBUG cinder.coordination [None req-eb4846bb-4436-4ba7-9123-1e3da4d678bd tempest-ServerActionsTestOtherA-1380680844 None] Lock "cinder-quobyte-895259a7-100e-4449-9347-b22a98b6eb40" released by "delete_volume" :: held 4.218s {{(pid=86688) __release /opt/stack/cinder/cinder/coordination.py:152}}
Jul 05 05:13:37 devstack cinder-volume[86688]: DEBUG dbcounter [-] [86688] Writing DB stats cinder:SELECT=75,cinder:UPDATE=62,cinder:INSERT=14,cinder:DELETE=3 {{(pid=86688) stat_writer /opt/stack/data/venv/lib/python3.12/site-packages/dbcounter.py:115}}
Jul 05 05:13:37 devstack cinder-volume[86688]: DEBUG cinder.quota [None req-eb4846bb-4436-4ba7-9123-1e3da4d678bd tempest-ServerActionsTestOtherA-1380680844 None] Created reservations ['1756a761-acdc-4c82-a22a-a18c17c8600b', '33f664b9-08d8-42e0-951d-e5b4e5251b57', '60a40dbd-d886-4742-a5e3-1bac9694879b', '147971be-1406-4d8c-a433-aa97b5305cd3'] {{(pid=86688) reserve /opt/stack/cinder/cinder/quota.py:752}}
Jul 05 05:13:37 devstack cinder-volume[86688]: DEBUG oslo_concurrency.lockutils [None req-eb4846bb-4436-4ba7-9123-1e3da4d678bd tempest-ServerActionsTestOtherA-1380680844 None] Acquiring lock "quobyte_ensure" by "cinder.volume.drivers.quobyte.QuobyteDriver._ensure_shares_mounted" {{(pid=86688) inner /opt/stack/data/venv/lib/python3.12/site-packages/oslo_concurrency/lockutils.py:511}}
Jul 05 05:13:37 devstack cinder-volume[86688]: DEBUG oslo_concurrency.lockutils [None req-eb4846bb-4436-4ba7-9123-1e3da4d678bd tempest-ServerActionsTestOtherA-1380680844 None] Lock "quobyte_ensure" acquired by "cinder.volume.drivers.quobyte.QuobyteDriver._ensure_shares_mounted" :: waited 0.002s {{(pid=86688) inner /opt/stack/data/venv/lib/python3.12/site-packages/oslo_concurrency/lockutils.py:524}}
Jul 05 05:13:37 devstack cinder-volume[86688]: DEBUG cinder.volume.drivers.quobyte [None req-eb4846bb-4436-4ba7-9123-1e3da4d678bd tempest-ServerActionsTestOtherA-1380680844 None] Quobyte Volume URL set to: {'osci02.corp.quobyte.com/cinder-vol-7e881f6e-59d3-4686-8cc6-1ec677f7be64': None} {{(pid=86688) _load_shares_config /opt/stack/cinder/cinder/volume/drivers/quobyte.py:617}}
Jul 05 05:13:37 devstack cinder-volume[86688]: DEBUG cinder.volume.drivers.quobyte [None req-eb4846bb-4436-4ba7-9123-1e3da4d678bd tempest-ServerActionsTestOtherA-1380680844 None] Available shares ['osci02.corp.quobyte.com/cinder-vol-7e881f6e-59d3-4686-8cc6-1ec677f7be64'] {{(pid=86688) _ensure_shares_mounted /opt/stack/cinder/cinder/volume/drivers/quobyte.py:647}}
Jul 05 05:13:37 devstack cinder-volume[86688]: DEBUG oslo_concurrency.lockutils [None req-eb4846bb-4436-4ba7-9123-1e3da4d678bd tempest-ServerActionsTestOtherA-1380680844 None] Lock "quobyte_ensure" "released" by "cinder.volume.drivers.quobyte.QuobyteDriver._ensure_shares_mounted" :: held 0.018s {{(pid=86688) inner /opt/stack/data/venv/lib/python3.12/site-packages/oslo_concurrency/lockutils.py:543}}
Jul 05 05:13:37 devstack cinder-volume[86688]: DEBUG oslo_concurrency.processutils [None req-eb4846bb-4436-4ba7-9123-1e3da4d678bd tempest-ServerActionsTestOtherA-1380680844 None] Running cmd (subprocess): sudo cinder-rootwrap /etc/cinder/rootwrap.conf df --portability --block-size 1 /opt/stack/data/cinder/mnt/361b023276b198f9e01d26bce3e6863f {{(pid=86688) execute /opt/stack/data/venv/lib/python3.12/site-packages/oslo_concurrency/processutils.py:440}}
Jul 05 05:13:37 devstack sudo[91997]: quobyte : PWD=/ ; USER=root ; COMMAND=/opt/stack/data/venv/bin/cinder-rootwrap /etc/cinder/rootwrap.conf df --portability --block-size 1 /opt/stack/data/cinder/mnt/361b023276b198f9e01d26bce3e6863f
Jul 05 05:13:37 devstack sudo[91997]: pam_unix(sudo:session): session opened for user root(uid=0) by (uid=1000)
Jul 05 05:13:38 devstack sudo[91958]: pam_unix(sudo:session): session closed for user root
Jul 05 05:13:38 devstack cinder-volume[86688]: DEBUG oslo_concurrency.processutils [None req-4d375789-ef00-4320-93fd-4828b2bf08c5 tempest-GroupsV314Test-1186870175 None] CMD "sudo cinder-rootwrap /etc/cinder/rootwrap.conf qemu-img convert -O qcow2 /opt/stack/data/cinder/mnt/361b023276b198f9e01d26bce3e6863f/volume-4dbdbed3-bc2a-47fd-8e19-31fc4547c2a1 /opt/stack/data/cinder/mnt/361b023276b198f9e01d26bce3e6863f/volume-ec999998-3b72-4f55-85c6-1c3b677ad0da" returned: 0 in 6.064s {{(pid=86688) execute /opt/stack/data/venv/lib/python3.12/site-packages/oslo_concurrency/processutils.py:468}}
Jul 05 05:13:38 devstack cinder-volume[86688]: DEBUG oslo.privsep.daemon [-] privsep: reply[c921697a-f689-45d5-a0c9-8d84fdc25719]: (4, 'qcow2') {{(pid=87812) _call_back /opt/stack/data/venv/lib/python3.12/site-packages/oslo_privsep/daemon.py:580}}
Jul 05 05:13:38 devstack cinder-volume[86688]: DEBUG oslo_concurrency.processutils [None req-4d375789-ef00-4320-93fd-4828b2bf08c5 tempest-GroupsV314Test-1186870175 None] Running cmd (subprocess): /opt/stack/data/venv/bin/python3.12 -m oslo_concurrency.prlimit --as=1073741824 --cpu=60 -- sudo cinder-rootwrap /etc/cinder/rootwrap.conf env LC_ALL=C qemu-img info -f qcow2 --output=json /opt/stack/data/cinder/mnt/361b023276b198f9e01d26bce3e6863f/volume-4dbdbed3-bc2a-47fd-8e19-31fc4547c2a1 {{(pid=86688) execute /opt/stack/data/venv/lib/python3.12/site-packages/oslo_concurrency/processutils.py:440}}
Jul 05 05:13:38 devstack sudo[91997]: pam_unix(sudo:session): session closed for user root
Jul 05 05:13:38 devstack cinder-volume[86688]: DEBUG oslo_concurrency.processutils [None req-eb4846bb-4436-4ba7-9123-1e3da4d678bd tempest-ServerActionsTestOtherA-1380680844 None] CMD "sudo cinder-rootwrap /etc/cinder/rootwrap.conf df --portability --block-size 1 /opt/stack/data/cinder/mnt/361b023276b198f9e01d26bce3e6863f" returned: 0 in 1.009s {{(pid=86688) execute /opt/stack/data/venv/lib/python3.12/site-packages/oslo_concurrency/processutils.py:468}}
Jul 05 05:13:38 devstack cinder-volume[86688]: DEBUG cinder.manager [None req-eb4846bb-4436-4ba7-9123-1e3da4d678bd tempest-ServerActionsTestOtherA-1380680844 None] Notifying Schedulers of capabilities ... {{(pid=86688) _publish_service_capabilities /opt/stack/cinder/cinder/manager.py:219}}
Jul 05 05:13:38 devstack cinder-volume[86688]: INFO cinder.volume.manager [None req-eb4846bb-4436-4ba7-9123-1e3da4d678bd tempest-ServerActionsTestOtherA-1380680844 None] Deleted volume successfully.
Jul 05 05:13:38 devstack cinder-volume[86688]: DEBUG cinder.coordination [None req-eb4846bb-4436-4ba7-9123-1e3da4d678bd tempest-ServerActionsTestOtherA-1380680844 None] Lock "cinder-895259a7-100e-4449-9347-b22a98b6eb40-delete_volume" released by "delete_volume" :: held 5.598s {{(pid=86688) __release /opt/stack/cinder/cinder/coordination.py:152}}
Jul 05 05:13:38 devstack sudo[92001]: quobyte : PWD=/ ; USER=root ; COMMAND=/opt/stack/data/venv/bin/cinder-rootwrap /etc/cinder/rootwrap.conf env LC_ALL=C qemu-img info -f qcow2 --output=json /opt/stack/data/cinder/mnt/361b023276b198f9e01d26bce3e6863f/volume-4dbdbed3-bc2a-47fd-8e19-31fc4547c2a1
Jul 05 05:13:38 devstack sudo[92001]: pam_unix(sudo:session): session opened for user root(uid=0) by (uid=1000)
Jul 05 05:13:39 devstack sudo[92001]: pam_unix(sudo:session): session closed for user root
Jul 05 05:13:39 devstack cinder-volume[86688]: DEBUG oslo_concurrency.processutils [None req-4d375789-ef00-4320-93fd-4828b2bf08c5 tempest-GroupsV314Test-1186870175 None] CMD "/opt/stack/data/venv/bin/python3.12 -m oslo_concurrency.prlimit --as=1073741824 --cpu=60 -- sudo cinder-rootwrap /etc/cinder/rootwrap.conf env LC_ALL=C qemu-img info -f qcow2 --output=json /opt/stack/data/cinder/mnt/361b023276b198f9e01d26bce3e6863f/volume-4dbdbed3-bc2a-47fd-8e19-31fc4547c2a1" returned: 0 in 0.994s {{(pid=86688) execute /opt/stack/data/venv/lib/python3.12/site-packages/oslo_concurrency/processutils.py:468}}
Jul 05 05:13:39 devstack cinder-volume[86688]: DEBUG cinder.image.image_utils [None req-4d375789-ef00-4320-93fd-4828b2bf08c5 tempest-GroupsV314Test-1186870175 None] Image conversion details: src /opt/stack/data/cinder/mnt/361b023276b198f9e01d26bce3e6863f/volume-4dbdbed3-bc2a-47fd-8e19-31fc4547c2a1, size 1024.00 MB, duration 6.07 sec, destination /opt/stack/data/cinder/mnt/361b023276b198f9e01d26bce3e6863f/volume-ec999998-3b72-4f55-85c6-1c3b677ad0da {{(pid=86688) _convert_image /opt/stack/cinder/cinder/image/image_utils.py:536}}
Jul 05 05:13:39 devstack cinder-volume[86688]: INFO cinder.image.image_utils [None req-4d375789-ef00-4320-93fd-4828b2bf08c5 tempest-GroupsV314Test-1186870175 None] Converted 1024.00 MB image at 168.81 MB/s
Jul 05 05:13:39 devstack cinder-volume[86688]: WARNING cinder.volume.drivers.remotefs [None req-4d375789-ef00-4320-93fd-4828b2bf08c5 tempest-GroupsV314Test-1186870175 None] /opt/stack/data/cinder/mnt/361b023276b198f9e01d26bce3e6863f/volume-ec999998-3b72-4f55-85c6-1c3b677ad0da is being set with open permissions: ugo+rw: NotImplementedError
Jul 05 05:13:39 devstack cinder-volume[86688]: DEBUG oslo_concurrency.processutils [None req-4d375789-ef00-4320-93fd-4828b2bf08c5 tempest-GroupsV314Test-1186870175 None] Running cmd (subprocess): sudo cinder-rootwrap /etc/cinder/rootwrap.conf chmod ugo+rw /opt/stack/data/cinder/mnt/361b023276b198f9e01d26bce3e6863f/volume-ec999998-3b72-4f55-85c6-1c3b677ad0da {{(pid=86688) execute /opt/stack/data/venv/lib/python3.12/site-packages/oslo_concurrency/processutils.py:440}}
Jul 05 05:13:39 devstack sudo[92013]: quobyte : PWD=/ ; USER=root ; COMMAND=/opt/stack/data/venv/bin/cinder-rootwrap /etc/cinder/rootwrap.conf chmod ugo+rw /opt/stack/data/cinder/mnt/361b023276b198f9e01d26bce3e6863f/volume-ec999998-3b72-4f55-85c6-1c3b677ad0da
Jul 05 05:13:39 devstack sudo[92013]: pam_unix(sudo:session): session opened for user root(uid=0) by (uid=1000)
Jul 05 05:13:40 devstack sudo[92013]: pam_unix(sudo:session): session closed for user root
Jul 05 05:13:40 devstack cinder-volume[86688]: DEBUG oslo_concurrency.processutils [None req-4d375789-ef00-4320-93fd-4828b2bf08c5 tempest-GroupsV314Test-1186870175 None] CMD "sudo cinder-rootwrap /etc/cinder/rootwrap.conf chmod ugo+rw /opt/stack/data/cinder/mnt/361b023276b198f9e01d26bce3e6863f/volume-ec999998-3b72-4f55-85c6-1c3b677ad0da" returned: 0 in 0.740s {{(pid=86688) execute /opt/stack/data/venv/lib/python3.12/site-packages/oslo_concurrency/processutils.py:468}}
Jul 05 05:13:40 devstack cinder-volume[86688]: DEBUG cinder.coordination [None req-4d375789-ef00-4320-93fd-4828b2bf08c5 tempest-GroupsV314Test-1186870175 None] Lock "cinder-quobyte-ec999998-3b72-4f55-85c6-1c3b677ad0da" released by "_copy_volume_from_snapshot" :: held 9.840s {{(pid=86688) __release /opt/stack/cinder/cinder/coordination.py:152}}
Jul 05 05:13:40 devstack cinder-volume[86688]: DEBUG cinder.coordination [None req-4d375789-ef00-4320-93fd-4828b2bf08c5 tempest-GroupsV314Test-1186870175 None] Acquiring lock "cinder-quobyte-b6de56dc-9af8-4cee-b537-171d31d22dc3" by "_delete_snapshot" {{(pid=86688) __acquire /opt/stack/cinder/cinder/coordination.py:138}}
Jul 05 05:13:40 devstack cinder-volume[86688]: DEBUG cinder.coordination [None req-4d375789-ef00-4320-93fd-4828b2bf08c5 tempest-GroupsV314Test-1186870175 None] Lock "cinder-quobyte-b6de56dc-9af8-4cee-b537-171d31d22dc3" acquired by "_delete_snapshot" :: waited 0.017s {{(pid=86688) __acquire /opt/stack/cinder/cinder/coordination.py:141}}
Jul 05 05:13:40 devstack cinder-volume[86688]: DEBUG cinder.volume.drivers.remotefs [None req-4d375789-ef00-4320-93fd-4828b2bf08c5 tempest-GroupsV314Test-1186870175 None] Deleting offline snapshot b6de56dc-9af8-4cee-b537-171d31d22dc3 of volume 4dbdbed3-bc2a-47fd-8e19-31fc4547c2a1 {{(pid=86688) _delete_snapshot /opt/stack/cinder/cinder/volume/drivers/remotefs.py:1288}}
Jul 05 05:13:40 devstack cinder-volume[86688]: DEBUG cinder.volume.drivers.remotefs [None req-4d375789-ef00-4320-93fd-4828b2bf08c5 tempest-GroupsV314Test-1186870175 None] snapshot_file for this snap is: volume-4dbdbed3-bc2a-47fd-8e19-31fc4547c2a1.b6de56dc-9af8-4cee-b537-171d31d22dc3 {{(pid=86688) _delete_snapshot /opt/stack/cinder/cinder/volume/drivers/remotefs.py:1317}}
Jul 05 05:13:40 devstack cinder-volume[86688]: DEBUG oslo.privsep.daemon [-] privsep: reply[b076e7e6-64fe-44b8-a9c9-1364f1f88713]: (4, 'qcow2') {{(pid=87812) _call_back /opt/stack/data/venv/lib/python3.12/site-packages/oslo_privsep/daemon.py:580}}
Jul 05 05:13:40 devstack cinder-volume[86688]: DEBUG oslo_concurrency.processutils [None req-4d375789-ef00-4320-93fd-4828b2bf08c5 tempest-GroupsV314Test-1186870175 None] Running cmd (subprocess): /opt/stack/data/venv/bin/python3.12 -m oslo_concurrency.prlimit --as=1073741824 --cpu=60 -- sudo cinder-rootwrap /etc/cinder/rootwrap.conf env LC_ALL=C qemu-img info -f qcow2 --output=json --force-share /opt/stack/data/cinder/mnt/361b023276b198f9e01d26bce3e6863f/volume-4dbdbed3-bc2a-47fd-8e19-31fc4547c2a1.b6de56dc-9af8-4cee-b537-171d31d22dc3 {{(pid=86688) execute /opt/stack/data/venv/lib/python3.12/site-packages/oslo_concurrency/processutils.py:440}}
Jul 05 05:13:40 devstack sudo[92031]: quobyte : PWD=/ ; USER=root ; COMMAND=/opt/stack/data/venv/bin/cinder-rootwrap /etc/cinder/rootwrap.conf env LC_ALL=C qemu-img info -f qcow2 --output=json --force-share /opt/stack/data/cinder/mnt/361b023276b198f9e01d26bce3e6863f/volume-4dbdbed3-bc2a-47fd-8e19-31fc4547c2a1.b6de56dc-9af8-4cee-b537-171d31d22dc3
Jul 05 05:13:40 devstack sudo[92031]: pam_unix(sudo:session): session opened for user root(uid=0) by (uid=1000)
Jul 05 05:13:41 devstack sudo[92031]: pam_unix(sudo:session): session closed for user root
Jul 05 05:13:41 devstack cinder-volume[86688]: DEBUG oslo_concurrency.processutils [None req-4d375789-ef00-4320-93fd-4828b2bf08c5 tempest-GroupsV314Test-1186870175 None] CMD "/opt/stack/data/venv/bin/python3.12 -m oslo_concurrency.prlimit --as=1073741824 --cpu=60 -- sudo cinder-rootwrap /etc/cinder/rootwrap.conf env LC_ALL=C qemu-img info -f qcow2 --output=json --force-share /opt/stack/data/cinder/mnt/361b023276b198f9e01d26bce3e6863f/volume-4dbdbed3-bc2a-47fd-8e19-31fc4547c2a1.b6de56dc-9af8-4cee-b537-171d31d22dc3" returned: 0 in 0.884s {{(pid=86688) execute /opt/stack/data/venv/lib/python3.12/site-packages/oslo_concurrency/processutils.py:468}}
Jul 05 05:13:41 devstack cinder-volume[86688]: DEBUG cinder.volume.drivers.remotefs [None req-4d375789-ef00-4320-93fd-4828b2bf08c5 tempest-GroupsV314Test-1186870175 None] Fetching qemu-img info with special backing_file_template: (/opt/stack/data/cinder/mnt/[0-9a-f]+/)?(volume-4dbdbed3-bc2a-47fd-8e19-31fc4547c2a1(.(tmp-snap-)?[0-9a-f-]+)?|volume_from_snapshot_cache/(tmp-snap-)?[0-9a-f-]+(.(child-|parent-)[0-9a-f-]+)?)$ {{(pid=86688) _qemu_img_info_base /opt/stack/cinder/cinder/volume/drivers/remotefs.py:896}}
Jul 05 05:13:41 devstack cinder-volume[86688]: DEBUG oslo.privsep.daemon [-] privsep: reply[092bfa1d-dab6-4164-a664-9c8c96396392]: (4, 'qcow2') {{(pid=87812) _call_back /opt/stack/data/venv/lib/python3.12/site-packages/oslo_privsep/daemon.py:580}}
Jul 05 05:13:41 devstack cinder-volume[86688]: DEBUG oslo_concurrency.processutils [None req-4d375789-ef00-4320-93fd-4828b2bf08c5 tempest-GroupsV314Test-1186870175 None] Running cmd (subprocess): /opt/stack/data/venv/bin/python3.12 -m oslo_concurrency.prlimit --as=1073741824 --cpu=60 -- sudo cinder-rootwrap /etc/cinder/rootwrap.conf env LC_ALL=C qemu-img info -f qcow2 --output=json --force-share /opt/stack/data/cinder/mnt/361b023276b198f9e01d26bce3e6863f/volume-4dbdbed3-bc2a-47fd-8e19-31fc4547c2a1 {{(pid=86688) execute /opt/stack/data/venv/lib/python3.12/site-packages/oslo_concurrency/processutils.py:440}}
Jul 05 05:13:41 devstack sudo[92039]: quobyte : PWD=/ ; USER=root ; COMMAND=/opt/stack/data/venv/bin/cinder-rootwrap /etc/cinder/rootwrap.conf env LC_ALL=C qemu-img info -f qcow2 --output=json --force-share /opt/stack/data/cinder/mnt/361b023276b198f9e01d26bce3e6863f/volume-4dbdbed3-bc2a-47fd-8e19-31fc4547c2a1
Jul 05 05:13:41 devstack sudo[92039]: pam_unix(sudo:session): session opened for user root(uid=0) by (uid=1000)
Jul 05 05:13:42 devstack sudo[92039]: pam_unix(sudo:session): session closed for user root
Jul 05 05:13:42 devstack cinder-volume[86688]: DEBUG oslo_concurrency.processutils [None req-4d375789-ef00-4320-93fd-4828b2bf08c5 tempest-GroupsV314Test-1186870175 None] CMD "/opt/stack/data/venv/bin/python3.12 -m oslo_concurrency.prlimit --as=1073741824 --cpu=60 -- sudo cinder-rootwrap /etc/cinder/rootwrap.conf env LC_ALL=C qemu-img info -f qcow2 --output=json --force-share /opt/stack/data/cinder/mnt/361b023276b198f9e01d26bce3e6863f/volume-4dbdbed3-bc2a-47fd-8e19-31fc4547c2a1" returned: 0 in 0.939s {{(pid=86688) execute /opt/stack/data/venv/lib/python3.12/site-packages/oslo_concurrency/processutils.py:468}}
Jul 05 05:13:42 devstack cinder-volume[86688]: DEBUG oslo_concurrency.processutils [None req-4d375789-ef00-4320-93fd-4828b2bf08c5 tempest-GroupsV314Test-1186870175 None] Running cmd (subprocess): sudo cinder-rootwrap /etc/cinder/rootwrap.conf qemu-img commit -d /opt/stack/data/cinder/mnt/361b023276b198f9e01d26bce3e6863f/volume-4dbdbed3-bc2a-47fd-8e19-31fc4547c2a1.b6de56dc-9af8-4cee-b537-171d31d22dc3 {{(pid=86688) execute /opt/stack/data/venv/lib/python3.12/site-packages/oslo_concurrency/processutils.py:440}}
Jul 05 05:13:42 devstack sudo[92047]: quobyte : PWD=/ ; USER=root ; COMMAND=/opt/stack/data/venv/bin/cinder-rootwrap /etc/cinder/rootwrap.conf qemu-img commit -d /opt/stack/data/cinder/mnt/361b023276b198f9e01d26bce3e6863f/volume-4dbdbed3-bc2a-47fd-8e19-31fc4547c2a1.b6de56dc-9af8-4cee-b537-171d31d22dc3
Jul 05 05:13:42 devstack sudo[92047]: pam_unix(sudo:session): session opened for user root(uid=0) by (uid=1000)
Jul 05 05:13:43 devstack sudo[92047]: pam_unix(sudo:session): session closed for user root
Jul 05 05:13:43 devstack cinder-volume[86688]: DEBUG oslo_concurrency.processutils [None req-4d375789-ef00-4320-93fd-4828b2bf08c5 tempest-GroupsV314Test-1186870175 None] CMD "sudo cinder-rootwrap /etc/cinder/rootwrap.conf qemu-img commit -d /opt/stack/data/cinder/mnt/361b023276b198f9e01d26bce3e6863f/volume-4dbdbed3-bc2a-47fd-8e19-31fc4547c2a1.b6de56dc-9af8-4cee-b537-171d31d22dc3" returned: 0 in 0.945s {{(pid=86688) execute /opt/stack/data/venv/lib/python3.12/site-packages/oslo_concurrency/processutils.py:468}}
Jul 05 05:13:43 devstack cinder-volume[86688]: DEBUG oslo_concurrency.processutils [None req-4d375789-ef00-4320-93fd-4828b2bf08c5 tempest-GroupsV314Test-1186870175 None] Running cmd (subprocess): sudo cinder-rootwrap /etc/cinder/rootwrap.conf rm -f /opt/stack/data/cinder/mnt/361b023276b198f9e01d26bce3e6863f/volume-4dbdbed3-bc2a-47fd-8e19-31fc4547c2a1.b6de56dc-9af8-4cee-b537-171d31d22dc3 {{(pid=86688) execute /opt/stack/data/venv/lib/python3.12/site-packages/oslo_concurrency/processutils.py:440}}
Jul 05 05:13:43 devstack sudo[92059]: quobyte : PWD=/ ; USER=root ; COMMAND=/opt/stack/data/venv/bin/cinder-rootwrap /etc/cinder/rootwrap.conf rm -f /opt/stack/data/cinder/mnt/361b023276b198f9e01d26bce3e6863f/volume-4dbdbed3-bc2a-47fd-8e19-31fc4547c2a1.b6de56dc-9af8-4cee-b537-171d31d22dc3
Jul 05 05:13:43 devstack sudo[92059]: pam_unix(sudo:session): session opened for user root(uid=0) by (uid=1000)
Jul 05 05:13:44 devstack sudo[92059]: pam_unix(sudo:session): session closed for user root
