Jan 21 19:24:37 devstack cinder-volume[83167]: DEBUG cinder.volume.drivers.quobyte [None req-c04395b8-d13d-4f46-87ab-db8e78fe2e55 tempest-GroupSnapshotsV319Test-1041581631 None] Quobyte Volume URL set to: {'osci02.corp.quobyte.com/cinder-vol-5e19d7c1-a801-4317-8d85-7ec051b77427': None} {{(pid=83167) _load_shares_config /opt/stack/cinder/cinder/volume/drivers/quobyte.py:611}}
Jan 21 19:24:37 devstack cinder-volume[83167]: DEBUG cinder.volume.drivers.quobyte [None req-c04395b8-d13d-4f46-87ab-db8e78fe2e55 tempest-GroupSnapshotsV319Test-1041581631 None] Available shares ['osci02.corp.quobyte.com/cinder-vol-5e19d7c1-a801-4317-8d85-7ec051b77427'] {{(pid=83167) _ensure_shares_mounted /opt/stack/cinder/cinder/volume/drivers/quobyte.py:641}}
Jan 21 19:24:37 devstack cinder-volume[83167]: DEBUG oslo_concurrency.lockutils [None req-c04395b8-d13d-4f46-87ab-db8e78fe2e55 tempest-GroupSnapshotsV319Test-1041581631 None] Lock "quobyte_ensure" "released" by "cinder.volume.drivers.quobyte.QuobyteDriver._ensure_shares_mounted" :: held 0.013s {{(pid=83167) inner /opt/stack/data/venv/lib/python3.10/site-packages/oslo_concurrency/lockutils.py:424}}
Jan 21 19:24:37 devstack cinder-volume[83167]: DEBUG cinder.volume.drivers.quobyte [None req-c04395b8-d13d-4f46-87ab-db8e78fe2e55 tempest-GroupSnapshotsV319Test-1041581631 None] Selected osci02.corp.quobyte.com/cinder-vol-5e19d7c1-a801-4317-8d85-7ec051b77427 as target Quobyte volume. {{(pid=83167) _find_share /opt/stack/cinder/cinder/volume/drivers/quobyte.py:662}}
Jan 21 19:24:37 devstack cinder-volume[83167]: INFO cinder.volume.drivers.remotefs [None req-c04395b8-d13d-4f46-87ab-db8e78fe2e55 tempest-GroupSnapshotsV319Test-1041581631 None] casted to osci02.corp.quobyte.com/cinder-vol-5e19d7c1-a801-4317-8d85-7ec051b77427
Jan 21 19:24:37 devstack cinder-volume[83167]: DEBUG oslo_concurrency.processutils [None req-c04395b8-d13d-4f46-87ab-db8e78fe2e55 tempest-GroupSnapshotsV319Test-1041581631 None] Running cmd (subprocess): sudo cinder-rootwrap /etc/cinder/rootwrap.conf qemu-img create -f qcow2 -o preallocation=metadata /opt/stack/data/cinder/mnt/9189858323ab091d6e0027ef6974c354/volume-e97205fa-9b72-409e-b774-156600bc0ade 1073741824 {{(pid=83167) execute /opt/stack/data/venv/lib/python3.10/site-packages/oslo_concurrency/processutils.py:349}}
Jan 21 19:24:37 devstack sudo[93052]: quobyte : PWD=/ ; USER=root ; COMMAND=/opt/stack/data/venv/bin/cinder-rootwrap /etc/cinder/rootwrap.conf qemu-img create -f qcow2 -o preallocation=metadata /opt/stack/data/cinder/mnt/9189858323ab091d6e0027ef6974c354/volume-e97205fa-9b72-409e-b774-156600bc0ade 1073741824
Jan 21 19:24:37 devstack sudo[93052]: pam_unix(sudo:session): session opened for user root(uid=0) by (uid=1000)
Jan 21 19:24:37 devstack cinder-volume[83167]: WARNING cinder.volume.volume_utils [None req-c034508e-2242-432c-b556-0080c1eda650 tempest-SnapshotsActionsTest-889360960 None] Volume driver (QuobyteDriver 1.1.13) is currently unsupported and may be removed in the next release of OpenStack. Use at your own risk.
Jan 21 19:24:37 devstack cinder-volume[83167]: DEBUG cinder.volume.flows.manager.create_volume [None req-c034508e-2242-432c-b556-0080c1eda650 tempest-SnapshotsActionsTest-889360960 None] Volume reschedule parameters: True retry: {'num_attempts': 1, 'backends': ['devstack@QuobyteHD#QuobyteHD'], 'hosts': ['devstack@QuobyteHD#QuobyteHD']} {{(pid=83167) get_flow /opt/stack/cinder/cinder/volume/flows/manager/create_volume.py:1388}}
Jan 21 19:24:37 devstack cinder-volume[83167]: DEBUG cinder.volume.manager [None req-c034508e-2242-432c-b556-0080c1eda650 tempest-SnapshotsActionsTest-889360960 None] Flow 'volume_create_manager' (a4d3cf74-d2d2-47f7-abde-758c8b303080) transitioned into state 'RUNNING' from state 'PENDING' {{(pid=83167) _flow_receiver /opt/stack/data/venv/lib/python3.10/site-packages/taskflow/listeners/logging.py:145}}
Jan 21 19:24:37 devstack cinder-volume[83167]: DEBUG cinder.volume.manager [None req-c034508e-2242-432c-b556-0080c1eda650 tempest-SnapshotsActionsTest-889360960 None] Task 'cinder.volume.flows.manager.create_volume.ExtractVolumeRefTask;volume:create' (e04c1e18-f61e-47bc-91b1-8210510cf963) transitioned into state 'RUNNING' from state 'PENDING' {{(pid=83167) _task_receiver /opt/stack/data/venv/lib/python3.10/site-packages/taskflow/listeners/logging.py:194}}
Jan 21 19:24:37 devstack cinder-volume[83167]: DEBUG cinder.volume.manager [None req-c034508e-2242-432c-b556-0080c1eda650 tempest-SnapshotsActionsTest-889360960 None] Task 'cinder.volume.flows.manager.create_volume.ExtractVolumeRefTask;volume:create' (e04c1e18-f61e-47bc-91b1-8210510cf963) transitioned into state 'SUCCESS' from state 'RUNNING' with result 'Volume(_name_id=None,admin_metadata=,attach_status='detached',availability_zone='nova',bootable=False,cluster=,cluster_name=None,consistencygroup=,consistencygroup_id=None,created_at=2026-01-21T18:24:38Z,deleted=False,deleted_at=None,display_description=None,display_name='tempest-SnapshotsActionsTest-Volume-2125762131',ec2_id=None,encryption_key_id=None,glance_metadata=,group=,group_id=None,host='devstack@QuobyteHD#QuobyteHD',id=63d735ec-effa-49e9-84c8-594ffb83b15c,launched_at=None,metadata={},migration_status=None,multiattach=False,previous_status=None,project_id='4f9bb58273a54c9a98bfdf95dd796063',provider_auth=None,provider_geometry=None,provider_id=None,provider_location=None,replication_driver_data=None,replication_extended_status=None,replication_status=None,scheduled_at=2026-01-21T18:24:38Z,service_uuid=None,shared_targets=True,size=1,snapshot_id=None,snapshots=,source_volid=None,status='creating',terminated_at=None,updated_at=2026-01-21T18:24:38Z,use_quota=True,user_id='ba852ff8dbc9460aa62fe86276fb2d20',volume_attachment=VolumeAttachmentList,volume_type=VolumeType(ee37755f-f71d-4291-9300-587f5baef742),volume_type_id=ee37755f-f71d-4291-9300-587f5baef742)' {{(pid=83167) _task_receiver /opt/stack/data/venv/lib/python3.10/site-packages/taskflow/listeners/logging.py:182}}
Jan 21 19:24:37 devstack cinder-volume[83167]: DEBUG cinder.volume.manager [None req-c034508e-2242-432c-b556-0080c1eda650 tempest-SnapshotsActionsTest-889360960 None] Task 'cinder.volume.flows.manager.create_volume.OnFailureRescheduleTask;volume:create' (fcf3e288-e61d-4a6f-9946-5d7b134d837e) transitioned into state 'RUNNING' from state 'PENDING' {{(pid=83167) _task_receiver /opt/stack/data/venv/lib/python3.10/site-packages/taskflow/listeners/logging.py:194}}
Jan 21 19:24:37 devstack cinder-volume[83167]: DEBUG cinder.volume.manager [None req-c034508e-2242-432c-b556-0080c1eda650 tempest-SnapshotsActionsTest-889360960 None] Task 'cinder.volume.flows.manager.create_volume.OnFailureRescheduleTask;volume:create' (fcf3e288-e61d-4a6f-9946-5d7b134d837e) transitioned into state 'SUCCESS' from state 'RUNNING' with result 'None' {{(pid=83167) _task_receiver /opt/stack/data/venv/lib/python3.10/site-packages/taskflow/listeners/logging.py:182}}
Jan 21 19:24:37 devstack cinder-volume[83167]: DEBUG cinder.volume.manager [None req-c034508e-2242-432c-b556-0080c1eda650 tempest-SnapshotsActionsTest-889360960 None] Task 'cinder.volume.flows.manager.create_volume.ExtractVolumeSpecTask;volume:create' (34e46e8e-883c-49c7-a5f6-6c87b3c0f5fd) transitioned into state 'RUNNING' from state 'PENDING' {{(pid=83167) _task_receiver /opt/stack/data/venv/lib/python3.10/site-packages/taskflow/listeners/logging.py:194}}
Jan 21 19:24:37 devstack cinder-volume[83167]: DEBUG cinder.volume.manager [None req-c034508e-2242-432c-b556-0080c1eda650 tempest-SnapshotsActionsTest-889360960 None] Task 'cinder.volume.flows.manager.create_volume.ExtractVolumeSpecTask;volume:create' (34e46e8e-883c-49c7-a5f6-6c87b3c0f5fd) transitioned into state 'SUCCESS' from state 'RUNNING' with result '{'status': 'creating', 'type': 'raw', 'volume_id': '63d735ec-effa-49e9-84c8-594ffb83b15c', 'volume_name': 'volume-63d735ec-effa-49e9-84c8-594ffb83b15c', 'volume_size': 1}' {{(pid=83167) _task_receiver /opt/stack/data/venv/lib/python3.10/site-packages/taskflow/listeners/logging.py:182}}
Jan 21 19:24:37 devstack cinder-volume[83167]: DEBUG cinder.volume.manager [None req-c034508e-2242-432c-b556-0080c1eda650 tempest-SnapshotsActionsTest-889360960 None] Task 'cinder.volume.flows.manager.create_volume.NotifyVolumeActionTask;volume:create, create.start' (be6054b4-139c-4ef7-8531-1272ff7b3e22) transitioned into state 'RUNNING' from state 'PENDING' {{(pid=83167) _task_receiver /opt/stack/data/venv/lib/python3.10/site-packages/taskflow/listeners/logging.py:194}}
Jan 21 19:24:37 devstack cinder-volume[83167]: DEBUG cinder.volume.manager [None req-c034508e-2242-432c-b556-0080c1eda650 tempest-SnapshotsActionsTest-889360960 None] Task 'cinder.volume.flows.manager.create_volume.NotifyVolumeActionTask;volume:create, create.start' (be6054b4-139c-4ef7-8531-1272ff7b3e22) transitioned into state 'SUCCESS' from state 'RUNNING' with result 'None' {{(pid=83167) _task_receiver /opt/stack/data/venv/lib/python3.10/site-packages/taskflow/listeners/logging.py:182}}
Jan 21 19:24:37 devstack cinder-volume[83167]: DEBUG cinder.volume.manager [None req-c034508e-2242-432c-b556-0080c1eda650 tempest-SnapshotsActionsTest-889360960 None] Task 'cinder.volume.flows.manager.create_volume.CreateVolumeFromSpecTask;volume:create' (b754ef96-e841-4425-8407-d6d200b0af51) transitioned into state 'RUNNING' from state 'PENDING' {{(pid=83167) _task_receiver /opt/stack/data/venv/lib/python3.10/site-packages/taskflow/listeners/logging.py:194}}
Jan 21 19:24:37 devstack cinder-volume[83167]: INFO cinder.volume.flows.manager.create_volume [None req-c034508e-2242-432c-b556-0080c1eda650 tempest-SnapshotsActionsTest-889360960 None] Volume 63d735ec-effa-49e9-84c8-594ffb83b15c: being created as raw with specification: {'status': 'creating', 'volume_name': 'volume-63d735ec-effa-49e9-84c8-594ffb83b15c', 'volume_size': 1}
Jan 21 19:24:37 devstack cinder-volume[83167]: DEBUG oslo_concurrency.lockutils [None req-c034508e-2242-432c-b556-0080c1eda650 tempest-SnapshotsActionsTest-889360960 None] Acquiring lock "quobyte" by "cinder.volume.drivers.quobyte.QuobyteDriver.create_volume" {{(pid=83167) inner /opt/stack/data/venv/lib/python3.10/site-packages/oslo_concurrency/lockutils.py:405}}
Jan 21 19:24:38 devstack sudo[93052]: pam_unix(sudo:session): session closed for user root
Jan 21 19:24:38 devstack cinder-volume[83167]: DEBUG oslo_concurrency.processutils [None req-c04395b8-d13d-4f46-87ab-db8e78fe2e55 tempest-GroupSnapshotsV319Test-1041581631 None] CMD "sudo cinder-rootwrap /etc/cinder/rootwrap.conf qemu-img create -f qcow2 -o preallocation=metadata /opt/stack/data/cinder/mnt/9189858323ab091d6e0027ef6974c354/volume-e97205fa-9b72-409e-b774-156600bc0ade 1073741824" returned: 0 in 0.503s {{(pid=83167) execute /opt/stack/data/venv/lib/python3.10/site-packages/oslo_concurrency/processutils.py:372}}
Jan 21 19:24:38 devstack cinder-volume[83167]: DEBUG oslo_concurrency.processutils [None req-c04395b8-d13d-4f46-87ab-db8e78fe2e55 tempest-GroupSnapshotsV319Test-1041581631 None] Running cmd (subprocess): sudo cinder-rootwrap /etc/cinder/rootwrap.conf chmod ugo+rw /opt/stack/data/cinder/mnt/9189858323ab091d6e0027ef6974c354/volume-e97205fa-9b72-409e-b774-156600bc0ade {{(pid=83167) execute /opt/stack/data/venv/lib/python3.10/site-packages/oslo_concurrency/processutils.py:349}}
Jan 21 19:24:38 devstack sudo[93058]: quobyte : PWD=/ ; USER=root ; COMMAND=/opt/stack/data/venv/bin/cinder-rootwrap /etc/cinder/rootwrap.conf chmod ugo+rw /opt/stack/data/cinder/mnt/9189858323ab091d6e0027ef6974c354/volume-e97205fa-9b72-409e-b774-156600bc0ade
Jan 21 19:24:38 devstack sudo[93058]: pam_unix(sudo:session): session opened for user root(uid=0) by (uid=1000)
Jan 21 19:24:38 devstack sudo[93058]: pam_unix(sudo:session): session closed for user root
Jan 21 19:24:38 devstack cinder-volume[83167]: DEBUG oslo_concurrency.processutils [None req-c04395b8-d13d-4f46-87ab-db8e78fe2e55 tempest-GroupSnapshotsV319Test-1041581631 None] CMD "sudo cinder-rootwrap /etc/cinder/rootwrap.conf chmod ugo+rw /opt/stack/data/cinder/mnt/9189858323ab091d6e0027ef6974c354/volume-e97205fa-9b72-409e-b774-156600bc0ade" returned: 0 in 0.418s {{(pid=83167) execute /opt/stack/data/venv/lib/python3.10/site-packages/oslo_concurrency/processutils.py:372}}
Jan 21 19:24:38 devstack cinder-volume[83167]: DEBUG cinder.volume.drivers.quobyte [None req-c04395b8-d13d-4f46-87ab-db8e78fe2e55 tempest-GroupSnapshotsV319Test-1041581631 None] <== create_volume: return (954ms) {'provider_location': 'osci02.corp.quobyte.com/cinder-vol-5e19d7c1-a801-4317-8d85-7ec051b77427'} {{(pid=83167) trace_logging_wrapper /opt/stack/cinder/cinder/volume/volume_utils.py:1523}}
Jan 21 19:24:38 devstack cinder-volume[83167]: DEBUG oslo_concurrency.lockutils [None req-c04395b8-d13d-4f46-87ab-db8e78fe2e55 tempest-GroupSnapshotsV319Test-1041581631 None] Lock "quobyte" "released" by "cinder.volume.drivers.quobyte.QuobyteDriver.create_volume" :: held 0.958s {{(pid=83167) inner /opt/stack/data/venv/lib/python3.10/site-packages/oslo_concurrency/lockutils.py:424}}
Jan 21 19:24:38 devstack cinder-volume[83167]: DEBUG oslo_concurrency.lockutils [None req-c034508e-2242-432c-b556-0080c1eda650 tempest-SnapshotsActionsTest-889360960 None] Lock "quobyte" acquired by "cinder.volume.drivers.quobyte.QuobyteDriver.create_volume" :: waited 0.808s {{(pid=83167) inner /opt/stack/data/venv/lib/python3.10/site-packages/oslo_concurrency/lockutils.py:410}}
Jan 21 19:24:38 devstack cinder-volume[83167]: DEBUG cinder.volume.drivers.quobyte [None req-c034508e-2242-432c-b556-0080c1eda650 tempest-SnapshotsActionsTest-889360960 None] ==> create_volume: call "{'self': , 'volume': Volume(_name_id=None,admin_metadata=,attach_status='detached',availability_zone='nova',bootable=False,cluster=,cluster_name=None,consistencygroup=,consistencygroup_id=None,created_at=2026-01-21T18:24:38Z,deleted=False,deleted_at=None,display_description=None,display_name='tempest-SnapshotsActionsTest-Volume-2125762131',ec2_id=None,encryption_key_id=None,glance_metadata=,group=,group_id=None,host='devstack@QuobyteHD#QuobyteHD',id=63d735ec-effa-49e9-84c8-594ffb83b15c,launched_at=None,metadata={},migration_status=None,multiattach=False,previous_status=None,project_id='4f9bb58273a54c9a98bfdf95dd796063',provider_auth=None,provider_geometry=None,provider_id=None,provider_location=None,replication_driver_data=None,replication_extended_status=None,replication_status=None,scheduled_at=2026-01-21T18:24:38Z,service_uuid=None,shared_targets=True,size=1,snapshot_id=None,snapshots=,source_volid=None,status='creating',terminated_at=None,updated_at=2026-01-21T18:24:38Z,use_quota=True,user_id='ba852ff8dbc9460aa62fe86276fb2d20',volume_attachment=VolumeAttachmentList,volume_type=VolumeType(ee37755f-f71d-4291-9300-587f5baef742),volume_type_id=ee37755f-f71d-4291-9300-587f5baef742)}" {{(pid=83167) trace_logging_wrapper /opt/stack/cinder/cinder/volume/volume_utils.py:1498}}
Jan 21 19:24:38 devstack cinder-volume[83167]: DEBUG cinder.volume.drivers.remotefs [None req-c034508e-2242-432c-b556-0080c1eda650 tempest-SnapshotsActionsTest-889360960 None] Creating volume 63d735ec-effa-49e9-84c8-594ffb83b15c {{(pid=83167) create_volume /opt/stack/cinder/cinder/volume/drivers/remotefs.py:292}}
Jan 21 19:24:38 devstack cinder-volume[83167]: DEBUG oslo_concurrency.lockutils [None req-c034508e-2242-432c-b556-0080c1eda650 tempest-SnapshotsActionsTest-889360960 None] Acquiring lock "quobyte_ensure" by "cinder.volume.drivers.quobyte.QuobyteDriver._ensure_shares_mounted" {{(pid=83167) inner /opt/stack/data/venv/lib/python3.10/site-packages/oslo_concurrency/lockutils.py:405}}
Jan 21 19:24:38 devstack cinder-volume[83167]: DEBUG oslo_concurrency.lockutils [None req-c034508e-2242-432c-b556-0080c1eda650 tempest-SnapshotsActionsTest-889360960 None] Lock "quobyte_ensure" acquired by "cinder.volume.drivers.quobyte.QuobyteDriver._ensure_shares_mounted" :: waited 0.000s {{(pid=83167) inner /opt/stack/data/venv/lib/python3.10/site-packages/oslo_concurrency/lockutils.py:410}}
Jan 21 19:24:38 devstack cinder-volume[83167]: DEBUG cinder.volume.drivers.quobyte [None req-c034508e-2242-432c-b556-0080c1eda650 tempest-SnapshotsActionsTest-889360960 None] Quobyte Volume URL set to: {'osci02.corp.quobyte.com/cinder-vol-5e19d7c1-a801-4317-8d85-7ec051b77427': None} {{(pid=83167) _load_shares_config /opt/stack/cinder/cinder/volume/drivers/quobyte.py:611}}
Jan 21 19:24:38 devstack cinder-volume[83167]: DEBUG cinder.volume.drivers.quobyte [None req-c034508e-2242-432c-b556-0080c1eda650 tempest-SnapshotsActionsTest-889360960 None] Available shares ['osci02.corp.quobyte.com/cinder-vol-5e19d7c1-a801-4317-8d85-7ec051b77427'] {{(pid=83167) _ensure_shares_mounted /opt/stack/cinder/cinder/volume/drivers/quobyte.py:641}}
Jan 21 19:24:38 devstack cinder-volume[83167]: DEBUG oslo_concurrency.lockutils [None req-c034508e-2242-432c-b556-0080c1eda650 tempest-SnapshotsActionsTest-889360960 None] Lock "quobyte_ensure" "released" by "cinder.volume.drivers.quobyte.QuobyteDriver._ensure_shares_mounted" :: held 0.004s {{(pid=83167) inner /opt/stack/data/venv/lib/python3.10/site-packages/oslo_concurrency/lockutils.py:424}}
Jan 21 19:24:38 devstack cinder-volume[83167]: DEBUG cinder.volume.drivers.quobyte [None req-c034508e-2242-432c-b556-0080c1eda650 tempest-SnapshotsActionsTest-889360960 None] Selected osci02.corp.quobyte.com/cinder-vol-5e19d7c1-a801-4317-8d85-7ec051b77427 as target Quobyte volume. {{(pid=83167) _find_share /opt/stack/cinder/cinder/volume/drivers/quobyte.py:662}}
Jan 21 19:24:38 devstack cinder-volume[83167]: INFO cinder.volume.drivers.remotefs [None req-c034508e-2242-432c-b556-0080c1eda650 tempest-SnapshotsActionsTest-889360960 None] casted to osci02.corp.quobyte.com/cinder-vol-5e19d7c1-a801-4317-8d85-7ec051b77427
Jan 21 19:24:38 devstack cinder-volume[83167]: DEBUG oslo_concurrency.processutils [None req-c034508e-2242-432c-b556-0080c1eda650 tempest-SnapshotsActionsTest-889360960 None] Running cmd (subprocess): sudo cinder-rootwrap /etc/cinder/rootwrap.conf qemu-img create -f qcow2 -o preallocation=metadata /opt/stack/data/cinder/mnt/9189858323ab091d6e0027ef6974c354/volume-63d735ec-effa-49e9-84c8-594ffb83b15c 1073741824 {{(pid=83167) execute /opt/stack/data/venv/lib/python3.10/site-packages/oslo_concurrency/processutils.py:349}}
Jan 21 19:24:38 devstack cinder-volume[83167]: DEBUG cinder.volume.manager [None req-c04395b8-d13d-4f46-87ab-db8e78fe2e55 tempest-GroupSnapshotsV319Test-1041581631 None] Task 'cinder.volume.flows.manager.create_volume.CreateVolumeFromSpecTask;volume:create' (b6a6dd3e-61c8-4914-8c1c-6b23f6712778) transitioned into state 'SUCCESS' from state 'RUNNING' with result '{'status': 'creating', 'volume_name': 'volume-e97205fa-9b72-409e-b774-156600bc0ade', 'volume_size': 1}' {{(pid=83167) _task_receiver /opt/stack/data/venv/lib/python3.10/site-packages/taskflow/listeners/logging.py:182}}
Jan 21 19:24:38 devstack sudo[93061]: quobyte : PWD=/ ; USER=root ; COMMAND=/opt/stack/data/venv/bin/cinder-rootwrap /etc/cinder/rootwrap.conf qemu-img create -f qcow2 -o preallocation=metadata /opt/stack/data/cinder/mnt/9189858323ab091d6e0027ef6974c354/volume-63d735ec-effa-49e9-84c8-594ffb83b15c 1073741824
Jan 21 19:24:38 devstack sudo[93061]: pam_unix(sudo:session): session opened for user root(uid=0) by (uid=1000)
Jan 21 19:24:38 devstack cinder-volume[83167]: DEBUG cinder.volume.manager [None req-c04395b8-d13d-4f46-87ab-db8e78fe2e55 tempest-GroupSnapshotsV319Test-1041581631 None] Task 'cinder.volume.flows.manager.create_volume.CreateVolumeOnFinishTask;volume:create, create.end' (e436d600-f366-4fce-ada0-9bedbbbc013a) transitioned into state 'RUNNING' from state 'PENDING' {{(pid=83167) _task_receiver /opt/stack/data/venv/lib/python3.10/site-packages/taskflow/listeners/logging.py:194}}
Jan 21 19:24:38 devstack cinder-volume[83167]: INFO cinder.volume.flows.manager.create_volume [None req-c04395b8-d13d-4f46-87ab-db8e78fe2e55 tempest-GroupSnapshotsV319Test-1041581631 None] Volume volume-e97205fa-9b72-409e-b774-156600bc0ade (e97205fa-9b72-409e-b774-156600bc0ade): created successfully
Jan 21 19:24:38 devstack cinder-volume[83167]: DEBUG cinder.volume.manager [None req-c04395b8-d13d-4f46-87ab-db8e78fe2e55 tempest-GroupSnapshotsV319Test-1041581631 None] Task 'cinder.volume.flows.manager.create_volume.CreateVolumeOnFinishTask;volume:create, create.end' (e436d600-f366-4fce-ada0-9bedbbbc013a) transitioned into state 'SUCCESS' from state 'RUNNING' with result 'None' {{(pid=83167) _task_receiver /opt/stack/data/venv/lib/python3.10/site-packages/taskflow/listeners/logging.py:182}}
Jan 21 19:24:38 devstack cinder-volume[83167]: DEBUG cinder.volume.manager [None req-c04395b8-d13d-4f46-87ab-db8e78fe2e55 tempest-GroupSnapshotsV319Test-1041581631 None] Flow 'volume_create_manager' (d9adbc07-8334-472b-b721-fffb041e7c03) transitioned into state 'SUCCESS' from state 'RUNNING' {{(pid=83167) _flow_receiver /opt/stack/data/venv/lib/python3.10/site-packages/taskflow/listeners/logging.py:145}}
Jan 21 19:24:38 devstack cinder-volume[83167]: INFO cinder.volume.manager [None req-c04395b8-d13d-4f46-87ab-db8e78fe2e55 tempest-GroupSnapshotsV319Test-1041581631 None] Created volume successfully.
Jan 21 19:24:39 devstack sudo[93061]: pam_unix(sudo:session): session closed for user root
Jan 21 19:24:39 devstack cinder-volume[83167]: DEBUG oslo_concurrency.processutils [None req-c034508e-2242-432c-b556-0080c1eda650 tempest-SnapshotsActionsTest-889360960 None] CMD "sudo cinder-rootwrap /etc/cinder/rootwrap.conf qemu-img create -f qcow2 -o preallocation=metadata /opt/stack/data/cinder/mnt/9189858323ab091d6e0027ef6974c354/volume-63d735ec-effa-49e9-84c8-594ffb83b15c 1073741824" returned: 0 in 0.510s {{(pid=83167) execute /opt/stack/data/venv/lib/python3.10/site-packages/oslo_concurrency/processutils.py:372}}
Jan 21 19:24:39 devstack cinder-volume[83167]: DEBUG oslo_concurrency.processutils [None req-c034508e-2242-432c-b556-0080c1eda650 tempest-SnapshotsActionsTest-889360960 None] Running cmd (subprocess): sudo cinder-rootwrap /etc/cinder/rootwrap.conf chmod ugo+rw /opt/stack/data/cinder/mnt/9189858323ab091d6e0027ef6974c354/volume-63d735ec-effa-49e9-84c8-594ffb83b15c {{(pid=83167) execute /opt/stack/data/venv/lib/python3.10/site-packages/oslo_concurrency/processutils.py:349}}
Jan 21 19:24:39 devstack sudo[93066]: quobyte : PWD=/ ; USER=root ; COMMAND=/opt/stack/data/venv/bin/cinder-rootwrap /etc/cinder/rootwrap.conf chmod ugo+rw /opt/stack/data/cinder/mnt/9189858323ab091d6e0027ef6974c354/volume-63d735ec-effa-49e9-84c8-594ffb83b15c
Jan 21 19:24:39 devstack sudo[93066]: pam_unix(sudo:session): session opened for user root(uid=0) by (uid=1000)
Jan 21 19:24:39 devstack sudo[93066]: pam_unix(sudo:session): session closed for user root
Jan 21 19:24:39 devstack cinder-volume[83167]: DEBUG oslo_concurrency.processutils [None req-c034508e-2242-432c-b556-0080c1eda650 tempest-SnapshotsActionsTest-889360960 None] CMD "sudo cinder-rootwrap /etc/cinder/rootwrap.conf chmod ugo+rw /opt/stack/data/cinder/mnt/9189858323ab091d6e0027ef6974c354/volume-63d735ec-effa-49e9-84c8-594ffb83b15c" returned: 0 in 0.403s {{(pid=83167) execute /opt/stack/data/venv/lib/python3.10/site-packages/oslo_concurrency/processutils.py:372}}
Jan 21 19:24:39 devstack cinder-volume[83167]: DEBUG cinder.volume.drivers.quobyte [None req-c034508e-2242-432c-b556-0080c1eda650 tempest-SnapshotsActionsTest-889360960 None] <== create_volume: return (938ms) {'provider_location': 'osci02.corp.quobyte.com/cinder-vol-5e19d7c1-a801-4317-8d85-7ec051b77427'} {{(pid=83167) trace_logging_wrapper /opt/stack/cinder/cinder/volume/volume_utils.py:1523}}
Jan 21 19:24:39 devstack cinder-volume[83167]: DEBUG oslo_concurrency.lockutils [None req-c034508e-2242-432c-b556-0080c1eda650 tempest-SnapshotsActionsTest-889360960 None] Lock "quobyte" "released" by "cinder.volume.drivers.quobyte.QuobyteDriver.create_volume" :: held 0.940s {{(pid=83167) inner /opt/stack/data/venv/lib/python3.10/site-packages/oslo_concurrency/lockutils.py:424}}
Jan 21 19:24:39 devstack cinder-volume[83167]: DEBUG cinder.volume.manager [None req-c034508e-2242-432c-b556-0080c1eda650 tempest-SnapshotsActionsTest-889360960 None] Task 'cinder.volume.flows.manager.create_volume.CreateVolumeFromSpecTask;volume:create' (b754ef96-e841-4425-8407-d6d200b0af51) transitioned into state 'SUCCESS' from state 'RUNNING' with result '{'status': 'creating', 'volume_name': 'volume-63d735ec-effa-49e9-84c8-594ffb83b15c', 'volume_size': 1}' {{(pid=83167) _task_receiver /opt/stack/data/venv/lib/python3.10/site-packages/taskflow/listeners/logging.py:182}}
Jan 21 19:24:39 devstack cinder-volume[83167]: DEBUG cinder.volume.manager [None req-c034508e-2242-432c-b556-0080c1eda650 tempest-SnapshotsActionsTest-889360960 None] Task 'cinder.volume.flows.manager.create_volume.CreateVolumeOnFinishTask;volume:create, create.end' (0db8eb37-cfe0-4338-a31c-cb1d8b17a62e) transitioned into state 'RUNNING' from state 'PENDING' {{(pid=83167) _task_receiver /opt/stack/data/venv/lib/python3.10/site-packages/taskflow/listeners/logging.py:194}}
Jan 21 19:24:39 devstack cinder-volume[83167]: INFO cinder.volume.flows.manager.create_volume [None req-c034508e-2242-432c-b556-0080c1eda650 tempest-SnapshotsActionsTest-889360960 None] Volume volume-63d735ec-effa-49e9-84c8-594ffb83b15c (63d735ec-effa-49e9-84c8-594ffb83b15c): created successfully
Jan 21 19:24:39 devstack cinder-volume[83167]: DEBUG cinder.volume.manager [None req-c034508e-2242-432c-b556-0080c1eda650 tempest-SnapshotsActionsTest-889360960 None] Task 'cinder.volume.flows.manager.create_volume.CreateVolumeOnFinishTask;volume:create, create.end' (0db8eb37-cfe0-4338-a31c-cb1d8b17a62e) transitioned into state 'SUCCESS' from state 'RUNNING' with result 'None' {{(pid=83167) _task_receiver /opt/stack/data/venv/lib/python3.10/site-packages/taskflow/listeners/logging.py:182}}
Jan 21 19:24:39 devstack cinder-volume[83167]: DEBUG cinder.volume.manager [None req-c034508e-2242-432c-b556-0080c1eda650 tempest-SnapshotsActionsTest-889360960 None] Flow 'volume_create_manager' (a4d3cf74-d2d2-47f7-abde-758c8b303080) transitioned into state 'SUCCESS' from state 'RUNNING' {{(pid=83167) _flow_receiver /opt/stack/data/venv/lib/python3.10/site-packages/taskflow/listeners/logging.py:145}}
Jan 21 19:24:39 devstack cinder-volume[83167]: INFO cinder.volume.manager [None req-c034508e-2242-432c-b556-0080c1eda650 tempest-SnapshotsActionsTest-889360960 None] Created volume successfully.
Jan 21 19:24:40 devstack cinder-volume[83167]: INFO cinder.volume.manager [None req-2b3c87dd-7c02-4c0d-a644-7e8da7a9a5ee tempest-GroupSnapshotsV319Test-1041581631 None] GroupSnapshot 24d4057b-ff0b-4233-90a3-c3284efd5247: creating.
Jan 21 19:24:40 devstack cinder-volume[83167]: WARNING cinder.volume.volume_utils [None req-2b3c87dd-7c02-4c0d-a644-7e8da7a9a5ee tempest-GroupSnapshotsV319Test-1041581631 None] Volume driver (QuobyteDriver 1.1.13) is currently unsupported and may be removed in the next release of OpenStack. Use at your own risk.
Jan 21 19:24:40 devstack cinder-volume[83167]: DEBUG cinder.volume.manager [None req-2b3c87dd-7c02-4c0d-a644-7e8da7a9a5ee tempest-GroupSnapshotsV319Test-1041581631 None] Group snapshot 24d4057b-ff0b-4233-90a3-c3284efd5247: creating. {{(pid=83167) create_group_snapshot /opt/stack/cinder/cinder/volume/manager.py:4144}}
Jan 21 19:24:40 devstack cinder-volume[83167]: DEBUG oslo_concurrency.lockutils [None req-2b3c87dd-7c02-4c0d-a644-7e8da7a9a5ee tempest-GroupSnapshotsV319Test-1041581631 None] Acquiring lock "quobyte" by "cinder.volume.drivers.quobyte.QuobyteDriver.create_snapshot" {{(pid=83167) inner /opt/stack/data/venv/lib/python3.10/site-packages/oslo_concurrency/lockutils.py:405}}
Jan 21 19:24:40 devstack cinder-volume[83167]: DEBUG oslo_concurrency.lockutils [None req-2b3c87dd-7c02-4c0d-a644-7e8da7a9a5ee tempest-GroupSnapshotsV319Test-1041581631 None] Lock "quobyte" acquired by "cinder.volume.drivers.quobyte.QuobyteDriver.create_snapshot" :: waited 0.000s {{(pid=83167) inner /opt/stack/data/venv/lib/python3.10/site-packages/oslo_concurrency/lockutils.py:410}}
Jan 21 19:24:40 devstack cinder-volume[83167]: WARNING cinder.volume.volume_utils [None req-090eecca-9632-4e1b-9e3c-275c50417e3e tempest-SnapshotsActionsTest-889360960 None] Volume driver (QuobyteDriver 1.1.13) is currently unsupported and may be removed in the next release of OpenStack. Use at your own risk.
Jan 21 19:24:40 devstack cinder-volume[83167]: DEBUG oslo_concurrency.lockutils [None req-090eecca-9632-4e1b-9e3c-275c50417e3e tempest-SnapshotsActionsTest-889360960 None] Acquiring lock "quobyte" by "cinder.volume.drivers.quobyte.QuobyteDriver.create_snapshot" {{(pid=83167) inner /opt/stack/data/venv/lib/python3.10/site-packages/oslo_concurrency/lockutils.py:405}}
Jan 21 19:24:40 devstack cinder-volume[83167]: DEBUG cinder.volume.drivers.remotefs [None req-2b3c87dd-7c02-4c0d-a644-7e8da7a9a5ee tempest-GroupSnapshotsV319Test-1041581631 None] Creating offline snapshot 661b97b7-ddf5-4bf6-baf5-8686b3eeab2a of volume e97205fa-9b72-409e-b774-156600bc0ade {{(pid=83167) _create_snapshot /opt/stack/cinder/cinder/volume/drivers/remotefs.py:1817}}
Jan 21 19:24:40 devstack cinder-volume[83167]: DEBUG oslo.privsep.daemon [-] privsep: reply[68cf024c-eb0f-4146-b141-3bd40d8cd112]: (4, 'qcow2') {{(pid=84260) _call_back /opt/stack/data/venv/lib/python3.10/site-packages/oslo_privsep/daemon.py:515}}
Jan 21 19:24:40 devstack cinder-volume[83167]: DEBUG oslo_concurrency.processutils [None req-2b3c87dd-7c02-4c0d-a644-7e8da7a9a5ee tempest-GroupSnapshotsV319Test-1041581631 None] Running cmd (subprocess): /opt/stack/data/venv/bin/python3.10 -m oslo_concurrency.prlimit --as=1073741824 --cpu=60 -- sudo cinder-rootwrap /etc/cinder/rootwrap.conf env LC_ALL=C qemu-img info -f qcow2 --output=json --force-share /opt/stack/data/cinder/mnt/9189858323ab091d6e0027ef6974c354/volume-e97205fa-9b72-409e-b774-156600bc0ade {{(pid=83167) execute /opt/stack/data/venv/lib/python3.10/site-packages/oslo_concurrency/processutils.py:349}}
Jan 21 19:24:40 devstack sudo[93069]: quobyte : PWD=/ ; USER=root ; COMMAND=/opt/stack/data/venv/bin/cinder-rootwrap /etc/cinder/rootwrap.conf env LC_ALL=C qemu-img info -f qcow2 --output=json --force-share /opt/stack/data/cinder/mnt/9189858323ab091d6e0027ef6974c354/volume-e97205fa-9b72-409e-b774-156600bc0ade
Jan 21 19:24:40 devstack sudo[93069]: pam_unix(sudo:session): session opened for user root(uid=0) by (uid=1000)
Jan 21 19:24:40 devstack sudo[93069]: pam_unix(sudo:session): session closed for user root
Jan 21 19:24:40 devstack cinder-volume[83167]: DEBUG oslo_concurrency.processutils [None req-2b3c87dd-7c02-4c0d-a644-7e8da7a9a5ee tempest-GroupSnapshotsV319Test-1041581631 None] CMD "/opt/stack/data/venv/bin/python3.10 -m oslo_concurrency.prlimit --as=1073741824 --cpu=60 -- sudo cinder-rootwrap /etc/cinder/rootwrap.conf env LC_ALL=C qemu-img info -f qcow2 --output=json --force-share /opt/stack/data/cinder/mnt/9189858323ab091d6e0027ef6974c354/volume-e97205fa-9b72-409e-b774-156600bc0ade" returned: 0 in 0.531s {{(pid=83167) execute /opt/stack/data/venv/lib/python3.10/site-packages/oslo_concurrency/processutils.py:372}}
Jan 21 19:24:40 devstack cinder-volume[83167]: DEBUG oslo_concurrency.processutils [None req-2b3c87dd-7c02-4c0d-a644-7e8da7a9a5ee tempest-GroupSnapshotsV319Test-1041581631 None] Running cmd (subprocess): sudo cinder-rootwrap /etc/cinder/rootwrap.conf qemu-img create -f qcow2 -o backing_file=/opt/stack/data/cinder/mnt/9189858323ab091d6e0027ef6974c354/volume-e97205fa-9b72-409e-b774-156600bc0ade,backing_fmt=qcow2 /opt/stack/data/cinder/mnt/9189858323ab091d6e0027ef6974c354/volume-e97205fa-9b72-409e-b774-156600bc0ade.661b97b7-ddf5-4bf6-baf5-8686b3eeab2a 1G {{(pid=83167) execute /opt/stack/data/venv/lib/python3.10/site-packages/oslo_concurrency/processutils.py:349}}
Jan 21 19:24:40 devstack sudo[93074]: quobyte : PWD=/ ; USER=root ; COMMAND=/opt/stack/data/venv/bin/cinder-rootwrap /etc/cinder/rootwrap.conf qemu-img create -f qcow2 -o backing_file=/opt/stack/data/cinder/mnt/9189858323ab091d6e0027ef6974c354/volume-e97205fa-9b72-409e-b774-156600bc0ade,backing_fmt=qcow2 /opt/stack/data/cinder/mnt/9189858323ab091d6e0027ef6974c354/volume-e97205fa-9b72-409e-b774-156600bc0ade.661b97b7-ddf5-4bf6-baf5-8686b3eeab2a 1G
Jan 21 19:24:40 devstack sudo[93074]: pam_unix(sudo:session): session opened for user root(uid=0) by (uid=1000)
Jan 21 19:24:41 devstack sudo[93074]: pam_unix(sudo:session): session closed for user root
Jan 21 19:24:41 devstack cinder-volume[83167]: DEBUG oslo_concurrency.processutils [None req-2b3c87dd-7c02-4c0d-a644-7e8da7a9a5ee tempest-GroupSnapshotsV319Test-1041581631 None] CMD "sudo cinder-rootwrap /etc/cinder/rootwrap.conf qemu-img create -f qcow2 -o backing_file=/opt/stack/data/cinder/mnt/9189858323ab091d6e0027ef6974c354/volume-e97205fa-9b72-409e-b774-156600bc0ade,backing_fmt=qcow2 /opt/stack/data/cinder/mnt/9189858323ab091d6e0027ef6974c354/volume-e97205fa-9b72-409e-b774-156600bc0ade.661b97b7-ddf5-4bf6-baf5-8686b3eeab2a 1G" returned: 0 in 0.548s {{(pid=83167) execute /opt/stack/data/venv/lib/python3.10/site-packages/oslo_concurrency/processutils.py:372}}
Jan 21 19:24:41 devstack cinder-volume[83167]: DEBUG oslo_concurrency.processutils [None req-2b3c87dd-7c02-4c0d-a644-7e8da7a9a5ee tempest-GroupSnapshotsV319Test-1041581631 None] Running cmd (subprocess): sudo cinder-rootwrap /etc/cinder/rootwrap.conf qemu-img rebase -u -b volume-e97205fa-9b72-409e-b774-156600bc0ade -F qcow2 /opt/stack/data/cinder/mnt/9189858323ab091d6e0027ef6974c354/volume-e97205fa-9b72-409e-b774-156600bc0ade.661b97b7-ddf5-4bf6-baf5-8686b3eeab2a {{(pid=83167) execute /opt/stack/data/venv/lib/python3.10/site-packages/oslo_concurrency/processutils.py:349}}
Jan 21 19:24:41 devstack sudo[93079]: quobyte : PWD=/ ; USER=root ; COMMAND=/opt/stack/data/venv/bin/cinder-rootwrap /etc/cinder/rootwrap.conf qemu-img rebase -u -b volume-e97205fa-9b72-409e-b774-156600bc0ade -F qcow2 /opt/stack/data/cinder/mnt/9189858323ab091d6e0027ef6974c354/volume-e97205fa-9b72-409e-b774-156600bc0ade.661b97b7-ddf5-4bf6-baf5-8686b3eeab2a
Jan 21 19:24:41 devstack sudo[93079]: pam_unix(sudo:session): session opened for user root(uid=0) by (uid=1000)
Jan 21 19:24:41 devstack sudo[93079]: pam_unix(sudo:session): session closed for user root
Jan 21 19:24:41 devstack cinder-volume[83167]: DEBUG oslo_concurrency.processutils [None req-2b3c87dd-7c02-4c0d-a644-7e8da7a9a5ee tempest-GroupSnapshotsV319Test-1041581631 None] CMD "sudo cinder-rootwrap /etc/cinder/rootwrap.conf qemu-img rebase -u -b volume-e97205fa-9b72-409e-b774-156600bc0ade -F qcow2 /opt/stack/data/cinder/mnt/9189858323ab091d6e0027ef6974c354/volume-e97205fa-9b72-409e-b774-156600bc0ade.661b97b7-ddf5-4bf6-baf5-8686b3eeab2a" returned: 0 in 0.487s {{(pid=83167) execute /opt/stack/data/venv/lib/python3.10/site-packages/oslo_concurrency/processutils.py:372}}
Jan 21 19:24:41 devstack cinder-volume[83167]: WARNING cinder.volume.drivers.remotefs [None req-2b3c87dd-7c02-4c0d-a644-7e8da7a9a5ee tempest-GroupSnapshotsV319Test-1041581631 None] /opt/stack/data/cinder/mnt/9189858323ab091d6e0027ef6974c354/volume-e97205fa-9b72-409e-b774-156600bc0ade.661b97b7-ddf5-4bf6-baf5-8686b3eeab2a is being set with open permissions: ugo+rw: NotImplementedError
Jan 21 19:24:41 devstack cinder-volume[83167]: DEBUG oslo_concurrency.processutils [None req-2b3c87dd-7c02-4c0d-a644-7e8da7a9a5ee tempest-GroupSnapshotsV319Test-1041581631 None] Running cmd (subprocess): sudo cinder-rootwrap /etc/cinder/rootwrap.conf chmod ugo+rw /opt/stack/data/cinder/mnt/9189858323ab091d6e0027ef6974c354/volume-e97205fa-9b72-409e-b774-156600bc0ade.661b97b7-ddf5-4bf6-baf5-8686b3eeab2a {{(pid=83167) execute /opt/stack/data/venv/lib/python3.10/site-packages/oslo_concurrency/processutils.py:349}}
Jan 21 19:24:41 devstack sudo[93084]: quobyte : PWD=/ ; USER=root ; COMMAND=/opt/stack/data/venv/bin/cinder-rootwrap /etc/cinder/rootwrap.conf chmod ugo+rw /opt/stack/data/cinder/mnt/9189858323ab091d6e0027ef6974c354/volume-e97205fa-9b72-409e-b774-156600bc0ade.661b97b7-ddf5-4bf6-baf5-8686b3eeab2a
Jan 21 19:24:41 devstack sudo[93084]: pam_unix(sudo:session): session opened for user root(uid=0) by (uid=1000)
Jan 21 19:24:42 devstack sudo[93084]: pam_unix(sudo:session): session closed for user root
Jan 21 19:24:42 devstack cinder-volume[83167]: DEBUG oslo_concurrency.processutils [None req-2b3c87dd-7c02-4c0d-a644-7e8da7a9a5ee tempest-GroupSnapshotsV319Test-1041581631 None] CMD "sudo cinder-rootwrap /etc/cinder/rootwrap.conf chmod ugo+rw /opt/stack/data/cinder/mnt/9189858323ab091d6e0027ef6974c354/volume-e97205fa-9b72-409e-b774-156600bc0ade.661b97b7-ddf5-4bf6-baf5-8686b3eeab2a" returned: 0 in 0.461s {{(pid=83167) execute /opt/stack/data/venv/lib/python3.10/site-packages/oslo_concurrency/processutils.py:372}}
Jan 21 19:24:42 devstack cinder-volume[83167]: DEBUG oslo_concurrency.processutils [None req-2b3c87dd-7c02-4c0d-a644-7e8da7a9a5ee tempest-GroupSnapshotsV319Test-1041581631 None] Running cmd (subprocess): sudo cinder-rootwrap /etc/cinder/rootwrap.conf truncate -s0 /opt/stack/data/cinder/mnt/9189858323ab091d6e0027ef6974c354/volume-e97205fa-9b72-409e-b774-156600bc0ade.info {{(pid=83167) execute /opt/stack/data/venv/lib/python3.10/site-packages/oslo_concurrency/processutils.py:349}}
Jan 21 19:24:42 devstack sudo[93087]: quobyte : PWD=/ ; USER=root ; COMMAND=/opt/stack/data/venv/bin/cinder-rootwrap /etc/cinder/rootwrap.conf truncate -s0 /opt/stack/data/cinder/mnt/9189858323ab091d6e0027ef6974c354/volume-e97205fa-9b72-409e-b774-156600bc0ade.info
Jan 21 19:24:42 devstack sudo[93087]: pam_unix(sudo:session): session opened for user root(uid=0) by (uid=1000)
Jan 21 19:24:42 devstack sudo[93087]: pam_unix(sudo:session): session closed for user root
Jan 21 19:24:42 devstack cinder-volume[83167]: DEBUG oslo_concurrency.processutils [None req-2b3c87dd-7c02-4c0d-a644-7e8da7a9a5ee tempest-GroupSnapshotsV319Test-1041581631 None] CMD "sudo cinder-rootwrap /etc/cinder/rootwrap.conf truncate -s0 /opt/stack/data/cinder/mnt/9189858323ab091d6e0027ef6974c354/volume-e97205fa-9b72-409e-b774-156600bc0ade.info" returned: 0 in 0.420s {{(pid=83167) execute /opt/stack/data/venv/lib/python3.10/site-packages/oslo_concurrency/processutils.py:372}}
Jan 21 19:24:42 devstack cinder-volume[83167]: WARNING cinder.volume.drivers.remotefs [None req-2b3c87dd-7c02-4c0d-a644-7e8da7a9a5ee tempest-GroupSnapshotsV319Test-1041581631 None] /opt/stack/data/cinder/mnt/9189858323ab091d6e0027ef6974c354/volume-e97205fa-9b72-409e-b774-156600bc0ade.info is being set with open permissions: ugo+rw: NotImplementedError
Jan 21 19:24:42 devstack cinder-volume[83167]: DEBUG oslo_concurrency.processutils [None req-2b3c87dd-7c02-4c0d-a644-7e8da7a9a5ee tempest-GroupSnapshotsV319Test-1041581631 None] Running cmd (subprocess): sudo cinder-rootwrap /etc/cinder/rootwrap.conf chmod ugo+rw /opt/stack/data/cinder/mnt/9189858323ab091d6e0027ef6974c354/volume-e97205fa-9b72-409e-b774-156600bc0ade.info {{(pid=83167) execute /opt/stack/data/venv/lib/python3.10/site-packages/oslo_concurrency/processutils.py:349}}
Jan 21 19:24:42 devstack sudo[93092]: quobyte : PWD=/ ; USER=root ; COMMAND=/opt/stack/data/venv/bin/cinder-rootwrap /etc/cinder/rootwrap.conf chmod ugo+rw /opt/stack/data/cinder/mnt/9189858323ab091d6e0027ef6974c354/volume-e97205fa-9b72-409e-b774-156600bc0ade.info
Jan 21 19:24:42 devstack sudo[93092]: pam_unix(sudo:session): session opened for user root(uid=0) by (uid=1000)
Jan 21 19:24:43 devstack sudo[93092]: pam_unix(sudo:session): session closed for user root
Jan 21 19:24:43 devstack cinder-volume[83167]: DEBUG oslo_concurrency.processutils [None req-2b3c87dd-7c02-4c0d-a644-7e8da7a9a5ee tempest-GroupSnapshotsV319Test-1041581631 None] CMD "sudo cinder-rootwrap /etc/cinder/rootwrap.conf chmod ugo+rw /opt/stack/data/cinder/mnt/9189858323ab091d6e0027ef6974c354/volume-e97205fa-9b72-409e-b774-156600bc0ade.info" returned: 0 in 0.447s {{(pid=83167) execute /opt/stack/data/venv/lib/python3.10/site-packages/oslo_concurrency/processutils.py:372}}
Jan 21 19:24:43 devstack cinder-volume[83167]: DEBUG oslo_concurrency.lockutils [None req-2b3c87dd-7c02-4c0d-a644-7e8da7a9a5ee tempest-GroupSnapshotsV319Test-1041581631 None] Lock "quobyte" "released" by "cinder.volume.drivers.quobyte.QuobyteDriver.create_snapshot" :: held 2.944s {{(pid=83167) inner /opt/stack/data/venv/lib/python3.10/site-packages/oslo_concurrency/lockutils.py:424}}
Jan 21 19:24:43 devstack cinder-volume[83167]: DEBUG oslo_concurrency.lockutils [None req-090eecca-9632-4e1b-9e3c-275c50417e3e tempest-SnapshotsActionsTest-889360960 None] Lock "quobyte" acquired by "cinder.volume.drivers.quobyte.QuobyteDriver.create_snapshot" :: waited 2.946s {{(pid=83167) inner /opt/stack/data/venv/lib/python3.10/site-packages/oslo_concurrency/lockutils.py:410}}
Jan 21 19:24:43 devstack cinder-volume[83167]: DEBUG cinder.volume.drivers.remotefs [None req-090eecca-9632-4e1b-9e3c-275c50417e3e tempest-SnapshotsActionsTest-889360960 None] Creating offline snapshot 84ba3ad1-bce6-4605-8e04-7e1520c59b30 of volume 63d735ec-effa-49e9-84c8-594ffb83b15c {{(pid=83167) _create_snapshot /opt/stack/cinder/cinder/volume/drivers/remotefs.py:1817}}
Jan 21 19:24:43 devstack cinder-volume[83167]: DEBUG oslo.privsep.daemon [-] privsep: reply[506cc5aa-319f-4d60-a570-06211c98c46e]: (4, 'qcow2') {{(pid=84260) _call_back /opt/stack/data/venv/lib/python3.10/site-packages/oslo_privsep/daemon.py:515}}
Jan 21 19:24:43 devstack cinder-volume[83167]: DEBUG oslo_concurrency.processutils [None req-090eecca-9632-4e1b-9e3c-275c50417e3e tempest-SnapshotsActionsTest-889360960 None] Running cmd (subprocess): /opt/stack/data/venv/bin/python3.10 -m oslo_concurrency.prlimit --as=1073741824 --cpu=60 -- sudo cinder-rootwrap /etc/cinder/rootwrap.conf env LC_ALL=C qemu-img info -f qcow2 --output=json --force-share /opt/stack/data/cinder/mnt/9189858323ab091d6e0027ef6974c354/volume-63d735ec-effa-49e9-84c8-594ffb83b15c {{(pid=83167) execute /opt/stack/data/venv/lib/python3.10/site-packages/oslo_concurrency/processutils.py:349}}
Jan 21 19:24:43 devstack cinder-volume[83167]: INFO cinder.volume.manager [None req-2b3c87dd-7c02-4c0d-a644-7e8da7a9a5ee tempest-GroupSnapshotsV319Test-1041581631 None] group_snapshot 24d4057b-ff0b-4233-90a3-c3284efd5247: created successfully
Jan 21 19:24:43 devstack sudo[93095]: quobyte : PWD=/ ; USER=root ; COMMAND=/opt/stack/data/venv/bin/cinder-rootwrap /etc/cinder/rootwrap.conf env LC_ALL=C qemu-img info -f qcow2 --output=json --force-share /opt/stack/data/cinder/mnt/9189858323ab091d6e0027ef6974c354/volume-63d735ec-effa-49e9-84c8-594ffb83b15c
Jan 21 19:24:43 devstack sudo[93095]: pam_unix(sudo:session): session opened for user root(uid=0) by (uid=1000)
Jan 21 19:24:43 devstack cinder-volume[83167]: INFO cinder.volume.manager [None req-40743746-4865-4ec3-9bd0-4e3118cea36a tempest-GroupSnapshotsV319Test-1041581631 None] group_snapshot 24d4057b-ff0b-4233-90a3-c3284efd5247: deleting
Jan 21 19:24:43 devstack cinder-volume[83167]: WARNING cinder.volume.volume_utils [None req-40743746-4865-4ec3-9bd0-4e3118cea36a tempest-GroupSnapshotsV319Test-1041581631 None] Volume driver (QuobyteDriver 1.1.13) is currently unsupported and may be removed in the next release of OpenStack. Use at your own risk.
Jan 21 19:24:43 devstack cinder-volume[83167]: DEBUG cinder.volume.manager [None req-40743746-4865-4ec3-9bd0-4e3118cea36a tempest-GroupSnapshotsV319Test-1041581631 None] group_snapshot 24d4057b-ff0b-4233-90a3-c3284efd5247: deleting {{(pid=83167) delete_group_snapshot /opt/stack/cinder/cinder/volume/manager.py:4319}}
Jan 21 19:24:43 devstack cinder-volume[83167]: DEBUG cinder.coordination [None req-40743746-4865-4ec3-9bd0-4e3118cea36a tempest-GroupSnapshotsV319Test-1041581631 None] Acquiring lock "cinder-quobyte-e97205fa-9b72-409e-b774-156600bc0ade" by "delete_snapshot" {{(pid=83167) __acquire /opt/stack/cinder/cinder/coordination.py:143}}
Jan 21 19:24:43 devstack cinder-volume[83167]: DEBUG cinder.coordination [None req-40743746-4865-4ec3-9bd0-4e3118cea36a tempest-GroupSnapshotsV319Test-1041581631 None] Lock "cinder-quobyte-e97205fa-9b72-409e-b774-156600bc0ade" acquired by "delete_snapshot" :: waited 0.014s {{(pid=83167) __acquire /opt/stack/cinder/cinder/coordination.py:146}}
Jan 21 19:24:43 devstack cinder-volume[83167]: DEBUG cinder.coordination [None req-40743746-4865-4ec3-9bd0-4e3118cea36a tempest-GroupSnapshotsV319Test-1041581631 None] Acquiring lock "cinder-quobyte-661b97b7-ddf5-4bf6-baf5-8686b3eeab2a" by "_delete_snapshot" {{(pid=83167) __acquire /opt/stack/cinder/cinder/coordination.py:143}}
Jan 21 19:24:43 devstack cinder-volume[83167]: DEBUG cinder.coordination [None req-40743746-4865-4ec3-9bd0-4e3118cea36a tempest-GroupSnapshotsV319Test-1041581631 None] Lock "cinder-quobyte-661b97b7-ddf5-4bf6-baf5-8686b3eeab2a" acquired by "_delete_snapshot" :: waited 0.010s {{(pid=83167) __acquire /opt/stack/cinder/cinder/coordination.py:146}}
Jan 21 19:24:43 devstack cinder-volume[83167]: DEBUG cinder.volume.drivers.remotefs [None req-40743746-4865-4ec3-9bd0-4e3118cea36a tempest-GroupSnapshotsV319Test-1041581631 None] Deleting offline snapshot 661b97b7-ddf5-4bf6-baf5-8686b3eeab2a of volume e97205fa-9b72-409e-b774-156600bc0ade {{(pid=83167) _delete_snapshot /opt/stack/cinder/cinder/volume/drivers/remotefs.py:1290}}
Jan 21 19:24:43 devstack cinder-volume[83167]: DEBUG cinder.volume.drivers.remotefs [None req-40743746-4865-4ec3-9bd0-4e3118cea36a tempest-GroupSnapshotsV319Test-1041581631 None] snapshot_file for this snap is: volume-e97205fa-9b72-409e-b774-156600bc0ade.661b97b7-ddf5-4bf6-baf5-8686b3eeab2a {{(pid=83167) _delete_snapshot /opt/stack/cinder/cinder/volume/drivers/remotefs.py:1319}}
Jan 21 19:24:43 devstack cinder-volume[83167]: DEBUG oslo.privsep.daemon [-] privsep: reply[7a91118d-3190-497b-8588-c1e3c4b975c5]: (4, 'qcow2') {{(pid=84260) _call_back /opt/stack/data/venv/lib/python3.10/site-packages/oslo_privsep/daemon.py:515}}
Jan 21 19:24:43 devstack cinder-volume[83167]: DEBUG oslo_concurrency.processutils [None req-40743746-4865-4ec3-9bd0-4e3118cea36a tempest-GroupSnapshotsV319Test-1041581631 None] Running cmd (subprocess): /opt/stack/data/venv/bin/python3.10 -m oslo_concurrency.prlimit --as=1073741824 --cpu=60 -- sudo cinder-rootwrap /etc/cinder/rootwrap.conf env LC_ALL=C qemu-img info -f qcow2 --output=json --force-share /opt/stack/data/cinder/mnt/9189858323ab091d6e0027ef6974c354/volume-e97205fa-9b72-409e-b774-156600bc0ade.661b97b7-ddf5-4bf6-baf5-8686b3eeab2a {{(pid=83167) execute /opt/stack/data/venv/lib/python3.10/site-packages/oslo_concurrency/processutils.py:349}}
Jan 21 19:24:43 devstack sudo[93095]: pam_unix(sudo:session): session closed for user root
Jan 21 19:24:43 devstack cinder-volume[83167]: DEBUG oslo_concurrency.processutils [None req-090eecca-9632-4e1b-9e3c-275c50417e3e tempest-SnapshotsActionsTest-889360960 None] CMD "/opt/stack/data/venv/bin/python3.10 -m oslo_concurrency.prlimit --as=1073741824 --cpu=60 -- sudo cinder-rootwrap /etc/cinder/rootwrap.conf env LC_ALL=C qemu-img info -f qcow2 --output=json --force-share /opt/stack/data/cinder/mnt/9189858323ab091d6e0027ef6974c354/volume-63d735ec-effa-49e9-84c8-594ffb83b15c" returned: 0 in 0.670s {{(pid=83167) execute /opt/stack/data/venv/lib/python3.10/site-packages/oslo_concurrency/processutils.py:372}}
Jan 21 19:24:43 devstack cinder-volume[83167]: DEBUG oslo_concurrency.processutils [None req-090eecca-9632-4e1b-9e3c-275c50417e3e tempest-SnapshotsActionsTest-889360960 None] Running cmd (subprocess): sudo cinder-rootwrap /etc/cinder/rootwrap.conf qemu-img create -f qcow2 -o backing_file=/opt/stack/data/cinder/mnt/9189858323ab091d6e0027ef6974c354/volume-63d735ec-effa-49e9-84c8-594ffb83b15c,backing_fmt=qcow2 /opt/stack/data/cinder/mnt/9189858323ab091d6e0027ef6974c354/volume-63d735ec-effa-49e9-84c8-594ffb83b15c.84ba3ad1-bce6-4605-8e04-7e1520c59b30 1G {{(pid=83167) execute /opt/stack/data/venv/lib/python3.10/site-packages/oslo_concurrency/processutils.py:349}}
Jan 21 19:24:43 devstack sudo[93097]: quobyte : PWD=/ ; USER=root ; COMMAND=/opt/stack/data/venv/bin/cinder-rootwrap /etc/cinder/rootwrap.conf env LC_ALL=C qemu-img info -f qcow2 --output=json --force-share /opt/stack/data/cinder/mnt/9189858323ab091d6e0027ef6974c354/volume-e97205fa-9b72-409e-b774-156600bc0ade.661b97b7-ddf5-4bf6-baf5-8686b3eeab2a
Jan 21 19:24:43 devstack sudo[93101]: quobyte : PWD=/ ; USER=root ; COMMAND=/opt/stack/data/venv/bin/cinder-rootwrap /etc/cinder/rootwrap.conf qemu-img create -f qcow2 -o backing_file=/opt/stack/data/cinder/mnt/9189858323ab091d6e0027ef6974c354/volume-63d735ec-effa-49e9-84c8-594ffb83b15c,backing_fmt=qcow2 /opt/stack/data/cinder/mnt/9189858323ab091d6e0027ef6974c354/volume-63d735ec-effa-49e9-84c8-594ffb83b15c.84ba3ad1-bce6-4605-8e04-7e1520c59b30 1G
Jan 21 19:24:43 devstack sudo[93097]: pam_unix(sudo:session): session opened for user root(uid=0) by (uid=1000)
Jan 21 19:24:43 devstack sudo[93101]: pam_unix(sudo:session): session opened for user root(uid=0) by (uid=1000)
Jan 21 19:24:44 devstack sudo[93097]: pam_unix(sudo:session): session closed for user root
Jan 21 19:24:44 devstack cinder-volume[83167]: DEBUG oslo_concurrency.processutils [None req-40743746-4865-4ec3-9bd0-4e3118cea36a tempest-GroupSnapshotsV319Test-1041581631 None] CMD "/opt/stack/data/venv/bin/python3.10 -m oslo_concurrency.prlimit --as=1073741824 --cpu=60 -- sudo cinder-rootwrap /etc/cinder/rootwrap.conf env LC_ALL=C qemu-img info -f qcow2 --output=json --force-share /opt/stack/data/cinder/mnt/9189858323ab091d6e0027ef6974c354/volume-e97205fa-9b72-409e-b774-156600bc0ade.661b97b7-ddf5-4bf6-baf5-8686b3eeab2a" returned: 0 in 0.594s {{(pid=83167) execute /opt/stack/data/venv/lib/python3.10/site-packages/oslo_concurrency/processutils.py:372}}
