Jan 09 11:08:26 devstack devstack@n-api.service[61774]: [pid: 61774|app: 0|req: 13/26] 192.168.122.57 () {68 vars in 1429 bytes} [Fri Jan 9 11:08:26 2026] POST /compute/v2.1/flavors/2/os-extra_specs => generated 43 bytes in 27 msecs (HTTP/1.1 200) 9 headers in 358 bytes (1 switches on core 0)
Jan 09 11:08:27 devstack devstack@n-api.service[61775]: DEBUG nova.api.openstack.wsgi [None req-af013226-7881-4087-8559-8baca43df17a admin admin] Calling method '>' {{(pid=61775) _process_stack /opt/stack/nova/nova/api/openstack/wsgi.py:552}}
Jan 09 11:08:27 devstack devstack@n-api.service[61775]: INFO nova.api.openstack.requestlog [None req-af013226-7881-4087-8559-8baca43df17a admin admin] 192.168.122.57 "GET /compute/v2.1" status: 200 len: 392 microversion: 2.1 time: 0.006819
Jan 09 11:08:27 devstack devstack@n-api.service[61775]: [pid: 61775|app: 0|req: 14/27] 192.168.122.57 () {58 vars in 1027 bytes} [Fri Jan 9 11:08:27 2026] GET /compute/v2.1 => generated 392 bytes in 8 msecs (HTTP/1.1 200) 9 headers in 357 bytes (1 switches on core 0)
Jan 09 11:08:28 devstack devstack@n-api.service[61774]: DEBUG nova.api.openstack.wsgi [None req-43ea8527-f21f-46c1-bc23-d912229a01c8 admin admin] Action: 'create', calling method: >, body: {"flavor": {"id": "3", "os-flavor-access:is_public": true, "swap": 0, "OS-FLV-EXT-DATA:ephemeral": 0, "name": "m1.medium", "ram": 4096, "disk": 40, "rxtx_factor": 1.0, "vcpus": 2}} {{(pid=61774) _process_stack /opt/stack/nova/nova/api/openstack/wsgi.py:550}}
Jan 09 11:08:28 devstack devstack@n-api.service[61774]: INFO nova.api.openstack.requestlog [None req-43ea8527-f21f-46c1-bc23-d912229a01c8 admin admin] 192.168.122.57 "POST /compute/v2.1/flavors" status: 200 len: 412 microversion: 2.61 time: 0.053754
Jan 09 11:08:28 devstack devstack@n-api.service[61774]: [pid: 61774|app: 0|req: 14/28] 192.168.122.57 () {68 vars in 1379 bytes} [Fri Jan 9 11:08:27 2026] POST /compute/v2.1/flavors => generated 412 bytes in 55 msecs (HTTP/1.1 200) 9 headers in 359 bytes (1 switches on core 0)
Jan 09 11:08:28 devstack devstack@n-api.service[61775]: DEBUG nova.api.openstack.wsgi [None req-3f680bec-f22c-4e94-abb4-f8bb3c19d4b4 admin admin] Action: 'create', calling method: >, body: {"extra_specs": {"hw_rng:allowed": "True"}} {{(pid=61775) _process_stack /opt/stack/nova/nova/api/openstack/wsgi.py:550}}
Jan 09 11:08:28 devstack devstack@n-api.service[61775]: INFO nova.api.openstack.requestlog [None req-3f680bec-f22c-4e94-abb4-f8bb3c19d4b4 admin admin] 192.168.122.57 "POST /compute/v2.1/flavors/3/os-extra_specs" status: 200 len: 43 microversion: 2.61 time: 0.025681
Jan 09 11:08:28 devstack devstack@n-api.service[61775]: [pid: 61775|app: 0|req: 15/29] 192.168.122.57 () {68 vars in 1429 bytes} [Fri Jan 9 11:08:28 2026] POST /compute/v2.1/flavors/3/os-extra_specs => generated 43 bytes in 27 msecs (HTTP/1.1 200) 9 headers in 358 bytes (1 switches on core 0)
Jan 09 11:08:29 devstack devstack@n-api.service[61774]: DEBUG nova.api.openstack.wsgi [None req-43ea8527-f21f-46c1-bc23-d912229a01c8 admin admin] Calling method '>' {{(pid=61774) _process_stack /opt/stack/nova/nova/api/openstack/wsgi.py:552}}
Jan 09 11:08:29 devstack devstack@n-api.service[61774]: INFO nova.api.openstack.requestlog [None req-43ea8527-f21f-46c1-bc23-d912229a01c8 admin admin] 192.168.122.57 "GET /compute/v2.1" status: 200 len: 392 microversion: 2.1 time: 0.006375
Jan 09 11:08:29 devstack devstack@n-api.service[61774]: [pid: 61774|app: 0|req: 15/30] 192.168.122.57 () {58 vars in 1027 bytes} [Fri Jan 9 11:08:29 2026] GET /compute/v2.1 => generated 392 bytes in 7 msecs (HTTP/1.1 200) 9 headers in 357 bytes (1 switches on core 0)
Jan 09 11:08:29 devstack devstack@n-api.service[61775]: DEBUG nova.api.openstack.wsgi [None req-1226fb36-f09c-4ecf-b620-d43e9f5c6880 admin admin] Action: 'create', calling method: >, body: {"flavor": {"disk": 80, "ram": 8192, "os-flavor-access:is_public": true, "rxtx_factor": 1.0, "name": "m1.large", "swap": 0, "vcpus": 4, "OS-FLV-EXT-DATA:ephemeral": 0, "id": "4"}} {{(pid=61775) _process_stack /opt/stack/nova/nova/api/openstack/wsgi.py:550}}
Jan 09 11:08:29 devstack devstack@n-api.service[61775]: INFO nova.api.openstack.requestlog [None req-1226fb36-f09c-4ecf-b620-d43e9f5c6880 admin admin] 192.168.122.57 "POST /compute/v2.1/flavors" status: 200 len: 411 microversion: 2.61 time: 0.067256
Jan 09 11:08:29 devstack devstack@n-api.service[61775]: [pid: 61775|app: 0|req: 16/31] 192.168.122.57 () {68 vars in 1379 bytes} [Fri Jan 9 11:08:29 2026] POST /compute/v2.1/flavors => generated 411 bytes in 69 msecs (HTTP/1.1 200) 9 headers in 359 bytes (1 switches on core 0)
Jan 09 11:08:29 devstack devstack@n-api.service[61774]: DEBUG nova.api.openstack.wsgi [None req-41785872-dc3e-413d-b8b7-e018cc51485a admin admin] Action: 'create', calling method: >, body: {"extra_specs": {"hw_rng:allowed": "True"}} {{(pid=61774) _process_stack /opt/stack/nova/nova/api/openstack/wsgi.py:550}}
Jan 09 11:08:29 devstack devstack@n-api.service[61774]: INFO nova.api.openstack.requestlog [None req-41785872-dc3e-413d-b8b7-e018cc51485a admin admin] 192.168.122.57 "POST /compute/v2.1/flavors/4/os-extra_specs" status: 200 len: 43 microversion: 2.61 time: 0.029850
Jan 09 11:08:29 devstack devstack@n-api.service[61774]: [pid: 61774|app: 0|req: 16/32] 192.168.122.57 () {68 vars in 1429 bytes} [Fri Jan 9 11:08:29 2026] POST /compute/v2.1/flavors/4/os-extra_specs => generated 43 bytes in 32 msecs (HTTP/1.1 200) 9 headers in 358 bytes (1 switches on core 0)
Jan 09 11:08:31 devstack devstack@n-api.service[61775]: DEBUG nova.api.openstack.wsgi [None req-1226fb36-f09c-4ecf-b620-d43e9f5c6880 admin admin] Calling method '>' {{(pid=61775) _process_stack /opt/stack/nova/nova/api/openstack/wsgi.py:552}}
Jan 09 11:08:31 devstack devstack@n-api.service[61775]: INFO nova.api.openstack.requestlog [None req-1226fb36-f09c-4ecf-b620-d43e9f5c6880 admin admin] 192.168.122.57 "GET /compute/v2.1" status: 200 len: 392 microversion: 2.1 time: 0.004862
Jan 09 11:08:31 devstack devstack@n-api.service[61775]: [pid: 61775|app: 0|req: 17/33] 192.168.122.57 () {58 vars in 1027 bytes} [Fri Jan 9 11:08:31 2026] GET /compute/v2.1 => generated 392 bytes in 6 msecs (HTTP/1.1 200) 9 headers in 357 bytes (1 switches on core 0)
Jan 09 11:08:31 devstack devstack@n-api.service[61774]: DEBUG nova.api.openstack.wsgi [None req-0afaea84-5f11-427b-ac1c-fe82edde2960 admin admin] Action: 'create', calling method: >, body: {"flavor": {"rxtx_factor": 1.0, "OS-FLV-EXT-DATA:ephemeral": 0, "id": "5", "os-flavor-access:is_public": true, "vcpus": 8, "disk": 160, "swap": 0, "name": "m1.xlarge", "ram": 16384}} {{(pid=61774) _process_stack /opt/stack/nova/nova/api/openstack/wsgi.py:550}}
Jan 09 11:08:31 devstack devstack@n-api.service[61774]: INFO nova.api.openstack.requestlog [None req-0afaea84-5f11-427b-ac1c-fe82edde2960 admin admin] 192.168.122.57 "POST /compute/v2.1/flavors" status: 200 len: 414 microversion: 2.61 time: 0.054251
Jan 09 11:08:31 devstack devstack@n-api.service[61774]: [pid: 61774|app: 0|req: 17/34] 192.168.122.57 () {68 vars in 1379 bytes} [Fri Jan 9 11:08:31 2026] POST /compute/v2.1/flavors => generated 414 bytes in 55 msecs (HTTP/1.1 200) 9 headers in 359 bytes (1 switches on core 0)
Jan 09 11:08:31 devstack devstack@n-api.service[61775]: DEBUG nova.api.openstack.wsgi [None req-9d0bac26-24e3-43eb-8aec-3f0f7c83f45b admin admin] Action: 'create', calling method: >, body: {"extra_specs": {"hw_rng:allowed": "True"}} {{(pid=61775) _process_stack /opt/stack/nova/nova/api/openstack/wsgi.py:550}}
Jan 09 11:08:31 devstack devstack@n-api.service[61775]: INFO nova.api.openstack.requestlog [None req-9d0bac26-24e3-43eb-8aec-3f0f7c83f45b admin admin] 192.168.122.57 "POST /compute/v2.1/flavors/5/os-extra_specs" status: 200 len: 43 microversion: 2.61 time: 0.036383
Jan 09 11:08:31 devstack devstack@n-api.service[61775]: [pid: 61775|app: 0|req: 18/35] 192.168.122.57 () {68 vars in 1429 bytes} [Fri Jan 9 11:08:31 2026] POST /compute/v2.1/flavors/5/os-extra_specs => generated 43 bytes in 38 msecs (HTTP/1.1 200) 9 headers in 358 bytes (1 switches on core 0)
Jan 09 11:08:41 devstack devstack@n-api.service[61774]: DEBUG dbcounter [-] [61774] Writing DB stats nova_api:SELECT=21,nova_api:SAVEPOINT=5,nova_api:INSERT=10,nova_api:RELEASE=5 {{(pid=61774) stat_writer /opt/stack/data/venv/lib/python3.10/site-packages/dbcounter.py:115}}
Jan 09 11:08:41 devstack devstack@n-api.service[61775]: DEBUG dbcounter [-] [61775] Writing DB stats nova_api:SELECT=21,nova_api:INSERT=10,nova_api:SAVEPOINT=5,nova_api:RELEASE=5 {{(pid=61775) stat_writer /opt/stack/data/venv/lib/python3.10/site-packages/dbcounter.py:115}}
Jan 09 11:08:45 devstack devstack@n-api.service[61774]: DEBUG nova.api.openstack.wsgi [None req-0afaea84-5f11-427b-ac1c-fe82edde2960 admin admin] Calling method '>' {{(pid=61774) _process_stack /opt/stack/nova/nova/api/openstack/wsgi.py:552}}
Jan 09 11:08:45 devstack devstack@n-api.service[61774]: INFO nova.api.openstack.requestlog [None req-0afaea84-5f11-427b-ac1c-fe82edde2960 admin admin] 192.168.122.57 "GET /compute/v2.1" status: 200 len: 392 microversion: 2.1 time: 0.004438
Jan 09 11:08:45 devstack devstack@n-api.service[61774]: [pid: 61774|app: 0|req: 18/36] 192.168.122.57 () {58 vars in 1027 bytes} [Fri Jan 9 11:08:45 2026] GET /compute/v2.1 => generated 392 bytes in 5 msecs (HTTP/1.1 200) 9 headers in 357 bytes (1 switches on core 0)
Jan 09 11:08:45 devstack devstack@n-api.service[61775]: DEBUG nova.api.openstack.wsgi [None req-7930d25b-a8fa-4e8f-bece-7e1e2e35badb admin admin] Calling method '>' {{(pid=61775) _process_stack /opt/stack/nova/nova/api/openstack/wsgi.py:552}}
Jan 09 11:08:45 devstack devstack@n-api.service[61775]: DEBUG oslo_concurrency.lockutils [None req-7930d25b-a8fa-4e8f-bece-7e1e2e35badb admin admin] Acquiring lock "00000000-0000-0000-0000-000000000000" by "nova.context.set_target_cell..get_or_set_cached_cell_and_set_connections" {{(pid=61775) inner /opt/stack/data/venv/lib/python3.10/site-packages/oslo_concurrency/lockutils.py:405}}
Jan 09 11:08:45 devstack devstack@n-api.service[61775]: DEBUG oslo_concurrency.lockutils [None req-7930d25b-a8fa-4e8f-bece-7e1e2e35badb admin admin] Lock "00000000-0000-0000-0000-000000000000" acquired by "nova.context.set_target_cell..get_or_set_cached_cell_and_set_connections" :: waited 0.001s {{(pid=61775) inner /opt/stack/data/venv/lib/python3.10/site-packages/oslo_concurrency/lockutils.py:410}}
Jan 09 11:08:45 devstack devstack@n-api.service[61775]: DEBUG oslo_concurrency.lockutils [None req-7930d25b-a8fa-4e8f-bece-7e1e2e35badb admin admin] Lock "00000000-0000-0000-0000-000000000000" "released" by "nova.context.set_target_cell..get_or_set_cached_cell_and_set_connections" :: held 0.001s {{(pid=61775) inner /opt/stack/data/venv/lib/python3.10/site-packages/oslo_concurrency/lockutils.py:424}}
Jan 09 11:08:45 devstack devstack@n-api.service[61775]: DEBUG oslo_concurrency.lockutils [None req-7930d25b-a8fa-4e8f-bece-7e1e2e35badb admin admin] Acquiring lock "2bb7f350-7dbc-49ff-9b7d-45db8484bb89" by "nova.context.set_target_cell..get_or_set_cached_cell_and_set_connections" {{(pid=61775) inner /opt/stack/data/venv/lib/python3.10/site-packages/oslo_concurrency/lockutils.py:405}}
Jan 09 11:08:45 devstack devstack@n-api.service[61775]: DEBUG oslo_concurrency.lockutils [None req-7930d25b-a8fa-4e8f-bece-7e1e2e35badb admin admin] Lock "2bb7f350-7dbc-49ff-9b7d-45db8484bb89" acquired by "nova.context.set_target_cell..get_or_set_cached_cell_and_set_connections" :: waited 0.001s {{(pid=61775) inner /opt/stack/data/venv/lib/python3.10/site-packages/oslo_concurrency/lockutils.py:410}}
Jan 09 11:08:45 devstack devstack@n-api.service[61775]: DEBUG oslo_concurrency.lockutils [None req-7930d25b-a8fa-4e8f-bece-7e1e2e35badb admin admin] Lock "2bb7f350-7dbc-49ff-9b7d-45db8484bb89" "released" by "nova.context.set_target_cell..get_or_set_cached_cell_and_set_connections" :: held 0.003s {{(pid=61775) inner /opt/stack/data/venv/lib/python3.10/site-packages/oslo_concurrency/lockutils.py:424}}
Jan 09 11:08:46 devstack devstack@n-api.service[61775]: INFO nova.api.openstack.requestlog [None req-7930d25b-a8fa-4e8f-bece-7e1e2e35badb admin admin] 192.168.122.57 "GET /compute/v2.1/os-services?binary=nova-compute&host=devstack" status: 200 len: 251 microversion: 2.69 time: 0.086007
Jan 09 11:08:46 devstack devstack@n-api.service[61775]: [pid: 61775|app: 0|req: 19/37] 192.168.122.57 () {64 vars in 1417 bytes} [Fri Jan 9 11:08:45 2026] GET /compute/v2.1/os-services?binary=nova-compute&host=devstack => generated 251 bytes in 87 msecs (HTTP/1.1 200) 9 headers in 359 bytes (1 switches on core 0)
Jan 09 11:08:55 devstack devstack@n-api.service[61775]: DEBUG dbcounter [-] [61775] Writing DB stats nova_cell0:SELECT=1 {{(pid=61775) stat_writer /opt/stack/data/venv/lib/python3.10/site-packages/dbcounter.py:115}}
Jan 09 11:08:55 devstack devstack@n-api.service[61775]: DEBUG dbcounter [-] [61775] Writing DB stats nova_cell1:SELECT=1 {{(pid=61775) stat_writer /opt/stack/data/venv/lib/python3.10/site-packages/dbcounter.py:115}}
Jan 09 11:08:55 devstack devstack@n-api.service[61775]: DEBUG dbcounter [-] [61775] Writing DB stats nova_api:SELECT=2 {{(pid=61775) stat_writer /opt/stack/data/venv/lib/python3.10/site-packages/dbcounter.py:115}}
Jan 09 11:09:13 devstack devstack@n-api.service[61774]: DEBUG nova.api.openstack.wsgi [None req-0afaea84-5f11-427b-ac1c-fe82edde2960 admin admin] Calling method '>' {{(pid=61774) _process_stack /opt/stack/nova/nova/api/openstack/wsgi.py:552}}
Jan 09 11:09:13 devstack devstack@n-api.service[61774]: INFO nova.api.openstack.requestlog [None req-0afaea84-5f11-427b-ac1c-fe82edde2960 admin admin] 192.168.122.57 "GET /compute/v2.1" status: 200 len: 392 microversion: 2.1 time: 0.004755
Jan 09 11:09:13 devstack devstack@n-api.service[61774]: [pid: 61774|app: 0|req: 19/38] 192.168.122.57 () {58 vars in 1027 bytes} [Fri Jan 9 11:09:13 2026] GET /compute/v2.1 => generated 392 bytes in 6 msecs (HTTP/1.1 200) 9 headers in 357 bytes (1 switches on core 0)
Jan 09 11:09:13 devstack devstack@n-api.service[61775]: DEBUG nova.api.openstack.wsgi [None req-89a04f2d-8f75-445a-85cd-11dae40107e1 admin admin] Calling method '>' {{(pid=61775) _process_stack /opt/stack/nova/nova/api/openstack/wsgi.py:552}}
Jan 09 11:09:13 devstack devstack@n-api.service[61775]: INFO nova.api.openstack.requestlog [None req-89a04f2d-8f75-445a-85cd-11dae40107e1 admin admin] 192.168.122.57 "GET /compute/v2.1/flavors/detail?is_public=True" status: 200 len: 4262 microversion: 2.61 time: 0.060388
Jan 09 11:09:13 devstack devstack@n-api.service[61775]: [pid: 61775|app: 0|req: 20/39] 192.168.122.57 () {64 vars in 1388 bytes} [Fri Jan 9 11:09:13 2026] GET /compute/v2.1/flavors/detail?is_public=True => generated 4262 bytes in 61 msecs (HTTP/1.1 200) 9 headers in 360 bytes (1 switches on core 0)
Jan 09 11:09:17 devstack devstack@n-api.service[61774]: DEBUG nova.api.openstack.wsgi [None req-0afaea84-5f11-427b-ac1c-fe82edde2960 admin admin] Calling method '>' {{(pid=61774) _process_stack /opt/stack/nova/nova/api/openstack/wsgi.py:552}}
Jan 09 11:09:17 devstack devstack@n-api.service[61774]: INFO nova.api.openstack.requestlog [None req-0afaea84-5f11-427b-ac1c-fe82edde2960 admin admin] 192.168.122.57 "GET /compute/v2.1" status: 200 len: 392 microversion: 2.1 time: 0.004727
Jan 09 11:09:17 devstack devstack@n-api.service[61774]: [pid: 61774|app: 0|req: 20/40] 192.168.122.57 () {58 vars in 1027 bytes} [Fri Jan 9 11:09:17 2026] GET /compute/v2.1 => generated 392 bytes in 6 msecs (HTTP/1.1 200) 9 headers in 357 bytes (1 switches on core 0)
Jan 09 11:09:17 devstack devstack@n-api.service[61775]: DEBUG nova.api.openstack.wsgi [None req-f7bdfa51-ec62-4f89-9992-8352d5ff77f2 admin admin] Action: 'create', calling method: >, body: {"flavor": {"rxtx_factor": 1.0, "name": "m1.nano", "os-flavor-access:is_public": true, "vcpus": 1, "disk": 1, "swap": 0, "OS-FLV-EXT-DATA:ephemeral": 0, "ram": 192, "id": "42"}} {{(pid=61775) _process_stack /opt/stack/nova/nova/api/openstack/wsgi.py:550}}
Jan 09 11:09:17 devstack devstack@n-api.service[61775]: INFO nova.api.openstack.requestlog [None req-f7bdfa51-ec62-4f89-9992-8352d5ff77f2 admin admin] 192.168.122.57 "POST /compute/v2.1/flavors" status: 200 len: 411 microversion: 2.61 time: 0.051190
Jan 09 11:09:17 devstack devstack@n-api.service[61775]: [pid: 61775|app: 0|req: 21/41] 192.168.122.57 () {68 vars in 1379 bytes} [Fri Jan 9 11:09:17 2026] POST /compute/v2.1/flavors => generated 411 bytes in 52 msecs (HTTP/1.1 200) 9 headers in 359 bytes (1 switches on core 0)
Jan 09 11:09:17 devstack devstack@n-api.service[61774]: DEBUG nova.api.openstack.wsgi [None req-33ec8381-71bb-4104-9063-1a4e7647ed0b admin admin] Action: 'create', calling method: >, body: {"extra_specs": {"hw_rng:allowed": "True"}} {{(pid=61774) _process_stack /opt/stack/nova/nova/api/openstack/wsgi.py:550}}
Jan 09 11:09:17 devstack devstack@n-api.service[61774]: INFO nova.api.openstack.requestlog [None req-33ec8381-71bb-4104-9063-1a4e7647ed0b admin admin] 192.168.122.57 "POST /compute/v2.1/flavors/42/os-extra_specs" status: 200 len: 43 microversion: 2.61 time: 0.023144
Jan 09 11:09:17 devstack devstack@n-api.service[61774]: [pid: 61774|app: 0|req: 21/42] 192.168.122.57 () {68 vars in 1432 bytes} [Fri Jan 9 11:09:17 2026] POST /compute/v2.1/flavors/42/os-extra_specs => generated 43 bytes in 24 msecs (HTTP/1.1 200) 9 headers in 358 bytes (1 switches on core 0)
Jan 09 11:09:21 devstack devstack@n-api.service[61775]: DEBUG nova.api.openstack.wsgi [None req-f7bdfa51-ec62-4f89-9992-8352d5ff77f2 admin admin] Calling method '>' {{(pid=61775) _process_stack /opt/stack/nova/nova/api/openstack/wsgi.py:552}}
Jan 09 11:09:21 devstack devstack@n-api.service[61775]: INFO nova.api.openstack.requestlog [None req-f7bdfa51-ec62-4f89-9992-8352d5ff77f2 admin admin] 192.168.122.57 "GET /compute/v2.1" status: 200 len: 392 microversion: 2.1 time: 0.004709
Jan 09 11:09:21 devstack devstack@n-api.service[61775]: [pid: 61775|app: 0|req: 22/43] 192.168.122.57 () {58 vars in 1027 bytes} [Fri Jan 9 11:09:21 2026] GET /compute/v2.1 => generated 392 bytes in 5 msecs (HTTP/1.1 200) 9 headers in 357 bytes (1 switches on core 0)
Jan 09 11:09:21 devstack devstack@n-api.service[61774]: DEBUG nova.api.openstack.wsgi [None req-0652f1c7-cb3d-421c-940f-3f9ce1c2a5b5 admin admin] Action: 'create', calling method: >, body: {"flavor": {"rxtx_factor": 1.0, "id": "84", "swap": 0, "OS-FLV-EXT-DATA:ephemeral": 0, "os-flavor-access:is_public": true, "disk": 1, "vcpus": 1, "name": "m1.micro", "ram": 256}} {{(pid=61774) _process_stack /opt/stack/nova/nova/api/openstack/wsgi.py:550}}
Jan 09 11:09:21 devstack devstack@n-api.service[61774]: INFO nova.api.openstack.requestlog [None req-0652f1c7-cb3d-421c-940f-3f9ce1c2a5b5 admin admin] 192.168.122.57 "POST /compute/v2.1/flavors" status: 200 len: 412 microversion: 2.61 time: 0.054276
Jan 09 11:09:21 devstack devstack@n-api.service[61774]: [pid: 61774|app: 0|req: 22/44] 192.168.122.57 () {68 vars in 1379 bytes} [Fri Jan 9 11:09:21 2026] POST /compute/v2.1/flavors => generated 412 bytes in 55 msecs (HTTP/1.1 200) 9 headers in 359 bytes (1 switches on core 0)
Jan 09 11:09:21 devstack devstack@n-api.service[61775]: DEBUG nova.api.openstack.wsgi [None req-ae5d7ea2-f065-471f-af3d-f5245056f255 admin admin] Action: 'create', calling method: >, body: {"extra_specs": {"hw_rng:allowed": "True"}} {{(pid=61775) _process_stack /opt/stack/nova/nova/api/openstack/wsgi.py:550}}
Jan 09 11:09:21 devstack devstack@n-api.service[61775]: INFO nova.api.openstack.requestlog [None req-ae5d7ea2-f065-471f-af3d-f5245056f255 admin admin] 192.168.122.57 "POST /compute/v2.1/flavors/84/os-extra_specs" status: 200 len: 43 microversion: 2.61 time: 0.025379
Jan 09 11:09:21 devstack devstack@n-api.service[61775]: [pid: 61775|app: 0|req: 23/45] 192.168.122.57 () {68 vars in 1432 bytes} [Fri Jan 9 11:09:21 2026] POST /compute/v2.1/flavors/84/os-extra_specs => generated 43 bytes in 27 msecs (HTTP/1.1 200) 9 headers in 358 bytes (1 switches on core 0)
Jan 09 11:09:31 devstack devstack@n-api.service[61774]: DEBUG dbcounter [-] [61774] Writing DB stats nova_api:SELECT=4,nova_api:SAVEPOINT=1,nova_api:INSERT=2,nova_api:RELEASE=1 {{(pid=61774) stat_writer /opt/stack/data/venv/lib/python3.10/site-packages/dbcounter.py:115}}
Jan 09 11:09:31 devstack devstack@n-api.service[61775]: DEBUG dbcounter [-] [61775] Writing DB stats nova_api:SELECT=5,nova_api:INSERT=2,nova_api:SAVEPOINT=1,nova_api:RELEASE=1 {{(pid=61775) stat_writer /opt/stack/data/venv/lib/python3.10/site-packages/dbcounter.py:115}}
Jan 09 11:11:24 devstack devstack@n-api.service[61774]: DEBUG nova.api.openstack.wsgi [None req-e79b905a-a394-416f-a682-2de8bb13d8c1 tempest-ServerActionsTestOtherB-991516677 tempest-ServerActionsTestOtherB-991516677-project-member] Action: 'create', calling method: >, body: {"keypair": {"name": "tempest-keypair-430266471", "public_key": "ecdsa-sha2-nistp384 AAAAE2VjZHNhLXNoYTItbmlzdHAzODQAAAAIbmlzdHAzODQAAABhBH2YcmC10MZR5JfSSADQqwO7qvW5hgw3Ee4ok24WuNzu7kxTcmfke9y92Le7LP9GUDYzx2diHrM6v3HcFzh1Tw/PiGSBmKWKIg8HutxJmfaOJhYIfvhAiosMffcnMu/oYQ=="}} {{(pid=61774) _process_stack /opt/stack/nova/nova/api/openstack/wsgi.py:550}}
Jan 09 11:11:24 devstack devstack@n-api.service[61774]: DEBUG nova.quota [None req-e79b905a-a394-416f-a682-2de8bb13d8c1 tempest-ServerActionsTestOtherB-991516677 tempest-ServerActionsTestOtherB-991516677-project-member] Getting quotas for project ea0f86ac06224711b759f5eb4c212a51. Resources: {'key_pairs'} {{(pid=61774) _get_quotas /opt/stack/nova/nova/quota.py:392}}
Jan 09 11:11:24 devstack devstack@n-api.service[61774]: DEBUG nova.quota [None req-e79b905a-a394-416f-a682-2de8bb13d8c1 tempest-ServerActionsTestOtherB-991516677 tempest-ServerActionsTestOtherB-991516677-project-member] Getting quotas for user 79bdbcd2d6a94d5c8bea06b2a133fa3d and project ea0f86ac06224711b759f5eb4c212a51. Resources: {'key_pairs'} {{(pid=61774) _get_quotas /opt/stack/nova/nova/quota.py:382}}
Jan 09 11:11:24 devstack devstack@n-api.service[61774]: INFO nova.api.openstack.requestlog [None req-e79b905a-a394-416f-a682-2de8bb13d8c1 tempest-ServerActionsTestOtherB-991516677 tempest-ServerActionsTestOtherB-991516677-project-member] 192.168.122.57 "POST /compute/v2.1/os-keypairs" status: 200 len: 385 microversion: 2.1 time: 0.191298
Jan 09 11:11:24 devstack devstack@n-api.service[61774]: [pid: 61774|app: 0|req: 23/46] 192.168.122.57 () {64 vars in 1255 bytes} [Fri Jan 9 11:11:24 2026] POST /compute/v2.1/os-keypairs => generated 385 bytes in 193 msecs (HTTP/1.1 200) 9 headers in 357 bytes (2 switches on core 0)
Jan 09 11:11:34 devstack devstack@n-api.service[61775]: DEBUG nova.api.openstack.wsgi [None req-3a75b28d-8af5-4fbf-a5a1-f2689e809b8b tempest-ServerActionsTestOtherB-991516677 tempest-ServerActionsTestOtherB-991516677-project-member] Action: 'create', calling method: >, body: {"server": {"name": "tempest-ServerActionsTestOtherB-server-417187493", "imageRef": "78033edf-774e-48db-bc73-2826946cdadb", "flavorRef": "42", "adminPass": "***", "networks": [{"uuid": "0cd2408f-7c44-4fd3-a286-0f422c126dd5"}], "security_groups": [{"name": "tempest-securitygroup--2074093244"}], "key_name": "tempest-keypair-430266471", "user_data": "}} {{(pid=61775) _process_stack /opt/stack/nova/nova/api/openstack/wsgi.py:550}}
Jan 09 11:11:34 devstack devstack@n-api.service[61774]: DEBUG dbcounter [-] [61774] Writing DB stats nova_cell0:SELECT=2 {{(pid=61774) stat_writer /opt/stack/data/venv/lib/python3.10/site-packages/dbcounter.py:115}}
Jan 09 11:11:34 devstack devstack@n-api.service[61775]: DEBUG oslo_concurrency.lockutils [None req-3a75b28d-8af5-4fbf-a5a1-f2689e809b8b tempest-ServerActionsTestOtherB-991516677 tempest-ServerActionsTestOtherB-991516677-project-member] Acquiring lock "00000000-0000-0000-0000-000000000000" by "nova.context.set_target_cell..get_or_set_cached_cell_and_set_connections" {{(pid=61775) inner /opt/stack/data/venv/lib/python3.10/site-packages/oslo_concurrency/lockutils.py:405}}
Jan 09 11:11:34 devstack devstack@n-api.service[61775]: DEBUG oslo_concurrency.lockutils [None req-3a75b28d-8af5-4fbf-a5a1-f2689e809b8b tempest-ServerActionsTestOtherB-991516677 tempest-ServerActionsTestOtherB-991516677-project-member] Lock "00000000-0000-0000-0000-000000000000" acquired by "nova.context.set_target_cell..get_or_set_cached_cell_and_set_connections" :: waited 0.002s {{(pid=61775) inner /opt/stack/data/venv/lib/python3.10/site-packages/oslo_concurrency/lockutils.py:410}}
Jan 09 11:11:34 devstack devstack@n-api.service[61775]: DEBUG oslo_concurrency.lockutils [None req-3a75b28d-8af5-4fbf-a5a1-f2689e809b8b tempest-ServerActionsTestOtherB-991516677 tempest-ServerActionsTestOtherB-991516677-project-member] Lock "00000000-0000-0000-0000-000000000000" "released" by "nova.context.set_target_cell..get_or_set_cached_cell_and_set_connections" :: held 0.000s {{(pid=61775) inner /opt/stack/data/venv/lib/python3.10/site-packages/oslo_concurrency/lockutils.py:424}}
Jan 09 11:11:34 devstack devstack@n-api.service[61775]: DEBUG oslo_concurrency.lockutils [None req-3a75b28d-8af5-4fbf-a5a1-f2689e809b8b tempest-ServerActionsTestOtherB-991516677 tempest-ServerActionsTestOtherB-991516677-project-member] Acquiring lock "2bb7f350-7dbc-49ff-9b7d-45db8484bb89" by "nova.context.set_target_cell..get_or_set_cached_cell_and_set_connections" {{(pid=61775) inner /opt/stack/data/venv/lib/python3.10/site-packages/oslo_concurrency/lockutils.py:405}}
Jan 09 11:11:34 devstack devstack@n-api.service[61775]: DEBUG oslo_concurrency.lockutils [None req-3a75b28d-8af5-4fbf-a5a1-f2689e809b8b tempest-ServerActionsTestOtherB-991516677 tempest-ServerActionsTestOtherB-991516677-project-member] Lock "2bb7f350-7dbc-49ff-9b7d-45db8484bb89" acquired by "nova.context.set_target_cell..get_or_set_cached_cell_and_set_connections" :: waited 0.003s {{(pid=61775) inner /opt/stack/data/venv/lib/python3.10/site-packages/oslo_concurrency/lockutils.py:410}}
Jan 09 11:11:34 devstack devstack@n-api.service[61775]: DEBUG oslo_concurrency.lockutils [None req-3a75b28d-8af5-4fbf-a5a1-f2689e809b8b tempest-ServerActionsTestOtherB-991516677 tempest-ServerActionsTestOtherB-991516677-project-member] Lock "2bb7f350-7dbc-49ff-9b7d-45db8484bb89" "released" by "nova.context.set_target_cell..get_or_set_cached_cell_and_set_connections" :: held 0.001s {{(pid=61775) inner /opt/stack/data/venv/lib/python3.10/site-packages/oslo_concurrency/lockutils.py:424}}
Jan 09 11:11:34 devstack devstack@n-api.service[61774]: DEBUG dbcounter [-] [61774] Writing DB stats nova_api:SELECT=5,nova_api:INSERT=1 {{(pid=61774) stat_writer /opt/stack/data/venv/lib/python3.10/site-packages/dbcounter.py:115}}
Jan 09 11:11:34 devstack devstack@n-api.service[61775]: WARNING neutronclient.v2_0.client [None req-3a75b28d-8af5-4fbf-a5a1-f2689e809b8b tempest-ServerActionsTestOtherB-991516677 tempest-ServerActionsTestOtherB-991516677-project-member] The python binding code in neutronclient is deprecated in favor of OpenstackSDK, please use that as this will be removed in a future release.
Jan 09 11:11:36 devstack devstack@n-api.service[61774]: DEBUG nova.api.openstack.wsgi [None req-9fdc61a8-7e4b-4437-a6b1-f7f4521afee2 tempest-AttachSCSIVolumeTestJSON-1573732473 tempest-AttachSCSIVolumeTestJSON-1573732473-project-member] Action: 'create', calling method: >, body: {"keypair": {"name": "tempest-keypair-1132445490", "public_key": "ecdsa-sha2-nistp384 AAAAE2VjZHNhLXNoYTItbmlzdHAzODQAAAAIbmlzdHAzODQAAABhBIiNr5Lx187MWb8Nxt+oaEIuK4PljYxuLWm3RZM5UG0NS1dnXLPm1zmApp1P65nzyFtePTUdT5pBevb/5JRxi+CrDXxe7LLowzD0Df6OpRgiQj1kZVLvR4gfx6oKohkM5Q=="}} {{(pid=61774) _process_stack /opt/stack/nova/nova/api/openstack/wsgi.py:550}}
Jan 09 11:11:36 devstack devstack@n-api.service[61774]: DEBUG nova.quota [None req-9fdc61a8-7e4b-4437-a6b1-f7f4521afee2 tempest-AttachSCSIVolumeTestJSON-1573732473 tempest-AttachSCSIVolumeTestJSON-1573732473-project-member] Getting quotas for project 4f1080a871114618ad3468ea1979788a. Resources: {'key_pairs'} {{(pid=61774) _get_quotas /opt/stack/nova/nova/quota.py:392}}
Jan 09 11:11:36 devstack devstack@n-api.service[61774]: DEBUG nova.quota [None req-9fdc61a8-7e4b-4437-a6b1-f7f4521afee2 tempest-AttachSCSIVolumeTestJSON-1573732473 tempest-AttachSCSIVolumeTestJSON-1573732473-project-member] Getting quotas for user 66a075088a934f9b8699e5d9cabf2ba6 and project 4f1080a871114618ad3468ea1979788a. Resources: {'key_pairs'} {{(pid=61774) _get_quotas /opt/stack/nova/nova/quota.py:382}}
Jan 09 11:11:37 devstack devstack@n-api.service[61774]: INFO nova.api.openstack.requestlog [None req-9fdc61a8-7e4b-4437-a6b1-f7f4521afee2 tempest-AttachSCSIVolumeTestJSON-1573732473 tempest-AttachSCSIVolumeTestJSON-1573732473-project-member] 192.168.122.57 "POST /compute/v2.1/os-keypairs" status: 200 len: 386 microversion: 2.1 time: 0.159104
Jan 09 11:11:37 devstack devstack@n-api.service[61774]: [pid: 61774|app: 0|req: 24/47] 192.168.122.57 () {64 vars in 1255 bytes} [Fri Jan 9 11:11:36 2026] POST /compute/v2.1/os-keypairs => generated 386 bytes in 161 msecs (HTTP/1.1 200) 9 headers in 357 bytes (1 switches on core 0)
Jan 09 11:11:38 devstack devstack@n-api.service[61775]: DEBUG nova.network.neutron [None req-3a75b28d-8af5-4fbf-a5a1-f2689e809b8b tempest-ServerActionsTestOtherB-991516677 tempest-ServerActionsTestOtherB-991516677-project-member] validate_networks() for [('0cd2408f-7c44-4fd3-a286-0f422c126dd5', None, None, None, None, None)] {{(pid=61775) validate_networks /opt/stack/nova/nova/network/neutron.py:2706}}
Jan 09 11:11:38 devstack devstack@n-api.service[61775]: WARNING neutronclient.v2_0.client [None req-3a75b28d-8af5-4fbf-a5a1-f2689e809b8b tempest-ServerActionsTestOtherB-991516677 tempest-ServerActionsTestOtherB-991516677-project-member] The python binding code in neutronclient is deprecated in favor of OpenstackSDK, please use that as this will be removed in a future release.
Jan 09 11:11:39 devstack devstack@n-api.service[61775]: WARNING neutronclient.v2_0.client [None req-3a75b28d-8af5-4fbf-a5a1-f2689e809b8b tempest-ServerActionsTestOtherB-991516677 tempest-ServerActionsTestOtherB-991516677-project-member] The python binding code in neutronclient is deprecated in favor of OpenstackSDK, please use that as this will be removed in a future release.
Jan 09 11:11:42 devstack devstack@n-api.service[61774]: DEBUG nova.api.openstack.wsgi [None req-339cc8d9-7e2a-44f1-bd61-780724ae8948 tempest-AttachSCSIVolumeTestJSON-1573732473 tempest-AttachSCSIVolumeTestJSON-1573732473-project-member] Action: 'create', calling method: >, body: {"server": {"name": "tempest-AttachSCSIVolumeTestJSON-server-1631060433", "imageRef": "3fe90047-64cb-4a4b-879d-37b7636cb719", "flavorRef": "42", "config_drive": true, "networks": [{"uuid": "cca992b6-cdab-4d1a-bb27-03a2db2d5440"}], "security_groups": [{"name": "tempest-securitygroup--563876254"}], "key_name": "tempest-keypair-1132445490", "user_data": "IyEvYmluL3NoCmVjaG8gIlByaW50aW5nIGNpcnJvcyB1c2VyIGF1dGhvcml6ZWQga2V5cyIKY2F0IH5jaXJyb3MvLnNzaC9hdXRob3JpemVkX2tleXMgfHwgdHJ1ZQo="}} {{(pid=61774) _process_stack /opt/stack/nova/nova/api/openstack/wsgi.py:550}}
Jan 09 11:11:43 devstack devstack@n-api.service[61774]: DEBUG oslo_concurrency.lockutils [None req-339cc8d9-7e2a-44f1-bd61-780724ae8948 tempest-AttachSCSIVolumeTestJSON-1573732473 tempest-AttachSCSIVolumeTestJSON-1573732473-project-member] Acquiring lock "00000000-0000-0000-0000-000000000000" by "nova.context.set_target_cell..get_or_set_cached_cell_and_set_connections" {{(pid=61774) inner /opt/stack/data/venv/lib/python3.10/site-packages/oslo_concurrency/lockutils.py:405}}
Jan 09 11:11:43 devstack devstack@n-api.service[61774]: DEBUG oslo_concurrency.lockutils [None req-339cc8d9-7e2a-44f1-bd61-780724ae8948 tempest-AttachSCSIVolumeTestJSON-1573732473 tempest-AttachSCSIVolumeTestJSON-1573732473-project-member] Lock "00000000-0000-0000-0000-000000000000" acquired by "nova.context.set_target_cell..get_or_set_cached_cell_and_set_connections" :: waited 0.001s {{(pid=61774) inner /opt/stack/data/venv/lib/python3.10/site-packages/oslo_concurrency/lockutils.py:410}}
Jan 09 11:11:43 devstack devstack@n-api.service[61774]: DEBUG oslo_concurrency.lockutils [None req-339cc8d9-7e2a-44f1-bd61-780724ae8948 tempest-AttachSCSIVolumeTestJSON-1573732473 tempest-AttachSCSIVolumeTestJSON-1573732473-project-member] Lock "00000000-0000-0000-0000-000000000000" "released" by "nova.context.set_target_cell..get_or_set_cached_cell_and_set_connections" :: held 0.000s {{(pid=61774) inner /opt/stack/data/venv/lib/python3.10/site-packages/oslo_concurrency/lockutils.py:424}}
Jan 09 11:11:43 devstack devstack@n-api.service[61774]: DEBUG oslo_concurrency.lockutils [None req-339cc8d9-7e2a-44f1-bd61-780724ae8948 tempest-AttachSCSIVolumeTestJSON-1573732473 tempest-AttachSCSIVolumeTestJSON-1573732473-project-member] Acquiring lock "2bb7f350-7dbc-49ff-9b7d-45db8484bb89" by "nova.context.set_target_cell..get_or_set_cached_cell_and_set_connections" {{(pid=61774) inner /opt/stack/data/venv/lib/python3.10/site-packages/oslo_concurrency/lockutils.py:405}}
Jan 09 11:11:43 devstack devstack@n-api.service[61774]: DEBUG oslo_concurrency.lockutils [None req-339cc8d9-7e2a-44f1-bd61-780724ae8948 tempest-AttachSCSIVolumeTestJSON-1573732473 tempest-AttachSCSIVolumeTestJSON-1573732473-project-member] Lock "2bb7f350-7dbc-49ff-9b7d-45db8484bb89" acquired by "nova.context.set_target_cell..get_or_set_cached_cell_and_set_connections" :: waited 0.002s {{(pid=61774) inner /opt/stack/data/venv/lib/python3.10/site-packages/oslo_concurrency/lockutils.py:410}}
Jan 09 11:11:43 devstack devstack@n-api.service[61774]: DEBUG oslo_concurrency.lockutils [None req-339cc8d9-7e2a-44f1-bd61-780724ae8948 tempest-AttachSCSIVolumeTestJSON-1573732473 tempest-AttachSCSIVolumeTestJSON-1573732473-project-member] Lock "2bb7f350-7dbc-49ff-9b7d-45db8484bb89" "released" by "nova.context.set_target_cell..get_or_set_cached_cell_and_set_connections" :: held 0.003s {{(pid=61774) inner /opt/stack/data/venv/lib/python3.10/site-packages/oslo_concurrency/lockutils.py:424}}
Jan 09 11:11:43 devstack devstack@n-api.service[61774]: WARNING neutronclient.v2_0.client [None req-339cc8d9-7e2a-44f1-bd61-780724ae8948 tempest-AttachSCSIVolumeTestJSON-1573732473 tempest-AttachSCSIVolumeTestJSON-1573732473-project-member] The python binding code in neutronclient is deprecated in favor of OpenstackSDK, please use that as this will be removed in a future release.
Jan 09 11:11:44 devstack devstack@n-api.service[61775]: DEBUG dbcounter [-] [61775] Writing DB stats nova_cell0:SELECT=1 {{(pid=61775) stat_writer /opt/stack/data/venv/lib/python3.10/site-packages/dbcounter.py:115}}
Jan 09 11:11:44 devstack devstack@n-api.service[61775]: DEBUG nova.virt.hardware [None req-3a75b28d-8af5-4fbf-a5a1-f2689e809b8b tempest-ServerActionsTestOtherB-991516677 tempest-ServerActionsTestOtherB-991516677-project-member] Flavor limits 0:0:0 {{(pid=61775) get_cpu_topology_constraints /opt/stack/nova/nova/virt/hardware.py:356}}
Jan 09 11:11:44 devstack devstack@n-api.service[61775]: DEBUG nova.virt.hardware [None req-3a75b28d-8af5-4fbf-a5a1-f2689e809b8b tempest-ServerActionsTestOtherB-991516677 tempest-ServerActionsTestOtherB-991516677-project-member] Image limits 0:0:0 {{(pid=61775) get_cpu_topology_constraints /opt/stack/nova/nova/virt/hardware.py:360}}
Jan 09 11:11:44 devstack devstack@n-api.service[61775]: DEBUG nova.virt.hardware [None req-3a75b28d-8af5-4fbf-a5a1-f2689e809b8b tempest-ServerActionsTestOtherB-991516677 tempest-ServerActionsTestOtherB-991516677-project-member] Flavor pref 0:0:0 {{(pid=61775) get_cpu_topology_constraints /opt/stack/nova/nova/virt/hardware.py:396}}
Jan 09 11:11:44 devstack devstack@n-api.service[61775]: DEBUG dbcounter [-] [61775] Writing DB stats nova_cell1:SELECT=1 {{(pid=61775) stat_writer /opt/stack/data/venv/lib/python3.10/site-packages/dbcounter.py:115}}
Jan 09 11:11:44 devstack devstack@n-api.service[61775]: DEBUG nova.virt.hardware [None req-3a75b28d-8af5-4fbf-a5a1-f2689e809b8b tempest-ServerActionsTestOtherB-991516677 tempest-ServerActionsTestOtherB-991516677-project-member] Image pref 0:0:0 {{(pid=61775) get_cpu_topology_constraints /opt/stack/nova/nova/virt/hardware.py:400}}
Jan 09 11:11:44 devstack devstack@n-api.service[61775]: DEBUG nova.virt.hardware [None req-3a75b28d-8af5-4fbf-a5a1-f2689e809b8b tempest-ServerActionsTestOtherB-991516677 tempest-ServerActionsTestOtherB-991516677-project-member] Chose sockets=0, cores=0, threads=0; limits were sockets=65536, cores=65536, threads=65536 {{(pid=61775) get_cpu_topology_constraints /opt/stack/nova/nova/virt/hardware.py:438}}
Jan 09 11:11:44 devstack devstack@n-api.service[61775]: DEBUG oslo_concurrency.lockutils [None req-3a75b28d-8af5-4fbf-a5a1-f2689e809b8b tempest-ServerActionsTestOtherB-991516677 tempest-ServerActionsTestOtherB-991516677-project-member] Acquiring lock "00000000-0000-0000-0000-000000000000" by "nova.context.set_target_cell..get_or_set_cached_cell_and_set_connections" {{(pid=61775) inner /opt/stack/data/venv/lib/python3.10/site-packages/oslo_concurrency/lockutils.py:405}}
Jan 09 11:11:44 devstack devstack@n-api.service[61775]: DEBUG oslo_concurrency.lockutils [None req-3a75b28d-8af5-4fbf-a5a1-f2689e809b8b tempest-ServerActionsTestOtherB-991516677 tempest-ServerActionsTestOtherB-991516677-project-member] Lock "00000000-0000-0000-0000-000000000000" acquired by "nova.context.set_target_cell..get_or_set_cached_cell_and_set_connections" :: waited 0.000s {{(pid=61775) inner /opt/stack/data/venv/lib/python3.10/site-packages/oslo_concurrency/lockutils.py:410}}
Jan 09 11:11:44 devstack devstack@n-api.service[61775]: DEBUG oslo_concurrency.lockutils [None req-3a75b28d-8af5-4fbf-a5a1-f2689e809b8b tempest-ServerActionsTestOtherB-991516677 tempest-ServerActionsTestOtherB-991516677-project-member] Lock "00000000-0000-0000-0000-000000000000" "released" by "nova.context.set_target_cell..get_or_set_cached_cell_and_set_connections" :: held 0.000s {{(pid=61775) inner /opt/stack/data/venv/lib/python3.10/site-packages/oslo_concurrency/lockutils.py:424}}
Jan 09 11:11:44 devstack devstack@n-api.service[61775]: DEBUG oslo_concurrency.lockutils [None req-3a75b28d-8af5-4fbf-a5a1-f2689e809b8b tempest-ServerActionsTestOtherB-991516677 tempest-ServerActionsTestOtherB-991516677-project-member] Acquiring lock "2bb7f350-7dbc-49ff-9b7d-45db8484bb89" by "nova.context.set_target_cell..get_or_set_cached_cell_and_set_connections" {{(pid=61775) inner /opt/stack/data/venv/lib/python3.10/site-packages/oslo_concurrency/lockutils.py:405}}
Jan 09 11:11:44 devstack devstack@n-api.service[61775]: DEBUG oslo_concurrency.lockutils [None req-3a75b28d-8af5-4fbf-a5a1-f2689e809b8b tempest-ServerActionsTestOtherB-991516677 tempest-ServerActionsTestOtherB-991516677-project-member] Lock "2bb7f350-7dbc-49ff-9b7d-45db8484bb89" acquired by "nova.context.set_target_cell..get_or_set_cached_cell_and_set_connections" :: waited 0.000s {{(pid=61775) inner /opt/stack/data/venv/lib/python3.10/site-packages/oslo_concurrency/lockutils.py:410}}
Jan 09 11:11:44 devstack devstack@n-api.service[61775]: DEBUG oslo_concurrency.lockutils [None req-3a75b28d-8af5-4fbf-a5a1-f2689e809b8b tempest-ServerActionsTestOtherB-991516677 tempest-ServerActionsTestOtherB-991516677-project-member] Lock "2bb7f350-7dbc-49ff-9b7d-45db8484bb89" "released" by "nova.context.set_target_cell..get_or_set_cached_cell_and_set_connections" :: held 0.000s {{(pid=61775) inner /opt/stack/data/venv/lib/python3.10/site-packages/oslo_concurrency/lockutils.py:424}}
Jan 09 11:11:44 devstack devstack@n-api.service[61775]: DEBUG nova.quota [None req-3a75b28d-8af5-4fbf-a5a1-f2689e809b8b tempest-ServerActionsTestOtherB-991516677 tempest-ServerActionsTestOtherB-991516677-project-member] Getting quotas for project ea0f86ac06224711b759f5eb4c212a51. Resources: {'cores', 'instances', 'ram'} {{(pid=61775) _get_quotas /opt/stack/nova/nova/quota.py:392}}
Jan 09 11:11:44 devstack devstack@n-api.service[61774]: DEBUG nova.network.neutron [None req-339cc8d9-7e2a-44f1-bd61-780724ae8948 tempest-AttachSCSIVolumeTestJSON-1573732473 tempest-AttachSCSIVolumeTestJSON-1573732473-project-member] validate_networks() for [('cca992b6-cdab-4d1a-bb27-03a2db2d5440', None, None, None, None, None)] {{(pid=61774) validate_networks /opt/stack/nova/nova/network/neutron.py:2706}}
Jan 09 11:11:44 devstack devstack@n-api.service[61774]: WARNING neutronclient.v2_0.client [None req-339cc8d9-7e2a-44f1-bd61-780724ae8948 tempest-AttachSCSIVolumeTestJSON-1573732473 tempest-AttachSCSIVolumeTestJSON-1573732473-project-member] The python binding code in neutronclient is deprecated in favor of OpenstackSDK, please use that as this will be removed in a future release.
Jan 09 11:11:45 devstack devstack@n-api.service[61775]: DEBUG nova.quota [None req-3a75b28d-8af5-4fbf-a5a1-f2689e809b8b tempest-ServerActionsTestOtherB-991516677 tempest-ServerActionsTestOtherB-991516677-project-member] Getting quotas for user 79bdbcd2d6a94d5c8bea06b2a133fa3d and project ea0f86ac06224711b759f5eb4c212a51. Resources: {'cores', 'instances', 'ram'} {{(pid=61775) _get_quotas /opt/stack/nova/nova/quota.py:382}}
Jan 09 11:11:45 devstack devstack@n-api.service[61775]: DEBUG nova.compute.api [None req-3a75b28d-8af5-4fbf-a5a1-f2689e809b8b tempest-ServerActionsTestOtherB-991516677 tempest-ServerActionsTestOtherB-991516677-project-member] Going to run 1 instances... {{(pid=61775) _provision_instances /opt/stack/nova/nova/compute/api.py:1436}}
Jan 09 11:11:45 devstack devstack@n-api.service[61775]: DEBUG nova.compute.api [None req-3a75b28d-8af5-4fbf-a5a1-f2689e809b8b tempest-ServerActionsTestOtherB-991516677 tempest-ServerActionsTestOtherB-991516677-project-member] [instance: 880d18f1-3bf7-4557-a43c-0c0a22d89ab4] block_device_mapping [BlockDeviceMapping(attachment_id=,boot_index=0,connection_info=None,created_at=,delete_on_termination=True,deleted=,deleted_at=,destination_type='local',device_name=None,device_type='disk',disk_bus=None,encrypted=False,encryption_format=None,encryption_options=None,encryption_secret_uuid=None,guest_format=None,id=,image_id='78033edf-774e-48db-bc73-2826946cdadb',instance=,instance_uuid=,no_device=False,snapshot_id=None,source_type='image',tag=None,updated_at=,uuid=,volume_id=None,volume_size=None,volume_type=None)] {{(pid=61775) _bdm_validate_set_size_and_instance /opt/stack/nova/nova/compute/api.py:1904}}
Jan 09 11:11:45 devstack devstack@n-api.service[61775]: INFO nova.api.openstack.requestlog [None req-3a75b28d-8af5-4fbf-a5a1-f2689e809b8b tempest-ServerActionsTestOtherB-991516677 tempest-ServerActionsTestOtherB-991516677-project-member] 192.168.122.57 "POST /compute/v2.1/servers" status: 202 len: 415 microversion: 2.1 time: 10.708010
Jan 09 11:11:45 devstack devstack@n-api.service[61775]: [pid: 61775|app: 0|req: 24/48] 192.168.122.57 () {64 vars in 1243 bytes} [Fri Jan 9 11:11:34 2026] POST /compute/v2.1/servers => generated 415 bytes in 10709 msecs (HTTP/1.1 202) 10 headers in 454 bytes (1 switches on core 0)
Jan 09 11:11:45 devstack devstack@n-api.service[61775]: DEBUG nova.api.openstack.wsgi [None req-376de727-d859-4998-a8df-a53c853e0790 tempest-ServerActionsTestOtherB-991516677 tempest-ServerActionsTestOtherB-991516677-project-member] Calling method '>' {{(pid=61775) _process_stack /opt/stack/nova/nova/api/openstack/wsgi.py:552}}
Jan 09 11:11:45 devstack devstack@n-api.service[61775]: DEBUG nova.compute.api [None req-376de727-d859-4998-a8df-a53c853e0790 tempest-ServerActionsTestOtherB-991516677 tempest-ServerActionsTestOtherB-991516677-project-member] [instance: 880d18f1-3bf7-4557-a43c-0c0a22d89ab4] Fetching instance by UUID {{(pid=61775) get /opt/stack/nova/nova/compute/api.py:3017}}
Jan 09 11:11:45 devstack devstack@n-api.service[61775]: WARNING neutronclient.v2_0.client [None req-376de727-d859-4998-a8df-a53c853e0790 tempest-ServerActionsTestOtherB-991516677 tempest-ServerActionsTestOtherB-991516677-project-member] The python binding code in neutronclient is deprecated in favor of OpenstackSDK, please use that as this will be removed in a future release.
Jan 09 11:11:46 devstack devstack@n-api.service[61774]: DEBUG dbcounter [-] [61774] Writing DB stats nova_cell0:SELECT=2 {{(pid=61774) stat_writer /opt/stack/data/venv/lib/python3.10/site-packages/dbcounter.py:115}}
Jan 09 11:11:47 devstack devstack@n-api.service[61775]: DEBUG nova.policy [None req-376de727-d859-4998-a8df-a53c853e0790 tempest-ServerActionsTestOtherB-991516677 tempest-ServerActionsTestOtherB-991516677-project-member] Policy check for os_compute_api:os-extended-server-attributes failed with credentials {'is_admin': False, 'user_id': '79bdbcd2d6a94d5c8bea06b2a133fa3d', 'user_domain_id': 'default', 'system_scope': None, 'domain_id': None, 'project_id': 'ea0f86ac06224711b759f5eb4c212a51', 'project_domain_id': 'default', 'roles': ['reader', 'member'], 'is_admin_project': True, 'service_user_id': None, 'service_user_domain_id': None, 'service_project_id': None, 'service_project_domain_id': None, 'service_roles': []} {{(pid=61775) authorize /opt/stack/nova/nova/policy.py:192}}
Jan 09 11:11:47 devstack devstack@n-api.service[61775]: INFO nova.api.openstack.requestlog [None req-376de727-d859-4998-a8df-a53c853e0790 tempest-ServerActionsTestOtherB-991516677 tempest-ServerActionsTestOtherB-991516677-project-member] 192.168.122.57 "GET /compute/v2.1/servers/880d18f1-3bf7-4557-a43c-0c0a22d89ab4" status: 200 len: 1249 microversion: 2.1 time: 2.473085
Jan 09 11:11:47 devstack devstack@n-api.service[61775]: [pid: 61775|app: 0|req: 25/49] 192.168.122.57 () {62 vars in 1332 bytes} [Fri Jan 9 11:11:45 2026] GET /compute/v2.1/servers/880d18f1-3bf7-4557-a43c-0c0a22d89ab4 => generated 1249 bytes in 2475 msecs (HTTP/1.1 200) 9 headers in 358 bytes (1 switches on core 0)
Jan 09 11:11:48 devstack devstack@n-api.service[61775]: DEBUG nova.api.openstack.wsgi [None req-8fd9c113-ab1a-44d4-9fb6-b5a5c84d9353 tempest-ServerActionsTestOtherB-991516677 tempest-ServerActionsTestOtherB-991516677-project-member] Calling method '>' {{(pid=61775) _process_stack /opt/stack/nova/nova/api/openstack/wsgi.py:552}}
Jan 09 11:11:48 devstack devstack@n-api.service[61775]: DEBUG nova.compute.api [None req-8fd9c113-ab1a-44d4-9fb6-b5a5c84d9353 tempest-ServerActionsTestOtherB-991516677 tempest-ServerActionsTestOtherB-991516677-project-member] [instance: 880d18f1-3bf7-4557-a43c-0c0a22d89ab4] Fetching instance by UUID {{(pid=61775) get /opt/stack/nova/nova/compute/api.py:3017}}
Jan 09 11:11:48 devstack devstack@n-api.service[61775]: DEBUG oslo_concurrency.lockutils [None req-8fd9c113-ab1a-44d4-9fb6-b5a5c84d9353 tempest-ServerActionsTestOtherB-991516677 tempest-ServerActionsTestOtherB-991516677-project-member] Acquiring lock "2bb7f350-7dbc-49ff-9b7d-45db8484bb89" by "nova.context.set_target_cell..get_or_set_cached_cell_and_set_connections" {{(pid=61775) inner /opt/stack/data/venv/lib/python3.10/site-packages/oslo_concurrency/lockutils.py:405}}
Jan 09 11:11:48 devstack devstack@n-api.service[61775]: DEBUG oslo_concurrency.lockutils [None req-8fd9c113-ab1a-44d4-9fb6-b5a5c84d9353 tempest-ServerActionsTestOtherB-991516677 tempest-ServerActionsTestOtherB-991516677-project-member] Lock "2bb7f350-7dbc-49ff-9b7d-45db8484bb89" acquired by "nova.context.set_target_cell..get_or_set_cached_cell_and_set_connections" :: waited 0.000s {{(pid=61775) inner /opt/stack/data/venv/lib/python3.10/site-packages/oslo_concurrency/lockutils.py:410}}
Jan 09 11:11:48 devstack devstack@n-api.service[61775]: DEBUG oslo_concurrency.lockutils [None req-8fd9c113-ab1a-44d4-9fb6-b5a5c84d9353 tempest-ServerActionsTestOtherB-991516677 tempest-ServerActionsTestOtherB-991516677-project-member] Lock "2bb7f350-7dbc-49ff-9b7d-45db8484bb89" "released" by "nova.context.set_target_cell..get_or_set_cached_cell_and_set_connections" :: held 0.000s {{(pid=61775) inner /opt/stack/data/venv/lib/python3.10/site-packages/oslo_concurrency/lockutils.py:424}}
Jan 09 11:11:48 devstack devstack@n-api.service[61775]: DEBUG oslo_concurrency.lockutils [None req-8fd9c113-ab1a-44d4-9fb6-b5a5c84d9353 tempest-ServerActionsTestOtherB-991516677 tempest-ServerActionsTestOtherB-991516677-project-member] Acquiring lock "2bb7f350-7dbc-49ff-9b7d-45db8484bb89" by "nova.context.set_target_cell..get_or_set_cached_cell_and_set_connections" {{(pid=61775) inner /opt/stack/data/venv/lib/python3.10/site-packages/oslo_concurrency/lockutils.py:405}}
Jan 09 11:11:48 devstack devstack@n-api.service[61775]: DEBUG oslo_concurrency.lockutils [None req-8fd9c113-ab1a-44d4-9fb6-b5a5c84d9353 tempest-ServerActionsTestOtherB-991516677 tempest-ServerActionsTestOtherB-991516677-project-member] Lock "2bb7f350-7dbc-49ff-9b7d-45db8484bb89" acquired by "nova.context.set_target_cell..get_or_set_cached_cell_and_set_connections" :: waited 0.000s {{(pid=61775) inner /opt/stack/data/venv/lib/python3.10/site-packages/oslo_concurrency/lockutils.py:410}}
Jan 09 11:11:48 devstack devstack@n-api.service[61775]: DEBUG oslo_concurrency.lockutils [None req-8fd9c113-ab1a-44d4-9fb6-b5a5c84d9353 tempest-ServerActionsTestOtherB-991516677 tempest-ServerActionsTestOtherB-991516677-project-member] Lock "2bb7f350-7dbc-49ff-9b7d-45db8484bb89" "released" by "nova.context.set_target_cell..get_or_set_cached_cell_and_set_connections" :: held 0.000s {{(pid=61775) inner /opt/stack/data/venv/lib/python3.10/site-packages/oslo_concurrency/lockutils.py:424}}
Jan 09 11:11:48 devstack devstack@n-api.service[61775]: WARNING neutronclient.v2_0.client [None req-8fd9c113-ab1a-44d4-9fb6-b5a5c84d9353 tempest-ServerActionsTestOtherB-991516677 tempest-ServerActionsTestOtherB-991516677-project-member] The python binding code in neutronclient is deprecated in favor of OpenstackSDK, please use that as this will be removed in a future release.
