Jan 09 11:15:02 devstack cinder-volume[82194]: DEBUG cinder.volume.drivers.quobyte [None req-54d73495-2ec6-4a43-95d7-b639dd9163ce tempest-VolumesAdminNegativeTest-750898414 None] Quobyte Volume URL set to: {'osci02.corp.quobyte.com/cinder-vol-733fc29d-7019-42b5-adea-0595dc2b1302': None} {{(pid=82194) _load_shares_config /opt/stack/cinder/cinder/volume/drivers/quobyte.py:611}}
Jan 09 11:15:02 devstack cinder-volume[82194]: DEBUG cinder.volume.drivers.quobyte [None req-54d73495-2ec6-4a43-95d7-b639dd9163ce tempest-VolumesAdminNegativeTest-750898414 None] Available shares ['osci02.corp.quobyte.com/cinder-vol-733fc29d-7019-42b5-adea-0595dc2b1302'] {{(pid=82194) _ensure_shares_mounted /opt/stack/cinder/cinder/volume/drivers/quobyte.py:641}}
Jan 09 11:15:02 devstack cinder-volume[82194]: DEBUG oslo_concurrency.lockutils [None req-54d73495-2ec6-4a43-95d7-b639dd9163ce tempest-VolumesAdminNegativeTest-750898414 None] Lock "quobyte_ensure" "released" by "cinder.volume.drivers.quobyte.QuobyteDriver._ensure_shares_mounted" :: held 0.004s {{(pid=82194) inner /opt/stack/data/venv/lib/python3.10/site-packages/oslo_concurrency/lockutils.py:424}}
Jan 09 11:15:02 devstack cinder-volume[82194]: DEBUG cinder.volume.drivers.quobyte [None req-54d73495-2ec6-4a43-95d7-b639dd9163ce tempest-VolumesAdminNegativeTest-750898414 None] Selected osci02.corp.quobyte.com/cinder-vol-733fc29d-7019-42b5-adea-0595dc2b1302 as target Quobyte volume. {{(pid=82194) _find_share /opt/stack/cinder/cinder/volume/drivers/quobyte.py:662}}
Jan 09 11:15:02 devstack cinder-volume[82194]: INFO cinder.volume.drivers.remotefs [None req-54d73495-2ec6-4a43-95d7-b639dd9163ce tempest-VolumesAdminNegativeTest-750898414 None] casted to osci02.corp.quobyte.com/cinder-vol-733fc29d-7019-42b5-adea-0595dc2b1302
Jan 09 11:15:02 devstack cinder-volume[82194]: DEBUG oslo_concurrency.processutils [None req-54d73495-2ec6-4a43-95d7-b639dd9163ce tempest-VolumesAdminNegativeTest-750898414 None] Running cmd (subprocess): sudo cinder-rootwrap /etc/cinder/rootwrap.conf qemu-img create -f qcow2 -o preallocation=metadata /opt/stack/data/cinder/mnt/eaa4c96be0e5e156d2c740a51172cf52/volume-a2b4d4d5-91e8-457d-9d5e-4d803fd0c5ac 1073741824 {{(pid=82194) execute /opt/stack/data/venv/lib/python3.10/site-packages/oslo_concurrency/processutils.py:349}}
Jan 09 11:15:02 devstack sudo[85787]: quobyte : PWD=/ ; USER=root ; COMMAND=/opt/stack/data/venv/bin/cinder-rootwrap /etc/cinder/rootwrap.conf qemu-img create -f qcow2 -o preallocation=metadata /opt/stack/data/cinder/mnt/eaa4c96be0e5e156d2c740a51172cf52/volume-a2b4d4d5-91e8-457d-9d5e-4d803fd0c5ac 1073741824
Jan 09 11:15:02 devstack sudo[85787]: pam_unix(sudo:session): session opened for user root(uid=0) by (uid=1000)
Jan 09 11:15:03 devstack sudo[85787]: pam_unix(sudo:session): session closed for user root
Jan 09 11:15:03 devstack cinder-volume[82194]: DEBUG oslo_concurrency.processutils [None req-54d73495-2ec6-4a43-95d7-b639dd9163ce tempest-VolumesAdminNegativeTest-750898414 None] CMD "sudo cinder-rootwrap /etc/cinder/rootwrap.conf qemu-img create -f qcow2 -o preallocation=metadata /opt/stack/data/cinder/mnt/eaa4c96be0e5e156d2c740a51172cf52/volume-a2b4d4d5-91e8-457d-9d5e-4d803fd0c5ac 1073741824" returned: 0 in 0.659s {{(pid=82194) execute /opt/stack/data/venv/lib/python3.10/site-packages/oslo_concurrency/processutils.py:372}}
Jan 09 11:15:03 devstack cinder-volume[82194]: DEBUG oslo_concurrency.processutils [None req-54d73495-2ec6-4a43-95d7-b639dd9163ce tempest-VolumesAdminNegativeTest-750898414 None] Running cmd (subprocess): sudo cinder-rootwrap /etc/cinder/rootwrap.conf chmod ugo+rw /opt/stack/data/cinder/mnt/eaa4c96be0e5e156d2c740a51172cf52/volume-a2b4d4d5-91e8-457d-9d5e-4d803fd0c5ac {{(pid=82194) execute /opt/stack/data/venv/lib/python3.10/site-packages/oslo_concurrency/processutils.py:349}}
Jan 09 11:15:03 devstack sudo[85792]: quobyte : PWD=/ ; USER=root ; COMMAND=/opt/stack/data/venv/bin/cinder-rootwrap /etc/cinder/rootwrap.conf chmod ugo+rw /opt/stack/data/cinder/mnt/eaa4c96be0e5e156d2c740a51172cf52/volume-a2b4d4d5-91e8-457d-9d5e-4d803fd0c5ac
Jan 09 11:15:03 devstack sudo[85792]: pam_unix(sudo:session): session opened for user root(uid=0) by (uid=1000)
Jan 09 11:15:04 devstack sudo[85792]: pam_unix(sudo:session): session closed for user root
Jan 09 11:15:04 devstack cinder-volume[82194]: DEBUG oslo_concurrency.processutils [None req-54d73495-2ec6-4a43-95d7-b639dd9163ce tempest-VolumesAdminNegativeTest-750898414 None] CMD "sudo cinder-rootwrap /etc/cinder/rootwrap.conf chmod ugo+rw /opt/stack/data/cinder/mnt/eaa4c96be0e5e156d2c740a51172cf52/volume-a2b4d4d5-91e8-457d-9d5e-4d803fd0c5ac" returned: 0 in 0.636s {{(pid=82194) execute /opt/stack/data/venv/lib/python3.10/site-packages/oslo_concurrency/processutils.py:372}}
Jan 09 11:15:04 devstack cinder-volume[82194]: DEBUG cinder.volume.drivers.quobyte [None req-54d73495-2ec6-4a43-95d7-b639dd9163ce tempest-VolumesAdminNegativeTest-750898414 None] <== create_volume: return (1330ms) {'provider_location': 'osci02.corp.quobyte.com/cinder-vol-733fc29d-7019-42b5-adea-0595dc2b1302'} {{(pid=82194) trace_logging_wrapper /opt/stack/cinder/cinder/volume/volume_utils.py:1523}}
Jan 09 11:15:04 devstack cinder-volume[82194]: DEBUG oslo_concurrency.lockutils [None req-54d73495-2ec6-4a43-95d7-b639dd9163ce tempest-VolumesAdminNegativeTest-750898414 None] Lock "quobyte" "released" by "cinder.volume.drivers.quobyte.QuobyteDriver.create_volume" :: held 1.332s {{(pid=82194) inner /opt/stack/data/venv/lib/python3.10/site-packages/oslo_concurrency/lockutils.py:424}}
Jan 09 11:15:04 devstack cinder-volume[82194]: DEBUG cinder.volume.manager [None req-54d73495-2ec6-4a43-95d7-b639dd9163ce tempest-VolumesAdminNegativeTest-750898414 None] Task 'cinder.volume.flows.manager.create_volume.CreateVolumeFromSpecTask;volume:create' (2cbce2f5-c44d-4692-a2d5-b93950a72822) transitioned into state 'SUCCESS' from state 'RUNNING' with result '{'status': 'creating', 'volume_name': 'volume-a2b4d4d5-91e8-457d-9d5e-4d803fd0c5ac', 'volume_size': 1}' {{(pid=82194) _task_receiver /opt/stack/data/venv/lib/python3.10/site-packages/taskflow/listeners/logging.py:182}}
Jan 09 11:15:04 devstack cinder-volume[82194]: DEBUG cinder.volume.manager [None req-54d73495-2ec6-4a43-95d7-b639dd9163ce tempest-VolumesAdminNegativeTest-750898414 None] Task 'cinder.volume.flows.manager.create_volume.CreateVolumeOnFinishTask;volume:create, create.end' (02226a82-6fcc-47b1-8ae5-87558ee3f0f4) transitioned into state 'RUNNING' from state 'PENDING' {{(pid=82194) _task_receiver /opt/stack/data/venv/lib/python3.10/site-packages/taskflow/listeners/logging.py:194}}
Jan 09 11:15:04 devstack cinder-volume[82194]: INFO cinder.volume.flows.manager.create_volume [None req-54d73495-2ec6-4a43-95d7-b639dd9163ce tempest-VolumesAdminNegativeTest-750898414 None] Volume volume-a2b4d4d5-91e8-457d-9d5e-4d803fd0c5ac (a2b4d4d5-91e8-457d-9d5e-4d803fd0c5ac): created successfully
Jan 09 11:15:04 devstack cinder-volume[82194]: DEBUG cinder.volume.manager [None req-54d73495-2ec6-4a43-95d7-b639dd9163ce tempest-VolumesAdminNegativeTest-750898414 None] Task 'cinder.volume.flows.manager.create_volume.CreateVolumeOnFinishTask;volume:create, create.end' (02226a82-6fcc-47b1-8ae5-87558ee3f0f4) transitioned into state 'SUCCESS' from state 'RUNNING' with result 'None' {{(pid=82194) _task_receiver /opt/stack/data/venv/lib/python3.10/site-packages/taskflow/listeners/logging.py:182}}
Jan 09 11:15:04 devstack cinder-volume[82194]: DEBUG cinder.volume.manager [None req-54d73495-2ec6-4a43-95d7-b639dd9163ce tempest-VolumesAdminNegativeTest-750898414 None] Flow 'volume_create_manager' (c294e4a7-3100-447a-a32b-5374032a3e3e) transitioned into state 'SUCCESS' from state 'RUNNING' {{(pid=82194) _flow_receiver /opt/stack/data/venv/lib/python3.10/site-packages/taskflow/listeners/logging.py:145}}
Jan 09 11:15:04 devstack cinder-volume[82194]: INFO cinder.volume.manager [None req-54d73495-2ec6-4a43-95d7-b639dd9163ce tempest-VolumesAdminNegativeTest-750898414 None] Created volume successfully.
Jan 09 11:15:04 devstack cinder-volume[82194]: DEBUG cinder.coordination [None req-a5f37297-5456-49c4-8b61-0824ce3c6eb2 tempest-TaggedBootDevicesTest_v242-319470284 None] Acquiring lock "cinder-e70d2027-b835-47e1-a5fe-e9514f162055-delete_volume" by "delete_volume" {{(pid=82194) __acquire /opt/stack/cinder/cinder/coordination.py:143}}
Jan 09 11:15:04 devstack cinder-volume[82194]: DEBUG cinder.coordination [None req-a5f37297-5456-49c4-8b61-0824ce3c6eb2 tempest-TaggedBootDevicesTest_v242-319470284 None] Lock "cinder-e70d2027-b835-47e1-a5fe-e9514f162055-delete_volume" acquired by "delete_volume" :: waited 0.013s {{(pid=82194) __acquire /opt/stack/cinder/cinder/coordination.py:146}}
Jan 09 11:15:04 devstack cinder-volume[82194]: WARNING cinder.volume.volume_utils [None req-a5f37297-5456-49c4-8b61-0824ce3c6eb2 tempest-TaggedBootDevicesTest_v242-319470284 None] Volume driver (QuobyteDriver 1.1.13) is currently unsupported and may be removed in the next release of OpenStack. Use at your own risk.
Jan 09 11:15:04 devstack cinder-volume[82194]: DEBUG cinder.coordination [None req-a5f37297-5456-49c4-8b61-0824ce3c6eb2 tempest-TaggedBootDevicesTest_v242-319470284 None] Acquiring lock "cinder-quobyte-e70d2027-b835-47e1-a5fe-e9514f162055" by "delete_volume" {{(pid=82194) __acquire /opt/stack/cinder/cinder/coordination.py:143}}
Jan 09 11:15:04 devstack cinder-volume[82194]: DEBUG cinder.coordination [None req-a5f37297-5456-49c4-8b61-0824ce3c6eb2 tempest-TaggedBootDevicesTest_v242-319470284 None] Lock "cinder-quobyte-e70d2027-b835-47e1-a5fe-e9514f162055" acquired by "delete_volume" :: waited 0.007s {{(pid=82194) __acquire /opt/stack/cinder/cinder/coordination.py:146}}
Jan 09 11:15:04 devstack cinder-volume[82194]: DEBUG oslo.privsep.daemon [-] privsep: reply[429eba03-2c21-4a08-9e97-4aaa14132917]: (4, 'qcow2') {{(pid=83130) _call_back /opt/stack/data/venv/lib/python3.10/site-packages/oslo_privsep/daemon.py:515}}
Jan 09 11:15:04 devstack cinder-volume[82194]: DEBUG oslo_concurrency.processutils [None req-a5f37297-5456-49c4-8b61-0824ce3c6eb2 tempest-TaggedBootDevicesTest_v242-319470284 None] Running cmd (subprocess): /opt/stack/data/venv/bin/python3.10 -m oslo_concurrency.prlimit --as=1073741824 --cpu=60 -- sudo cinder-rootwrap /etc/cinder/rootwrap.conf env LC_ALL=C qemu-img info -f qcow2 --output=json --force-share /opt/stack/data/cinder/mnt/eaa4c96be0e5e156d2c740a51172cf52/volume-e70d2027-b835-47e1-a5fe-e9514f162055 {{(pid=82194) execute /opt/stack/data/venv/lib/python3.10/site-packages/oslo_concurrency/processutils.py:349}}
Jan 09 11:15:04 devstack sudo[85798]: quobyte : PWD=/ ; USER=root ; COMMAND=/opt/stack/data/venv/bin/cinder-rootwrap /etc/cinder/rootwrap.conf env LC_ALL=C qemu-img info -f qcow2 --output=json --force-share /opt/stack/data/cinder/mnt/eaa4c96be0e5e156d2c740a51172cf52/volume-e70d2027-b835-47e1-a5fe-e9514f162055
Jan 09 11:15:04 devstack sudo[85798]: pam_unix(sudo:session): session opened for user root(uid=0) by (uid=1000)
Jan 09 11:15:05 devstack cinder-volume[82194]: DEBUG cinder.coordination [None req-08edf8ae-3567-4bd2-8d34-dc4f49317903 tempest-VolumesAdminNegativeTest-750898414 None] Acquiring lock "cinder-a2b4d4d5-91e8-457d-9d5e-4d803fd0c5ac-delete_volume" by "delete_volume" {{(pid=82194) __acquire /opt/stack/cinder/cinder/coordination.py:143}}
Jan 09 11:15:05 devstack cinder-volume[82194]: DEBUG cinder.coordination [None req-08edf8ae-3567-4bd2-8d34-dc4f49317903 tempest-VolumesAdminNegativeTest-750898414 None] Lock "cinder-a2b4d4d5-91e8-457d-9d5e-4d803fd0c5ac-delete_volume" acquired by "delete_volume" :: waited 0.028s {{(pid=82194) __acquire /opt/stack/cinder/cinder/coordination.py:146}}
Jan 09 11:15:05 devstack cinder-volume[82194]: WARNING cinder.volume.volume_utils [None req-08edf8ae-3567-4bd2-8d34-dc4f49317903 tempest-VolumesAdminNegativeTest-750898414 None] Volume driver (QuobyteDriver 1.1.13) is currently unsupported and may be removed in the next release of OpenStack. Use at your own risk.
Jan 09 11:15:05 devstack cinder-volume[82194]: DEBUG cinder.coordination [None req-08edf8ae-3567-4bd2-8d34-dc4f49317903 tempest-VolumesAdminNegativeTest-750898414 None] Acquiring lock "cinder-quobyte-a2b4d4d5-91e8-457d-9d5e-4d803fd0c5ac" by "delete_volume" {{(pid=82194) __acquire /opt/stack/cinder/cinder/coordination.py:143}}
Jan 09 11:15:05 devstack cinder-volume[82194]: DEBUG cinder.coordination [None req-08edf8ae-3567-4bd2-8d34-dc4f49317903 tempest-VolumesAdminNegativeTest-750898414 None] Lock "cinder-quobyte-a2b4d4d5-91e8-457d-9d5e-4d803fd0c5ac" acquired by "delete_volume" :: waited 0.009s {{(pid=82194) __acquire /opt/stack/cinder/cinder/coordination.py:146}}
Jan 09 11:15:05 devstack cinder-volume[82194]: DEBUG oslo.privsep.daemon [-] privsep: reply[f24d2159-897b-4455-b4ae-02b8853489d4]: (4, 'qcow2') {{(pid=83130) _call_back /opt/stack/data/venv/lib/python3.10/site-packages/oslo_privsep/daemon.py:515}}
Jan 09 11:15:05 devstack cinder-volume[82194]: DEBUG oslo_concurrency.processutils [None req-08edf8ae-3567-4bd2-8d34-dc4f49317903 tempest-VolumesAdminNegativeTest-750898414 None] Running cmd (subprocess): /opt/stack/data/venv/bin/python3.10 -m oslo_concurrency.prlimit --as=1073741824 --cpu=60 -- sudo cinder-rootwrap /etc/cinder/rootwrap.conf env LC_ALL=C qemu-img info -f qcow2 --output=json --force-share /opt/stack/data/cinder/mnt/eaa4c96be0e5e156d2c740a51172cf52/volume-a2b4d4d5-91e8-457d-9d5e-4d803fd0c5ac {{(pid=82194) execute /opt/stack/data/venv/lib/python3.10/site-packages/oslo_concurrency/processutils.py:349}}
Jan 09 11:15:05 devstack sudo[85798]: pam_unix(sudo:session): session closed for user root
Jan 09 11:15:05 devstack cinder-volume[82194]: DEBUG oslo_concurrency.processutils [None req-a5f37297-5456-49c4-8b61-0824ce3c6eb2 tempest-TaggedBootDevicesTest_v242-319470284 None] CMD "/opt/stack/data/venv/bin/python3.10 -m oslo_concurrency.prlimit --as=1073741824 --cpu=60 -- sudo cinder-rootwrap /etc/cinder/rootwrap.conf env LC_ALL=C qemu-img info -f qcow2 --output=json --force-share /opt/stack/data/cinder/mnt/eaa4c96be0e5e156d2c740a51172cf52/volume-e70d2027-b835-47e1-a5fe-e9514f162055" returned: 0 in 0.749s {{(pid=82194) execute /opt/stack/data/venv/lib/python3.10/site-packages/oslo_concurrency/processutils.py:372}}
Jan 09 11:15:05 devstack cinder-volume[82194]: DEBUG oslo_concurrency.processutils [None req-a5f37297-5456-49c4-8b61-0824ce3c6eb2 tempest-TaggedBootDevicesTest_v242-319470284 None] Running cmd (subprocess): sudo cinder-rootwrap /etc/cinder/rootwrap.conf rm -f /opt/stack/data/cinder/mnt/eaa4c96be0e5e156d2c740a51172cf52/volume-e70d2027-b835-47e1-a5fe-e9514f162055 {{(pid=82194) execute /opt/stack/data/venv/lib/python3.10/site-packages/oslo_concurrency/processutils.py:349}}
Jan 09 11:15:05 devstack sudo[85804]: quobyte : PWD=/ ; USER=root ; COMMAND=/opt/stack/data/venv/bin/cinder-rootwrap /etc/cinder/rootwrap.conf rm -f /opt/stack/data/cinder/mnt/eaa4c96be0e5e156d2c740a51172cf52/volume-e70d2027-b835-47e1-a5fe-e9514f162055
Jan 09 11:15:05 devstack sudo[85804]: pam_unix(sudo:session): session opened for user root(uid=0) by (uid=1000)
Jan 09 11:15:05 devstack sudo[85803]: quobyte : PWD=/ ; USER=root ; COMMAND=/opt/stack/data/venv/bin/cinder-rootwrap /etc/cinder/rootwrap.conf env LC_ALL=C qemu-img info -f qcow2 --output=json --force-share /opt/stack/data/cinder/mnt/eaa4c96be0e5e156d2c740a51172cf52/volume-a2b4d4d5-91e8-457d-9d5e-4d803fd0c5ac
Jan 09 11:15:05 devstack sudo[85803]: pam_unix(sudo:session): session opened for user root(uid=0) by (uid=1000)
Jan 09 11:15:05 devstack sudo[85804]: pam_unix(sudo:session): session closed for user root
Jan 09 11:15:05 devstack cinder-volume[82194]: DEBUG oslo_concurrency.processutils [None req-a5f37297-5456-49c4-8b61-0824ce3c6eb2 tempest-TaggedBootDevicesTest_v242-319470284 None] CMD "sudo cinder-rootwrap /etc/cinder/rootwrap.conf rm -f /opt/stack/data/cinder/mnt/eaa4c96be0e5e156d2c740a51172cf52/volume-e70d2027-b835-47e1-a5fe-e9514f162055" returned: 0 in 0.547s {{(pid=82194) execute /opt/stack/data/venv/lib/python3.10/site-packages/oslo_concurrency/processutils.py:372}}
Jan 09 11:15:05 devstack cinder-volume[82194]: DEBUG cinder.coordination [None req-a5f37297-5456-49c4-8b61-0824ce3c6eb2 tempest-TaggedBootDevicesTest_v242-319470284 None] Lock "cinder-quobyte-e70d2027-b835-47e1-a5fe-e9514f162055" released by "delete_volume" :: held 1.350s {{(pid=82194) __release /opt/stack/cinder/cinder/coordination.py:157}}
Jan 09 11:15:05 devstack cinder-volume[82194]: DEBUG cinder.quota [None req-a5f37297-5456-49c4-8b61-0824ce3c6eb2 tempest-TaggedBootDevicesTest_v242-319470284 None] Created reservations ['977c016d-1cdb-40b5-8e30-dfcb16074c39', '18989f3c-81e2-485f-b80b-565cba08c71a', '838a5fc7-61c0-478c-8176-d0a78a51c3c4', '6b7e742c-9c1f-451e-9211-9d942c7642f0'] {{(pid=82194) reserve /opt/stack/cinder/cinder/quota.py:752}}
Jan 09 11:15:05 devstack sudo[85803]: pam_unix(sudo:session): session closed for user root
Jan 09 11:15:05 devstack cinder-volume[82194]: DEBUG oslo_concurrency.processutils [None req-08edf8ae-3567-4bd2-8d34-dc4f49317903 tempest-VolumesAdminNegativeTest-750898414 None] CMD "/opt/stack/data/venv/bin/python3.10 -m oslo_concurrency.prlimit --as=1073741824 --cpu=60 -- sudo cinder-rootwrap /etc/cinder/rootwrap.conf env LC_ALL=C qemu-img info -f qcow2 --output=json --force-share /opt/stack/data/cinder/mnt/eaa4c96be0e5e156d2c740a51172cf52/volume-a2b4d4d5-91e8-457d-9d5e-4d803fd0c5ac" returned: 0 in 0.754s {{(pid=82194) execute /opt/stack/data/venv/lib/python3.10/site-packages/oslo_concurrency/processutils.py:372}}
Jan 09 11:15:05 devstack cinder-volume[82194]: DEBUG oslo_concurrency.processutils [None req-08edf8ae-3567-4bd2-8d34-dc4f49317903 tempest-VolumesAdminNegativeTest-750898414 None] Running cmd (subprocess): sudo cinder-rootwrap /etc/cinder/rootwrap.conf rm -f /opt/stack/data/cinder/mnt/eaa4c96be0e5e156d2c740a51172cf52/volume-a2b4d4d5-91e8-457d-9d5e-4d803fd0c5ac {{(pid=82194) execute /opt/stack/data/venv/lib/python3.10/site-packages/oslo_concurrency/processutils.py:349}}
Jan 09 11:15:05 devstack sudo[85812]: quobyte : PWD=/ ; USER=root ; COMMAND=/opt/stack/data/venv/bin/cinder-rootwrap /etc/cinder/rootwrap.conf rm -f /opt/stack/data/cinder/mnt/eaa4c96be0e5e156d2c740a51172cf52/volume-a2b4d4d5-91e8-457d-9d5e-4d803fd0c5ac
Jan 09 11:15:05 devstack sudo[85812]: pam_unix(sudo:session): session opened for user root(uid=0) by (uid=1000)
Jan 09 11:15:05 devstack cinder-volume[82194]: DEBUG oslo_concurrency.lockutils [None req-a5f37297-5456-49c4-8b61-0824ce3c6eb2 tempest-TaggedBootDevicesTest_v242-319470284 None] Acquiring lock "quobyte_ensure" by "cinder.volume.drivers.quobyte.QuobyteDriver._ensure_shares_mounted" {{(pid=82194) inner /opt/stack/data/venv/lib/python3.10/site-packages/oslo_concurrency/lockutils.py:405}}
Jan 09 11:15:05 devstack cinder-volume[82194]: DEBUG oslo_concurrency.lockutils [None req-a5f37297-5456-49c4-8b61-0824ce3c6eb2 tempest-TaggedBootDevicesTest_v242-319470284 None] Lock "quobyte_ensure" acquired by "cinder.volume.drivers.quobyte.QuobyteDriver._ensure_shares_mounted" :: waited 0.001s {{(pid=82194) inner /opt/stack/data/venv/lib/python3.10/site-packages/oslo_concurrency/lockutils.py:410}}
Jan 09 11:15:05 devstack cinder-volume[82194]: DEBUG cinder.volume.drivers.quobyte [None req-a5f37297-5456-49c4-8b61-0824ce3c6eb2 tempest-TaggedBootDevicesTest_v242-319470284 None] Quobyte Volume URL set to: {'osci02.corp.quobyte.com/cinder-vol-733fc29d-7019-42b5-adea-0595dc2b1302': None} {{(pid=82194) _load_shares_config /opt/stack/cinder/cinder/volume/drivers/quobyte.py:611}}
Jan 09 11:15:05 devstack cinder-volume[82194]: DEBUG cinder.volume.drivers.quobyte [None req-a5f37297-5456-49c4-8b61-0824ce3c6eb2 tempest-TaggedBootDevicesTest_v242-319470284 None] Available shares ['osci02.corp.quobyte.com/cinder-vol-733fc29d-7019-42b5-adea-0595dc2b1302'] {{(pid=82194) _ensure_shares_mounted /opt/stack/cinder/cinder/volume/drivers/quobyte.py:641}}
Jan 09 11:15:05 devstack cinder-volume[82194]: DEBUG oslo_concurrency.lockutils [None req-a5f37297-5456-49c4-8b61-0824ce3c6eb2 tempest-TaggedBootDevicesTest_v242-319470284 None] Lock "quobyte_ensure" "released" by "cinder.volume.drivers.quobyte.QuobyteDriver._ensure_shares_mounted" :: held 0.004s {{(pid=82194) inner /opt/stack/data/venv/lib/python3.10/site-packages/oslo_concurrency/lockutils.py:424}}
Jan 09 11:15:05 devstack cinder-volume[82194]: DEBUG oslo_concurrency.processutils [None req-a5f37297-5456-49c4-8b61-0824ce3c6eb2 tempest-TaggedBootDevicesTest_v242-319470284 None] Running cmd (subprocess): sudo cinder-rootwrap /etc/cinder/rootwrap.conf df --portability --block-size 1 /opt/stack/data/cinder/mnt/eaa4c96be0e5e156d2c740a51172cf52 {{(pid=82194) execute /opt/stack/data/venv/lib/python3.10/site-packages/oslo_concurrency/processutils.py:349}}
Jan 09 11:15:06 devstack sudo[85816]: quobyte : PWD=/ ; USER=root ; COMMAND=/opt/stack/data/venv/bin/cinder-rootwrap /etc/cinder/rootwrap.conf df --portability --block-size 1 /opt/stack/data/cinder/mnt/eaa4c96be0e5e156d2c740a51172cf52
Jan 09 11:15:06 devstack sudo[85816]: pam_unix(sudo:session): session opened for user root(uid=0) by (uid=1000)
Jan 09 11:15:06 devstack sudo[85816]: pam_unix(sudo:session): session closed for user root
Jan 09 11:15:06 devstack cinder-volume[82194]: DEBUG oslo_concurrency.processutils [None req-a5f37297-5456-49c4-8b61-0824ce3c6eb2 tempest-TaggedBootDevicesTest_v242-319470284 None] CMD "sudo cinder-rootwrap /etc/cinder/rootwrap.conf df --portability --block-size 1 /opt/stack/data/cinder/mnt/eaa4c96be0e5e156d2c740a51172cf52" returned: 0 in 0.539s {{(pid=82194) execute /opt/stack/data/venv/lib/python3.10/site-packages/oslo_concurrency/processutils.py:372}}
Jan 09 11:15:06 devstack cinder-volume[82194]: DEBUG cinder.manager [None req-a5f37297-5456-49c4-8b61-0824ce3c6eb2 tempest-TaggedBootDevicesTest_v242-319470284 None] Notifying Schedulers of capabilities ... {{(pid=82194) _publish_service_capabilities /opt/stack/cinder/cinder/manager.py:202}}
Jan 09 11:15:06 devstack cinder-volume[82194]: INFO cinder.volume.manager [None req-a5f37297-5456-49c4-8b61-0824ce3c6eb2 tempest-TaggedBootDevicesTest_v242-319470284 None] Deleted volume successfully.
Jan 09 11:15:06 devstack cinder-volume[82194]: DEBUG cinder.coordination [None req-a5f37297-5456-49c4-8b61-0824ce3c6eb2 tempest-TaggedBootDevicesTest_v242-319470284 None] Lock "cinder-e70d2027-b835-47e1-a5fe-e9514f162055-delete_volume" released by "delete_volume" :: held 2.177s {{(pid=82194) __release /opt/stack/cinder/cinder/coordination.py:157}}
Jan 09 11:15:06 devstack cinder-volume[82194]: DEBUG cinder.coordination [None req-872e3de5-f866-4c49-978a-c14780b30a79 tempest-TaggedBootDevicesTest_v242-319470284 None] Acquiring lock "cinder-1cd100cb-eb59-4972-b276-5b96b3fb8fcc-delete_volume" by "delete_volume" {{(pid=82194) __acquire /opt/stack/cinder/cinder/coordination.py:143}}
Jan 09 11:15:06 devstack cinder-volume[82194]: DEBUG cinder.coordination [None req-872e3de5-f866-4c49-978a-c14780b30a79 tempest-TaggedBootDevicesTest_v242-319470284 None] Lock "cinder-1cd100cb-eb59-4972-b276-5b96b3fb8fcc-delete_volume" acquired by "delete_volume" :: waited 0.011s {{(pid=82194) __acquire /opt/stack/cinder/cinder/coordination.py:146}}
Jan 09 11:15:06 devstack sudo[85812]: pam_unix(sudo:session): session closed for user root
Jan 09 11:15:06 devstack cinder-volume[82194]: DEBUG oslo_concurrency.processutils [None req-08edf8ae-3567-4bd2-8d34-dc4f49317903 tempest-VolumesAdminNegativeTest-750898414 None] CMD "sudo cinder-rootwrap /etc/cinder/rootwrap.conf rm -f /opt/stack/data/cinder/mnt/eaa4c96be0e5e156d2c740a51172cf52/volume-a2b4d4d5-91e8-457d-9d5e-4d803fd0c5ac" returned: 0 in 0.727s {{(pid=82194) execute /opt/stack/data/venv/lib/python3.10/site-packages/oslo_concurrency/processutils.py:372}}
Jan 09 11:15:06 devstack cinder-volume[82194]: DEBUG cinder.coordination [None req-08edf8ae-3567-4bd2-8d34-dc4f49317903 tempest-VolumesAdminNegativeTest-750898414 None] Lock "cinder-quobyte-a2b4d4d5-91e8-457d-9d5e-4d803fd0c5ac" released by "delete_volume" :: held 1.535s {{(pid=82194) __release /opt/stack/cinder/cinder/coordination.py:157}}
Jan 09 11:15:06 devstack cinder-volume[82194]: WARNING cinder.volume.volume_utils [None req-872e3de5-f866-4c49-978a-c14780b30a79 tempest-TaggedBootDevicesTest_v242-319470284 None] Volume driver (QuobyteDriver 1.1.13) is currently unsupported and may be removed in the next release of OpenStack. Use at your own risk.
Jan 09 11:15:06 devstack cinder-volume[82194]: DEBUG cinder.coordination [None req-872e3de5-f866-4c49-978a-c14780b30a79 tempest-TaggedBootDevicesTest_v242-319470284 None] Acquiring lock "cinder-quobyte-1cd100cb-eb59-4972-b276-5b96b3fb8fcc" by "delete_volume" {{(pid=82194) __acquire /opt/stack/cinder/cinder/coordination.py:143}}
Jan 09 11:15:06 devstack cinder-volume[82194]: DEBUG cinder.quota [None req-08edf8ae-3567-4bd2-8d34-dc4f49317903 tempest-VolumesAdminNegativeTest-750898414 None] Created reservations ['ab2a4644-bf81-499b-bc9b-640e06c64476', 'e1570b51-a5a1-483f-91d8-62e0f4c7c8e5', '8b12bdd6-9178-4a4f-80b0-7bff561e73e1', '150e5c0b-8dc9-4f83-9284-b1ab668b457e'] {{(pid=82194) reserve /opt/stack/cinder/cinder/quota.py:752}}
Jan 09 11:15:06 devstack cinder-volume[82194]: DEBUG cinder.coordination [None req-872e3de5-f866-4c49-978a-c14780b30a79 tempest-TaggedBootDevicesTest_v242-319470284 None] Lock "cinder-quobyte-1cd100cb-eb59-4972-b276-5b96b3fb8fcc" acquired by "delete_volume" :: waited 0.013s {{(pid=82194) __acquire /opt/stack/cinder/cinder/coordination.py:146}}
Jan 09 11:15:06 devstack cinder-volume[82194]: DEBUG oslo.privsep.daemon [-] privsep: reply[c7f23054-be9e-4682-beff-3e91157eafe7]: (4, 'qcow2') {{(pid=83130) _call_back /opt/stack/data/venv/lib/python3.10/site-packages/oslo_privsep/daemon.py:515}}
Jan 09 11:15:06 devstack cinder-volume[82194]: DEBUG oslo_concurrency.processutils [None req-872e3de5-f866-4c49-978a-c14780b30a79 tempest-TaggedBootDevicesTest_v242-319470284 None] Running cmd (subprocess): /opt/stack/data/venv/bin/python3.10 -m oslo_concurrency.prlimit --as=1073741824 --cpu=60 -- sudo cinder-rootwrap /etc/cinder/rootwrap.conf env LC_ALL=C qemu-img info -f qcow2 --output=json --force-share /opt/stack/data/cinder/mnt/eaa4c96be0e5e156d2c740a51172cf52/volume-1cd100cb-eb59-4972-b276-5b96b3fb8fcc {{(pid=82194) execute /opt/stack/data/venv/lib/python3.10/site-packages/oslo_concurrency/processutils.py:349}}
Jan 09 11:15:06 devstack cinder-volume[82194]: DEBUG oslo_concurrency.lockutils [None req-08edf8ae-3567-4bd2-8d34-dc4f49317903 tempest-VolumesAdminNegativeTest-750898414 None] Acquiring lock "quobyte_ensure" by "cinder.volume.drivers.quobyte.QuobyteDriver._ensure_shares_mounted" {{(pid=82194) inner /opt/stack/data/venv/lib/python3.10/site-packages/oslo_concurrency/lockutils.py:405}}
Jan 09 11:15:06 devstack cinder-volume[82194]: DEBUG oslo_concurrency.lockutils [None req-08edf8ae-3567-4bd2-8d34-dc4f49317903 tempest-VolumesAdminNegativeTest-750898414 None] Lock "quobyte_ensure" acquired by "cinder.volume.drivers.quobyte.QuobyteDriver._ensure_shares_mounted" :: waited 0.001s {{(pid=82194) inner /opt/stack/data/venv/lib/python3.10/site-packages/oslo_concurrency/lockutils.py:410}}
Jan 09 11:15:06 devstack cinder-volume[82194]: DEBUG cinder.volume.drivers.quobyte [None req-08edf8ae-3567-4bd2-8d34-dc4f49317903 tempest-VolumesAdminNegativeTest-750898414 None] Quobyte Volume URL set to: {'osci02.corp.quobyte.com/cinder-vol-733fc29d-7019-42b5-adea-0595dc2b1302': None} {{(pid=82194) _load_shares_config /opt/stack/cinder/cinder/volume/drivers/quobyte.py:611}}
Jan 09 11:15:06 devstack cinder-volume[82194]: DEBUG cinder.volume.drivers.quobyte [None req-08edf8ae-3567-4bd2-8d34-dc4f49317903 tempest-VolumesAdminNegativeTest-750898414 None] Available shares ['osci02.corp.quobyte.com/cinder-vol-733fc29d-7019-42b5-adea-0595dc2b1302'] {{(pid=82194) _ensure_shares_mounted /opt/stack/cinder/cinder/volume/drivers/quobyte.py:641}}
Jan 09 11:15:06 devstack cinder-volume[82194]: DEBUG oslo_concurrency.lockutils [None req-08edf8ae-3567-4bd2-8d34-dc4f49317903 tempest-VolumesAdminNegativeTest-750898414 None] Lock "quobyte_ensure" "released" by "cinder.volume.drivers.quobyte.QuobyteDriver._ensure_shares_mounted" :: held 0.004s {{(pid=82194) inner /opt/stack/data/venv/lib/python3.10/site-packages/oslo_concurrency/lockutils.py:424}}
Jan 09 11:15:06 devstack cinder-volume[82194]: DEBUG oslo_concurrency.processutils [None req-08edf8ae-3567-4bd2-8d34-dc4f49317903 tempest-VolumesAdminNegativeTest-750898414 None] Running cmd (subprocess): sudo cinder-rootwrap /etc/cinder/rootwrap.conf df --portability --block-size 1 /opt/stack/data/cinder/mnt/eaa4c96be0e5e156d2c740a51172cf52 {{(pid=82194) execute /opt/stack/data/venv/lib/python3.10/site-packages/oslo_concurrency/processutils.py:349}}
Jan 09 11:15:06 devstack sudo[85823]: quobyte : PWD=/ ; USER=root ; COMMAND=/opt/stack/data/venv/bin/cinder-rootwrap /etc/cinder/rootwrap.conf df --portability --block-size 1 /opt/stack/data/cinder/mnt/eaa4c96be0e5e156d2c740a51172cf52
Jan 09 11:15:06 devstack sudo[85823]: pam_unix(sudo:session): session opened for user root(uid=0) by (uid=1000)
Jan 09 11:15:06 devstack sudo[85822]: quobyte : PWD=/ ; USER=root ; COMMAND=/opt/stack/data/venv/bin/cinder-rootwrap /etc/cinder/rootwrap.conf env LC_ALL=C qemu-img info -f qcow2 --output=json --force-share /opt/stack/data/cinder/mnt/eaa4c96be0e5e156d2c740a51172cf52/volume-1cd100cb-eb59-4972-b276-5b96b3fb8fcc
Jan 09 11:15:06 devstack sudo[85822]: pam_unix(sudo:session): session opened for user root(uid=0) by (uid=1000)
Jan 09 11:15:07 devstack sudo[85823]: pam_unix(sudo:session): session closed for user root
Jan 09 11:15:07 devstack cinder-volume[82194]: DEBUG oslo_concurrency.processutils [None req-08edf8ae-3567-4bd2-8d34-dc4f49317903 tempest-VolumesAdminNegativeTest-750898414 None] CMD "sudo cinder-rootwrap /etc/cinder/rootwrap.conf df --portability --block-size 1 /opt/stack/data/cinder/mnt/eaa4c96be0e5e156d2c740a51172cf52" returned: 0 in 0.477s {{(pid=82194) execute /opt/stack/data/venv/lib/python3.10/site-packages/oslo_concurrency/processutils.py:372}}
Jan 09 11:15:07 devstack cinder-volume[82194]: DEBUG cinder.manager [None req-08edf8ae-3567-4bd2-8d34-dc4f49317903 tempest-VolumesAdminNegativeTest-750898414 None] Notifying Schedulers of capabilities ... {{(pid=82194) _publish_service_capabilities /opt/stack/cinder/cinder/manager.py:202}}
Jan 09 11:15:07 devstack cinder-volume[82194]: INFO cinder.volume.manager [None req-08edf8ae-3567-4bd2-8d34-dc4f49317903 tempest-VolumesAdminNegativeTest-750898414 None] Deleted volume successfully.
Jan 09 11:15:07 devstack cinder-volume[82194]: DEBUG cinder.coordination [None req-08edf8ae-3567-4bd2-8d34-dc4f49317903 tempest-VolumesAdminNegativeTest-750898414 None] Lock "cinder-a2b4d4d5-91e8-457d-9d5e-4d803fd0c5ac-delete_volume" released by "delete_volume" :: held 2.229s {{(pid=82194) __release /opt/stack/cinder/cinder/coordination.py:157}}
Jan 09 11:15:07 devstack sudo[85822]: pam_unix(sudo:session): session closed for user root
Jan 09 11:15:07 devstack cinder-volume[82194]: DEBUG oslo_concurrency.processutils [None req-872e3de5-f866-4c49-978a-c14780b30a79 tempest-TaggedBootDevicesTest_v242-319470284 None] CMD "/opt/stack/data/venv/bin/python3.10 -m oslo_concurrency.prlimit --as=1073741824 --cpu=60 -- sudo cinder-rootwrap /etc/cinder/rootwrap.conf env LC_ALL=C qemu-img info -f qcow2 --output=json --force-share /opt/stack/data/cinder/mnt/eaa4c96be0e5e156d2c740a51172cf52/volume-1cd100cb-eb59-4972-b276-5b96b3fb8fcc" returned: 0 in 0.807s {{(pid=82194) execute /opt/stack/data/venv/lib/python3.10/site-packages/oslo_concurrency/processutils.py:372}}
Jan 09 11:15:07 devstack cinder-volume[82194]: DEBUG oslo_concurrency.processutils [None req-872e3de5-f866-4c49-978a-c14780b30a79 tempest-TaggedBootDevicesTest_v242-319470284 None] Running cmd (subprocess): sudo cinder-rootwrap /etc/cinder/rootwrap.conf rm -f /opt/stack/data/cinder/mnt/eaa4c96be0e5e156d2c740a51172cf52/volume-1cd100cb-eb59-4972-b276-5b96b3fb8fcc {{(pid=82194) execute /opt/stack/data/venv/lib/python3.10/site-packages/oslo_concurrency/processutils.py:349}}
Jan 09 11:15:07 devstack sudo[85833]: quobyte : PWD=/ ; USER=root ; COMMAND=/opt/stack/data/venv/bin/cinder-rootwrap /etc/cinder/rootwrap.conf rm -f /opt/stack/data/cinder/mnt/eaa4c96be0e5e156d2c740a51172cf52/volume-1cd100cb-eb59-4972-b276-5b96b3fb8fcc
Jan 09 11:15:07 devstack sudo[85833]: pam_unix(sudo:session): session opened for user root(uid=0) by (uid=1000)
Jan 09 11:15:08 devstack sudo[85833]: pam_unix(sudo:session): session closed for user root
Jan 09 11:15:08 devstack cinder-volume[82194]: DEBUG oslo_concurrency.processutils [None req-872e3de5-f866-4c49-978a-c14780b30a79 tempest-TaggedBootDevicesTest_v242-319470284 None] CMD "sudo cinder-rootwrap /etc/cinder/rootwrap.conf rm -f /opt/stack/data/cinder/mnt/eaa4c96be0e5e156d2c740a51172cf52/volume-1cd100cb-eb59-4972-b276-5b96b3fb8fcc" returned: 0 in 0.504s {{(pid=82194) execute /opt/stack/data/venv/lib/python3.10/site-packages/oslo_concurrency/processutils.py:372}}
Jan 09 11:15:08 devstack cinder-volume[82194]: DEBUG cinder.coordination [None req-872e3de5-f866-4c49-978a-c14780b30a79 tempest-TaggedBootDevicesTest_v242-319470284 None] Lock "cinder-quobyte-1cd100cb-eb59-4972-b276-5b96b3fb8fcc" released by "delete_volume" :: held 1.335s {{(pid=82194) __release /opt/stack/cinder/cinder/coordination.py:157}}
Jan 09 11:15:08 devstack cinder-volume[82194]: DEBUG cinder.quota [None req-872e3de5-f866-4c49-978a-c14780b30a79 tempest-TaggedBootDevicesTest_v242-319470284 None] Created reservations ['5cd44258-a472-4473-829c-9bba10203ec2', 'b710246d-bcc9-480c-b0c9-3c91ade59329', '76539772-fee8-4ff5-8415-b6a207bd0b50', '73f0dd53-3be5-43ff-85b2-16fc7c7cfdf3'] {{(pid=82194) reserve /opt/stack/cinder/cinder/quota.py:752}}
Jan 09 11:15:08 devstack cinder-volume[82194]: DEBUG oslo_concurrency.lockutils [None req-872e3de5-f866-4c49-978a-c14780b30a79 tempest-TaggedBootDevicesTest_v242-319470284 None] Acquiring lock "quobyte_ensure" by "cinder.volume.drivers.quobyte.QuobyteDriver._ensure_shares_mounted" {{(pid=82194) inner /opt/stack/data/venv/lib/python3.10/site-packages/oslo_concurrency/lockutils.py:405}}
Jan 09 11:15:08 devstack cinder-volume[82194]: DEBUG oslo_concurrency.lockutils [None req-872e3de5-f866-4c49-978a-c14780b30a79 tempest-TaggedBootDevicesTest_v242-319470284 None] Lock "quobyte_ensure" acquired by "cinder.volume.drivers.quobyte.QuobyteDriver._ensure_shares_mounted" :: waited 0.001s {{(pid=82194) inner /opt/stack/data/venv/lib/python3.10/site-packages/oslo_concurrency/lockutils.py:410}}
Jan 09 11:15:08 devstack cinder-volume[82194]: DEBUG cinder.volume.drivers.quobyte [None req-872e3de5-f866-4c49-978a-c14780b30a79 tempest-TaggedBootDevicesTest_v242-319470284 None] Quobyte Volume URL set to: {'osci02.corp.quobyte.com/cinder-vol-733fc29d-7019-42b5-adea-0595dc2b1302': None} {{(pid=82194) _load_shares_config /opt/stack/cinder/cinder/volume/drivers/quobyte.py:611}}
Jan 09 11:15:08 devstack cinder-volume[82194]: DEBUG cinder.volume.drivers.quobyte [None req-872e3de5-f866-4c49-978a-c14780b30a79 tempest-TaggedBootDevicesTest_v242-319470284 None] Available shares ['osci02.corp.quobyte.com/cinder-vol-733fc29d-7019-42b5-adea-0595dc2b1302'] {{(pid=82194) _ensure_shares_mounted /opt/stack/cinder/cinder/volume/drivers/quobyte.py:641}}
Jan 09 11:15:08 devstack cinder-volume[82194]: DEBUG oslo_concurrency.lockutils [None req-872e3de5-f866-4c49-978a-c14780b30a79 tempest-TaggedBootDevicesTest_v242-319470284 None] Lock "quobyte_ensure" "released" by "cinder.volume.drivers.quobyte.QuobyteDriver._ensure_shares_mounted" :: held 0.015s {{(pid=82194) inner /opt/stack/data/venv/lib/python3.10/site-packages/oslo_concurrency/lockutils.py:424}}
Jan 09 11:15:08 devstack cinder-volume[82194]: DEBUG oslo_concurrency.processutils [None req-872e3de5-f866-4c49-978a-c14780b30a79 tempest-TaggedBootDevicesTest_v242-319470284 None] Running cmd (subprocess): sudo cinder-rootwrap /etc/cinder/rootwrap.conf df --portability --block-size 1 /opt/stack/data/cinder/mnt/eaa4c96be0e5e156d2c740a51172cf52 {{(pid=82194) execute /opt/stack/data/venv/lib/python3.10/site-packages/oslo_concurrency/processutils.py:349}}
Jan 09 11:15:08 devstack sudo[85841]: quobyte : PWD=/ ; USER=root ; COMMAND=/opt/stack/data/venv/bin/cinder-rootwrap /etc/cinder/rootwrap.conf df --portability --block-size 1 /opt/stack/data/cinder/mnt/eaa4c96be0e5e156d2c740a51172cf52
Jan 09 11:15:08 devstack sudo[85841]: pam_unix(sudo:session): session opened for user root(uid=0) by (uid=1000)
Jan 09 11:15:08 devstack sudo[85841]: pam_unix(sudo:session): session closed for user root
Jan 09 11:15:08 devstack cinder-volume[82194]: DEBUG oslo_concurrency.processutils [None req-872e3de5-f866-4c49-978a-c14780b30a79 tempest-TaggedBootDevicesTest_v242-319470284 None] CMD "sudo cinder-rootwrap /etc/cinder/rootwrap.conf df --portability --block-size 1 /opt/stack/data/cinder/mnt/eaa4c96be0e5e156d2c740a51172cf52" returned: 0 in 0.602s {{(pid=82194) execute /opt/stack/data/venv/lib/python3.10/site-packages/oslo_concurrency/processutils.py:372}}
Jan 09 11:15:08 devstack cinder-volume[82194]: DEBUG cinder.manager [None req-872e3de5-f866-4c49-978a-c14780b30a79 tempest-TaggedBootDevicesTest_v242-319470284 None] Notifying Schedulers of capabilities ... {{(pid=82194) _publish_service_capabilities /opt/stack/cinder/cinder/manager.py:202}}
Jan 09 11:15:08 devstack cinder-volume[82194]: INFO cinder.volume.manager [None req-872e3de5-f866-4c49-978a-c14780b30a79 tempest-TaggedBootDevicesTest_v242-319470284 None] Deleted volume successfully.
Jan 09 11:15:08 devstack cinder-volume[82194]: DEBUG cinder.coordination [None req-872e3de5-f866-4c49-978a-c14780b30a79 tempest-TaggedBootDevicesTest_v242-319470284 None] Lock "cinder-1cd100cb-eb59-4972-b276-5b96b3fb8fcc-delete_volume" released by "delete_volume" :: held 2.198s {{(pid=82194) __release /opt/stack/cinder/cinder/coordination.py:157}}
Jan 09 11:15:08 devstack cinder-volume[82194]: DEBUG cinder.coordination [None req-c0456752-9635-4e9b-9d08-859863d369b8 tempest-TaggedBootDevicesTest_v242-319470284 None] Acquiring lock "cinder-efed3aa5-6d58-4721-9870-38621bf67c97-delete_volume" by "delete_volume" {{(pid=82194) __acquire /opt/stack/cinder/cinder/coordination.py:143}}
Jan 09 11:15:08 devstack cinder-volume[82194]: DEBUG cinder.coordination [None req-c0456752-9635-4e9b-9d08-859863d369b8 tempest-TaggedBootDevicesTest_v242-319470284 None] Lock "cinder-efed3aa5-6d58-4721-9870-38621bf67c97-delete_volume" acquired by "delete_volume" :: waited 0.060s {{(pid=82194) __acquire /opt/stack/cinder/cinder/coordination.py:146}}
Jan 09 11:15:08 devstack cinder-volume[82194]: WARNING cinder.volume.volume_utils [None req-c0456752-9635-4e9b-9d08-859863d369b8 tempest-TaggedBootDevicesTest_v242-319470284 None] Volume driver (QuobyteDriver 1.1.13) is currently unsupported and may be removed in the next release of OpenStack. Use at your own risk.
Jan 09 11:15:08 devstack cinder-volume[82194]: DEBUG cinder.coordination [None req-c0456752-9635-4e9b-9d08-859863d369b8 tempest-TaggedBootDevicesTest_v242-319470284 None] Acquiring lock "cinder-quobyte-efed3aa5-6d58-4721-9870-38621bf67c97" by "delete_volume" {{(pid=82194) __acquire /opt/stack/cinder/cinder/coordination.py:143}}
Jan 09 11:15:08 devstack cinder-volume[82194]: DEBUG cinder.coordination [None req-c0456752-9635-4e9b-9d08-859863d369b8 tempest-TaggedBootDevicesTest_v242-319470284 None] Lock "cinder-quobyte-efed3aa5-6d58-4721-9870-38621bf67c97" acquired by "delete_volume" :: waited 0.008s {{(pid=82194) __acquire /opt/stack/cinder/cinder/coordination.py:146}}
Jan 09 11:15:09 devstack cinder-volume[82194]: DEBUG oslo.privsep.daemon [-] privsep: reply[080a99a9-4880-496b-8e0c-1b4d413a7168]: (4, 'raw') {{(pid=83130) _call_back /opt/stack/data/venv/lib/python3.10/site-packages/oslo_privsep/daemon.py:515}}
Jan 09 11:15:09 devstack cinder-volume[82194]: DEBUG oslo_concurrency.processutils [None req-c0456752-9635-4e9b-9d08-859863d369b8 tempest-TaggedBootDevicesTest_v242-319470284 None] Running cmd (subprocess): /opt/stack/data/venv/bin/python3.10 -m oslo_concurrency.prlimit --as=1073741824 --cpu=60 -- sudo cinder-rootwrap /etc/cinder/rootwrap.conf env LC_ALL=C qemu-img info -f raw --output=json --force-share /opt/stack/data/cinder/mnt/eaa4c96be0e5e156d2c740a51172cf52/volume-efed3aa5-6d58-4721-9870-38621bf67c97 {{(pid=82194) execute /opt/stack/data/venv/lib/python3.10/site-packages/oslo_concurrency/processutils.py:349}}
Jan 09 11:15:09 devstack sudo[85910]: quobyte : PWD=/ ; USER=root ; COMMAND=/opt/stack/data/venv/bin/cinder-rootwrap /etc/cinder/rootwrap.conf env LC_ALL=C qemu-img info -f raw --output=json --force-share /opt/stack/data/cinder/mnt/eaa4c96be0e5e156d2c740a51172cf52/volume-efed3aa5-6d58-4721-9870-38621bf67c97
Jan 09 11:15:09 devstack sudo[85910]: pam_unix(sudo:session): session opened for user root(uid=0) by (uid=1000)
Jan 09 11:15:10 devstack sudo[85910]: pam_unix(sudo:session): session closed for user root
Jan 09 11:15:10 devstack cinder-volume[82194]: DEBUG oslo_concurrency.processutils [None req-c0456752-9635-4e9b-9d08-859863d369b8 tempest-TaggedBootDevicesTest_v242-319470284 None] CMD "/opt/stack/data/venv/bin/python3.10 -m oslo_concurrency.prlimit --as=1073741824 --cpu=60 -- sudo cinder-rootwrap /etc/cinder/rootwrap.conf env LC_ALL=C qemu-img info -f raw --output=json --force-share /opt/stack/data/cinder/mnt/eaa4c96be0e5e156d2c740a51172cf52/volume-efed3aa5-6d58-4721-9870-38621bf67c97" returned: 0 in 1.227s {{(pid=82194) execute /opt/stack/data/venv/lib/python3.10/site-packages/oslo_concurrency/processutils.py:372}}
Jan 09 11:15:10 devstack cinder-volume[82194]: DEBUG oslo_concurrency.processutils [None req-c0456752-9635-4e9b-9d08-859863d369b8 tempest-TaggedBootDevicesTest_v242-319470284 None] Running cmd (subprocess): /opt/stack/data/venv/bin/python3.10 -m oslo_concurrency.prlimit --as=1073741824 --cpu=60 -- sudo cinder-rootwrap /etc/cinder/rootwrap.conf env LC_ALL=C qemu-img info -f luks --output=json --force-share /opt/stack/data/cinder/mnt/eaa4c96be0e5e156d2c740a51172cf52/volume-efed3aa5-6d58-4721-9870-38621bf67c97 {{(pid=82194) execute /opt/stack/data/venv/lib/python3.10/site-packages/oslo_concurrency/processutils.py:349}}
Jan 09 11:15:10 devstack sudo[85977]: quobyte : PWD=/ ; USER=root ; COMMAND=/opt/stack/data/venv/bin/cinder-rootwrap /etc/cinder/rootwrap.conf env LC_ALL=C qemu-img info -f luks --output=json --force-share /opt/stack/data/cinder/mnt/eaa4c96be0e5e156d2c740a51172cf52/volume-efed3aa5-6d58-4721-9870-38621bf67c97
Jan 09 11:15:10 devstack sudo[85977]: pam_unix(sudo:session): session opened for user root(uid=0) by (uid=1000)
Jan 09 11:15:11 devstack sudo[85977]: pam_unix(sudo:session): session closed for user root
Jan 09 11:15:11 devstack cinder-volume[82194]: DEBUG oslo_concurrency.processutils [None req-c0456752-9635-4e9b-9d08-859863d369b8 tempest-TaggedBootDevicesTest_v242-319470284 None] CMD "/opt/stack/data/venv/bin/python3.10 -m oslo_concurrency.prlimit --as=1073741824 --cpu=60 -- sudo cinder-rootwrap /etc/cinder/rootwrap.conf env LC_ALL=C qemu-img info -f luks --output=json --force-share /opt/stack/data/cinder/mnt/eaa4c96be0e5e156d2c740a51172cf52/volume-efed3aa5-6d58-4721-9870-38621bf67c97" returned: 1 in 0.986s {{(pid=82194) execute /opt/stack/data/venv/lib/python3.10/site-packages/oslo_concurrency/processutils.py:372}}
Jan 09 11:15:11 devstack cinder-volume[82194]: DEBUG oslo_concurrency.processutils [None req-c0456752-9635-4e9b-9d08-859863d369b8 tempest-TaggedBootDevicesTest_v242-319470284 None] '/opt/stack/data/venv/bin/python3.10 -m oslo_concurrency.prlimit --as=1073741824 --cpu=60 -- sudo cinder-rootwrap /etc/cinder/rootwrap.conf env LC_ALL=C qemu-img info -f luks --output=json --force-share /opt/stack/data/cinder/mnt/eaa4c96be0e5e156d2c740a51172cf52/volume-efed3aa5-6d58-4721-9870-38621bf67c97' failed. Not Retrying. {{(pid=82194) execute /opt/stack/data/venv/lib/python3.10/site-packages/oslo_concurrency/processutils.py:423}}
Jan 09 11:15:11 devstack cinder-volume[82194]: DEBUG oslo_concurrency.processutils [None req-c0456752-9635-4e9b-9d08-859863d369b8 tempest-TaggedBootDevicesTest_v242-319470284 None] Running cmd (subprocess): sudo cinder-rootwrap /etc/cinder/rootwrap.conf rm -f /opt/stack/data/cinder/mnt/eaa4c96be0e5e156d2c740a51172cf52/volume-efed3aa5-6d58-4721-9870-38621bf67c97 {{(pid=82194) execute /opt/stack/data/venv/lib/python3.10/site-packages/oslo_concurrency/processutils.py:349}}
Jan 09 11:15:11 devstack sudo[85990]: quobyte : PWD=/ ; USER=root ; COMMAND=/opt/stack/data/venv/bin/cinder-rootwrap /etc/cinder/rootwrap.conf rm -f /opt/stack/data/cinder/mnt/eaa4c96be0e5e156d2c740a51172cf52/volume-efed3aa5-6d58-4721-9870-38621bf67c97
Jan 09 11:15:11 devstack sudo[85990]: pam_unix(sudo:session): session opened for user root(uid=0) by (uid=1000)
Jan 09 11:15:12 devstack sudo[85990]: pam_unix(sudo:session): session closed for user root
Jan 09 11:15:12 devstack cinder-volume[82194]: DEBUG oslo_concurrency.processutils [None req-c0456752-9635-4e9b-9d08-859863d369b8 tempest-TaggedBootDevicesTest_v242-319470284 None] CMD "sudo cinder-rootwrap /etc/cinder/rootwrap.conf rm -f /opt/stack/data/cinder/mnt/eaa4c96be0e5e156d2c740a51172cf52/volume-efed3aa5-6d58-4721-9870-38621bf67c97" returned: 0 in 0.754s {{(pid=82194) execute /opt/stack/data/venv/lib/python3.10/site-packages/oslo_concurrency/processutils.py:372}}
Jan 09 11:15:12 devstack cinder-volume[82194]: DEBUG cinder.coordination [None req-c0456752-9635-4e9b-9d08-859863d369b8 tempest-TaggedBootDevicesTest_v242-319470284 None] Lock "cinder-quobyte-efed3aa5-6d58-4721-9870-38621bf67c97" released by "delete_volume" :: held 3.036s {{(pid=82194) __release /opt/stack/cinder/cinder/coordination.py:157}}
Jan 09 11:15:12 devstack cinder-volume[82194]: DEBUG cinder.quota [None req-c0456752-9635-4e9b-9d08-859863d369b8 tempest-TaggedBootDevicesTest_v242-319470284 None] Created reservations ['5e9bf5e3-83e6-4e07-9b79-bde5cd78536e', 'e08dc570-03d7-4531-9cdb-931339f681c8', '5e061237-988a-4d58-988d-6779a9be211b', '41538457-9ddc-416f-86b9-3c3e8701bd52'] {{(pid=82194) reserve /opt/stack/cinder/cinder/quota.py:752}}
Jan 09 11:15:12 devstack cinder-volume[82194]: DEBUG oslo_concurrency.lockutils [None req-c0456752-9635-4e9b-9d08-859863d369b8 tempest-TaggedBootDevicesTest_v242-319470284 None] Acquiring lock "quobyte_ensure" by "cinder.volume.drivers.quobyte.QuobyteDriver._ensure_shares_mounted" {{(pid=82194) inner /opt/stack/data/venv/lib/python3.10/site-packages/oslo_concurrency/lockutils.py:405}}
Jan 09 11:15:12 devstack cinder-volume[82194]: DEBUG oslo_concurrency.lockutils [None req-c0456752-9635-4e9b-9d08-859863d369b8 tempest-TaggedBootDevicesTest_v242-319470284 None] Lock "quobyte_ensure" acquired by "cinder.volume.drivers.quobyte.QuobyteDriver._ensure_shares_mounted" :: waited 0.001s {{(pid=82194) inner /opt/stack/data/venv/lib/python3.10/site-packages/oslo_concurrency/lockutils.py:410}}
Jan 09 11:15:12 devstack cinder-volume[82194]: DEBUG cinder.volume.drivers.quobyte [None req-c0456752-9635-4e9b-9d08-859863d369b8 tempest-TaggedBootDevicesTest_v242-319470284 None] Quobyte Volume URL set to: {'osci02.corp.quobyte.com/cinder-vol-733fc29d-7019-42b5-adea-0595dc2b1302': None} {{(pid=82194) _load_shares_config /opt/stack/cinder/cinder/volume/drivers/quobyte.py:611}}
Jan 09 11:15:12 devstack cinder-volume[82194]: DEBUG cinder.volume.drivers.quobyte [None req-c0456752-9635-4e9b-9d08-859863d369b8 tempest-TaggedBootDevicesTest_v242-319470284 None] Available shares ['osci02.corp.quobyte.com/cinder-vol-733fc29d-7019-42b5-adea-0595dc2b1302'] {{(pid=82194) _ensure_shares_mounted /opt/stack/cinder/cinder/volume/drivers/quobyte.py:641}}
Jan 09 11:15:12 devstack cinder-volume[82194]: DEBUG oslo_concurrency.lockutils [None req-c0456752-9635-4e9b-9d08-859863d369b8 tempest-TaggedBootDevicesTest_v242-319470284 None] Lock "quobyte_ensure" "released" by "cinder.volume.drivers.quobyte.QuobyteDriver._ensure_shares_mounted" :: held 0.007s {{(pid=82194) inner /opt/stack/data/venv/lib/python3.10/site-packages/oslo_concurrency/lockutils.py:424}}
Jan 09 11:15:12 devstack cinder-volume[82194]: DEBUG oslo_concurrency.processutils [None req-c0456752-9635-4e9b-9d08-859863d369b8 tempest-TaggedBootDevicesTest_v242-319470284 None] Running cmd (subprocess): sudo cinder-rootwrap /etc/cinder/rootwrap.conf df --portability --block-size 1 /opt/stack/data/cinder/mnt/eaa4c96be0e5e156d2c740a51172cf52 {{(pid=82194) execute /opt/stack/data/venv/lib/python3.10/site-packages/oslo_concurrency/processutils.py:349}}
Jan 09 11:15:12 devstack sudo[85997]: quobyte : PWD=/ ; USER=root ; COMMAND=/opt/stack/data/venv/bin/cinder-rootwrap /etc/cinder/rootwrap.conf df --portability --block-size 1 /opt/stack/data/cinder/mnt/eaa4c96be0e5e156d2c740a51172cf52
Jan 09 11:15:12 devstack sudo[85997]: pam_unix(sudo:session): session opened for user root(uid=0) by (uid=1000)
Jan 09 11:15:12 devstack sudo[85997]: pam_unix(sudo:session): session closed for user root
Jan 09 11:15:12 devstack cinder-volume[82194]: DEBUG oslo_concurrency.processutils [None req-c0456752-9635-4e9b-9d08-859863d369b8 tempest-TaggedBootDevicesTest_v242-319470284 None] CMD "sudo cinder-rootwrap /etc/cinder/rootwrap.conf df --portability --block-size 1 /opt/stack/data/cinder/mnt/eaa4c96be0e5e156d2c740a51172cf52" returned: 0 in 0.551s {{(pid=82194) execute /opt/stack/data/venv/lib/python3.10/site-packages/oslo_concurrency/processutils.py:372}}
Jan 09 11:15:12 devstack cinder-volume[82194]: DEBUG cinder.manager [None req-c0456752-9635-4e9b-9d08-859863d369b8 tempest-TaggedBootDevicesTest_v242-319470284 None] Notifying Schedulers of capabilities ... {{(pid=82194) _publish_service_capabilities /opt/stack/cinder/cinder/manager.py:202}}
