Jan 09 11:16:13 devstack cinder-volume[82194]: DEBUG oslo_concurrency.processutils [req-b6f86acb-bdca-46a5-825c-85b892ae1b9c req-0e487222-5d79-40d3-8d26-ea450b3d34cb tempest-VolumesSnapshotsTestJSON-1463814032 None] CMD "sudo cinder-rootwrap /etc/cinder/rootwrap.conf chmod ugo+rw /opt/stack/data/cinder/mnt/eaa4c96be0e5e156d2c740a51172cf52/volume-5e1872ec-4cf7-402c-8e12-24980bf9e7ce" returned: 0 in 0.737s {{(pid=82194) execute /opt/stack/data/venv/lib/python3.10/site-packages/oslo_concurrency/processutils.py:372}}
Jan 09 11:16:13 devstack cinder-volume[82194]: DEBUG cinder.volume.drivers.quobyte [req-b6f86acb-bdca-46a5-825c-85b892ae1b9c req-0e487222-5d79-40d3-8d26-ea450b3d34cb tempest-VolumesSnapshotsTestJSON-1463814032 None] <== create_volume: return (1617ms) {'provider_location': 'osci02.corp.quobyte.com/cinder-vol-733fc29d-7019-42b5-adea-0595dc2b1302'} {{(pid=82194) trace_logging_wrapper /opt/stack/cinder/cinder/volume/volume_utils.py:1523}}
Jan 09 11:16:13 devstack cinder-volume[82194]: DEBUG oslo_concurrency.lockutils [req-b6f86acb-bdca-46a5-825c-85b892ae1b9c req-0e487222-5d79-40d3-8d26-ea450b3d34cb tempest-VolumesSnapshotsTestJSON-1463814032 None] Lock "quobyte" "released" by "cinder.volume.drivers.quobyte.QuobyteDriver.create_volume" :: held 1.619s {{(pid=82194) inner /opt/stack/data/venv/lib/python3.10/site-packages/oslo_concurrency/lockutils.py:424}}
Jan 09 11:16:13 devstack cinder-volume[82194]: DEBUG cinder.volume.manager [req-b6f86acb-bdca-46a5-825c-85b892ae1b9c req-0e487222-5d79-40d3-8d26-ea450b3d34cb tempest-VolumesSnapshotsTestJSON-1463814032 None] Task 'cinder.volume.flows.manager.create_volume.CreateVolumeFromSpecTask;volume:create' (c64bccf3-135b-427c-823c-f329cb344b24) transitioned into state 'SUCCESS' from state 'RUNNING' with result '{'status': 'creating', 'volume_name': 'volume-5e1872ec-4cf7-402c-8e12-24980bf9e7ce', 'volume_size': 1}' {{(pid=82194) _task_receiver /opt/stack/data/venv/lib/python3.10/site-packages/taskflow/listeners/logging.py:182}}
Jan 09 11:16:13 devstack cinder-volume[82194]: DEBUG cinder.volume.manager [req-b6f86acb-bdca-46a5-825c-85b892ae1b9c req-0e487222-5d79-40d3-8d26-ea450b3d34cb tempest-VolumesSnapshotsTestJSON-1463814032 None] Task 'cinder.volume.flows.manager.create_volume.CreateVolumeOnFinishTask;volume:create, create.end' (d6dd3c4c-335a-416e-b029-0174fb6db055) transitioned into state 'RUNNING' from state 'PENDING' {{(pid=82194) _task_receiver /opt/stack/data/venv/lib/python3.10/site-packages/taskflow/listeners/logging.py:194}}
Jan 09 11:16:13 devstack cinder-volume[82194]: INFO cinder.volume.flows.manager.create_volume [req-b6f86acb-bdca-46a5-825c-85b892ae1b9c req-0e487222-5d79-40d3-8d26-ea450b3d34cb tempest-VolumesSnapshotsTestJSON-1463814032 None] Volume volume-5e1872ec-4cf7-402c-8e12-24980bf9e7ce (5e1872ec-4cf7-402c-8e12-24980bf9e7ce): created successfully
Jan 09 11:16:13 devstack cinder-volume[82194]: DEBUG cinder.volume.manager [req-b6f86acb-bdca-46a5-825c-85b892ae1b9c req-0e487222-5d79-40d3-8d26-ea450b3d34cb tempest-VolumesSnapshotsTestJSON-1463814032 None] Task 'cinder.volume.flows.manager.create_volume.CreateVolumeOnFinishTask;volume:create, create.end' (d6dd3c4c-335a-416e-b029-0174fb6db055) transitioned into state 'SUCCESS' from state 'RUNNING' with result 'None' {{(pid=82194) _task_receiver /opt/stack/data/venv/lib/python3.10/site-packages/taskflow/listeners/logging.py:182}}
Jan 09 11:16:13 devstack cinder-volume[82194]: DEBUG cinder.volume.manager [req-b6f86acb-bdca-46a5-825c-85b892ae1b9c req-0e487222-5d79-40d3-8d26-ea450b3d34cb tempest-VolumesSnapshotsTestJSON-1463814032 None] Flow 'volume_create_manager' (fddb154a-2006-447d-b104-57c7cb4ddfd1) transitioned into state 'SUCCESS' from state 'RUNNING' {{(pid=82194) _flow_receiver /opt/stack/data/venv/lib/python3.10/site-packages/taskflow/listeners/logging.py:145}}
Jan 09 11:16:13 devstack cinder-volume[82194]: INFO cinder.volume.manager [req-b6f86acb-bdca-46a5-825c-85b892ae1b9c req-0e487222-5d79-40d3-8d26-ea450b3d34cb tempest-VolumesSnapshotsTestJSON-1463814032 None] Created volume successfully.
Jan 09 11:16:13 devstack cinder-volume[82194]: WARNING cinder.volume.volume_utils [req-a474623b-bdb1-4a6b-99c8-4dcb277f3877 req-9b57efdd-d3ff-4830-ad14-c7b66e49bd1b tempest-VolumesSnapshotsTestJSON-1463814032 None] Volume driver (QuobyteDriver 1.1.13) is currently unsupported and may be removed in the next release of OpenStack. Use at your own risk.
Jan 09 11:16:13 devstack cinder-volume[82194]: DEBUG oslo_concurrency.lockutils [req-a474623b-bdb1-4a6b-99c8-4dcb277f3877 req-9b57efdd-d3ff-4830-ad14-c7b66e49bd1b tempest-VolumesSnapshotsTestJSON-1463814032 None] Acquiring lock "quobyte" by "cinder.volume.drivers.quobyte.QuobyteDriver.create_snapshot" {{(pid=82194) inner /opt/stack/data/venv/lib/python3.10/site-packages/oslo_concurrency/lockutils.py:405}}
Jan 09 11:16:13 devstack cinder-volume[82194]: DEBUG oslo_concurrency.lockutils [req-a474623b-bdb1-4a6b-99c8-4dcb277f3877 req-9b57efdd-d3ff-4830-ad14-c7b66e49bd1b tempest-VolumesSnapshotsTestJSON-1463814032 None] Lock "quobyte" acquired by "cinder.volume.drivers.quobyte.QuobyteDriver.create_snapshot" :: waited 0.000s {{(pid=82194) inner /opt/stack/data/venv/lib/python3.10/site-packages/oslo_concurrency/lockutils.py:410}}
Jan 09 11:16:13 devstack cinder-volume[82194]: DEBUG cinder.volume.drivers.remotefs [req-a474623b-bdb1-4a6b-99c8-4dcb277f3877 req-9b57efdd-d3ff-4830-ad14-c7b66e49bd1b tempest-VolumesSnapshotsTestJSON-1463814032 None] Creating offline snapshot 5d199061-4c45-4f56-838d-f2daa5164497 of volume 5e1872ec-4cf7-402c-8e12-24980bf9e7ce {{(pid=82194) _create_snapshot /opt/stack/cinder/cinder/volume/drivers/remotefs.py:1817}}
Jan 09 11:16:14 devstack cinder-volume[82194]: DEBUG oslo.privsep.daemon [-] privsep: reply[8a13c1c8-cdb8-4056-8599-4787b15b426a]: (4, 'qcow2') {{(pid=83130) _call_back /opt/stack/data/venv/lib/python3.10/site-packages/oslo_privsep/daemon.py:515}}
Jan 09 11:16:14 devstack cinder-volume[82194]: DEBUG oslo_concurrency.processutils [req-a474623b-bdb1-4a6b-99c8-4dcb277f3877 req-9b57efdd-d3ff-4830-ad14-c7b66e49bd1b tempest-VolumesSnapshotsTestJSON-1463814032 None] Running cmd (subprocess): /opt/stack/data/venv/bin/python3.10 -m oslo_concurrency.prlimit --as=1073741824 --cpu=60 -- sudo cinder-rootwrap /etc/cinder/rootwrap.conf env LC_ALL=C qemu-img info -f qcow2 --output=json --force-share /opt/stack/data/cinder/mnt/eaa4c96be0e5e156d2c740a51172cf52/volume-5e1872ec-4cf7-402c-8e12-24980bf9e7ce {{(pid=82194) execute /opt/stack/data/venv/lib/python3.10/site-packages/oslo_concurrency/processutils.py:349}}
Jan 09 11:16:14 devstack sudo[87462]: quobyte : PWD=/ ; USER=root ; COMMAND=/opt/stack/data/venv/bin/cinder-rootwrap /etc/cinder/rootwrap.conf env LC_ALL=C qemu-img info -f qcow2 --output=json --force-share /opt/stack/data/cinder/mnt/eaa4c96be0e5e156d2c740a51172cf52/volume-5e1872ec-4cf7-402c-8e12-24980bf9e7ce
Jan 09 11:16:14 devstack sudo[87462]: pam_unix(sudo:session): session opened for user root(uid=0) by (uid=1000)
Jan 09 11:16:15 devstack sudo[87462]: pam_unix(sudo:session): session closed for user root
Jan 09 11:16:15 devstack cinder-volume[82194]: DEBUG oslo_concurrency.processutils [req-a474623b-bdb1-4a6b-99c8-4dcb277f3877 req-9b57efdd-d3ff-4830-ad14-c7b66e49bd1b tempest-VolumesSnapshotsTestJSON-1463814032 None] CMD "/opt/stack/data/venv/bin/python3.10 -m oslo_concurrency.prlimit --as=1073741824 --cpu=60 -- sudo cinder-rootwrap /etc/cinder/rootwrap.conf env LC_ALL=C qemu-img info -f qcow2 --output=json --force-share /opt/stack/data/cinder/mnt/eaa4c96be0e5e156d2c740a51172cf52/volume-5e1872ec-4cf7-402c-8e12-24980bf9e7ce" returned: 0 in 1.259s {{(pid=82194) execute /opt/stack/data/venv/lib/python3.10/site-packages/oslo_concurrency/processutils.py:372}}
Jan 09 11:16:15 devstack cinder-volume[82194]: DEBUG oslo_concurrency.processutils [req-a474623b-bdb1-4a6b-99c8-4dcb277f3877 req-9b57efdd-d3ff-4830-ad14-c7b66e49bd1b tempest-VolumesSnapshotsTestJSON-1463814032 None] Running cmd (subprocess): sudo cinder-rootwrap /etc/cinder/rootwrap.conf qemu-img create -f qcow2 -o backing_file=/opt/stack/data/cinder/mnt/eaa4c96be0e5e156d2c740a51172cf52/volume-5e1872ec-4cf7-402c-8e12-24980bf9e7ce,backing_fmt=qcow2 /opt/stack/data/cinder/mnt/eaa4c96be0e5e156d2c740a51172cf52/volume-5e1872ec-4cf7-402c-8e12-24980bf9e7ce.5d199061-4c45-4f56-838d-f2daa5164497 1G {{(pid=82194) execute /opt/stack/data/venv/lib/python3.10/site-packages/oslo_concurrency/processutils.py:349}}
Jan 09 11:16:15 devstack sudo[87477]: quobyte : PWD=/ ; USER=root ; COMMAND=/opt/stack/data/venv/bin/cinder-rootwrap /etc/cinder/rootwrap.conf qemu-img create -f qcow2 -o backing_file=/opt/stack/data/cinder/mnt/eaa4c96be0e5e156d2c740a51172cf52/volume-5e1872ec-4cf7-402c-8e12-24980bf9e7ce,backing_fmt=qcow2 /opt/stack/data/cinder/mnt/eaa4c96be0e5e156d2c740a51172cf52/volume-5e1872ec-4cf7-402c-8e12-24980bf9e7ce.5d199061-4c45-4f56-838d-f2daa5164497 1G
Jan 09 11:16:15 devstack sudo[87477]: pam_unix(sudo:session): session opened for user root(uid=0) by (uid=1000)
Jan 09 11:16:15 devstack cinder-volume[82194]: DEBUG oslo_concurrency.lockutils [req-0e4bd504-289f-404c-99dd-63001f78414a req-3a1e5569-4add-450d-898a-6ceac58d8660 tempest-DeleteServersTestJSON-944572528 None] Acquiring lock "quobyte" by "cinder.volume.drivers.quobyte.QuobyteDriver.initialize_connection" {{(pid=82194) inner /opt/stack/data/venv/lib/python3.10/site-packages/oslo_concurrency/lockutils.py:405}}
Jan 09 11:16:16 devstack sudo[87477]: pam_unix(sudo:session): session closed for user root
Jan 09 11:16:16 devstack cinder-volume[82194]: DEBUG oslo_concurrency.processutils [req-a474623b-bdb1-4a6b-99c8-4dcb277f3877 req-9b57efdd-d3ff-4830-ad14-c7b66e49bd1b tempest-VolumesSnapshotsTestJSON-1463814032 None] CMD "sudo cinder-rootwrap /etc/cinder/rootwrap.conf qemu-img create -f qcow2 -o backing_file=/opt/stack/data/cinder/mnt/eaa4c96be0e5e156d2c740a51172cf52/volume-5e1872ec-4cf7-402c-8e12-24980bf9e7ce,backing_fmt=qcow2 /opt/stack/data/cinder/mnt/eaa4c96be0e5e156d2c740a51172cf52/volume-5e1872ec-4cf7-402c-8e12-24980bf9e7ce.5d199061-4c45-4f56-838d-f2daa5164497 1G" returned: 0 in 0.898s {{(pid=82194) execute /opt/stack/data/venv/lib/python3.10/site-packages/oslo_concurrency/processutils.py:372}}
Jan 09 11:16:16 devstack cinder-volume[82194]: DEBUG oslo_concurrency.processutils [req-a474623b-bdb1-4a6b-99c8-4dcb277f3877 req-9b57efdd-d3ff-4830-ad14-c7b66e49bd1b tempest-VolumesSnapshotsTestJSON-1463814032 None] Running cmd (subprocess): sudo cinder-rootwrap /etc/cinder/rootwrap.conf qemu-img rebase -u -b volume-5e1872ec-4cf7-402c-8e12-24980bf9e7ce -F qcow2 /opt/stack/data/cinder/mnt/eaa4c96be0e5e156d2c740a51172cf52/volume-5e1872ec-4cf7-402c-8e12-24980bf9e7ce.5d199061-4c45-4f56-838d-f2daa5164497 {{(pid=82194) execute /opt/stack/data/venv/lib/python3.10/site-packages/oslo_concurrency/processutils.py:349}}
Jan 09 11:16:16 devstack sudo[87482]: quobyte : PWD=/ ; USER=root ; COMMAND=/opt/stack/data/venv/bin/cinder-rootwrap /etc/cinder/rootwrap.conf qemu-img rebase -u -b volume-5e1872ec-4cf7-402c-8e12-24980bf9e7ce -F qcow2 /opt/stack/data/cinder/mnt/eaa4c96be0e5e156d2c740a51172cf52/volume-5e1872ec-4cf7-402c-8e12-24980bf9e7ce.5d199061-4c45-4f56-838d-f2daa5164497
Jan 09 11:16:16 devstack sudo[87482]: pam_unix(sudo:session): session opened for user root(uid=0) by (uid=1000)
Jan 09 11:16:16 devstack sudo[87482]: pam_unix(sudo:session): session closed for user root
Jan 09 11:16:16 devstack cinder-volume[82194]: DEBUG oslo_concurrency.processutils [req-a474623b-bdb1-4a6b-99c8-4dcb277f3877 req-9b57efdd-d3ff-4830-ad14-c7b66e49bd1b tempest-VolumesSnapshotsTestJSON-1463814032 None] CMD "sudo cinder-rootwrap /etc/cinder/rootwrap.conf qemu-img rebase -u -b volume-5e1872ec-4cf7-402c-8e12-24980bf9e7ce -F qcow2 /opt/stack/data/cinder/mnt/eaa4c96be0e5e156d2c740a51172cf52/volume-5e1872ec-4cf7-402c-8e12-24980bf9e7ce.5d199061-4c45-4f56-838d-f2daa5164497" returned: 0 in 0.485s {{(pid=82194) execute /opt/stack/data/venv/lib/python3.10/site-packages/oslo_concurrency/processutils.py:372}}
Jan 09 11:16:16 devstack cinder-volume[82194]: WARNING cinder.volume.drivers.remotefs [req-a474623b-bdb1-4a6b-99c8-4dcb277f3877 req-9b57efdd-d3ff-4830-ad14-c7b66e49bd1b tempest-VolumesSnapshotsTestJSON-1463814032 None] /opt/stack/data/cinder/mnt/eaa4c96be0e5e156d2c740a51172cf52/volume-5e1872ec-4cf7-402c-8e12-24980bf9e7ce.5d199061-4c45-4f56-838d-f2daa5164497 is being set with open permissions: ugo+rw
Jan 09 11:16:16 devstack cinder-volume[82194]: DEBUG oslo_concurrency.processutils [req-a474623b-bdb1-4a6b-99c8-4dcb277f3877 req-9b57efdd-d3ff-4830-ad14-c7b66e49bd1b tempest-VolumesSnapshotsTestJSON-1463814032 None] Running cmd (subprocess): sudo cinder-rootwrap /etc/cinder/rootwrap.conf chmod ugo+rw /opt/stack/data/cinder/mnt/eaa4c96be0e5e156d2c740a51172cf52/volume-5e1872ec-4cf7-402c-8e12-24980bf9e7ce.5d199061-4c45-4f56-838d-f2daa5164497 {{(pid=82194) execute /opt/stack/data/venv/lib/python3.10/site-packages/oslo_concurrency/processutils.py:349}}
Jan 09 11:16:16 devstack sudo[87487]: quobyte : PWD=/ ; USER=root ; COMMAND=/opt/stack/data/venv/bin/cinder-rootwrap /etc/cinder/rootwrap.conf chmod ugo+rw /opt/stack/data/cinder/mnt/eaa4c96be0e5e156d2c740a51172cf52/volume-5e1872ec-4cf7-402c-8e12-24980bf9e7ce.5d199061-4c45-4f56-838d-f2daa5164497
Jan 09 11:16:16 devstack sudo[87487]: pam_unix(sudo:session): session opened for user root(uid=0) by (uid=1000)
Jan 09 11:16:17 devstack sudo[87487]: pam_unix(sudo:session): session closed for user root
Jan 09 11:16:17 devstack cinder-volume[82194]: DEBUG oslo_concurrency.processutils [req-a474623b-bdb1-4a6b-99c8-4dcb277f3877 req-9b57efdd-d3ff-4830-ad14-c7b66e49bd1b tempest-VolumesSnapshotsTestJSON-1463814032 None] CMD "sudo cinder-rootwrap /etc/cinder/rootwrap.conf chmod ugo+rw /opt/stack/data/cinder/mnt/eaa4c96be0e5e156d2c740a51172cf52/volume-5e1872ec-4cf7-402c-8e12-24980bf9e7ce.5d199061-4c45-4f56-838d-f2daa5164497" returned: 0 in 0.451s {{(pid=82194) execute /opt/stack/data/venv/lib/python3.10/site-packages/oslo_concurrency/processutils.py:372}}
Jan 09 11:16:17 devstack cinder-volume[82194]: DEBUG oslo_concurrency.processutils [req-a474623b-bdb1-4a6b-99c8-4dcb277f3877 req-9b57efdd-d3ff-4830-ad14-c7b66e49bd1b tempest-VolumesSnapshotsTestJSON-1463814032 None] Running cmd (subprocess): sudo cinder-rootwrap /etc/cinder/rootwrap.conf truncate -s0 /opt/stack/data/cinder/mnt/eaa4c96be0e5e156d2c740a51172cf52/volume-5e1872ec-4cf7-402c-8e12-24980bf9e7ce.info {{(pid=82194) execute /opt/stack/data/venv/lib/python3.10/site-packages/oslo_concurrency/processutils.py:349}}
Jan 09 11:16:17 devstack sudo[87490]: quobyte : PWD=/ ; USER=root ; COMMAND=/opt/stack/data/venv/bin/cinder-rootwrap /etc/cinder/rootwrap.conf truncate -s0 /opt/stack/data/cinder/mnt/eaa4c96be0e5e156d2c740a51172cf52/volume-5e1872ec-4cf7-402c-8e12-24980bf9e7ce.info
Jan 09 11:16:17 devstack sudo[87490]: pam_unix(sudo:session): session opened for user root(uid=0) by (uid=1000)
Jan 09 11:16:17 devstack sudo[87490]: pam_unix(sudo:session): session closed for user root
Jan 09 11:16:17 devstack cinder-volume[82194]: DEBUG oslo_concurrency.processutils [req-a474623b-bdb1-4a6b-99c8-4dcb277f3877 req-9b57efdd-d3ff-4830-ad14-c7b66e49bd1b tempest-VolumesSnapshotsTestJSON-1463814032 None] CMD "sudo cinder-rootwrap /etc/cinder/rootwrap.conf truncate -s0 /opt/stack/data/cinder/mnt/eaa4c96be0e5e156d2c740a51172cf52/volume-5e1872ec-4cf7-402c-8e12-24980bf9e7ce.info" returned: 0 in 0.456s {{(pid=82194) execute /opt/stack/data/venv/lib/python3.10/site-packages/oslo_concurrency/processutils.py:372}}
Jan 09 11:16:17 devstack cinder-volume[82194]: WARNING cinder.volume.drivers.remotefs [req-a474623b-bdb1-4a6b-99c8-4dcb277f3877 req-9b57efdd-d3ff-4830-ad14-c7b66e49bd1b tempest-VolumesSnapshotsTestJSON-1463814032 None] /opt/stack/data/cinder/mnt/eaa4c96be0e5e156d2c740a51172cf52/volume-5e1872ec-4cf7-402c-8e12-24980bf9e7ce.info is being set with open permissions: ugo+rw
Jan 09 11:16:17 devstack cinder-volume[82194]: DEBUG oslo_concurrency.processutils [req-a474623b-bdb1-4a6b-99c8-4dcb277f3877 req-9b57efdd-d3ff-4830-ad14-c7b66e49bd1b tempest-VolumesSnapshotsTestJSON-1463814032 None] Running cmd (subprocess): sudo cinder-rootwrap /etc/cinder/rootwrap.conf chmod ugo+rw /opt/stack/data/cinder/mnt/eaa4c96be0e5e156d2c740a51172cf52/volume-5e1872ec-4cf7-402c-8e12-24980bf9e7ce.info {{(pid=82194) execute /opt/stack/data/venv/lib/python3.10/site-packages/oslo_concurrency/processutils.py:349}}
Jan 09 11:16:17 devstack sudo[87493]: quobyte : PWD=/ ; USER=root ; COMMAND=/opt/stack/data/venv/bin/cinder-rootwrap /etc/cinder/rootwrap.conf chmod ugo+rw /opt/stack/data/cinder/mnt/eaa4c96be0e5e156d2c740a51172cf52/volume-5e1872ec-4cf7-402c-8e12-24980bf9e7ce.info
Jan 09 11:16:17 devstack sudo[87493]: pam_unix(sudo:session): session opened for user root(uid=0) by (uid=1000)
Jan 09 11:16:18 devstack sudo[87493]: pam_unix(sudo:session): session closed for user root
Jan 09 11:16:18 devstack cinder-volume[82194]: DEBUG oslo_concurrency.processutils [req-a474623b-bdb1-4a6b-99c8-4dcb277f3877 req-9b57efdd-d3ff-4830-ad14-c7b66e49bd1b tempest-VolumesSnapshotsTestJSON-1463814032 None] CMD "sudo cinder-rootwrap /etc/cinder/rootwrap.conf chmod ugo+rw /opt/stack/data/cinder/mnt/eaa4c96be0e5e156d2c740a51172cf52/volume-5e1872ec-4cf7-402c-8e12-24980bf9e7ce.info" returned: 0 in 0.445s {{(pid=82194) execute /opt/stack/data/venv/lib/python3.10/site-packages/oslo_concurrency/processutils.py:372}}
Jan 09 11:16:18 devstack cinder-volume[82194]: DEBUG oslo_concurrency.lockutils [req-a474623b-bdb1-4a6b-99c8-4dcb277f3877 req-9b57efdd-d3ff-4830-ad14-c7b66e49bd1b tempest-VolumesSnapshotsTestJSON-1463814032 None] Lock "quobyte" "released" by "cinder.volume.drivers.quobyte.QuobyteDriver.create_snapshot" :: held 4.087s {{(pid=82194) inner /opt/stack/data/venv/lib/python3.10/site-packages/oslo_concurrency/lockutils.py:424}}
Jan 09 11:16:18 devstack cinder-volume[82194]: DEBUG oslo_concurrency.lockutils [req-0e4bd504-289f-404c-99dd-63001f78414a req-3a1e5569-4add-450d-898a-6ceac58d8660 tempest-DeleteServersTestJSON-944572528 None] Lock "quobyte" acquired by "cinder.volume.drivers.quobyte.QuobyteDriver.initialize_connection" :: waited 2.633s {{(pid=82194) inner /opt/stack/data/venv/lib/python3.10/site-packages/oslo_concurrency/lockutils.py:410}}
Jan 09 11:16:18 devstack cinder-volume[82194]: DEBUG oslo.privsep.daemon [-] privsep: reply[b6447937-901b-4579-b4d2-bcece12c4fdd]: (4, 'qcow2') {{(pid=83130) _call_back /opt/stack/data/venv/lib/python3.10/site-packages/oslo_privsep/daemon.py:515}}
Jan 09 11:16:18 devstack cinder-volume[82194]: DEBUG oslo_concurrency.processutils [req-0e4bd504-289f-404c-99dd-63001f78414a req-3a1e5569-4add-450d-898a-6ceac58d8660 tempest-DeleteServersTestJSON-944572528 None] Running cmd (subprocess): /opt/stack/data/venv/bin/python3.10 -m oslo_concurrency.prlimit --as=1073741824 --cpu=60 -- sudo cinder-rootwrap /etc/cinder/rootwrap.conf env LC_ALL=C qemu-img info -f qcow2 --output=json --force-share /opt/stack/data/cinder/mnt/eaa4c96be0e5e156d2c740a51172cf52/volume-b6836f96-da5c-4756-8ef2-7d913fcefcb3 {{(pid=82194) execute /opt/stack/data/venv/lib/python3.10/site-packages/oslo_concurrency/processutils.py:349}}
Jan 09 11:16:18 devstack cinder-volume[82194]: INFO cinder.volume.manager [req-a474623b-bdb1-4a6b-99c8-4dcb277f3877 req-9b57efdd-d3ff-4830-ad14-c7b66e49bd1b tempest-VolumesSnapshotsTestJSON-1463814032 None] Create snapshot completed successfully
Jan 09 11:16:18 devstack sudo[87496]: quobyte : PWD=/ ; USER=root ; COMMAND=/opt/stack/data/venv/bin/cinder-rootwrap /etc/cinder/rootwrap.conf env LC_ALL=C qemu-img info -f qcow2 --output=json --force-share /opt/stack/data/cinder/mnt/eaa4c96be0e5e156d2c740a51172cf52/volume-b6836f96-da5c-4756-8ef2-7d913fcefcb3
Jan 09 11:16:18 devstack sudo[87496]: pam_unix(sudo:session): session opened for user root(uid=0) by (uid=1000)
Jan 09 11:16:18 devstack cinder-volume[82194]: DEBUG cinder.coordination [req-6a409334-9e20-476d-b782-b6768ab1778c req-5edb38a9-b0f9-4e9d-aa13-05dc09f90c77 tempest-VolumesSnapshotsTestJSON-1463814032 None] Acquiring lock "cinder-5d199061-4c45-4f56-838d-f2daa5164497-delete_snapshot" by "delete_snapshot" {{(pid=82194) __acquire /opt/stack/cinder/cinder/coordination.py:143}}
Jan 09 11:16:18 devstack cinder-volume[82194]: DEBUG cinder.coordination [req-6a409334-9e20-476d-b782-b6768ab1778c req-5edb38a9-b0f9-4e9d-aa13-05dc09f90c77 tempest-VolumesSnapshotsTestJSON-1463814032 None] Lock "cinder-5d199061-4c45-4f56-838d-f2daa5164497-delete_snapshot" acquired by "delete_snapshot" :: waited 0.011s {{(pid=82194) __acquire /opt/stack/cinder/cinder/coordination.py:146}}
Jan 09 11:16:18 devstack cinder-volume[82194]: WARNING cinder.volume.volume_utils [req-6a409334-9e20-476d-b782-b6768ab1778c req-5edb38a9-b0f9-4e9d-aa13-05dc09f90c77 tempest-VolumesSnapshotsTestJSON-1463814032 None] Volume driver (QuobyteDriver 1.1.13) is currently unsupported and may be removed in the next release of OpenStack. Use at your own risk.
Jan 09 11:16:18 devstack cinder-volume[82194]: DEBUG cinder.coordination [req-6a409334-9e20-476d-b782-b6768ab1778c req-5edb38a9-b0f9-4e9d-aa13-05dc09f90c77 tempest-VolumesSnapshotsTestJSON-1463814032 None] Acquiring lock "cinder-quobyte-5e1872ec-4cf7-402c-8e12-24980bf9e7ce" by "delete_snapshot" {{(pid=82194) __acquire /opt/stack/cinder/cinder/coordination.py:143}}
Jan 09 11:16:18 devstack cinder-volume[82194]: DEBUG cinder.coordination [req-6a409334-9e20-476d-b782-b6768ab1778c req-5edb38a9-b0f9-4e9d-aa13-05dc09f90c77 tempest-VolumesSnapshotsTestJSON-1463814032 None] Lock "cinder-quobyte-5e1872ec-4cf7-402c-8e12-24980bf9e7ce" acquired by "delete_snapshot" :: waited 0.019s {{(pid=82194) __acquire /opt/stack/cinder/cinder/coordination.py:146}}
Jan 09 11:16:18 devstack cinder-volume[82194]: DEBUG cinder.coordination [req-6a409334-9e20-476d-b782-b6768ab1778c req-5edb38a9-b0f9-4e9d-aa13-05dc09f90c77 tempest-VolumesSnapshotsTestJSON-1463814032 None] Acquiring lock "cinder-quobyte-5d199061-4c45-4f56-838d-f2daa5164497" by "_delete_snapshot" {{(pid=82194) __acquire /opt/stack/cinder/cinder/coordination.py:143}}
Jan 09 11:16:18 devstack cinder-volume[82194]: DEBUG cinder.coordination [req-6a409334-9e20-476d-b782-b6768ab1778c req-5edb38a9-b0f9-4e9d-aa13-05dc09f90c77 tempest-VolumesSnapshotsTestJSON-1463814032 None] Lock "cinder-quobyte-5d199061-4c45-4f56-838d-f2daa5164497" acquired by "_delete_snapshot" :: waited 0.010s {{(pid=82194) __acquire /opt/stack/cinder/cinder/coordination.py:146}}
Jan 09 11:16:18 devstack cinder-volume[82194]: DEBUG cinder.volume.drivers.remotefs [req-6a409334-9e20-476d-b782-b6768ab1778c req-5edb38a9-b0f9-4e9d-aa13-05dc09f90c77 tempest-VolumesSnapshotsTestJSON-1463814032 None] Deleting offline snapshot 5d199061-4c45-4f56-838d-f2daa5164497 of volume 5e1872ec-4cf7-402c-8e12-24980bf9e7ce {{(pid=82194) _delete_snapshot /opt/stack/cinder/cinder/volume/drivers/remotefs.py:1290}}
Jan 09 11:16:18 devstack cinder-volume[82194]: DEBUG cinder.volume.drivers.remotefs [req-6a409334-9e20-476d-b782-b6768ab1778c req-5edb38a9-b0f9-4e9d-aa13-05dc09f90c77 tempest-VolumesSnapshotsTestJSON-1463814032 None] snapshot_file for this snap is: volume-5e1872ec-4cf7-402c-8e12-24980bf9e7ce.5d199061-4c45-4f56-838d-f2daa5164497 {{(pid=82194) _delete_snapshot /opt/stack/cinder/cinder/volume/drivers/remotefs.py:1319}}
Jan 09 11:16:18 devstack cinder-volume[82194]: DEBUG oslo.privsep.daemon [-] privsep: reply[a9c91f64-9aa0-4762-b884-f2d97d2ec06f]: (4, 'qcow2') {{(pid=83130) _call_back /opt/stack/data/venv/lib/python3.10/site-packages/oslo_privsep/daemon.py:515}}
Jan 09 11:16:18 devstack cinder-volume[82194]: DEBUG oslo_concurrency.processutils [req-6a409334-9e20-476d-b782-b6768ab1778c req-5edb38a9-b0f9-4e9d-aa13-05dc09f90c77 tempest-VolumesSnapshotsTestJSON-1463814032 None] Running cmd (subprocess): /opt/stack/data/venv/bin/python3.10 -m oslo_concurrency.prlimit --as=1073741824 --cpu=60 -- sudo cinder-rootwrap /etc/cinder/rootwrap.conf env LC_ALL=C qemu-img info -f qcow2 --output=json --force-share /opt/stack/data/cinder/mnt/eaa4c96be0e5e156d2c740a51172cf52/volume-5e1872ec-4cf7-402c-8e12-24980bf9e7ce.5d199061-4c45-4f56-838d-f2daa5164497 {{(pid=82194) execute /opt/stack/data/venv/lib/python3.10/site-packages/oslo_concurrency/processutils.py:349}}
Jan 09 11:16:18 devstack sudo[87496]: pam_unix(sudo:session): session closed for user root
Jan 09 11:16:18 devstack cinder-volume[82194]: DEBUG oslo_concurrency.processutils [req-0e4bd504-289f-404c-99dd-63001f78414a req-3a1e5569-4add-450d-898a-6ceac58d8660 tempest-DeleteServersTestJSON-944572528 None] CMD "/opt/stack/data/venv/bin/python3.10 -m oslo_concurrency.prlimit --as=1073741824 --cpu=60 -- sudo cinder-rootwrap /etc/cinder/rootwrap.conf env LC_ALL=C qemu-img info -f qcow2 --output=json --force-share /opt/stack/data/cinder/mnt/eaa4c96be0e5e156d2c740a51172cf52/volume-b6836f96-da5c-4756-8ef2-7d913fcefcb3" returned: 0 in 0.728s {{(pid=82194) execute /opt/stack/data/venv/lib/python3.10/site-packages/oslo_concurrency/processutils.py:372}}
Jan 09 11:16:18 devstack cinder-volume[82194]: DEBUG oslo_concurrency.lockutils [req-0e4bd504-289f-404c-99dd-63001f78414a req-3a1e5569-4add-450d-898a-6ceac58d8660 tempest-DeleteServersTestJSON-944572528 None] Lock "quobyte" "released" by "cinder.volume.drivers.quobyte.QuobyteDriver.initialize_connection" :: held 0.742s {{(pid=82194) inner /opt/stack/data/venv/lib/python3.10/site-packages/oslo_concurrency/lockutils.py:424}}
Jan 09 11:16:18 devstack sudo[87501]: quobyte : PWD=/ ; USER=root ; COMMAND=/opt/stack/data/venv/bin/cinder-rootwrap /etc/cinder/rootwrap.conf env LC_ALL=C qemu-img info -f qcow2 --output=json --force-share /opt/stack/data/cinder/mnt/eaa4c96be0e5e156d2c740a51172cf52/volume-5e1872ec-4cf7-402c-8e12-24980bf9e7ce.5d199061-4c45-4f56-838d-f2daa5164497
Jan 09 11:16:18 devstack sudo[87501]: pam_unix(sudo:session): session opened for user root(uid=0) by (uid=1000)
Jan 09 11:16:18 devstack cinder-volume[82194]: DEBUG cinder.volume.manager [req-0e4bd504-289f-404c-99dd-63001f78414a req-3a1e5569-4add-450d-898a-6ceac58d8660 tempest-DeleteServersTestJSON-944572528 None] Connection info returned from driver {'export': 'osci02.corp.quobyte.com/cinder-vol-733fc29d-7019-42b5-adea-0595dc2b1302', 'name': 'volume-b6836f96-da5c-4756-8ef2-7d913fcefcb3', 'options': None, 'format': 'qcow2', 'qos_specs': None, 'access_mode': 'rw', 'encrypted': False, 'cacheable': False, 'driver_volume_type': 'quobyte', 'mount_point_base': '/opt/stack/data/cinder/mnt', 'attachment_id': 'edbb100d-ef04-4ee0-9c2f-d90ae7ceec16', 'enforce_multipath': True} {{(pid=82194) _connection_create /opt/stack/cinder/cinder/volume/manager.py:4893}}
Jan 09 11:16:18 devstack cinder-volume[82194]: WARNING cinder.volume.volume_utils [req-0e4bd504-289f-404c-99dd-63001f78414a req-3a1e5569-4add-450d-898a-6ceac58d8660 tempest-DeleteServersTestJSON-944572528 None] Volume driver (QuobyteDriver 1.1.13) is currently unsupported and may be removed in the next release of OpenStack. Use at your own risk.
Jan 09 11:16:18 devstack cinder-volume[82194]: INFO cinder.volume.manager [req-0e4bd504-289f-404c-99dd-63001f78414a req-3a1e5569-4add-450d-898a-6ceac58d8660 tempest-DeleteServersTestJSON-944572528 None] attachment_update completed successfully.
Jan 09 11:16:19 devstack sudo[87501]: pam_unix(sudo:session): session closed for user root
Jan 09 11:16:19 devstack cinder-volume[82194]: DEBUG oslo_concurrency.processutils [req-6a409334-9e20-476d-b782-b6768ab1778c req-5edb38a9-b0f9-4e9d-aa13-05dc09f90c77 tempest-VolumesSnapshotsTestJSON-1463814032 None] CMD "/opt/stack/data/venv/bin/python3.10 -m oslo_concurrency.prlimit --as=1073741824 --cpu=60 -- sudo cinder-rootwrap /etc/cinder/rootwrap.conf env LC_ALL=C qemu-img info -f qcow2 --output=json --force-share /opt/stack/data/cinder/mnt/eaa4c96be0e5e156d2c740a51172cf52/volume-5e1872ec-4cf7-402c-8e12-24980bf9e7ce.5d199061-4c45-4f56-838d-f2daa5164497" returned: 0 in 0.655s {{(pid=82194) execute /opt/stack/data/venv/lib/python3.10/site-packages/oslo_concurrency/processutils.py:372}}
Jan 09 11:16:19 devstack cinder-volume[82194]: DEBUG cinder.volume.drivers.remotefs [req-6a409334-9e20-476d-b782-b6768ab1778c req-5edb38a9-b0f9-4e9d-aa13-05dc09f90c77 tempest-VolumesSnapshotsTestJSON-1463814032 None] Fetching qemu-img info with special backing_file_template: (/opt/stack/data/cinder/mnt/[0-9a-f]+/)?(volume-5e1872ec-4cf7-402c-8e12-24980bf9e7ce(.(tmp-snap-)?[0-9a-f-]+)?|volume_from_snapshot_cache/(tmp-snap-)?[0-9a-f-]+(.(child-|parent-)[0-9a-f-]+)?)$ {{(pid=82194) _qemu_img_info_base /opt/stack/cinder/cinder/volume/drivers/remotefs.py:898}}
Jan 09 11:16:19 devstack cinder-volume[82194]: DEBUG oslo_service.periodic_task [None req-824e4c2f-1e3a-441f-8b6a-206c39052bd9 None None] Running periodic task VolumeManager.publish_service_capabilities {{(pid=82194) run_periodic_tasks /opt/stack/data/venv/lib/python3.10/site-packages/oslo_service/periodic_task.py:210}}
Jan 09 11:16:19 devstack cinder-volume[82194]: DEBUG oslo_concurrency.lockutils [None req-824e4c2f-1e3a-441f-8b6a-206c39052bd9 None None] Acquiring lock "quobyte_ensure" by "cinder.volume.drivers.quobyte.QuobyteDriver._ensure_shares_mounted" {{(pid=82194) inner /opt/stack/data/venv/lib/python3.10/site-packages/oslo_concurrency/lockutils.py:405}}
Jan 09 11:16:19 devstack cinder-volume[82194]: DEBUG oslo_concurrency.lockutils [None req-824e4c2f-1e3a-441f-8b6a-206c39052bd9 None None] Lock "quobyte_ensure" acquired by "cinder.volume.drivers.quobyte.QuobyteDriver._ensure_shares_mounted" :: waited 0.000s {{(pid=82194) inner /opt/stack/data/venv/lib/python3.10/site-packages/oslo_concurrency/lockutils.py:410}}
Jan 09 11:16:19 devstack cinder-volume[82194]: DEBUG cinder.volume.drivers.quobyte [None req-824e4c2f-1e3a-441f-8b6a-206c39052bd9 None None] Quobyte Volume URL set to: {'osci02.corp.quobyte.com/cinder-vol-733fc29d-7019-42b5-adea-0595dc2b1302': None} {{(pid=82194) _load_shares_config /opt/stack/cinder/cinder/volume/drivers/quobyte.py:611}}
Jan 09 11:16:19 devstack cinder-volume[82194]: DEBUG cinder.volume.drivers.quobyte [None req-824e4c2f-1e3a-441f-8b6a-206c39052bd9 None None] Available shares ['osci02.corp.quobyte.com/cinder-vol-733fc29d-7019-42b5-adea-0595dc2b1302'] {{(pid=82194) _ensure_shares_mounted /opt/stack/cinder/cinder/volume/drivers/quobyte.py:641}}
Jan 09 11:16:19 devstack cinder-volume[82194]: DEBUG oslo_concurrency.lockutils [None req-824e4c2f-1e3a-441f-8b6a-206c39052bd9 None None] Lock "quobyte_ensure" "released" by "cinder.volume.drivers.quobyte.QuobyteDriver._ensure_shares_mounted" :: held 0.003s {{(pid=82194) inner /opt/stack/data/venv/lib/python3.10/site-packages/oslo_concurrency/lockutils.py:424}}
Jan 09 11:16:19 devstack cinder-volume[82194]: DEBUG oslo_concurrency.processutils [None req-824e4c2f-1e3a-441f-8b6a-206c39052bd9 None None] Running cmd (subprocess): sudo cinder-rootwrap /etc/cinder/rootwrap.conf df --portability --block-size 1 /opt/stack/data/cinder/mnt/eaa4c96be0e5e156d2c740a51172cf52 {{(pid=82194) execute /opt/stack/data/venv/lib/python3.10/site-packages/oslo_concurrency/processutils.py:349}}
Jan 09 11:16:19 devstack cinder-volume[82194]: DEBUG oslo.privsep.daemon [-] privsep: reply[829bdfef-d822-4067-b490-09e520f0161f]: (4, 'qcow2') {{(pid=83130) _call_back /opt/stack/data/venv/lib/python3.10/site-packages/oslo_privsep/daemon.py:515}}
Jan 09 11:16:19 devstack cinder-volume[82194]: DEBUG oslo_concurrency.processutils [req-6a409334-9e20-476d-b782-b6768ab1778c req-5edb38a9-b0f9-4e9d-aa13-05dc09f90c77 tempest-VolumesSnapshotsTestJSON-1463814032 None] Running cmd (subprocess): /opt/stack/data/venv/bin/python3.10 -m oslo_concurrency.prlimit --as=1073741824 --cpu=60 -- sudo cinder-rootwrap /etc/cinder/rootwrap.conf env LC_ALL=C qemu-img info -f qcow2 --output=json --force-share /opt/stack/data/cinder/mnt/eaa4c96be0e5e156d2c740a51172cf52/volume-5e1872ec-4cf7-402c-8e12-24980bf9e7ce {{(pid=82194) execute /opt/stack/data/venv/lib/python3.10/site-packages/oslo_concurrency/processutils.py:349}}
Jan 09 11:16:19 devstack sudo[87506]: quobyte : PWD=/ ; USER=root ; COMMAND=/opt/stack/data/venv/bin/cinder-rootwrap /etc/cinder/rootwrap.conf df --portability --block-size 1 /opt/stack/data/cinder/mnt/eaa4c96be0e5e156d2c740a51172cf52
Jan 09 11:16:19 devstack sudo[87506]: pam_unix(sudo:session): session opened for user root(uid=0) by (uid=1000)
Jan 09 11:16:19 devstack sudo[87507]: quobyte : PWD=/ ; USER=root ; COMMAND=/opt/stack/data/venv/bin/cinder-rootwrap /etc/cinder/rootwrap.conf env LC_ALL=C qemu-img info -f qcow2 --output=json --force-share /opt/stack/data/cinder/mnt/eaa4c96be0e5e156d2c740a51172cf52/volume-5e1872ec-4cf7-402c-8e12-24980bf9e7ce
Jan 09 11:16:19 devstack sudo[87507]: pam_unix(sudo:session): session opened for user root(uid=0) by (uid=1000)
Jan 09 11:16:19 devstack sudo[87506]: pam_unix(sudo:session): session closed for user root
Jan 09 11:16:19 devstack cinder-volume[82194]: DEBUG oslo_concurrency.processutils [None req-824e4c2f-1e3a-441f-8b6a-206c39052bd9 None None] CMD "sudo cinder-rootwrap /etc/cinder/rootwrap.conf df --portability --block-size 1 /opt/stack/data/cinder/mnt/eaa4c96be0e5e156d2c740a51172cf52" returned: 0 in 0.671s {{(pid=82194) execute /opt/stack/data/venv/lib/python3.10/site-packages/oslo_concurrency/processutils.py:372}}
Jan 09 11:16:19 devstack cinder-volume[82194]: DEBUG cinder.manager [None req-824e4c2f-1e3a-441f-8b6a-206c39052bd9 None None] Notifying Schedulers of capabilities ... {{(pid=82194) _publish_service_capabilities /opt/stack/cinder/cinder/manager.py:202}}
Jan 09 11:16:20 devstack sudo[87507]: pam_unix(sudo:session): session closed for user root
Jan 09 11:16:20 devstack cinder-volume[82194]: DEBUG oslo_concurrency.processutils [req-6a409334-9e20-476d-b782-b6768ab1778c req-5edb38a9-b0f9-4e9d-aa13-05dc09f90c77 tempest-VolumesSnapshotsTestJSON-1463814032 None] CMD "/opt/stack/data/venv/bin/python3.10 -m oslo_concurrency.prlimit --as=1073741824 --cpu=60 -- sudo cinder-rootwrap /etc/cinder/rootwrap.conf env LC_ALL=C qemu-img info -f qcow2 --output=json --force-share /opt/stack/data/cinder/mnt/eaa4c96be0e5e156d2c740a51172cf52/volume-5e1872ec-4cf7-402c-8e12-24980bf9e7ce" returned: 0 in 0.852s {{(pid=82194) execute /opt/stack/data/venv/lib/python3.10/site-packages/oslo_concurrency/processutils.py:372}}
Jan 09 11:16:20 devstack cinder-volume[82194]: DEBUG oslo_concurrency.processutils [req-6a409334-9e20-476d-b782-b6768ab1778c req-5edb38a9-b0f9-4e9d-aa13-05dc09f90c77 tempest-VolumesSnapshotsTestJSON-1463814032 None] Running cmd (subprocess): sudo cinder-rootwrap /etc/cinder/rootwrap.conf qemu-img commit -d /opt/stack/data/cinder/mnt/eaa4c96be0e5e156d2c740a51172cf52/volume-5e1872ec-4cf7-402c-8e12-24980bf9e7ce.5d199061-4c45-4f56-838d-f2daa5164497 {{(pid=82194) execute /opt/stack/data/venv/lib/python3.10/site-packages/oslo_concurrency/processutils.py:349}}
Jan 09 11:16:20 devstack sudo[87519]: quobyte : PWD=/ ; USER=root ; COMMAND=/opt/stack/data/venv/bin/cinder-rootwrap /etc/cinder/rootwrap.conf qemu-img commit -d /opt/stack/data/cinder/mnt/eaa4c96be0e5e156d2c740a51172cf52/volume-5e1872ec-4cf7-402c-8e12-24980bf9e7ce.5d199061-4c45-4f56-838d-f2daa5164497
Jan 09 11:16:20 devstack sudo[87519]: pam_unix(sudo:session): session opened for user root(uid=0) by (uid=1000)
Jan 09 11:16:20 devstack sudo[87519]: pam_unix(sudo:session): session closed for user root
Jan 09 11:16:20 devstack cinder-volume[82194]: DEBUG oslo_concurrency.processutils [req-6a409334-9e20-476d-b782-b6768ab1778c req-5edb38a9-b0f9-4e9d-aa13-05dc09f90c77 tempest-VolumesSnapshotsTestJSON-1463814032 None] CMD "sudo cinder-rootwrap /etc/cinder/rootwrap.conf qemu-img commit -d /opt/stack/data/cinder/mnt/eaa4c96be0e5e156d2c740a51172cf52/volume-5e1872ec-4cf7-402c-8e12-24980bf9e7ce.5d199061-4c45-4f56-838d-f2daa5164497" returned: 0 in 0.614s {{(pid=82194) execute /opt/stack/data/venv/lib/python3.10/site-packages/oslo_concurrency/processutils.py:372}}
Jan 09 11:16:20 devstack cinder-volume[82194]: DEBUG oslo_concurrency.processutils [req-6a409334-9e20-476d-b782-b6768ab1778c req-5edb38a9-b0f9-4e9d-aa13-05dc09f90c77 tempest-VolumesSnapshotsTestJSON-1463814032 None] Running cmd (subprocess): sudo cinder-rootwrap /etc/cinder/rootwrap.conf rm -f /opt/stack/data/cinder/mnt/eaa4c96be0e5e156d2c740a51172cf52/volume-5e1872ec-4cf7-402c-8e12-24980bf9e7ce.5d199061-4c45-4f56-838d-f2daa5164497 {{(pid=82194) execute /opt/stack/data/venv/lib/python3.10/site-packages/oslo_concurrency/processutils.py:349}}
Jan 09 11:16:20 devstack sudo[87526]: quobyte : PWD=/ ; USER=root ; COMMAND=/opt/stack/data/venv/bin/cinder-rootwrap /etc/cinder/rootwrap.conf rm -f /opt/stack/data/cinder/mnt/eaa4c96be0e5e156d2c740a51172cf52/volume-5e1872ec-4cf7-402c-8e12-24980bf9e7ce.5d199061-4c45-4f56-838d-f2daa5164497
Jan 09 11:16:20 devstack sudo[87526]: pam_unix(sudo:session): session opened for user root(uid=0) by (uid=1000)
Jan 09 11:16:21 devstack sudo[87526]: pam_unix(sudo:session): session closed for user root
Jan 09 11:16:21 devstack cinder-volume[82194]: DEBUG oslo_concurrency.processutils [req-6a409334-9e20-476d-b782-b6768ab1778c req-5edb38a9-b0f9-4e9d-aa13-05dc09f90c77 tempest-VolumesSnapshotsTestJSON-1463814032 None] CMD "sudo cinder-rootwrap /etc/cinder/rootwrap.conf rm -f /opt/stack/data/cinder/mnt/eaa4c96be0e5e156d2c740a51172cf52/volume-5e1872ec-4cf7-402c-8e12-24980bf9e7ce.5d199061-4c45-4f56-838d-f2daa5164497" returned: 0 in 0.501s {{(pid=82194) execute /opt/stack/data/venv/lib/python3.10/site-packages/oslo_concurrency/processutils.py:372}}
Jan 09 11:16:21 devstack cinder-volume[82194]: DEBUG cinder.coordination [req-6a409334-9e20-476d-b782-b6768ab1778c req-5edb38a9-b0f9-4e9d-aa13-05dc09f90c77 tempest-VolumesSnapshotsTestJSON-1463814032 None] Lock "cinder-quobyte-5d199061-4c45-4f56-838d-f2daa5164497" released by "_delete_snapshot" :: held 2.707s {{(pid=82194) __release /opt/stack/cinder/cinder/coordination.py:157}}
Jan 09 11:16:21 devstack cinder-volume[82194]: DEBUG cinder.coordination [req-6a409334-9e20-476d-b782-b6768ab1778c req-5edb38a9-b0f9-4e9d-aa13-05dc09f90c77 tempest-VolumesSnapshotsTestJSON-1463814032 None] Lock "cinder-quobyte-5e1872ec-4cf7-402c-8e12-24980bf9e7ce" released by "delete_snapshot" :: held 2.721s {{(pid=82194) __release /opt/stack/cinder/cinder/coordination.py:157}}
Jan 09 11:16:21 devstack cinder-volume[82194]: WARNING cinder.quota [req-6a409334-9e20-476d-b782-b6768ab1778c req-5edb38a9-b0f9-4e9d-aa13-05dc09f90c77 tempest-VolumesSnapshotsTestJSON-1463814032 None] Deprecated: Default quota for resource: snapshots_QuobyteHD is set by the default quota flag: quota_snapshots_QuobyteHD, it is now deprecated. Please use the default quota class for default quota.
Jan 09 11:16:21 devstack cinder-volume[82194]: DEBUG cinder.quota [req-6a409334-9e20-476d-b782-b6768ab1778c req-5edb38a9-b0f9-4e9d-aa13-05dc09f90c77 tempest-VolumesSnapshotsTestJSON-1463814032 None] Created reservations ['ae2c32ec-02f3-4ece-967a-62f46eeacf74', 'e7fb6ac5-4365-4da9-b09d-7794680a14c3', 'f3c8bd65-c903-40af-b0f5-03c37883931d', '349de9f0-f6d9-4748-846f-2c25057b4571'] {{(pid=82194) reserve /opt/stack/cinder/cinder/quota.py:752}}
Jan 09 11:16:21 devstack cinder-volume[82194]: INFO cinder.volume.manager [req-6a409334-9e20-476d-b782-b6768ab1778c req-5edb38a9-b0f9-4e9d-aa13-05dc09f90c77 tempest-VolumesSnapshotsTestJSON-1463814032 None] Delete snapshot completed successfully.
Jan 09 11:16:21 devstack cinder-volume[82194]: DEBUG cinder.coordination [req-6a409334-9e20-476d-b782-b6768ab1778c req-5edb38a9-b0f9-4e9d-aa13-05dc09f90c77 tempest-VolumesSnapshotsTestJSON-1463814032 None] Lock "cinder-5d199061-4c45-4f56-838d-f2daa5164497-delete_snapshot" released by "delete_snapshot" :: held 2.813s {{(pid=82194) __release /opt/stack/cinder/cinder/coordination.py:157}}
Jan 09 11:16:21 devstack cinder-volume[82194]: DEBUG cinder.coordination [req-1b37e7f7-412f-43e8-87ac-1345a7902f31 req-8b2947c2-7702-4978-8f25-1fcece6f7bfb tempest-VolumesSnapshotsTestJSON-1463814032 None] Acquiring lock "cinder-5e1872ec-4cf7-402c-8e12-24980bf9e7ce-delete_volume" by "delete_volume" {{(pid=82194) __acquire /opt/stack/cinder/cinder/coordination.py:143}}
Jan 09 11:16:21 devstack cinder-volume[82194]: DEBUG cinder.coordination [req-1b37e7f7-412f-43e8-87ac-1345a7902f31 req-8b2947c2-7702-4978-8f25-1fcece6f7bfb tempest-VolumesSnapshotsTestJSON-1463814032 None] Lock "cinder-5e1872ec-4cf7-402c-8e12-24980bf9e7ce-delete_volume" acquired by "delete_volume" :: waited 0.008s {{(pid=82194) __acquire /opt/stack/cinder/cinder/coordination.py:146}}
Jan 09 11:16:21 devstack cinder-volume[82194]: WARNING cinder.volume.volume_utils [req-1b37e7f7-412f-43e8-87ac-1345a7902f31 req-8b2947c2-7702-4978-8f25-1fcece6f7bfb tempest-VolumesSnapshotsTestJSON-1463814032 None] Volume driver (QuobyteDriver 1.1.13) is currently unsupported and may be removed in the next release of OpenStack. Use at your own risk.
Jan 09 11:16:21 devstack cinder-volume[82194]: DEBUG cinder.coordination [req-1b37e7f7-412f-43e8-87ac-1345a7902f31 req-8b2947c2-7702-4978-8f25-1fcece6f7bfb tempest-VolumesSnapshotsTestJSON-1463814032 None] Acquiring lock "cinder-quobyte-5e1872ec-4cf7-402c-8e12-24980bf9e7ce" by "delete_volume" {{(pid=82194) __acquire /opt/stack/cinder/cinder/coordination.py:143}}
Jan 09 11:16:21 devstack cinder-volume[82194]: DEBUG cinder.coordination [req-1b37e7f7-412f-43e8-87ac-1345a7902f31 req-8b2947c2-7702-4978-8f25-1fcece6f7bfb tempest-VolumesSnapshotsTestJSON-1463814032 None] Lock "cinder-quobyte-5e1872ec-4cf7-402c-8e12-24980bf9e7ce" acquired by "delete_volume" :: waited 0.016s {{(pid=82194) __acquire /opt/stack/cinder/cinder/coordination.py:146}}
Jan 09 11:16:21 devstack cinder-volume[82194]: DEBUG oslo.privsep.daemon [-] privsep: reply[82fefa4b-05f0-454d-85e8-bf3397d5d578]: (4, 'qcow2') {{(pid=83130) _call_back /opt/stack/data/venv/lib/python3.10/site-packages/oslo_privsep/daemon.py:515}}
Jan 09 11:16:21 devstack cinder-volume[82194]: DEBUG oslo_concurrency.processutils [req-1b37e7f7-412f-43e8-87ac-1345a7902f31 req-8b2947c2-7702-4978-8f25-1fcece6f7bfb tempest-VolumesSnapshotsTestJSON-1463814032 None] Running cmd (subprocess): /opt/stack/data/venv/bin/python3.10 -m oslo_concurrency.prlimit --as=1073741824 --cpu=60 -- sudo cinder-rootwrap /etc/cinder/rootwrap.conf env LC_ALL=C qemu-img info -f qcow2 --output=json --force-share /opt/stack/data/cinder/mnt/eaa4c96be0e5e156d2c740a51172cf52/volume-5e1872ec-4cf7-402c-8e12-24980bf9e7ce {{(pid=82194) execute /opt/stack/data/venv/lib/python3.10/site-packages/oslo_concurrency/processutils.py:349}}
Jan 09 11:16:22 devstack sudo[87530]: quobyte : PWD=/ ; USER=root ; COMMAND=/opt/stack/data/venv/bin/cinder-rootwrap /etc/cinder/rootwrap.conf env LC_ALL=C qemu-img info -f qcow2 --output=json --force-share /opt/stack/data/cinder/mnt/eaa4c96be0e5e156d2c740a51172cf52/volume-5e1872ec-4cf7-402c-8e12-24980bf9e7ce
Jan 09 11:16:22 devstack sudo[87530]: pam_unix(sudo:session): session opened for user root(uid=0) by (uid=1000)
Jan 09 11:16:22 devstack sudo[87530]: pam_unix(sudo:session): session closed for user root
Jan 09 11:16:22 devstack cinder-volume[82194]: DEBUG oslo_concurrency.processutils [req-1b37e7f7-412f-43e8-87ac-1345a7902f31 req-8b2947c2-7702-4978-8f25-1fcece6f7bfb tempest-VolumesSnapshotsTestJSON-1463814032 None] CMD "/opt/stack/data/venv/bin/python3.10 -m oslo_concurrency.prlimit --as=1073741824 --cpu=60 -- sudo cinder-rootwrap /etc/cinder/rootwrap.conf env LC_ALL=C qemu-img info -f qcow2 --output=json --force-share /opt/stack/data/cinder/mnt/eaa4c96be0e5e156d2c740a51172cf52/volume-5e1872ec-4cf7-402c-8e12-24980bf9e7ce" returned: 0 in 0.601s {{(pid=82194) execute /opt/stack/data/venv/lib/python3.10/site-packages/oslo_concurrency/processutils.py:372}}
Jan 09 11:16:22 devstack cinder-volume[82194]: DEBUG oslo_concurrency.processutils [req-1b37e7f7-412f-43e8-87ac-1345a7902f31 req-8b2947c2-7702-4978-8f25-1fcece6f7bfb tempest-VolumesSnapshotsTestJSON-1463814032 None] Running cmd (subprocess): sudo cinder-rootwrap /etc/cinder/rootwrap.conf rm -f /opt/stack/data/cinder/mnt/eaa4c96be0e5e156d2c740a51172cf52/volume-5e1872ec-4cf7-402c-8e12-24980bf9e7ce {{(pid=82194) execute /opt/stack/data/venv/lib/python3.10/site-packages/oslo_concurrency/processutils.py:349}}
Jan 09 11:16:22 devstack sudo[87536]: quobyte : PWD=/ ; USER=root ; COMMAND=/opt/stack/data/venv/bin/cinder-rootwrap /etc/cinder/rootwrap.conf rm -f /opt/stack/data/cinder/mnt/eaa4c96be0e5e156d2c740a51172cf52/volume-5e1872ec-4cf7-402c-8e12-24980bf9e7ce
Jan 09 11:16:22 devstack sudo[87536]: pam_unix(sudo:session): session opened for user root(uid=0) by (uid=1000)
Jan 09 11:16:23 devstack sudo[87536]: pam_unix(sudo:session): session closed for user root
Jan 09 11:16:23 devstack cinder-volume[82194]: DEBUG oslo_concurrency.processutils [req-1b37e7f7-412f-43e8-87ac-1345a7902f31 req-8b2947c2-7702-4978-8f25-1fcece6f7bfb tempest-VolumesSnapshotsTestJSON-1463814032 None] CMD "sudo cinder-rootwrap /etc/cinder/rootwrap.conf rm -f /opt/stack/data/cinder/mnt/eaa4c96be0e5e156d2c740a51172cf52/volume-5e1872ec-4cf7-402c-8e12-24980bf9e7ce" returned: 0 in 0.487s {{(pid=82194) execute /opt/stack/data/venv/lib/python3.10/site-packages/oslo_concurrency/processutils.py:372}}
Jan 09 11:16:23 devstack cinder-volume[82194]: DEBUG cinder.coordination [req-1b37e7f7-412f-43e8-87ac-1345a7902f31 req-8b2947c2-7702-4978-8f25-1fcece6f7bfb tempest-VolumesSnapshotsTestJSON-1463814032 None] Lock "cinder-quobyte-5e1872ec-4cf7-402c-8e12-24980bf9e7ce" released by "delete_volume" :: held 1.138s {{(pid=82194) __release /opt/stack/cinder/cinder/coordination.py:157}}
Jan 09 11:16:23 devstack cinder-volume[82194]: DEBUG cinder.quota [req-1b37e7f7-412f-43e8-87ac-1345a7902f31 req-8b2947c2-7702-4978-8f25-1fcece6f7bfb tempest-VolumesSnapshotsTestJSON-1463814032 None] Created reservations ['29f1b1bb-735d-45af-bfde-443576d44aa1', '2b126dec-deb1-4216-b1b2-b648fb020781', '1c2db228-7740-4423-8ad6-dca03510bd34', '8a0b18b8-e86e-4f64-ba15-bdf11dfbaf73'] {{(pid=82194) reserve /opt/stack/cinder/cinder/quota.py:752}}
Jan 09 11:16:23 devstack cinder-volume[82194]: DEBUG oslo_concurrency.lockutils [req-1b37e7f7-412f-43e8-87ac-1345a7902f31 req-8b2947c2-7702-4978-8f25-1fcece6f7bfb tempest-VolumesSnapshotsTestJSON-1463814032 None] Acquiring lock "quobyte_ensure" by "cinder.volume.drivers.quobyte.QuobyteDriver._ensure_shares_mounted" {{(pid=82194) inner /opt/stack/data/venv/lib/python3.10/site-packages/oslo_concurrency/lockutils.py:405}}
Jan 09 11:16:23 devstack cinder-volume[82194]: DEBUG oslo_concurrency.lockutils [req-1b37e7f7-412f-43e8-87ac-1345a7902f31 req-8b2947c2-7702-4978-8f25-1fcece6f7bfb tempest-VolumesSnapshotsTestJSON-1463814032 None] Lock "quobyte_ensure" acquired by "cinder.volume.drivers.quobyte.QuobyteDriver._ensure_shares_mounted" :: waited 0.001s {{(pid=82194) inner /opt/stack/data/venv/lib/python3.10/site-packages/oslo_concurrency/lockutils.py:410}}
Jan 09 11:16:23 devstack cinder-volume[82194]: DEBUG cinder.volume.drivers.quobyte [req-1b37e7f7-412f-43e8-87ac-1345a7902f31 req-8b2947c2-7702-4978-8f25-1fcece6f7bfb tempest-VolumesSnapshotsTestJSON-1463814032 None] Quobyte Volume URL set to: {'osci02.corp.quobyte.com/cinder-vol-733fc29d-7019-42b5-adea-0595dc2b1302': None} {{(pid=82194) _load_shares_config /opt/stack/cinder/cinder/volume/drivers/quobyte.py:611}}
Jan 09 11:16:23 devstack cinder-volume[82194]: DEBUG cinder.volume.drivers.quobyte [req-1b37e7f7-412f-43e8-87ac-1345a7902f31 req-8b2947c2-7702-4978-8f25-1fcece6f7bfb tempest-VolumesSnapshotsTestJSON-1463814032 None] Available shares ['osci02.corp.quobyte.com/cinder-vol-733fc29d-7019-42b5-adea-0595dc2b1302'] {{(pid=82194) _ensure_shares_mounted /opt/stack/cinder/cinder/volume/drivers/quobyte.py:641}}
Jan 09 11:16:23 devstack cinder-volume[82194]: DEBUG oslo_concurrency.lockutils [req-1b37e7f7-412f-43e8-87ac-1345a7902f31 req-8b2947c2-7702-4978-8f25-1fcece6f7bfb tempest-VolumesSnapshotsTestJSON-1463814032 None] Lock "quobyte_ensure" "released" by "cinder.volume.drivers.quobyte.QuobyteDriver._ensure_shares_mounted" :: held 0.005s {{(pid=82194) inner /opt/stack/data/venv/lib/python3.10/site-packages/oslo_concurrency/lockutils.py:424}}
Jan 09 11:16:23 devstack cinder-volume[82194]: DEBUG oslo_concurrency.processutils [req-1b37e7f7-412f-43e8-87ac-1345a7902f31 req-8b2947c2-7702-4978-8f25-1fcece6f7bfb tempest-VolumesSnapshotsTestJSON-1463814032 None] Running cmd (subprocess): sudo cinder-rootwrap /etc/cinder/rootwrap.conf df --portability --block-size 1 /opt/stack/data/cinder/mnt/eaa4c96be0e5e156d2c740a51172cf52 {{(pid=82194) execute /opt/stack/data/venv/lib/python3.10/site-packages/oslo_concurrency/processutils.py:349}}
Jan 09 11:16:23 devstack sudo[87539]: quobyte : PWD=/ ; USER=root ; COMMAND=/opt/stack/data/venv/bin/cinder-rootwrap /etc/cinder/rootwrap.conf df --portability --block-size 1 /opt/stack/data/cinder/mnt/eaa4c96be0e5e156d2c740a51172cf52
Jan 09 11:16:23 devstack sudo[87539]: pam_unix(sudo:session): session opened for user root(uid=0) by (uid=1000)
Jan 09 11:16:23 devstack sudo[87539]: pam_unix(sudo:session): session closed for user root
Jan 09 11:16:23 devstack cinder-volume[82194]: DEBUG oslo_concurrency.processutils [req-1b37e7f7-412f-43e8-87ac-1345a7902f31 req-8b2947c2-7702-4978-8f25-1fcece6f7bfb tempest-VolumesSnapshotsTestJSON-1463814032 None] CMD "sudo cinder-rootwrap /etc/cinder/rootwrap.conf df --portability --block-size 1 /opt/stack/data/cinder/mnt/eaa4c96be0e5e156d2c740a51172cf52" returned: 0 in 0.633s {{(pid=82194) execute /opt/stack/data/venv/lib/python3.10/site-packages/oslo_concurrency/processutils.py:372}}
Jan 09 11:16:23 devstack cinder-volume[82194]: DEBUG cinder.manager [req-1b37e7f7-412f-43e8-87ac-1345a7902f31 req-8b2947c2-7702-4978-8f25-1fcece6f7bfb tempest-VolumesSnapshotsTestJSON-1463814032 None] Notifying Schedulers of capabilities ... {{(pid=82194) _publish_service_capabilities /opt/stack/cinder/cinder/manager.py:202}}
