Jul 09 14:11:54 devstack cinder-volume[87011]: DEBUG cinder.volume.drivers.quobyte [None req-50c1e082-8f40-4256-99c7-07fda2996183 tempest-GroupSnapshotsTest-1287877168 None] Available shares ['osci02.corp.quobyte.com/cinder-vol-6303c5a4-0219-4766-a255-81e32cf1e610'] {{(pid=87011) _ensure_shares_mounted /opt/stack/cinder/cinder/volume/drivers/quobyte.py:647}}
Jul 09 14:11:54 devstack cinder-volume[87011]: DEBUG oslo_concurrency.lockutils [None req-50c1e082-8f40-4256-99c7-07fda2996183 tempest-GroupSnapshotsTest-1287877168 None] Lock "quobyte_ensure" "released" by "cinder.volume.drivers.quobyte.QuobyteDriver._ensure_shares_mounted" :: held 0.008s {{(pid=87011) inner /opt/stack/data/venv/lib/python3.12/site-packages/oslo_concurrency/lockutils.py:543}}
Jul 09 14:11:54 devstack cinder-volume[87011]: DEBUG cinder.volume.drivers.quobyte [None req-50c1e082-8f40-4256-99c7-07fda2996183 tempest-GroupSnapshotsTest-1287877168 None] Selected osci02.corp.quobyte.com/cinder-vol-6303c5a4-0219-4766-a255-81e32cf1e610 as target Quobyte volume. {{(pid=87011) _find_share /opt/stack/cinder/cinder/volume/drivers/quobyte.py:668}}
Jul 09 14:11:54 devstack cinder-volume[87011]: INFO cinder.volume.drivers.remotefs [None req-50c1e082-8f40-4256-99c7-07fda2996183 tempest-GroupSnapshotsTest-1287877168 None] casted to osci02.corp.quobyte.com/cinder-vol-6303c5a4-0219-4766-a255-81e32cf1e610
Jul 09 14:11:54 devstack cinder-volume[87011]: DEBUG oslo_concurrency.processutils [None req-50c1e082-8f40-4256-99c7-07fda2996183 tempest-GroupSnapshotsTest-1287877168 None] Running cmd (subprocess): sudo cinder-rootwrap /etc/cinder/rootwrap.conf qemu-img create -f qcow2 -o preallocation=metadata /opt/stack/data/cinder/mnt/3c73aaeefc3d01142aa1cbef7ffc68ea/volume-77a8c953-1aef-4d16-9ec5-d9c95814389c 1073741824 {{(pid=87011) execute /opt/stack/data/venv/lib/python3.12/site-packages/oslo_concurrency/processutils.py:440}}
Jul 09 14:11:54 devstack sudo[92474]: quobyte : PWD=/ ; USER=root ; COMMAND=/opt/stack/data/venv/bin/cinder-rootwrap /etc/cinder/rootwrap.conf qemu-img create -f qcow2 -o preallocation=metadata /opt/stack/data/cinder/mnt/3c73aaeefc3d01142aa1cbef7ffc68ea/volume-77a8c953-1aef-4d16-9ec5-d9c95814389c 1073741824
Jul 09 14:11:54 devstack sudo[92474]: pam_unix(sudo:session): session opened for user root(uid=0) by (uid=1000)
Jul 09 14:11:55 devstack sudo[92474]: pam_unix(sudo:session): session closed for user root
Jul 09 14:11:55 devstack cinder-volume[87011]: DEBUG oslo_concurrency.processutils [None req-50c1e082-8f40-4256-99c7-07fda2996183 tempest-GroupSnapshotsTest-1287877168 None] CMD "sudo cinder-rootwrap /etc/cinder/rootwrap.conf qemu-img create -f qcow2 -o preallocation=metadata /opt/stack/data/cinder/mnt/3c73aaeefc3d01142aa1cbef7ffc68ea/volume-77a8c953-1aef-4d16-9ec5-d9c95814389c 1073741824" returned: 0 in 1.195s {{(pid=87011) execute /opt/stack/data/venv/lib/python3.12/site-packages/oslo_concurrency/processutils.py:468}}
Jul 09 14:11:55 devstack cinder-volume[87011]: DEBUG oslo_concurrency.processutils [None req-50c1e082-8f40-4256-99c7-07fda2996183 tempest-GroupSnapshotsTest-1287877168 None] Running cmd (subprocess): sudo cinder-rootwrap /etc/cinder/rootwrap.conf chmod ugo+rw /opt/stack/data/cinder/mnt/3c73aaeefc3d01142aa1cbef7ffc68ea/volume-77a8c953-1aef-4d16-9ec5-d9c95814389c {{(pid=87011) execute /opt/stack/data/venv/lib/python3.12/site-packages/oslo_concurrency/processutils.py:440}}
Jul 09 14:11:55 devstack sudo[92517]: quobyte : PWD=/ ; USER=root ; COMMAND=/opt/stack/data/venv/bin/cinder-rootwrap /etc/cinder/rootwrap.conf chmod ugo+rw /opt/stack/data/cinder/mnt/3c73aaeefc3d01142aa1cbef7ffc68ea/volume-77a8c953-1aef-4d16-9ec5-d9c95814389c
Jul 09 14:11:55 devstack sudo[92517]: pam_unix(sudo:session): session opened for user root(uid=0) by (uid=1000)
Jul 09 14:11:56 devstack sudo[92517]: pam_unix(sudo:session): session closed for user root
Jul 09 14:11:56 devstack cinder-volume[87011]: DEBUG oslo_concurrency.processutils [None req-50c1e082-8f40-4256-99c7-07fda2996183 tempest-GroupSnapshotsTest-1287877168 None] CMD "sudo cinder-rootwrap /etc/cinder/rootwrap.conf chmod ugo+rw /opt/stack/data/cinder/mnt/3c73aaeefc3d01142aa1cbef7ffc68ea/volume-77a8c953-1aef-4d16-9ec5-d9c95814389c" returned: 0 in 0.678s {{(pid=87011) execute /opt/stack/data/venv/lib/python3.12/site-packages/oslo_concurrency/processutils.py:468}}
Jul 09 14:11:56 devstack cinder-volume[87011]: DEBUG cinder.volume.drivers.quobyte [None req-50c1e082-8f40-4256-99c7-07fda2996183 tempest-GroupSnapshotsTest-1287877168 None] <== create_volume: return (1922ms) {'provider_location': 'osci02.corp.quobyte.com/cinder-vol-6303c5a4-0219-4766-a255-81e32cf1e610'} {{(pid=87011) trace_logging_wrapper /opt/stack/cinder/cinder/volume/volume_utils.py:1522}}
Jul 09 14:11:56 devstack cinder-volume[87011]: DEBUG oslo_concurrency.lockutils [None req-50c1e082-8f40-4256-99c7-07fda2996183 tempest-GroupSnapshotsTest-1287877168 None] Lock "quobyte" "released" by "cinder.volume.drivers.quobyte.QuobyteDriver.create_volume" :: held 1.925s {{(pid=87011) inner /opt/stack/data/venv/lib/python3.12/site-packages/oslo_concurrency/lockutils.py:543}}
Jul 09 14:11:56 devstack cinder-volume[87011]: DEBUG cinder.volume.manager [None req-50c1e082-8f40-4256-99c7-07fda2996183 tempest-GroupSnapshotsTest-1287877168 None] Task 'cinder.volume.flows.manager.create_volume.CreateVolumeFromSpecTask;volume:create' (4786b4c1-53d4-4b1d-99f7-2f82109d2a61) transitioned into state 'SUCCESS' from state 'RUNNING' with result '{'status': 'creating', 'volume_name': 'volume-77a8c953-1aef-4d16-9ec5-d9c95814389c', 'volume_size': 1}' {{(pid=87011) _task_receiver /opt/stack/data/venv/lib/python3.12/site-packages/taskflow/listeners/logging.py:218}}
Jul 09 14:11:56 devstack cinder-volume[87011]: DEBUG cinder.volume.manager [None req-50c1e082-8f40-4256-99c7-07fda2996183 tempest-GroupSnapshotsTest-1287877168 None] Task 'cinder.volume.flows.manager.create_volume.CreateVolumeOnFinishTask;volume:create, create.end' (3ca70b69-ce64-4637-8812-c74d87db7b5e) transitioned into state 'RUNNING' from state 'PENDING' {{(pid=87011) _task_receiver /opt/stack/data/venv/lib/python3.12/site-packages/taskflow/listeners/logging.py:242}}
Jul 09 14:11:56 devstack cinder-volume[87011]: INFO cinder.volume.flows.manager.create_volume [None req-50c1e082-8f40-4256-99c7-07fda2996183 tempest-GroupSnapshotsTest-1287877168 None] Volume volume-77a8c953-1aef-4d16-9ec5-d9c95814389c (77a8c953-1aef-4d16-9ec5-d9c95814389c): created successfully
Jul 09 14:11:56 devstack cinder-volume[87011]: DEBUG cinder.volume.manager [None req-50c1e082-8f40-4256-99c7-07fda2996183 tempest-GroupSnapshotsTest-1287877168 None] Task 'cinder.volume.flows.manager.create_volume.CreateVolumeOnFinishTask;volume:create, create.end' (3ca70b69-ce64-4637-8812-c74d87db7b5e) transitioned into state 'SUCCESS' from state 'RUNNING' with result 'None' {{(pid=87011) _task_receiver /opt/stack/data/venv/lib/python3.12/site-packages/taskflow/listeners/logging.py:218}}
Jul 09 14:11:56 devstack cinder-volume[87011]: DEBUG cinder.volume.manager [None req-50c1e082-8f40-4256-99c7-07fda2996183 tempest-GroupSnapshotsTest-1287877168 None] Flow 'volume_create_manager' (1c4d53e5-db92-451d-b1c0-79664dfaec43) transitioned into state 'SUCCESS' from state 'RUNNING' {{(pid=87011) _flow_receiver /opt/stack/data/venv/lib/python3.12/site-packages/taskflow/listeners/logging.py:160}}
Jul 09 14:11:56 devstack cinder-volume[87011]: INFO cinder.volume.manager [None req-50c1e082-8f40-4256-99c7-07fda2996183 tempest-GroupSnapshotsTest-1287877168 None] Created volume successfully.
Jul 09 14:11:56 devstack cinder-volume[87011]: INFO cinder.volume.manager [None req-2fa40e14-52bf-414a-b520-4fdbd24d62f2 tempest-GroupSnapshotsTest-1287877168 None] GroupSnapshot 5120d437-09d9-454b-8891-b8d59dd2faa1: creating.
Jul 09 14:11:56 devstack cinder-volume[87011]: DEBUG cinder.volume.manager [None req-2fa40e14-52bf-414a-b520-4fdbd24d62f2 tempest-GroupSnapshotsTest-1287877168 None] Group snapshot 5120d437-09d9-454b-8891-b8d59dd2faa1: creating. {{(pid=87011) create_group_snapshot /opt/stack/cinder/cinder/volume/manager.py:4175}}
Jul 09 14:11:56 devstack cinder-volume[87011]: DEBUG oslo_concurrency.lockutils [None req-2fa40e14-52bf-414a-b520-4fdbd24d62f2 tempest-GroupSnapshotsTest-1287877168 None] Acquiring lock "quobyte" by "cinder.volume.drivers.quobyte.QuobyteDriver.create_snapshot" {{(pid=87011) inner /opt/stack/data/venv/lib/python3.12/site-packages/oslo_concurrency/lockutils.py:511}}
Jul 09 14:11:56 devstack cinder-volume[87011]: DEBUG oslo_concurrency.lockutils [None req-2fa40e14-52bf-414a-b520-4fdbd24d62f2 tempest-GroupSnapshotsTest-1287877168 None] Lock "quobyte" acquired by "cinder.volume.drivers.quobyte.QuobyteDriver.create_snapshot" :: waited 0.001s {{(pid=87011) inner /opt/stack/data/venv/lib/python3.12/site-packages/oslo_concurrency/lockutils.py:524}}
Jul 09 14:11:57 devstack cinder-volume[87011]: DEBUG cinder.volume.drivers.remotefs [None req-2fa40e14-52bf-414a-b520-4fdbd24d62f2 tempest-GroupSnapshotsTest-1287877168 None] Creating offline snapshot a6fe10fc-690b-453b-8013-2ea4cb36514a of volume 77a8c953-1aef-4d16-9ec5-d9c95814389c {{(pid=87011) _create_snapshot /opt/stack/cinder/cinder/volume/drivers/remotefs.py:1816}}
Jul 09 14:11:57 devstack cinder-volume[87011]: DEBUG oslo.privsep.daemon [-] privsep: reply[7130ab81-bc33-46ab-bcd3-57c46390f5b5]: (4, 'qcow2') {{(pid=88269) _call_back /opt/stack/data/venv/lib/python3.12/site-packages/oslo_privsep/daemon.py:580}}
Jul 09 14:11:57 devstack cinder-volume[87011]: DEBUG oslo_concurrency.processutils [None req-2fa40e14-52bf-414a-b520-4fdbd24d62f2 tempest-GroupSnapshotsTest-1287877168 None] Running cmd (subprocess): /opt/stack/data/venv/bin/python3.12 -m oslo_concurrency.prlimit --as=1073741824 --cpu=60 -- sudo cinder-rootwrap /etc/cinder/rootwrap.conf env LC_ALL=C qemu-img info -f qcow2 --output=json --force-share /opt/stack/data/cinder/mnt/3c73aaeefc3d01142aa1cbef7ffc68ea/volume-77a8c953-1aef-4d16-9ec5-d9c95814389c {{(pid=87011) execute /opt/stack/data/venv/lib/python3.12/site-packages/oslo_concurrency/processutils.py:440}}
Jul 09 14:11:57 devstack sudo[92520]: quobyte : PWD=/ ; USER=root ; COMMAND=/opt/stack/data/venv/bin/cinder-rootwrap /etc/cinder/rootwrap.conf env LC_ALL=C qemu-img info -f qcow2 --output=json --force-share /opt/stack/data/cinder/mnt/3c73aaeefc3d01142aa1cbef7ffc68ea/volume-77a8c953-1aef-4d16-9ec5-d9c95814389c
Jul 09 14:11:57 devstack sudo[92520]: pam_unix(sudo:session): session opened for user root(uid=0) by (uid=1000)
Jul 09 14:11:58 devstack sudo[92520]: pam_unix(sudo:session): session closed for user root
Jul 09 14:11:58 devstack cinder-volume[87011]: DEBUG oslo_concurrency.processutils [None req-2fa40e14-52bf-414a-b520-4fdbd24d62f2 tempest-GroupSnapshotsTest-1287877168 None] CMD "/opt/stack/data/venv/bin/python3.12 -m oslo_concurrency.prlimit --as=1073741824 --cpu=60 -- sudo cinder-rootwrap /etc/cinder/rootwrap.conf env LC_ALL=C qemu-img info -f qcow2 --output=json --force-share /opt/stack/data/cinder/mnt/3c73aaeefc3d01142aa1cbef7ffc68ea/volume-77a8c953-1aef-4d16-9ec5-d9c95814389c" returned: 0 in 1.162s {{(pid=87011) execute /opt/stack/data/venv/lib/python3.12/site-packages/oslo_concurrency/processutils.py:468}}
Jul 09 14:11:58 devstack cinder-volume[87011]: DEBUG oslo_concurrency.processutils [None req-2fa40e14-52bf-414a-b520-4fdbd24d62f2 tempest-GroupSnapshotsTest-1287877168 None] Running cmd (subprocess): sudo cinder-rootwrap /etc/cinder/rootwrap.conf qemu-img create -f qcow2 -o backing_file=/opt/stack/data/cinder/mnt/3c73aaeefc3d01142aa1cbef7ffc68ea/volume-77a8c953-1aef-4d16-9ec5-d9c95814389c,backing_fmt=qcow2 /opt/stack/data/cinder/mnt/3c73aaeefc3d01142aa1cbef7ffc68ea/volume-77a8c953-1aef-4d16-9ec5-d9c95814389c.a6fe10fc-690b-453b-8013-2ea4cb36514a 1G {{(pid=87011) execute /opt/stack/data/venv/lib/python3.12/site-packages/oslo_concurrency/processutils.py:440}}
Jul 09 14:11:58 devstack sudo[92526]: quobyte : PWD=/ ; USER=root ; COMMAND=/opt/stack/data/venv/bin/cinder-rootwrap /etc/cinder/rootwrap.conf qemu-img create -f qcow2 -o backing_file=/opt/stack/data/cinder/mnt/3c73aaeefc3d01142aa1cbef7ffc68ea/volume-77a8c953-1aef-4d16-9ec5-d9c95814389c,backing_fmt=qcow2 /opt/stack/data/cinder/mnt/3c73aaeefc3d01142aa1cbef7ffc68ea/volume-77a8c953-1aef-4d16-9ec5-d9c95814389c.a6fe10fc-690b-453b-8013-2ea4cb36514a 1G
Jul 09 14:11:58 devstack sudo[92526]: pam_unix(sudo:session): session opened for user root(uid=0) by (uid=1000)
Jul 09 14:11:59 devstack sudo[92526]: pam_unix(sudo:session): session closed for user root
Jul 09 14:11:59 devstack cinder-volume[87011]: DEBUG oslo_concurrency.processutils [None req-2fa40e14-52bf-414a-b520-4fdbd24d62f2 tempest-GroupSnapshotsTest-1287877168 None] CMD "sudo cinder-rootwrap /etc/cinder/rootwrap.conf qemu-img create -f qcow2 -o backing_file=/opt/stack/data/cinder/mnt/3c73aaeefc3d01142aa1cbef7ffc68ea/volume-77a8c953-1aef-4d16-9ec5-d9c95814389c,backing_fmt=qcow2 /opt/stack/data/cinder/mnt/3c73aaeefc3d01142aa1cbef7ffc68ea/volume-77a8c953-1aef-4d16-9ec5-d9c95814389c.a6fe10fc-690b-453b-8013-2ea4cb36514a 1G" returned: 0 in 1.070s {{(pid=87011) execute /opt/stack/data/venv/lib/python3.12/site-packages/oslo_concurrency/processutils.py:468}}
Jul 09 14:11:59 devstack cinder-volume[87011]: DEBUG oslo_concurrency.processutils [None req-2fa40e14-52bf-414a-b520-4fdbd24d62f2 tempest-GroupSnapshotsTest-1287877168 None] Running cmd (subprocess): sudo cinder-rootwrap /etc/cinder/rootwrap.conf qemu-img rebase -u -b volume-77a8c953-1aef-4d16-9ec5-d9c95814389c -F qcow2 /opt/stack/data/cinder/mnt/3c73aaeefc3d01142aa1cbef7ffc68ea/volume-77a8c953-1aef-4d16-9ec5-d9c95814389c.a6fe10fc-690b-453b-8013-2ea4cb36514a {{(pid=87011) execute /opt/stack/data/venv/lib/python3.12/site-packages/oslo_concurrency/processutils.py:440}}
Jul 09 14:11:59 devstack sudo[92533]: quobyte : PWD=/ ; USER=root ; COMMAND=/opt/stack/data/venv/bin/cinder-rootwrap /etc/cinder/rootwrap.conf qemu-img rebase -u -b volume-77a8c953-1aef-4d16-9ec5-d9c95814389c -F qcow2 /opt/stack/data/cinder/mnt/3c73aaeefc3d01142aa1cbef7ffc68ea/volume-77a8c953-1aef-4d16-9ec5-d9c95814389c.a6fe10fc-690b-453b-8013-2ea4cb36514a
Jul 09 14:11:59 devstack sudo[92533]: pam_unix(sudo:session): session opened for user root(uid=0) by (uid=1000)
Jul 09 14:12:00 devstack sudo[92533]: pam_unix(sudo:session): session closed for user root
Jul 09 14:12:00 devstack cinder-volume[87011]: DEBUG oslo_concurrency.processutils [None req-2fa40e14-52bf-414a-b520-4fdbd24d62f2 tempest-GroupSnapshotsTest-1287877168 None] CMD "sudo cinder-rootwrap /etc/cinder/rootwrap.conf qemu-img rebase -u -b volume-77a8c953-1aef-4d16-9ec5-d9c95814389c -F qcow2 /opt/stack/data/cinder/mnt/3c73aaeefc3d01142aa1cbef7ffc68ea/volume-77a8c953-1aef-4d16-9ec5-d9c95814389c.a6fe10fc-690b-453b-8013-2ea4cb36514a" returned: 0 in 0.765s {{(pid=87011) execute /opt/stack/data/venv/lib/python3.12/site-packages/oslo_concurrency/processutils.py:468}}
Jul 09 14:12:00 devstack cinder-volume[87011]: WARNING cinder.volume.drivers.remotefs [None req-2fa40e14-52bf-414a-b520-4fdbd24d62f2 tempest-GroupSnapshotsTest-1287877168 None] /opt/stack/data/cinder/mnt/3c73aaeefc3d01142aa1cbef7ffc68ea/volume-77a8c953-1aef-4d16-9ec5-d9c95814389c.a6fe10fc-690b-453b-8013-2ea4cb36514a is being set with open permissions: ugo+rw: NotImplementedError
Jul 09 14:12:00 devstack cinder-volume[87011]: DEBUG oslo_concurrency.processutils [None req-2fa40e14-52bf-414a-b520-4fdbd24d62f2 tempest-GroupSnapshotsTest-1287877168 None] Running cmd (subprocess): sudo cinder-rootwrap /etc/cinder/rootwrap.conf chmod ugo+rw /opt/stack/data/cinder/mnt/3c73aaeefc3d01142aa1cbef7ffc68ea/volume-77a8c953-1aef-4d16-9ec5-d9c95814389c.a6fe10fc-690b-453b-8013-2ea4cb36514a {{(pid=87011) execute /opt/stack/data/venv/lib/python3.12/site-packages/oslo_concurrency/processutils.py:440}}
Jul 09 14:12:00 devstack sudo[92541]: quobyte : PWD=/ ; USER=root ; COMMAND=/opt/stack/data/venv/bin/cinder-rootwrap /etc/cinder/rootwrap.conf chmod ugo+rw /opt/stack/data/cinder/mnt/3c73aaeefc3d01142aa1cbef7ffc68ea/volume-77a8c953-1aef-4d16-9ec5-d9c95814389c.a6fe10fc-690b-453b-8013-2ea4cb36514a
Jul 09 14:12:00 devstack sudo[92541]: pam_unix(sudo:session): session opened for user root(uid=0) by (uid=1000)
Jul 09 14:12:00 devstack cinder-volume[87011]: DEBUG cinder.volume.flows.manager.create_volume [None req-866be9e5-a37e-40ac-860f-296da62d645d tempest-AttachVolumeNegativeTest-335382434 None] Volume reschedule parameters: True retry: {'num_attempts': 1, 'backends': ['devstack@QuobyteHD#QuobyteHD'], 'hosts': ['devstack@QuobyteHD#QuobyteHD']} {{(pid=87011) get_flow /opt/stack/cinder/cinder/volume/flows/manager/create_volume.py:1397}}
Jul 09 14:12:00 devstack cinder-volume[87011]: DEBUG cinder.volume.manager [None req-866be9e5-a37e-40ac-860f-296da62d645d tempest-AttachVolumeNegativeTest-335382434 None] Flow 'volume_create_manager' (af2a9377-6f3e-4026-8861-9ad3bae26935) transitioned into state 'RUNNING' from state 'PENDING' {{(pid=87011) _flow_receiver /opt/stack/data/venv/lib/python3.12/site-packages/taskflow/listeners/logging.py:160}}
Jul 09 14:12:00 devstack cinder-volume[87011]: DEBUG cinder.volume.manager [None req-866be9e5-a37e-40ac-860f-296da62d645d tempest-AttachVolumeNegativeTest-335382434 None] Task 'cinder.volume.flows.manager.create_volume.ExtractVolumeRefTask;volume:create' (cf476829-14a2-4cc9-9a60-1133f1e1913e) transitioned into state 'RUNNING' from state 'PENDING' {{(pid=87011) _task_receiver /opt/stack/data/venv/lib/python3.12/site-packages/taskflow/listeners/logging.py:242}}
Jul 09 14:12:00 devstack cinder-volume[87011]: DEBUG cinder.volume.manager [None req-866be9e5-a37e-40ac-860f-296da62d645d tempest-AttachVolumeNegativeTest-335382434 None] Task 'cinder.volume.flows.manager.create_volume.ExtractVolumeRefTask;volume:create' (cf476829-14a2-4cc9-9a60-1133f1e1913e) transitioned into state 'SUCCESS' from state 'RUNNING' with result 'Volume(_name_id=None,admin_metadata=,attach_status='detached',availability_zone='nova',bootable=False,cluster=,cluster_name=None,consistencygroup=,consistencygroup_id=None,created_at=2026-07-09T12:12:00Z,deleted=False,deleted_at=None,display_description=None,display_name='tempest-AttachVolumeNegativeTest-volume-589414502',ec2_id=None,encryption_key_id=None,glance_metadata=,group=,group_id=None,host='devstack@QuobyteHD#QuobyteHD',id=bcdd2245-6185-4300-9c20-09c246435d3f,launched_at=None,metadata={},migration_status=None,multiattach=False,previous_status=None,project_id='9986ea392cb94b35b696c956d33f27f9',provider_auth=None,provider_geometry=None,provider_id=None,provider_location=None,replication_driver_data=None,replication_extended_status=None,replication_status=None,scheduled_at=2026-07-09T12:12:01Z,service_uuid=None,shared_targets=True,size=1,snapshot_id=None,snapshots=,source_volid=None,status='creating',terminated_at=None,updated_at=2026-07-09T12:12:01Z,use_quota=True,user_id='738381f58f9647b2b55e7283075b7bbe',volume_attachment=VolumeAttachmentList,volume_type=VolumeType(15d78fab-3a16-4373-926a-343dffd8b565),volume_type_id=15d78fab-3a16-4373-926a-343dffd8b565)' {{(pid=87011) _task_receiver /opt/stack/data/venv/lib/python3.12/site-packages/taskflow/listeners/logging.py:218}}
Jul 09 14:12:00 devstack cinder-volume[87011]: DEBUG cinder.volume.manager [None req-866be9e5-a37e-40ac-860f-296da62d645d tempest-AttachVolumeNegativeTest-335382434 None] Task 'cinder.volume.flows.manager.create_volume.OnFailureRescheduleTask;volume:create' (a0f99c20-ce43-4f44-bd0e-9a79c94a431b) transitioned into state 'RUNNING' from state 'PENDING' {{(pid=87011) _task_receiver /opt/stack/data/venv/lib/python3.12/site-packages/taskflow/listeners/logging.py:242}}
Jul 09 14:12:00 devstack cinder-volume[87011]: DEBUG cinder.volume.manager [None req-866be9e5-a37e-40ac-860f-296da62d645d tempest-AttachVolumeNegativeTest-335382434 None] Task 'cinder.volume.flows.manager.create_volume.OnFailureRescheduleTask;volume:create' (a0f99c20-ce43-4f44-bd0e-9a79c94a431b) transitioned into state 'SUCCESS' from state 'RUNNING' with result 'None' {{(pid=87011) _task_receiver /opt/stack/data/venv/lib/python3.12/site-packages/taskflow/listeners/logging.py:218}}
Jul 09 14:12:00 devstack cinder-volume[87011]: DEBUG cinder.volume.manager [None req-866be9e5-a37e-40ac-860f-296da62d645d tempest-AttachVolumeNegativeTest-335382434 None] Task 'cinder.volume.flows.manager.create_volume.ExtractVolumeSpecTask;volume:create' (35d62625-f9e1-4de6-b7d3-e6eed1c58663) transitioned into state 'RUNNING' from state 'PENDING' {{(pid=87011) _task_receiver /opt/stack/data/venv/lib/python3.12/site-packages/taskflow/listeners/logging.py:242}}
Jul 09 14:12:00 devstack cinder-volume[87011]: DEBUG cinder.volume.manager [None req-866be9e5-a37e-40ac-860f-296da62d645d tempest-AttachVolumeNegativeTest-335382434 None] Task 'cinder.volume.flows.manager.create_volume.ExtractVolumeSpecTask;volume:create' (35d62625-f9e1-4de6-b7d3-e6eed1c58663) transitioned into state 'SUCCESS' from state 'RUNNING' with result '{'status': 'creating', 'type': 'raw', 'volume_id': 'bcdd2245-6185-4300-9c20-09c246435d3f', 'volume_name': 'volume-bcdd2245-6185-4300-9c20-09c246435d3f', 'volume_size': 1}' {{(pid=87011) _task_receiver /opt/stack/data/venv/lib/python3.12/site-packages/taskflow/listeners/logging.py:218}}
Jul 09 14:12:00 devstack cinder-volume[87011]: DEBUG cinder.volume.manager [None req-866be9e5-a37e-40ac-860f-296da62d645d tempest-AttachVolumeNegativeTest-335382434 None] Task 'cinder.volume.flows.manager.create_volume.NotifyVolumeActionTask;volume:create, create.start' (34b09287-762f-441c-84c3-3cf62dbf486d) transitioned into state 'RUNNING' from state 'PENDING' {{(pid=87011) _task_receiver /opt/stack/data/venv/lib/python3.12/site-packages/taskflow/listeners/logging.py:242}}
Jul 09 14:12:00 devstack cinder-volume[87011]: DEBUG cinder.volume.manager [None req-866be9e5-a37e-40ac-860f-296da62d645d tempest-AttachVolumeNegativeTest-335382434 None] Task 'cinder.volume.flows.manager.create_volume.NotifyVolumeActionTask;volume:create, create.start' (34b09287-762f-441c-84c3-3cf62dbf486d) transitioned into state 'SUCCESS' from state 'RUNNING' with result 'None' {{(pid=87011) _task_receiver /opt/stack/data/venv/lib/python3.12/site-packages/taskflow/listeners/logging.py:218}}
Jul 09 14:12:00 devstack cinder-volume[87011]: DEBUG cinder.volume.manager [None req-866be9e5-a37e-40ac-860f-296da62d645d tempest-AttachVolumeNegativeTest-335382434 None] Task 'cinder.volume.flows.manager.create_volume.CreateVolumeFromSpecTask;volume:create' (4d502440-a64a-4733-9e5d-523d9eae1351) transitioned into state 'RUNNING' from state 'PENDING' {{(pid=87011) _task_receiver /opt/stack/data/venv/lib/python3.12/site-packages/taskflow/listeners/logging.py:242}}
Jul 09 14:12:00 devstack cinder-volume[87011]: INFO cinder.volume.flows.manager.create_volume [None req-866be9e5-a37e-40ac-860f-296da62d645d tempest-AttachVolumeNegativeTest-335382434 None] Volume bcdd2245-6185-4300-9c20-09c246435d3f: being created as raw with specification: {'status': 'creating', 'volume_name': 'volume-bcdd2245-6185-4300-9c20-09c246435d3f', 'volume_size': 1}
Jul 09 14:12:00 devstack cinder-volume[87011]: DEBUG oslo_concurrency.lockutils [None req-866be9e5-a37e-40ac-860f-296da62d645d tempest-AttachVolumeNegativeTest-335382434 None] Acquiring lock "quobyte" by "cinder.volume.drivers.quobyte.QuobyteDriver.create_volume" {{(pid=87011) inner /opt/stack/data/venv/lib/python3.12/site-packages/oslo_concurrency/lockutils.py:511}}
Jul 09 14:12:00 devstack sudo[92541]: pam_unix(sudo:session): session closed for user root
Jul 09 14:12:00 devstack cinder-volume[87011]: DEBUG oslo_concurrency.processutils [None req-2fa40e14-52bf-414a-b520-4fdbd24d62f2 tempest-GroupSnapshotsTest-1287877168 None] CMD "sudo cinder-rootwrap /etc/cinder/rootwrap.conf chmod ugo+rw /opt/stack/data/cinder/mnt/3c73aaeefc3d01142aa1cbef7ffc68ea/volume-77a8c953-1aef-4d16-9ec5-d9c95814389c.a6fe10fc-690b-453b-8013-2ea4cb36514a" returned: 0 in 0.855s {{(pid=87011) execute /opt/stack/data/venv/lib/python3.12/site-packages/oslo_concurrency/processutils.py:468}}
Jul 09 14:12:00 devstack cinder-volume[87011]: DEBUG oslo_concurrency.processutils [None req-2fa40e14-52bf-414a-b520-4fdbd24d62f2 tempest-GroupSnapshotsTest-1287877168 None] Running cmd (subprocess): sudo cinder-rootwrap /etc/cinder/rootwrap.conf truncate -s0 /opt/stack/data/cinder/mnt/3c73aaeefc3d01142aa1cbef7ffc68ea/volume-77a8c953-1aef-4d16-9ec5-d9c95814389c.info {{(pid=87011) execute /opt/stack/data/venv/lib/python3.12/site-packages/oslo_concurrency/processutils.py:440}}
Jul 09 14:12:01 devstack sudo[92545]: quobyte : PWD=/ ; USER=root ; COMMAND=/opt/stack/data/venv/bin/cinder-rootwrap /etc/cinder/rootwrap.conf truncate -s0 /opt/stack/data/cinder/mnt/3c73aaeefc3d01142aa1cbef7ffc68ea/volume-77a8c953-1aef-4d16-9ec5-d9c95814389c.info
Jul 09 14:12:01 devstack sudo[92545]: pam_unix(sudo:session): session opened for user root(uid=0) by (uid=1000)
Jul 09 14:12:01 devstack sudo[92545]: pam_unix(sudo:session): session closed for user root
Jul 09 14:12:01 devstack cinder-volume[87011]: DEBUG oslo_concurrency.processutils [None req-2fa40e14-52bf-414a-b520-4fdbd24d62f2 tempest-GroupSnapshotsTest-1287877168 None] CMD "sudo cinder-rootwrap /etc/cinder/rootwrap.conf truncate -s0 /opt/stack/data/cinder/mnt/3c73aaeefc3d01142aa1cbef7ffc68ea/volume-77a8c953-1aef-4d16-9ec5-d9c95814389c.info" returned: 0 in 0.820s {{(pid=87011) execute /opt/stack/data/venv/lib/python3.12/site-packages/oslo_concurrency/processutils.py:468}}
Jul 09 14:12:01 devstack cinder-volume[87011]: WARNING cinder.volume.drivers.remotefs [None req-2fa40e14-52bf-414a-b520-4fdbd24d62f2 tempest-GroupSnapshotsTest-1287877168 None] /opt/stack/data/cinder/mnt/3c73aaeefc3d01142aa1cbef7ffc68ea/volume-77a8c953-1aef-4d16-9ec5-d9c95814389c.info is being set with open permissions: ugo+rw: NotImplementedError
Jul 09 14:12:01 devstack cinder-volume[87011]: DEBUG oslo_concurrency.processutils [None req-2fa40e14-52bf-414a-b520-4fdbd24d62f2 tempest-GroupSnapshotsTest-1287877168 None] Running cmd (subprocess): sudo cinder-rootwrap /etc/cinder/rootwrap.conf chmod ugo+rw /opt/stack/data/cinder/mnt/3c73aaeefc3d01142aa1cbef7ffc68ea/volume-77a8c953-1aef-4d16-9ec5-d9c95814389c.info {{(pid=87011) execute /opt/stack/data/venv/lib/python3.12/site-packages/oslo_concurrency/processutils.py:440}}
Jul 09 14:12:01 devstack sudo[92548]: quobyte : PWD=/ ; USER=root ; COMMAND=/opt/stack/data/venv/bin/cinder-rootwrap /etc/cinder/rootwrap.conf chmod ugo+rw /opt/stack/data/cinder/mnt/3c73aaeefc3d01142aa1cbef7ffc68ea/volume-77a8c953-1aef-4d16-9ec5-d9c95814389c.info
Jul 09 14:12:01 devstack sudo[92548]: pam_unix(sudo:session): session opened for user root(uid=0) by (uid=1000)
Jul 09 14:12:02 devstack sudo[92548]: pam_unix(sudo:session): session closed for user root
Jul 09 14:12:02 devstack cinder-volume[87011]: DEBUG oslo_concurrency.processutils [None req-2fa40e14-52bf-414a-b520-4fdbd24d62f2 tempest-GroupSnapshotsTest-1287877168 None] CMD "sudo cinder-rootwrap /etc/cinder/rootwrap.conf chmod ugo+rw /opt/stack/data/cinder/mnt/3c73aaeefc3d01142aa1cbef7ffc68ea/volume-77a8c953-1aef-4d16-9ec5-d9c95814389c.info" returned: 0 in 0.786s {{(pid=87011) execute /opt/stack/data/venv/lib/python3.12/site-packages/oslo_concurrency/processutils.py:468}}
Jul 09 14:12:02 devstack cinder-volume[87011]: DEBUG oslo_concurrency.lockutils [None req-2fa40e14-52bf-414a-b520-4fdbd24d62f2 tempest-GroupSnapshotsTest-1287877168 None] Lock "quobyte" "released" by "cinder.volume.drivers.quobyte.QuobyteDriver.create_snapshot" :: held 5.623s {{(pid=87011) inner /opt/stack/data/venv/lib/python3.12/site-packages/oslo_concurrency/lockutils.py:543}}
Jul 09 14:12:02 devstack cinder-volume[87011]: DEBUG oslo_concurrency.lockutils [None req-866be9e5-a37e-40ac-860f-296da62d645d tempest-AttachVolumeNegativeTest-335382434 None] Lock "quobyte" acquired by "cinder.volume.drivers.quobyte.QuobyteDriver.create_volume" :: waited 1.783s {{(pid=87011) inner /opt/stack/data/venv/lib/python3.12/site-packages/oslo_concurrency/lockutils.py:524}}
Jul 09 14:12:02 devstack cinder-volume[87011]: DEBUG cinder.volume.drivers.quobyte [None req-866be9e5-a37e-40ac-860f-296da62d645d tempest-AttachVolumeNegativeTest-335382434 None] ==> create_volume: call "{'self': , 'volume': Volume(_name_id=None,admin_metadata=,attach_status='detached',availability_zone='nova',bootable=False,cluster=,cluster_name=None,consistencygroup=,consistencygroup_id=None,created_at=2026-07-09T12:12:00Z,deleted=False,deleted_at=None,display_description=None,display_name='tempest-AttachVolumeNegativeTest-volume-589414502',ec2_id=None,encryption_key_id=None,glance_metadata=,group=,group_id=None,host='devstack@QuobyteHD#QuobyteHD',id=bcdd2245-6185-4300-9c20-09c246435d3f,launched_at=None,metadata={},migration_status=None,multiattach=False,previous_status=None,project_id='9986ea392cb94b35b696c956d33f27f9',provider_auth=None,provider_geometry=None,provider_id=None,provider_location=None,replication_driver_data=None,replication_extended_status=None,replication_status=None,scheduled_at=2026-07-09T12:12:01Z,service_uuid=None,shared_targets=True,size=1,snapshot_id=None,snapshots=,source_volid=None,status='creating',terminated_at=None,updated_at=2026-07-09T12:12:01Z,use_quota=True,user_id='738381f58f9647b2b55e7283075b7bbe',volume_attachment=VolumeAttachmentList,volume_type=VolumeType(15d78fab-3a16-4373-926a-343dffd8b565),volume_type_id=15d78fab-3a16-4373-926a-343dffd8b565)}" {{(pid=87011) trace_logging_wrapper /opt/stack/cinder/cinder/volume/volume_utils.py:1497}}
Jul 09 14:12:02 devstack cinder-volume[87011]: DEBUG cinder.volume.drivers.remotefs [None req-866be9e5-a37e-40ac-860f-296da62d645d tempest-AttachVolumeNegativeTest-335382434 None] Creating volume bcdd2245-6185-4300-9c20-09c246435d3f {{(pid=87011) create_volume /opt/stack/cinder/cinder/volume/drivers/remotefs.py:292}}
Jul 09 14:12:02 devstack cinder-volume[87011]: DEBUG oslo_concurrency.lockutils [None req-866be9e5-a37e-40ac-860f-296da62d645d tempest-AttachVolumeNegativeTest-335382434 None] Acquiring lock "quobyte_ensure" by "cinder.volume.drivers.quobyte.QuobyteDriver._ensure_shares_mounted" {{(pid=87011) inner /opt/stack/data/venv/lib/python3.12/site-packages/oslo_concurrency/lockutils.py:511}}
Jul 09 14:12:02 devstack cinder-volume[87011]: DEBUG oslo_concurrency.lockutils [None req-866be9e5-a37e-40ac-860f-296da62d645d tempest-AttachVolumeNegativeTest-335382434 None] Lock "quobyte_ensure" acquired by "cinder.volume.drivers.quobyte.QuobyteDriver._ensure_shares_mounted" :: waited 0.000s {{(pid=87011) inner /opt/stack/data/venv/lib/python3.12/site-packages/oslo_concurrency/lockutils.py:524}}
Jul 09 14:12:02 devstack cinder-volume[87011]: DEBUG cinder.volume.drivers.quobyte [None req-866be9e5-a37e-40ac-860f-296da62d645d tempest-AttachVolumeNegativeTest-335382434 None] Quobyte Volume URL set to: {'osci02.corp.quobyte.com/cinder-vol-6303c5a4-0219-4766-a255-81e32cf1e610': None} {{(pid=87011) _load_shares_config /opt/stack/cinder/cinder/volume/drivers/quobyte.py:617}}
Jul 09 14:12:02 devstack cinder-volume[87011]: DEBUG cinder.volume.drivers.quobyte [None req-866be9e5-a37e-40ac-860f-296da62d645d tempest-AttachVolumeNegativeTest-335382434 None] Available shares ['osci02.corp.quobyte.com/cinder-vol-6303c5a4-0219-4766-a255-81e32cf1e610'] {{(pid=87011) _ensure_shares_mounted /opt/stack/cinder/cinder/volume/drivers/quobyte.py:647}}
Jul 09 14:12:02 devstack cinder-volume[87011]: DEBUG oslo_concurrency.lockutils [None req-866be9e5-a37e-40ac-860f-296da62d645d tempest-AttachVolumeNegativeTest-335382434 None] Lock "quobyte_ensure" "released" by "cinder.volume.drivers.quobyte.QuobyteDriver._ensure_shares_mounted" :: held 0.013s {{(pid=87011) inner /opt/stack/data/venv/lib/python3.12/site-packages/oslo_concurrency/lockutils.py:543}}
Jul 09 14:12:02 devstack cinder-volume[87011]: DEBUG cinder.volume.drivers.quobyte [None req-866be9e5-a37e-40ac-860f-296da62d645d tempest-AttachVolumeNegativeTest-335382434 None] Selected osci02.corp.quobyte.com/cinder-vol-6303c5a4-0219-4766-a255-81e32cf1e610 as target Quobyte volume. {{(pid=87011) _find_share /opt/stack/cinder/cinder/volume/drivers/quobyte.py:668}}
Jul 09 14:12:02 devstack cinder-volume[87011]: INFO cinder.volume.drivers.remotefs [None req-866be9e5-a37e-40ac-860f-296da62d645d tempest-AttachVolumeNegativeTest-335382434 None] casted to osci02.corp.quobyte.com/cinder-vol-6303c5a4-0219-4766-a255-81e32cf1e610
Jul 09 14:12:02 devstack cinder-volume[87011]: DEBUG oslo_concurrency.processutils [None req-866be9e5-a37e-40ac-860f-296da62d645d tempest-AttachVolumeNegativeTest-335382434 None] Running cmd (subprocess): sudo cinder-rootwrap /etc/cinder/rootwrap.conf qemu-img create -f qcow2 -o preallocation=metadata /opt/stack/data/cinder/mnt/3c73aaeefc3d01142aa1cbef7ffc68ea/volume-bcdd2245-6185-4300-9c20-09c246435d3f 1073741824 {{(pid=87011) execute /opt/stack/data/venv/lib/python3.12/site-packages/oslo_concurrency/processutils.py:440}}
Jul 09 14:12:02 devstack sudo[92551]: quobyte : PWD=/ ; USER=root ; COMMAND=/opt/stack/data/venv/bin/cinder-rootwrap /etc/cinder/rootwrap.conf qemu-img create -f qcow2 -o preallocation=metadata /opt/stack/data/cinder/mnt/3c73aaeefc3d01142aa1cbef7ffc68ea/volume-bcdd2245-6185-4300-9c20-09c246435d3f 1073741824
Jul 09 14:12:02 devstack sudo[92551]: pam_unix(sudo:session): session opened for user root(uid=0) by (uid=1000)
Jul 09 14:12:02 devstack cinder-volume[87011]: INFO cinder.volume.manager [None req-2fa40e14-52bf-414a-b520-4fdbd24d62f2 tempest-GroupSnapshotsTest-1287877168 None] group_snapshot 5120d437-09d9-454b-8891-b8d59dd2faa1: created successfully
Jul 09 14:12:03 devstack cinder-volume[87011]: INFO cinder.volume.manager [None req-36d3f663-7cac-4422-87e7-50f170055166 tempest-GroupSnapshotsTest-1287877168 None] group_snapshot 5120d437-09d9-454b-8891-b8d59dd2faa1: deleting
Jul 09 14:12:03 devstack cinder-volume[87011]: DEBUG cinder.volume.manager [None req-36d3f663-7cac-4422-87e7-50f170055166 tempest-GroupSnapshotsTest-1287877168 None] group_snapshot 5120d437-09d9-454b-8891-b8d59dd2faa1: deleting {{(pid=87011) delete_group_snapshot /opt/stack/cinder/cinder/volume/manager.py:4350}}
Jul 09 14:12:03 devstack cinder-volume[87011]: DEBUG cinder.coordination [None req-36d3f663-7cac-4422-87e7-50f170055166 tempest-GroupSnapshotsTest-1287877168 None] Acquiring lock "cinder-quobyte-77a8c953-1aef-4d16-9ec5-d9c95814389c" by "delete_snapshot" {{(pid=87011) __acquire /opt/stack/cinder/cinder/coordination.py:138}}
Jul 09 14:12:03 devstack cinder-volume[87011]: DEBUG cinder.coordination [None req-36d3f663-7cac-4422-87e7-50f170055166 tempest-GroupSnapshotsTest-1287877168 None] Lock "cinder-quobyte-77a8c953-1aef-4d16-9ec5-d9c95814389c" acquired by "delete_snapshot" :: waited 0.025s {{(pid=87011) __acquire /opt/stack/cinder/cinder/coordination.py:141}}
Jul 09 14:12:03 devstack cinder-volume[87011]: DEBUG cinder.coordination [None req-36d3f663-7cac-4422-87e7-50f170055166 tempest-GroupSnapshotsTest-1287877168 None] Acquiring lock "cinder-quobyte-a6fe10fc-690b-453b-8013-2ea4cb36514a" by "_delete_snapshot" {{(pid=87011) __acquire /opt/stack/cinder/cinder/coordination.py:138}}
Jul 09 14:12:03 devstack cinder-volume[87011]: DEBUG cinder.coordination [None req-36d3f663-7cac-4422-87e7-50f170055166 tempest-GroupSnapshotsTest-1287877168 None] Lock "cinder-quobyte-a6fe10fc-690b-453b-8013-2ea4cb36514a" acquired by "_delete_snapshot" :: waited 0.022s {{(pid=87011) __acquire /opt/stack/cinder/cinder/coordination.py:141}}
Jul 09 14:12:03 devstack cinder-volume[87011]: DEBUG cinder.volume.drivers.remotefs [None req-36d3f663-7cac-4422-87e7-50f170055166 tempest-GroupSnapshotsTest-1287877168 None] Deleting offline snapshot a6fe10fc-690b-453b-8013-2ea4cb36514a of volume 77a8c953-1aef-4d16-9ec5-d9c95814389c {{(pid=87011) _delete_snapshot /opt/stack/cinder/cinder/volume/drivers/remotefs.py:1288}}
Jul 09 14:12:03 devstack cinder-volume[87011]: DEBUG cinder.volume.drivers.remotefs [None req-36d3f663-7cac-4422-87e7-50f170055166 tempest-GroupSnapshotsTest-1287877168 None] snapshot_file for this snap is: volume-77a8c953-1aef-4d16-9ec5-d9c95814389c.a6fe10fc-690b-453b-8013-2ea4cb36514a {{(pid=87011) _delete_snapshot /opt/stack/cinder/cinder/volume/drivers/remotefs.py:1317}}
Jul 09 14:12:03 devstack cinder-volume[87011]: DEBUG oslo.privsep.daemon [-] privsep: reply[1a929194-a951-4bcb-98a4-1545b6e13d50]: (4, 'qcow2') {{(pid=88269) _call_back /opt/stack/data/venv/lib/python3.12/site-packages/oslo_privsep/daemon.py:580}}
Jul 09 14:12:03 devstack cinder-volume[87011]: DEBUG oslo_concurrency.processutils [None req-36d3f663-7cac-4422-87e7-50f170055166 tempest-GroupSnapshotsTest-1287877168 None] Running cmd (subprocess): /opt/stack/data/venv/bin/python3.12 -m oslo_concurrency.prlimit --as=1073741824 --cpu=60 -- sudo cinder-rootwrap /etc/cinder/rootwrap.conf env LC_ALL=C qemu-img info -f qcow2 --output=json --force-share /opt/stack/data/cinder/mnt/3c73aaeefc3d01142aa1cbef7ffc68ea/volume-77a8c953-1aef-4d16-9ec5-d9c95814389c.a6fe10fc-690b-453b-8013-2ea4cb36514a {{(pid=87011) execute /opt/stack/data/venv/lib/python3.12/site-packages/oslo_concurrency/processutils.py:440}}
Jul 09 14:12:03 devstack sudo[92551]: pam_unix(sudo:session): session closed for user root
Jul 09 14:12:03 devstack cinder-volume[87011]: DEBUG oslo_concurrency.processutils [None req-866be9e5-a37e-40ac-860f-296da62d645d tempest-AttachVolumeNegativeTest-335382434 None] CMD "sudo cinder-rootwrap /etc/cinder/rootwrap.conf qemu-img create -f qcow2 -o preallocation=metadata /opt/stack/data/cinder/mnt/3c73aaeefc3d01142aa1cbef7ffc68ea/volume-bcdd2245-6185-4300-9c20-09c246435d3f 1073741824" returned: 0 in 1.334s {{(pid=87011) execute /opt/stack/data/venv/lib/python3.12/site-packages/oslo_concurrency/processutils.py:468}}
Jul 09 14:12:03 devstack sudo[92560]: quobyte : PWD=/ ; USER=root ; COMMAND=/opt/stack/data/venv/bin/cinder-rootwrap /etc/cinder/rootwrap.conf env LC_ALL=C qemu-img info -f qcow2 --output=json --force-share /opt/stack/data/cinder/mnt/3c73aaeefc3d01142aa1cbef7ffc68ea/volume-77a8c953-1aef-4d16-9ec5-d9c95814389c.a6fe10fc-690b-453b-8013-2ea4cb36514a
Jul 09 14:12:03 devstack sudo[92560]: pam_unix(sudo:session): session opened for user root(uid=0) by (uid=1000)
Jul 09 14:12:04 devstack cinder-volume[87011]: DEBUG oslo_concurrency.processutils [None req-866be9e5-a37e-40ac-860f-296da62d645d tempest-AttachVolumeNegativeTest-335382434 None] Running cmd (subprocess): sudo cinder-rootwrap /etc/cinder/rootwrap.conf chmod ugo+rw /opt/stack/data/cinder/mnt/3c73aaeefc3d01142aa1cbef7ffc68ea/volume-bcdd2245-6185-4300-9c20-09c246435d3f {{(pid=87011) execute /opt/stack/data/venv/lib/python3.12/site-packages/oslo_concurrency/processutils.py:440}}
Jul 09 14:12:04 devstack sudo[92562]: quobyte : PWD=/ ; USER=root ; COMMAND=/opt/stack/data/venv/bin/cinder-rootwrap /etc/cinder/rootwrap.conf chmod ugo+rw /opt/stack/data/cinder/mnt/3c73aaeefc3d01142aa1cbef7ffc68ea/volume-bcdd2245-6185-4300-9c20-09c246435d3f
Jul 09 14:12:04 devstack sudo[92562]: pam_unix(sudo:session): session opened for user root(uid=0) by (uid=1000)
Jul 09 14:12:04 devstack sudo[92560]: pam_unix(sudo:session): session closed for user root
Jul 09 14:12:04 devstack cinder-volume[87011]: DEBUG oslo_concurrency.processutils [None req-36d3f663-7cac-4422-87e7-50f170055166 tempest-GroupSnapshotsTest-1287877168 None] CMD "/opt/stack/data/venv/bin/python3.12 -m oslo_concurrency.prlimit --as=1073741824 --cpu=60 -- sudo cinder-rootwrap /etc/cinder/rootwrap.conf env LC_ALL=C qemu-img info -f qcow2 --output=json --force-share /opt/stack/data/cinder/mnt/3c73aaeefc3d01142aa1cbef7ffc68ea/volume-77a8c953-1aef-4d16-9ec5-d9c95814389c.a6fe10fc-690b-453b-8013-2ea4cb36514a" returned: 0 in 1.090s {{(pid=87011) execute /opt/stack/data/venv/lib/python3.12/site-packages/oslo_concurrency/processutils.py:468}}
Jul 09 14:12:04 devstack cinder-volume[87011]: DEBUG cinder.volume.drivers.remotefs [None req-36d3f663-7cac-4422-87e7-50f170055166 tempest-GroupSnapshotsTest-1287877168 None] Fetching qemu-img info with special backing_file_template: (/opt/stack/data/cinder/mnt/[0-9a-f]+/)?(volume-77a8c953-1aef-4d16-9ec5-d9c95814389c(.(tmp-snap-)?[0-9a-f-]+)?|volume_from_snapshot_cache/(tmp-snap-)?[0-9a-f-]+(.(child-|parent-)[0-9a-f-]+)?)$ {{(pid=87011) _qemu_img_info_base /opt/stack/cinder/cinder/volume/drivers/remotefs.py:896}}
Jul 09 14:12:04 devstack cinder-volume[87011]: DEBUG oslo.privsep.daemon [-] privsep: reply[8ffe565e-e13e-4284-ba7e-a54400dd3c8a]: (4, 'qcow2') {{(pid=88269) _call_back /opt/stack/data/venv/lib/python3.12/site-packages/oslo_privsep/daemon.py:580}}
Jul 09 14:12:04 devstack cinder-volume[87011]: DEBUG oslo_concurrency.processutils [None req-36d3f663-7cac-4422-87e7-50f170055166 tempest-GroupSnapshotsTest-1287877168 None] Running cmd (subprocess): /opt/stack/data/venv/bin/python3.12 -m oslo_concurrency.prlimit --as=1073741824 --cpu=60 -- sudo cinder-rootwrap /etc/cinder/rootwrap.conf env LC_ALL=C qemu-img info -f qcow2 --output=json --force-share /opt/stack/data/cinder/mnt/3c73aaeefc3d01142aa1cbef7ffc68ea/volume-77a8c953-1aef-4d16-9ec5-d9c95814389c {{(pid=87011) execute /opt/stack/data/venv/lib/python3.12/site-packages/oslo_concurrency/processutils.py:440}}
Jul 09 14:12:05 devstack sudo[92562]: pam_unix(sudo:session): session closed for user root
Jul 09 14:12:05 devstack cinder-volume[87011]: DEBUG oslo_concurrency.processutils [None req-866be9e5-a37e-40ac-860f-296da62d645d tempest-AttachVolumeNegativeTest-335382434 None] CMD "sudo cinder-rootwrap /etc/cinder/rootwrap.conf chmod ugo+rw /opt/stack/data/cinder/mnt/3c73aaeefc3d01142aa1cbef7ffc68ea/volume-bcdd2245-6185-4300-9c20-09c246435d3f" returned: 0 in 0.992s {{(pid=87011) execute /opt/stack/data/venv/lib/python3.12/site-packages/oslo_concurrency/processutils.py:468}}
Jul 09 14:12:05 devstack cinder-volume[87011]: DEBUG cinder.volume.drivers.quobyte [None req-866be9e5-a37e-40ac-860f-296da62d645d tempest-AttachVolumeNegativeTest-335382434 None] <== create_volume: return (2388ms) {'provider_location': 'osci02.corp.quobyte.com/cinder-vol-6303c5a4-0219-4766-a255-81e32cf1e610'} {{(pid=87011) trace_logging_wrapper /opt/stack/cinder/cinder/volume/volume_utils.py:1522}}
Jul 09 14:12:05 devstack cinder-volume[87011]: DEBUG oslo_concurrency.lockutils [None req-866be9e5-a37e-40ac-860f-296da62d645d tempest-AttachVolumeNegativeTest-335382434 None] Lock "quobyte" "released" by "cinder.volume.drivers.quobyte.QuobyteDriver.create_volume" :: held 2.394s {{(pid=87011) inner /opt/stack/data/venv/lib/python3.12/site-packages/oslo_concurrency/lockutils.py:543}}
Jul 09 14:12:05 devstack cinder-volume[87011]: DEBUG cinder.volume.manager [None req-866be9e5-a37e-40ac-860f-296da62d645d tempest-AttachVolumeNegativeTest-335382434 None] Task 'cinder.volume.flows.manager.create_volume.CreateVolumeFromSpecTask;volume:create' (4d502440-a64a-4733-9e5d-523d9eae1351) transitioned into state 'SUCCESS' from state 'RUNNING' with result '{'status': 'creating', 'volume_name': 'volume-bcdd2245-6185-4300-9c20-09c246435d3f', 'volume_size': 1}' {{(pid=87011) _task_receiver /opt/stack/data/venv/lib/python3.12/site-packages/taskflow/listeners/logging.py:218}}
Jul 09 14:12:05 devstack cinder-volume[87011]: DEBUG cinder.volume.manager [None req-866be9e5-a37e-40ac-860f-296da62d645d tempest-AttachVolumeNegativeTest-335382434 None] Task 'cinder.volume.flows.manager.create_volume.CreateVolumeOnFinishTask;volume:create, create.end' (27785203-ac5a-4e8d-b678-00a8a6221895) transitioned into state 'RUNNING' from state 'PENDING' {{(pid=87011) _task_receiver /opt/stack/data/venv/lib/python3.12/site-packages/taskflow/listeners/logging.py:242}}
Jul 09 14:12:05 devstack cinder-volume[87011]: INFO cinder.volume.flows.manager.create_volume [None req-866be9e5-a37e-40ac-860f-296da62d645d tempest-AttachVolumeNegativeTest-335382434 None] Volume volume-bcdd2245-6185-4300-9c20-09c246435d3f (bcdd2245-6185-4300-9c20-09c246435d3f): created successfully
Jul 09 14:12:05 devstack cinder-volume[87011]: DEBUG cinder.volume.manager [None req-866be9e5-a37e-40ac-860f-296da62d645d tempest-AttachVolumeNegativeTest-335382434 None] Task 'cinder.volume.flows.manager.create_volume.CreateVolumeOnFinishTask;volume:create, create.end' (27785203-ac5a-4e8d-b678-00a8a6221895) transitioned into state 'SUCCESS' from state 'RUNNING' with result 'None' {{(pid=87011) _task_receiver /opt/stack/data/venv/lib/python3.12/site-packages/taskflow/listeners/logging.py:218}}
Jul 09 14:12:05 devstack cinder-volume[87011]: DEBUG cinder.volume.manager [None req-866be9e5-a37e-40ac-860f-296da62d645d tempest-AttachVolumeNegativeTest-335382434 None] Flow 'volume_create_manager' (af2a9377-6f3e-4026-8861-9ad3bae26935) transitioned into state 'SUCCESS' from state 'RUNNING' {{(pid=87011) _flow_receiver /opt/stack/data/venv/lib/python3.12/site-packages/taskflow/listeners/logging.py:160}}
Jul 09 14:12:05 devstack cinder-volume[87011]: INFO cinder.volume.manager [None req-866be9e5-a37e-40ac-860f-296da62d645d tempest-AttachVolumeNegativeTest-335382434 None] Created volume successfully.
Jul 09 14:12:05 devstack sudo[92571]: quobyte : PWD=/ ; USER=root ; COMMAND=/opt/stack/data/venv/bin/cinder-rootwrap /etc/cinder/rootwrap.conf env LC_ALL=C qemu-img info -f qcow2 --output=json --force-share /opt/stack/data/cinder/mnt/3c73aaeefc3d01142aa1cbef7ffc68ea/volume-77a8c953-1aef-4d16-9ec5-d9c95814389c
Jul 09 14:12:05 devstack sudo[92571]: pam_unix(sudo:session): session opened for user root(uid=0) by (uid=1000)
Jul 09 14:12:05 devstack sudo[92571]: pam_unix(sudo:session): session closed for user root
Jul 09 14:12:05 devstack cinder-volume[87011]: DEBUG oslo_concurrency.processutils [None req-36d3f663-7cac-4422-87e7-50f170055166 tempest-GroupSnapshotsTest-1287877168 None] CMD "/opt/stack/data/venv/bin/python3.12 -m oslo_concurrency.prlimit --as=1073741824 --cpu=60 -- sudo cinder-rootwrap /etc/cinder/rootwrap.conf env LC_ALL=C qemu-img info -f qcow2 --output=json --force-share /opt/stack/data/cinder/mnt/3c73aaeefc3d01142aa1cbef7ffc68ea/volume-77a8c953-1aef-4d16-9ec5-d9c95814389c" returned: 0 in 0.905s {{(pid=87011) execute /opt/stack/data/venv/lib/python3.12/site-packages/oslo_concurrency/processutils.py:468}}
Jul 09 14:12:05 devstack cinder-volume[87011]: DEBUG oslo_concurrency.processutils [None req-36d3f663-7cac-4422-87e7-50f170055166 tempest-GroupSnapshotsTest-1287877168 None] Running cmd (subprocess): sudo cinder-rootwrap /etc/cinder/rootwrap.conf qemu-img commit -d /opt/stack/data/cinder/mnt/3c73aaeefc3d01142aa1cbef7ffc68ea/volume-77a8c953-1aef-4d16-9ec5-d9c95814389c.a6fe10fc-690b-453b-8013-2ea4cb36514a {{(pid=87011) execute /opt/stack/data/venv/lib/python3.12/site-packages/oslo_concurrency/processutils.py:440}}
Jul 09 14:12:05 devstack sudo[92577]: quobyte : PWD=/ ; USER=root ; COMMAND=/opt/stack/data/venv/bin/cinder-rootwrap /etc/cinder/rootwrap.conf qemu-img commit -d /opt/stack/data/cinder/mnt/3c73aaeefc3d01142aa1cbef7ffc68ea/volume-77a8c953-1aef-4d16-9ec5-d9c95814389c.a6fe10fc-690b-453b-8013-2ea4cb36514a
Jul 09 14:12:05 devstack sudo[92577]: pam_unix(sudo:session): session opened for user root(uid=0) by (uid=1000)
Jul 09 14:12:06 devstack sudo[92577]: pam_unix(sudo:session): session closed for user root
Jul 09 14:12:06 devstack cinder-volume[87011]: DEBUG oslo_concurrency.processutils [None req-36d3f663-7cac-4422-87e7-50f170055166 tempest-GroupSnapshotsTest-1287877168 None] CMD "sudo cinder-rootwrap /etc/cinder/rootwrap.conf qemu-img commit -d /opt/stack/data/cinder/mnt/3c73aaeefc3d01142aa1cbef7ffc68ea/volume-77a8c953-1aef-4d16-9ec5-d9c95814389c.a6fe10fc-690b-453b-8013-2ea4cb36514a" returned: 0 in 0.811s {{(pid=87011) execute /opt/stack/data/venv/lib/python3.12/site-packages/oslo_concurrency/processutils.py:468}}
Jul 09 14:12:06 devstack cinder-volume[87011]: DEBUG oslo_concurrency.processutils [None req-36d3f663-7cac-4422-87e7-50f170055166 tempest-GroupSnapshotsTest-1287877168 None] Running cmd (subprocess): sudo cinder-rootwrap /etc/cinder/rootwrap.conf rm -f /opt/stack/data/cinder/mnt/3c73aaeefc3d01142aa1cbef7ffc68ea/volume-77a8c953-1aef-4d16-9ec5-d9c95814389c.a6fe10fc-690b-453b-8013-2ea4cb36514a {{(pid=87011) execute /opt/stack/data/venv/lib/python3.12/site-packages/oslo_concurrency/processutils.py:440}}
Jul 09 14:12:06 devstack sudo[92588]: quobyte : PWD=/ ; USER=root ; COMMAND=/opt/stack/data/venv/bin/cinder-rootwrap /etc/cinder/rootwrap.conf rm -f /opt/stack/data/cinder/mnt/3c73aaeefc3d01142aa1cbef7ffc68ea/volume-77a8c953-1aef-4d16-9ec5-d9c95814389c.a6fe10fc-690b-453b-8013-2ea4cb36514a
Jul 09 14:12:06 devstack sudo[92588]: pam_unix(sudo:session): session opened for user root(uid=0) by (uid=1000)
Jul 09 14:12:07 devstack sudo[92588]: pam_unix(sudo:session): session closed for user root
Jul 09 14:12:07 devstack cinder-volume[87011]: DEBUG oslo_concurrency.processutils [None req-36d3f663-7cac-4422-87e7-50f170055166 tempest-GroupSnapshotsTest-1287877168 None] CMD "sudo cinder-rootwrap /etc/cinder/rootwrap.conf rm -f /opt/stack/data/cinder/mnt/3c73aaeefc3d01142aa1cbef7ffc68ea/volume-77a8c953-1aef-4d16-9ec5-d9c95814389c.a6fe10fc-690b-453b-8013-2ea4cb36514a" returned: 0 in 0.689s {{(pid=87011) execute /opt/stack/data/venv/lib/python3.12/site-packages/oslo_concurrency/processutils.py:468}}
Jul 09 14:12:07 devstack cinder-volume[87011]: DEBUG cinder.coordination [None req-36d3f663-7cac-4422-87e7-50f170055166 tempest-GroupSnapshotsTest-1287877168 None] Lock "cinder-quobyte-a6fe10fc-690b-453b-8013-2ea4cb36514a" released by "_delete_snapshot" :: held 3.646s {{(pid=87011) __release /opt/stack/cinder/cinder/coordination.py:152}}
Jul 09 14:12:07 devstack cinder-volume[87011]: DEBUG cinder.coordination [None req-36d3f663-7cac-4422-87e7-50f170055166 tempest-GroupSnapshotsTest-1287877168 None] Lock "cinder-quobyte-77a8c953-1aef-4d16-9ec5-d9c95814389c" released by "delete_snapshot" :: held 3.675s {{(pid=87011) __release /opt/stack/cinder/cinder/coordination.py:152}}
