Jul 17 05:20:20 devstack devstack@g-api.service[76986]: DEBUG glance.common.config [None req-74254a97-690d-412f-b10c-69e9480548c9 None None] barbican_service_user.timeout = None {{(pid=76986) log_opt_values /opt/stack/data/venv/lib/python3.12/site-packages/oslo_config/cfg.py:3253}}
Jul 17 05:20:20 devstack devstack@g-api.service[76986]: DEBUG glance.common.config [None req-74254a97-690d-412f-b10c-69e9480548c9 None None] database.asyncio_connection = **** {{(pid=76986) log_opt_values /opt/stack/data/venv/lib/python3.12/site-packages/oslo_config/cfg.py:3253}}
Jul 17 05:20:20 devstack devstack@g-api.service[76986]: DEBUG glance.common.config [None req-74254a97-690d-412f-b10c-69e9480548c9 None None] database.asyncio_slave_connection = **** {{(pid=76986) log_opt_values /opt/stack/data/venv/lib/python3.12/site-packages/oslo_config/cfg.py:3253}}
Jul 17 05:20:20 devstack devstack@g-api.service[76986]: DEBUG glance.common.config [None req-74254a97-690d-412f-b10c-69e9480548c9 None None] database.backend = sqlalchemy {{(pid=76986) log_opt_values /opt/stack/data/venv/lib/python3.12/site-packages/oslo_config/cfg.py:3253}}
Jul 17 05:20:20 devstack devstack@g-api.service[76986]: DEBUG glance.common.config [None req-74254a97-690d-412f-b10c-69e9480548c9 None None] database.connection = **** {{(pid=76986) log_opt_values /opt/stack/data/venv/lib/python3.12/site-packages/oslo_config/cfg.py:3253}}
Jul 17 05:20:20 devstack devstack@g-api.service[76986]: DEBUG glance.common.config [None req-74254a97-690d-412f-b10c-69e9480548c9 None None] database.connection_debug = 0 {{(pid=76986) log_opt_values /opt/stack/data/venv/lib/python3.12/site-packages/oslo_config/cfg.py:3253}}
Jul 17 05:20:20 devstack devstack@g-api.service[76986]: DEBUG glance.common.config [None req-74254a97-690d-412f-b10c-69e9480548c9 None None] database.connection_parameters = {{(pid=76986) log_opt_values /opt/stack/data/venv/lib/python3.12/site-packages/oslo_config/cfg.py:3253}}
Jul 17 05:20:20 devstack devstack@g-api.service[76986]: DEBUG glance.common.config [None req-74254a97-690d-412f-b10c-69e9480548c9 None None] database.connection_recycle_time = 3600 {{(pid=76986) log_opt_values /opt/stack/data/venv/lib/python3.12/site-packages/oslo_config/cfg.py:3253}}
Jul 17 05:20:20 devstack devstack@g-api.service[76986]: DEBUG glance.common.config [None req-74254a97-690d-412f-b10c-69e9480548c9 None None] database.connection_trace = False {{(pid=76986) log_opt_values /opt/stack/data/venv/lib/python3.12/site-packages/oslo_config/cfg.py:3253}}
Jul 17 05:20:20 devstack devstack@g-api.service[76986]: DEBUG glance.common.config [None req-74254a97-690d-412f-b10c-69e9480548c9 None None] database.db_inc_retry_interval = True {{(pid=76986) log_opt_values /opt/stack/data/venv/lib/python3.12/site-packages/oslo_config/cfg.py:3253}}
Jul 17 05:20:20 devstack devstack@g-api.service[76986]: DEBUG glance.common.config [None req-74254a97-690d-412f-b10c-69e9480548c9 None None] database.db_max_retries = 20 {{(pid=76986) log_opt_values /opt/stack/data/venv/lib/python3.12/site-packages/oslo_config/cfg.py:3253}}
Jul 17 05:20:20 devstack devstack@g-api.service[76986]: DEBUG glance.common.config [None req-74254a97-690d-412f-b10c-69e9480548c9 None None] database.db_max_retry_interval = 10 {{(pid=76986) log_opt_values /opt/stack/data/venv/lib/python3.12/site-packages/oslo_config/cfg.py:3253}}
Jul 17 05:20:20 devstack devstack@g-api.service[76986]: DEBUG glance.common.config [None req-74254a97-690d-412f-b10c-69e9480548c9 None None] database.db_retry_interval = 1 {{(pid=76986) log_opt_values /opt/stack/data/venv/lib/python3.12/site-packages/oslo_config/cfg.py:3253}}
Jul 17 05:20:20 devstack devstack@g-api.service[76986]: DEBUG glance.common.config [None req-74254a97-690d-412f-b10c-69e9480548c9 None None] database.max_overflow = 50 {{(pid=76986) log_opt_values /opt/stack/data/venv/lib/python3.12/site-packages/oslo_config/cfg.py:3253}}
Jul 17 05:20:20 devstack devstack@g-api.service[76986]: DEBUG glance.common.config [None req-74254a97-690d-412f-b10c-69e9480548c9 None None] database.max_pool_size = 5 {{(pid=76986) log_opt_values /opt/stack/data/venv/lib/python3.12/site-packages/oslo_config/cfg.py:3253}}
Jul 17 05:20:20 devstack devstack@g-api.service[76986]: DEBUG glance.common.config [None req-74254a97-690d-412f-b10c-69e9480548c9 None None] database.max_retries = 10 {{(pid=76986) log_opt_values /opt/stack/data/venv/lib/python3.12/site-packages/oslo_config/cfg.py:3253}}
Jul 17 05:20:20 devstack devstack@g-api.service[76986]: DEBUG glance.common.config [None req-74254a97-690d-412f-b10c-69e9480548c9 None None] database.mysql_sql_mode = TRADITIONAL {{(pid=76986) log_opt_values /opt/stack/data/venv/lib/python3.12/site-packages/oslo_config/cfg.py:3253}}
Jul 17 05:20:20 devstack devstack@g-api.service[76986]: DEBUG glance.common.config [None req-74254a97-690d-412f-b10c-69e9480548c9 None None] database.mysql_wsrep_sync_wait = None {{(pid=76986) log_opt_values /opt/stack/data/venv/lib/python3.12/site-packages/oslo_config/cfg.py:3253}}
Jul 17 05:20:20 devstack devstack@g-api.service[76986]: DEBUG glance.common.config [None req-74254a97-690d-412f-b10c-69e9480548c9 None None] database.pool_timeout = None {{(pid=76986) log_opt_values /opt/stack/data/venv/lib/python3.12/site-packages/oslo_config/cfg.py:3253}}
Jul 17 05:20:20 devstack devstack@g-api.service[76986]: DEBUG glance.common.config [None req-74254a97-690d-412f-b10c-69e9480548c9 None None] database.retry_interval = 10 {{(pid=76986) log_opt_values /opt/stack/data/venv/lib/python3.12/site-packages/oslo_config/cfg.py:3253}}
Jul 17 05:20:20 devstack devstack@g-api.service[76986]: DEBUG glance.common.config [None req-74254a97-690d-412f-b10c-69e9480548c9 None None] database.slave_connection = **** {{(pid=76986) log_opt_values /opt/stack/data/venv/lib/python3.12/site-packages/oslo_config/cfg.py:3253}}
Jul 17 05:20:20 devstack devstack@g-api.service[76986]: DEBUG glance.common.config [None req-74254a97-690d-412f-b10c-69e9480548c9 None None] database.sqlite_synchronous = True {{(pid=76986) log_opt_values /opt/stack/data/venv/lib/python3.12/site-packages/oslo_config/cfg.py:3253}}
Jul 17 05:20:20 devstack devstack@g-api.service[76986]: DEBUG glance.common.config [None req-74254a97-690d-412f-b10c-69e9480548c9 None None] database.synchronous_reader = True {{(pid=76986) log_opt_values /opt/stack/data/venv/lib/python3.12/site-packages/oslo_config/cfg.py:3253}}
Jul 17 05:20:20 devstack devstack@g-api.service[76986]: DEBUG glance.common.config [None req-74254a97-690d-412f-b10c-69e9480548c9 None None] database.use_db_reconnect = False {{(pid=76986) log_opt_values /opt/stack/data/venv/lib/python3.12/site-packages/oslo_config/cfg.py:3253}}
Jul 17 05:20:20 devstack devstack@g-api.service[76986]: DEBUG glance.common.config [None req-74254a97-690d-412f-b10c-69e9480548c9 None None] healthcheck.allowed_source_ranges = [] {{(pid=76986) log_opt_values /opt/stack/data/venv/lib/python3.12/site-packages/oslo_config/cfg.py:3253}}
Jul 17 05:20:20 devstack devstack@g-api.service[76986]: DEBUG glance.common.config [None req-74254a97-690d-412f-b10c-69e9480548c9 None None] healthcheck.backends = ['disable_by_file'] {{(pid=76986) log_opt_values /opt/stack/data/venv/lib/python3.12/site-packages/oslo_config/cfg.py:3253}}
Jul 17 05:20:20 devstack devstack@g-api.service[76986]: DEBUG glance.common.config [None req-74254a97-690d-412f-b10c-69e9480548c9 None None] healthcheck.detailed = False {{(pid=76986) log_opt_values /opt/stack/data/venv/lib/python3.12/site-packages/oslo_config/cfg.py:3253}}
Jul 17 05:20:20 devstack devstack@g-api.service[76986]: DEBUG glance.common.config [None req-74254a97-690d-412f-b10c-69e9480548c9 None None] healthcheck.disable_by_file_path = None {{(pid=76986) log_opt_values /opt/stack/data/venv/lib/python3.12/site-packages/oslo_config/cfg.py:3253}}
Jul 17 05:20:20 devstack devstack@g-api.service[76986]: DEBUG glance.common.config [None req-74254a97-690d-412f-b10c-69e9480548c9 None None] healthcheck.ignore_proxied_requests = False {{(pid=76986) log_opt_values /opt/stack/data/venv/lib/python3.12/site-packages/oslo_config/cfg.py:3253}}
Jul 17 05:20:20 devstack devstack@g-api.service[76986]: DEBUG glance.common.config [None req-74254a97-690d-412f-b10c-69e9480548c9 None None] ******************************************************************************** {{(pid=76986) log_opt_values /opt/stack/data/venv/lib/python3.12/site-packages/oslo_config/cfg.py:3260}}
Jul 17 05:20:20 devstack devstack@g-api.service[76986]: WSGI app 0 (mountpoint='') ready in 6 seconds on interpreter 0x7d641bca4668 pid: 76986 (default app)
Jul 17 05:20:23 devstack devstack@g-api.service[76985]: DEBUG glance.api.middleware.version_negotiation [None req-d27441f2-75f2-44d0-9dd0-a501dbf3af57 None None] Determining version of request: GET / Accept: application/json {{(pid=76985) process_request /opt/stack/glance/glance/api/middleware/version_negotiation.py:44}}
Jul 17 05:20:23 devstack devstack@g-api.service[76985]: DEBUG glance.api.middleware.version_negotiation [None req-d27441f2-75f2-44d0-9dd0-a501dbf3af57 None None] Using url versioning {{(pid=76985) process_request /opt/stack/glance/glance/api/middleware/version_negotiation.py:57}}
Jul 17 05:20:23 devstack devstack@g-api.service[76985]: DEBUG glance.api.middleware.version_negotiation [None req-d27441f2-75f2-44d0-9dd0-a501dbf3af57 None None] Unknown version. Returning version choices. {{(pid=76985) process_request /opt/stack/glance/glance/api/middleware/version_negotiation.py:64}}
Jul 17 05:20:23 devstack devstack@g-api.service[76985]: [pid: 76985|app: 0|req: 2/2] 127.0.0.1 () {34 vars in 519 bytes} [Fri Jul 17 05:20:23 2026] GET / => generated 1571 bytes in 3 msecs (HTTP/1.1 300) 3 headers in 106 bytes (1 switches on core 0)
Jul 17 05:20:23 devstack devstack@g-api.service[76986]: DEBUG glance.api.middleware.version_negotiation [None req-74254a97-690d-412f-b10c-69e9480548c9 None None] Determining version of request: POST /v2/images Accept: */* {{(pid=76986) process_request /opt/stack/glance/glance/api/middleware/version_negotiation.py:44}}
Jul 17 05:20:23 devstack devstack@g-api.service[76986]: DEBUG glance.api.middleware.version_negotiation [None req-74254a97-690d-412f-b10c-69e9480548c9 None None] Using url versioning {{(pid=76986) process_request /opt/stack/glance/glance/api/middleware/version_negotiation.py:57}}
Jul 17 05:20:23 devstack devstack@g-api.service[76986]: DEBUG glance.api.middleware.version_negotiation [None req-74254a97-690d-412f-b10c-69e9480548c9 None None] Matched version: v2 {{(pid=76986) process_request /opt/stack/glance/glance/api/middleware/version_negotiation.py:69}}
Jul 17 05:20:23 devstack devstack@g-api.service[76986]: DEBUG glance.api.middleware.version_negotiation [None req-74254a97-690d-412f-b10c-69e9480548c9 None None] new path /v2/images {{(pid=76986) process_request /opt/stack/glance/glance/api/middleware/version_negotiation.py:70}}
Jul 17 05:20:25 devstack devstack@g-api.service[76986]: [pid: 76986|app: 0|req: 1/3] 127.0.0.1 () {40 vars in 782 bytes} [Fri Jul 17 05:20:23 2026] POST /v2/images => generated 807 bytes in 1080 msecs (HTTP/1.1 201) 6 headers in 314 bytes (1 switches on core 0)
Jul 17 05:20:25 devstack devstack@g-api.service[76985]: DEBUG glance.api.middleware.version_negotiation [None req-d27441f2-75f2-44d0-9dd0-a501dbf3af57 None None] Determining version of request: PUT /v2/images/574080f6-40fa-4386-bd5c-892273b66d56/file Accept: {{(pid=76985) process_request /opt/stack/glance/glance/api/middleware/version_negotiation.py:44}}
Jul 17 05:20:25 devstack devstack@g-api.service[76985]: DEBUG glance.api.middleware.version_negotiation [None req-d27441f2-75f2-44d0-9dd0-a501dbf3af57 None None] Using url versioning {{(pid=76985) process_request /opt/stack/glance/glance/api/middleware/version_negotiation.py:57}}
Jul 17 05:20:25 devstack devstack@g-api.service[76985]: DEBUG glance.api.middleware.version_negotiation [None req-d27441f2-75f2-44d0-9dd0-a501dbf3af57 None None] Matched version: v2 {{(pid=76985) process_request /opt/stack/glance/glance/api/middleware/version_negotiation.py:69}}
Jul 17 05:20:25 devstack devstack@g-api.service[76985]: DEBUG glance.api.middleware.version_negotiation [None req-d27441f2-75f2-44d0-9dd0-a501dbf3af57 None None] new path /v2/images/574080f6-40fa-4386-bd5c-892273b66d56/file {{(pid=76985) process_request /opt/stack/glance/glance/api/middleware/version_negotiation.py:70}}
Jul 17 05:20:25 devstack devstack@g-api.service[76985]: INFO glance.api.v2.image_data [None req-4f005ea8-a0ac-40f1-9718-fe3f584cbd70 admin admin] Unable to create trust: no such option collect_timing in group [keystone_authtoken] Use the existing user token.
Jul 17 05:20:26 devstack devstack@g-api.service[76985]: DEBUG glance.location [None req-4f005ea8-a0ac-40f1-9718-fe3f584cbd70 admin admin] Enabling in-flight format inspection for qcow2 {{(pid=76985) set_data /opt/stack/glance/glance/location.py:596}}
Jul 17 05:20:26 devstack devstack@g-api.service[76985]: DEBUG oslo_utils.imageutils.format_inspector [None req-4f005ea8-a0ac-40f1-9718-fe3f584cbd70 admin admin] Format inspector for vmdk does not match, excluding from consideration (Signature KDMV not found: b'QFI\xfb') {{(pid=76985) _process_chunk /opt/stack/data/venv/lib/python3.12/site-packages/oslo_utils/imageutils/format_inspector.py:1758}}
Jul 17 05:20:26 devstack devstack@g-api.service[76985]: DEBUG oslo_utils.imageutils.format_inspector [None req-4f005ea8-a0ac-40f1-9718-fe3f584cbd70 admin admin] Format inspector for vhdx does not match, excluding from consideration (Region signature not found at 30000) {{(pid=76985) _process_chunk /opt/stack/data/venv/lib/python3.12/site-packages/oslo_utils/imageutils/format_inspector.py:1758}}
Jul 17 05:20:26 devstack devstack@g-api.service[76985]: DEBUG glance_store._drivers.filesystem [None req-4f005ea8-a0ac-40f1-9718-fe3f584cbd70 admin admin] Wrote 21692416 bytes to /opt/stack/data/glance/images/574080f6-40fa-4386-bd5c-892273b66d56 with checksum 87617e24a5e30cb3b87fda8c0764838f and multihash 9a9bce0083a00939ec17c11febbfc767aa211aaa54f51e75c5a8b271a9b5637c77205a518b7a2007cb391d23cceb01e0e4e8d64832317151bc85b734b92a7be0 {{(pid=76985) add /opt/stack/data/venv/lib/python3.12/site-packages/glance_store/_drivers/filesystem.py:899}}
Jul 17 05:20:26 devstack devstack@g-api.service[76985]: INFO glance.location [None req-4f005ea8-a0ac-40f1-9718-fe3f584cbd70 admin admin] Image format matched and virtual size computed: 117440512
Jul 17 05:20:26 devstack devstack@g-api.service[76985]: DEBUG glance_store.backend [None req-4f005ea8-a0ac-40f1-9718-fe3f584cbd70 admin admin] Skipping store.set_acls... not implemented. {{(pid=76985) set_acls /opt/stack/data/venv/lib/python3.12/site-packages/glance_store/backend.py:507}}
Jul 17 05:20:26 devstack devstack@g-api.service[76985]: [pid: 76985|app: 0|req: 3/4] 127.0.0.1 () {40 vars in 875 bytes} [Fri Jul 17 05:20:25 2026] PUT /v2/images/574080f6-40fa-4386-bd5c-892273b66d56/file => generated 0 bytes in 1670 msecs (HTTP/1.1 204) 4 headers in 171 bytes (1 switches on core 0)
Jul 17 05:20:26 devstack devstack@g-api.service[76986]: DEBUG glance.api.middleware.version_negotiation [None req-f0f70052-927b-499a-95f4-d216839b2d6a admin admin] Determining version of request: GET /v2/images/574080f6-40fa-4386-bd5c-892273b66d56 Accept: */* {{(pid=76986) process_request /opt/stack/glance/glance/api/middleware/version_negotiation.py:44}}
Jul 17 05:20:26 devstack devstack@g-api.service[76986]: DEBUG glance.api.middleware.version_negotiation [None req-f0f70052-927b-499a-95f4-d216839b2d6a admin admin] Using url versioning {{(pid=76986) process_request /opt/stack/glance/glance/api/middleware/version_negotiation.py:57}}
Jul 17 05:20:26 devstack devstack@g-api.service[76986]: DEBUG glance.api.middleware.version_negotiation [None req-f0f70052-927b-499a-95f4-d216839b2d6a admin admin] Matched version: v2 {{(pid=76986) process_request /opt/stack/glance/glance/api/middleware/version_negotiation.py:69}}
Jul 17 05:20:26 devstack devstack@g-api.service[76986]: DEBUG glance.api.middleware.version_negotiation [None req-f0f70052-927b-499a-95f4-d216839b2d6a admin admin] new path /v2/images/574080f6-40fa-4386-bd5c-892273b66d56 {{(pid=76986) process_request /opt/stack/glance/glance/api/middleware/version_negotiation.py:70}}
Jul 17 05:20:26 devstack devstack@g-api.service[76986]: [pid: 76986|app: 0|req: 2/5] 127.0.0.1 () {36 vars in 802 bytes} [Fri Jul 17 05:20:26 2026] GET /v2/images/574080f6-40fa-4386-bd5c-892273b66d56 => generated 976 bytes in 25 msecs (HTTP/1.1 200) 4 headers in 157 bytes (1 switches on core 0)
Jul 17 05:20:36 devstack devstack@g-api.service[76985]: DEBUG dbcounter [-] [76985] Writing DB stats glance:INSERT=5,glance:SELECT=16,glance:UPDATE=2 {{(pid=76985) stat_writer /opt/stack/data/venv/lib/python3.12/site-packages/dbcounter.py:115}}
Jul 17 05:20:36 devstack devstack@g-api.service[76986]: DEBUG dbcounter [-] [76986] Writing DB stats glance:INSERT=9,glance:SELECT=6 {{(pid=76986) stat_writer /opt/stack/data/venv/lib/python3.12/site-packages/dbcounter.py:115}}
Jul 17 05:21:11 devstack devstack@g-api.service[76985]: DEBUG glance.api.middleware.version_negotiation [None req-4f005ea8-a0ac-40f1-9718-fe3f584cbd70 admin admin] Determining version of request: GET / Accept: application/json {{(pid=76985) process_request /opt/stack/glance/glance/api/middleware/version_negotiation.py:44}}
Jul 17 05:21:11 devstack devstack@g-api.service[76985]: DEBUG glance.api.middleware.version_negotiation [None req-4f005ea8-a0ac-40f1-9718-fe3f584cbd70 admin admin] Using url versioning {{(pid=76985) process_request /opt/stack/glance/glance/api/middleware/version_negotiation.py:57}}
Jul 17 05:21:11 devstack devstack@g-api.service[76985]: DEBUG glance.api.middleware.version_negotiation [None req-4f005ea8-a0ac-40f1-9718-fe3f584cbd70 admin admin] Unknown version. Returning version choices. {{(pid=76985) process_request /opt/stack/glance/glance/api/middleware/version_negotiation.py:64}}
Jul 17 05:21:11 devstack devstack@g-api.service[76985]: [pid: 76985|app: 0|req: 4/6] 127.0.0.1 () {34 vars in 519 bytes} [Fri Jul 17 05:21:11 2026] GET / => generated 1571 bytes in 3 msecs (HTTP/1.1 300) 3 headers in 106 bytes (1 switches on core 0)
Jul 17 05:21:11 devstack devstack@g-api.service[76986]: DEBUG glance.api.middleware.version_negotiation [None req-65bae8d0-bb0c-41fe-8462-9d5cd8bfb23d admin admin] Determining version of request: GET /v2/images Accept: application/json {{(pid=76986) process_request /opt/stack/glance/glance/api/middleware/version_negotiation.py:44}}
Jul 17 05:21:11 devstack devstack@g-api.service[76986]: DEBUG glance.api.middleware.version_negotiation [None req-65bae8d0-bb0c-41fe-8462-9d5cd8bfb23d admin admin] Using url versioning {{(pid=76986) process_request /opt/stack/glance/glance/api/middleware/version_negotiation.py:57}}
Jul 17 05:21:11 devstack devstack@g-api.service[76986]: DEBUG glance.api.middleware.version_negotiation [None req-65bae8d0-bb0c-41fe-8462-9d5cd8bfb23d admin admin] Matched version: v2 {{(pid=76986) process_request /opt/stack/glance/glance/api/middleware/version_negotiation.py:69}}
Jul 17 05:21:11 devstack devstack@g-api.service[76986]: DEBUG glance.api.middleware.version_negotiation [None req-65bae8d0-bb0c-41fe-8462-9d5cd8bfb23d admin admin] new path /v2/images {{(pid=76986) process_request /opt/stack/glance/glance/api/middleware/version_negotiation.py:70}}
Jul 17 05:21:11 devstack devstack@g-api.service[76986]: [pid: 76986|app: 0|req: 3/7] 127.0.0.1 () {36 vars in 741 bytes} [Fri Jul 17 05:21:11 2026] GET /v2/images => generated 1045 bytes in 90 msecs (HTTP/1.1 200) 4 headers in 158 bytes (1 switches on core 0)
Jul 17 05:21:21 devstack devstack@g-api.service[76985]: DEBUG glance.api.middleware.version_negotiation [None req-4f005ea8-a0ac-40f1-9718-fe3f584cbd70 admin admin] Determining version of request: GET / Accept: application/json {{(pid=76985) process_request /opt/stack/glance/glance/api/middleware/version_negotiation.py:44}}
Jul 17 05:21:21 devstack devstack@g-api.service[76985]: DEBUG glance.api.middleware.version_negotiation [None req-4f005ea8-a0ac-40f1-9718-fe3f584cbd70 admin admin] Using url versioning {{(pid=76985) process_request /opt/stack/glance/glance/api/middleware/version_negotiation.py:57}}
Jul 17 05:21:21 devstack devstack@g-api.service[76985]: DEBUG glance.api.middleware.version_negotiation [None req-4f005ea8-a0ac-40f1-9718-fe3f584cbd70 admin admin] Unknown version. Returning version choices. {{(pid=76985) process_request /opt/stack/glance/glance/api/middleware/version_negotiation.py:64}}
Jul 17 05:21:21 devstack devstack@g-api.service[76985]: [pid: 76985|app: 0|req: 5/8] 127.0.0.1 () {34 vars in 519 bytes} [Fri Jul 17 05:21:21 2026] GET / => generated 1571 bytes in 2 msecs (HTTP/1.1 300) 3 headers in 106 bytes (1 switches on core 0)
Jul 17 05:21:21 devstack devstack@g-api.service[76986]: DEBUG glance.api.middleware.version_negotiation [None req-cd1f8378-66d8-407c-afa7-fa88ecf6cedd admin admin] Determining version of request: GET /v2/images/574080f6-40fa-4386-bd5c-892273b66d56 Accept: */* {{(pid=76986) process_request /opt/stack/glance/glance/api/middleware/version_negotiation.py:44}}
Jul 17 05:21:21 devstack devstack@g-api.service[76986]: DEBUG glance.api.middleware.version_negotiation [None req-cd1f8378-66d8-407c-afa7-fa88ecf6cedd admin admin] Using url versioning {{(pid=76986) process_request /opt/stack/glance/glance/api/middleware/version_negotiation.py:57}}
Jul 17 05:21:21 devstack devstack@g-api.service[76986]: DEBUG glance.api.middleware.version_negotiation [None req-cd1f8378-66d8-407c-afa7-fa88ecf6cedd admin admin] Matched version: v2 {{(pid=76986) process_request /opt/stack/glance/glance/api/middleware/version_negotiation.py:69}}
Jul 17 05:21:21 devstack devstack@g-api.service[76986]: DEBUG glance.api.middleware.version_negotiation [None req-cd1f8378-66d8-407c-afa7-fa88ecf6cedd admin admin] new path /v2/images/574080f6-40fa-4386-bd5c-892273b66d56 {{(pid=76986) process_request /opt/stack/glance/glance/api/middleware/version_negotiation.py:70}}
Jul 17 05:21:21 devstack devstack@g-api.service[76986]: [pid: 76986|app: 0|req: 4/9] 127.0.0.1 () {36 vars in 802 bytes} [Fri Jul 17 05:21:21 2026] GET /v2/images/574080f6-40fa-4386-bd5c-892273b66d56 => generated 976 bytes in 72 msecs (HTTP/1.1 200) 4 headers in 157 bytes (1 switches on core 0)
Jul 17 05:21:27 devstack devstack@g-api.service[76985]: DEBUG glance.api.middleware.version_negotiation [None req-4f005ea8-a0ac-40f1-9718-fe3f584cbd70 admin admin] Determining version of request: GET / Accept: application/json {{(pid=76985) process_request /opt/stack/glance/glance/api/middleware/version_negotiation.py:44}}
Jul 17 05:21:27 devstack devstack@g-api.service[76985]: DEBUG glance.api.middleware.version_negotiation [None req-4f005ea8-a0ac-40f1-9718-fe3f584cbd70 admin admin] Using url versioning {{(pid=76985) process_request /opt/stack/glance/glance/api/middleware/version_negotiation.py:57}}
Jul 17 05:21:27 devstack devstack@g-api.service[76985]: DEBUG glance.api.middleware.version_negotiation [None req-4f005ea8-a0ac-40f1-9718-fe3f584cbd70 admin admin] Unknown version. Returning version choices. {{(pid=76985) process_request /opt/stack/glance/glance/api/middleware/version_negotiation.py:64}}
Jul 17 05:21:27 devstack devstack@g-api.service[76985]: [pid: 76985|app: 0|req: 6/10] 127.0.0.1 () {34 vars in 519 bytes} [Fri Jul 17 05:21:27 2026] GET / => generated 1571 bytes in 2 msecs (HTTP/1.1 300) 3 headers in 106 bytes (1 switches on core 0)
Jul 17 05:21:27 devstack devstack@g-api.service[76986]: DEBUG glance.api.middleware.version_negotiation [None req-2f14827a-4387-4ae3-8d90-534f864f359e admin admin] Determining version of request: GET /v2/images/574080f6-40fa-4386-bd5c-892273b66d56 Accept: */* {{(pid=76986) process_request /opt/stack/glance/glance/api/middleware/version_negotiation.py:44}}
Jul 17 05:21:27 devstack devstack@g-api.service[76986]: DEBUG glance.api.middleware.version_negotiation [None req-2f14827a-4387-4ae3-8d90-534f864f359e admin admin] Using url versioning {{(pid=76986) process_request /opt/stack/glance/glance/api/middleware/version_negotiation.py:57}}
Jul 17 05:21:27 devstack devstack@g-api.service[76986]: DEBUG glance.api.middleware.version_negotiation [None req-2f14827a-4387-4ae3-8d90-534f864f359e admin admin] Matched version: v2 {{(pid=76986) process_request /opt/stack/glance/glance/api/middleware/version_negotiation.py:69}}
Jul 17 05:21:27 devstack devstack@g-api.service[76986]: DEBUG glance.api.middleware.version_negotiation [None req-2f14827a-4387-4ae3-8d90-534f864f359e admin admin] new path /v2/images/574080f6-40fa-4386-bd5c-892273b66d56 {{(pid=76986) process_request /opt/stack/glance/glance/api/middleware/version_negotiation.py:70}}
Jul 17 05:21:27 devstack devstack@g-api.service[76986]: [pid: 76986|app: 0|req: 5/11] 127.0.0.1 () {36 vars in 802 bytes} [Fri Jul 17 05:21:27 2026] GET /v2/images/574080f6-40fa-4386-bd5c-892273b66d56 => generated 976 bytes in 67 msecs (HTTP/1.1 200) 4 headers in 157 bytes (1 switches on core 0)
Jul 17 05:21:37 devstack devstack@g-api.service[76986]: DEBUG dbcounter [-] [76986] Writing DB stats glance:SELECT=5 {{(pid=76986) stat_writer /opt/stack/data/venv/lib/python3.12/site-packages/dbcounter.py:115}}
Jul 17 05:22:44 devstack devstack@g-api.service[76985]: DEBUG glance.api.middleware.version_negotiation [None req-4f005ea8-a0ac-40f1-9718-fe3f584cbd70 admin admin] Determining version of request: GET / Accept: application/json {{(pid=76985) process_request /opt/stack/glance/glance/api/middleware/version_negotiation.py:44}}
Jul 17 05:22:44 devstack devstack@g-api.service[76985]: DEBUG glance.api.middleware.version_negotiation [None req-4f005ea8-a0ac-40f1-9718-fe3f584cbd70 admin admin] Using url versioning {{(pid=76985) process_request /opt/stack/glance/glance/api/middleware/version_negotiation.py:57}}
Jul 17 05:22:44 devstack devstack@g-api.service[76985]: DEBUG glance.api.middleware.version_negotiation [None req-4f005ea8-a0ac-40f1-9718-fe3f584cbd70 admin admin] Unknown version. Returning version choices. {{(pid=76985) process_request /opt/stack/glance/glance/api/middleware/version_negotiation.py:64}}
Jul 17 05:22:44 devstack devstack@g-api.service[76985]: [pid: 76985|app: 0|req: 7/12] 127.0.0.1 () {36 vars in 488 bytes} [Fri Jul 17 05:22:44 2026] GET / => generated 1571 bytes in 2 msecs (HTTP/1.1 300) 3 headers in 106 bytes (1 switches on core 0)
Jul 17 05:25:36 devstack devstack@g-api.service[76986]: DEBUG glance.api.middleware.version_negotiation [None req-819a073f-da38-4ce0-9952-f885b8a7ea1b admin admin] Determining version of request: GET / Accept: application/json {{(pid=76986) process_request /opt/stack/glance/glance/api/middleware/version_negotiation.py:44}}
Jul 17 05:25:36 devstack devstack@g-api.service[76986]: DEBUG glance.api.middleware.version_negotiation [None req-819a073f-da38-4ce0-9952-f885b8a7ea1b admin admin] Using url versioning {{(pid=76986) process_request /opt/stack/glance/glance/api/middleware/version_negotiation.py:57}}
Jul 17 05:25:36 devstack devstack@g-api.service[76986]: DEBUG glance.api.middleware.version_negotiation [None req-819a073f-da38-4ce0-9952-f885b8a7ea1b admin admin] Unknown version. Returning version choices. {{(pid=76986) process_request /opt/stack/glance/glance/api/middleware/version_negotiation.py:64}}
Jul 17 05:25:36 devstack devstack@g-api.service[76986]: [pid: 76986|app: 0|req: 6/13] 127.0.0.1 () {34 vars in 505 bytes} [Fri Jul 17 05:25:36 2026] GET / => generated 1571 bytes in 4 msecs (HTTP/1.1 300) 3 headers in 106 bytes (1 switches on core 0)
Jul 17 05:25:36 devstack devstack@g-api.service[76985]: DEBUG glance.api.middleware.version_negotiation [None req-4f005ea8-a0ac-40f1-9718-fe3f584cbd70 admin admin] Determining version of request: GET /v2/images/574080f6-40fa-4386-bd5c-892273b66d56 Accept: */* {{(pid=76985) process_request /opt/stack/glance/glance/api/middleware/version_negotiation.py:44}}
Jul 17 05:25:36 devstack devstack@g-api.service[76985]: DEBUG glance.api.middleware.version_negotiation [None req-4f005ea8-a0ac-40f1-9718-fe3f584cbd70 admin admin] Using url versioning {{(pid=76985) process_request /opt/stack/glance/glance/api/middleware/version_negotiation.py:57}}
Jul 17 05:25:36 devstack devstack@g-api.service[76985]: DEBUG glance.api.middleware.version_negotiation [None req-4f005ea8-a0ac-40f1-9718-fe3f584cbd70 admin admin] Matched version: v2 {{(pid=76985) process_request /opt/stack/glance/glance/api/middleware/version_negotiation.py:69}}
Jul 17 05:25:36 devstack devstack@g-api.service[76985]: DEBUG glance.api.middleware.version_negotiation [None req-4f005ea8-a0ac-40f1-9718-fe3f584cbd70 admin admin] new path /v2/images/574080f6-40fa-4386-bd5c-892273b66d56 {{(pid=76985) process_request /opt/stack/glance/glance/api/middleware/version_negotiation.py:70}}
Jul 17 05:25:36 devstack devstack@g-api.service[76985]: [pid: 76985|app: 0|req: 8/14] 127.0.0.1 () {42 vars in 1061 bytes} [Fri Jul 17 05:25:36 2026] GET /v2/images/574080f6-40fa-4386-bd5c-892273b66d56 => generated 976 bytes in 43 msecs (HTTP/1.1 200) 4 headers in 157 bytes (1 switches on core 0)
Jul 17 05:25:36 devstack devstack@g-api.service[76986]: DEBUG glance.api.middleware.version_negotiation [None req-819a073f-da38-4ce0-9952-f885b8a7ea1b admin admin] Determining version of request: GET /v2/schemas/image Accept: */* {{(pid=76986) process_request /opt/stack/glance/glance/api/middleware/version_negotiation.py:44}}
Jul 17 05:25:36 devstack devstack@g-api.service[76986]: DEBUG glance.api.middleware.version_negotiation [None req-819a073f-da38-4ce0-9952-f885b8a7ea1b admin admin] Using url versioning {{(pid=76986) process_request /opt/stack/glance/glance/api/middleware/version_negotiation.py:57}}
Jul 17 05:25:36 devstack devstack@g-api.service[76986]: DEBUG glance.api.middleware.version_negotiation [None req-819a073f-da38-4ce0-9952-f885b8a7ea1b admin admin] Matched version: v2 {{(pid=76986) process_request /opt/stack/glance/glance/api/middleware/version_negotiation.py:69}}
Jul 17 05:25:36 devstack devstack@g-api.service[76986]: DEBUG glance.api.middleware.version_negotiation [None req-819a073f-da38-4ce0-9952-f885b8a7ea1b admin admin] new path /v2/schemas/image {{(pid=76986) process_request /opt/stack/glance/glance/api/middleware/version_negotiation.py:70}}
Jul 17 05:25:36 devstack devstack@g-api.service[76986]: [pid: 76986|app: 0|req: 7/15] 127.0.0.1 () {42 vars in 1001 bytes} [Fri Jul 17 05:25:36 2026] GET /v2/schemas/image => generated 6083 bytes in 9 msecs (HTTP/1.1 200) 4 headers in 158 bytes (1 switches on core 0)
Jul 17 05:25:46 devstack devstack@g-api.service[76985]: DEBUG dbcounter [-] [76985] Writing DB stats glance:SELECT=2 {{(pid=76985) stat_writer /opt/stack/data/venv/lib/python3.12/site-packages/dbcounter.py:115}}
Jul 17 05:25:48 devstack devstack@g-api.service[76985]: DEBUG glance.api.middleware.version_negotiation [None req-7a6ad007-b317-4cbb-91ed-87696c45ce29 tempest-ServersNegativeTestJSON-1259887026 tempest-ServersNegativeTestJSON-1259887026-project-member] Determining version of request: GET /v2/images/574080f6-40fa-4386-bd5c-892273b66d56 Accept: */* {{(pid=76985) process_request /opt/stack/glance/glance/api/middleware/version_negotiation.py:44}}
Jul 17 05:25:48 devstack devstack@g-api.service[76985]: DEBUG glance.api.middleware.version_negotiation [None req-7a6ad007-b317-4cbb-91ed-87696c45ce29 tempest-ServersNegativeTestJSON-1259887026 tempest-ServersNegativeTestJSON-1259887026-project-member] Using url versioning {{(pid=76985) process_request /opt/stack/glance/glance/api/middleware/version_negotiation.py:57}}
Jul 17 05:25:48 devstack devstack@g-api.service[76985]: DEBUG glance.api.middleware.version_negotiation [None req-7a6ad007-b317-4cbb-91ed-87696c45ce29 tempest-ServersNegativeTestJSON-1259887026 tempest-ServersNegativeTestJSON-1259887026-project-member] Matched version: v2 {{(pid=76985) process_request /opt/stack/glance/glance/api/middleware/version_negotiation.py:69}}
Jul 17 05:25:48 devstack devstack@g-api.service[76985]: DEBUG glance.api.middleware.version_negotiation [None req-7a6ad007-b317-4cbb-91ed-87696c45ce29 tempest-ServersNegativeTestJSON-1259887026 tempest-ServersNegativeTestJSON-1259887026-project-member] new path /v2/images/574080f6-40fa-4386-bd5c-892273b66d56 {{(pid=76985) process_request /opt/stack/glance/glance/api/middleware/version_negotiation.py:70}}
Jul 17 05:25:49 devstack devstack@g-api.service[76985]: [pid: 76985|app: 0|req: 9/16] 127.0.0.1 () {42 vars in 1061 bytes} [Fri Jul 17 05:25:48 2026] GET /v2/images/574080f6-40fa-4386-bd5c-892273b66d56 => generated 976 bytes in 323 msecs (HTTP/1.1 200) 4 headers in 157 bytes (1 switches on core 0)
Jul 17 05:25:49 devstack devstack@g-api.service[76986]: DEBUG glance.api.middleware.version_negotiation [None req-7a6ad007-b317-4cbb-91ed-87696c45ce29 tempest-ServersNegativeTestJSON-1259887026 tempest-ServersNegativeTestJSON-1259887026-project-member] Determining version of request: GET /v2/images/574080f6-40fa-4386-bd5c-892273b66d56/file Accept: */* {{(pid=76986) process_request /opt/stack/glance/glance/api/middleware/version_negotiation.py:44}}
Jul 17 05:25:49 devstack devstack@g-api.service[76986]: DEBUG glance.api.middleware.version_negotiation [None req-7a6ad007-b317-4cbb-91ed-87696c45ce29 tempest-ServersNegativeTestJSON-1259887026 tempest-ServersNegativeTestJSON-1259887026-project-member] Using url versioning {{(pid=76986) process_request /opt/stack/glance/glance/api/middleware/version_negotiation.py:57}}
Jul 17 05:25:49 devstack devstack@g-api.service[76986]: DEBUG glance.api.middleware.version_negotiation [None req-7a6ad007-b317-4cbb-91ed-87696c45ce29 tempest-ServersNegativeTestJSON-1259887026 tempest-ServersNegativeTestJSON-1259887026-project-member] Matched version: v2 {{(pid=76986) process_request /opt/stack/glance/glance/api/middleware/version_negotiation.py:69}}
Jul 17 05:25:49 devstack devstack@g-api.service[76986]: DEBUG glance.api.middleware.version_negotiation [None req-7a6ad007-b317-4cbb-91ed-87696c45ce29 tempest-ServersNegativeTestJSON-1259887026 tempest-ServersNegativeTestJSON-1259887026-project-member] new path /v2/images/574080f6-40fa-4386-bd5c-892273b66d56/file {{(pid=76986) process_request /opt/stack/glance/glance/api/middleware/version_negotiation.py:70}}
Jul 17 05:25:49 devstack devstack@g-api.service[76986]: DEBUG glance_store._drivers.filesystem [None req-7a6ad007-b317-4cbb-91ed-87696c45ce29 tempest-ServersNegativeTestJSON-1259887026 tempest-ServersNegativeTestJSON-1259887026-project-member] Found image at /opt/stack/data/glance/images/574080f6-40fa-4386-bd5c-892273b66d56. Returning in ChunkedFile. {{(pid=76986) get /opt/stack/data/venv/lib/python3.12/site-packages/glance_store/_drivers/filesystem.py:724}}
Jul 17 05:25:49 devstack devstack@g-api.service[76986]: DEBUG glance.image_cache [None req-7a6ad007-b317-4cbb-91ed-87696c45ce29 tempest-ServersNegativeTestJSON-1259887026 tempest-ServersNegativeTestJSON-1259887026-project-member] Tee'ing image '574080f6-40fa-4386-bd5c-892273b66d56' into cache {{(pid=76986) get_caching_iter /opt/stack/glance/glance/image_cache/__init__.py:356}}
Jul 17 05:25:49 devstack devstack@g-api.service[76986]: DEBUG glance.image_cache.drivers.centralized_db [None req-7a6ad007-b317-4cbb-91ed-87696c45ce29 tempest-ServersNegativeTestJSON-1259887026 tempest-ServersNegativeTestJSON-1259887026-project-member] Fetch finished, moving '/opt/stack/data/glance/cache/incomplete/574080f6-40fa-4386-bd5c-892273b66d56' to '/opt/stack/data/glance/cache/574080f6-40fa-4386-bd5c-892273b66d56' {{(pid=76986) commit /opt/stack/glance/glance/image_cache/drivers/centralized_db.py:243}}
Jul 17 05:25:49 devstack devstack@g-api.service[76986]: DEBUG glance.image_cache.drivers.centralized_db [None req-7a6ad007-b317-4cbb-91ed-87696c45ce29 tempest-ServersNegativeTestJSON-1259887026 tempest-ServersNegativeTestJSON-1259887026-project-member] Image cached successfully. {{(pid=76986) commit /opt/stack/glance/glance/image_cache/drivers/centralized_db.py:258}}
Jul 17 05:25:49 devstack devstack@g-api.service[76986]: [pid: 76986|app: 0|req: 8/17] 127.0.0.1 () {42 vars in 1071 bytes} [Fri Jul 17 05:25:49 2026] GET /v2/images/574080f6-40fa-4386-bd5c-892273b66d56/file => generated 21692416 bytes in 598 msecs (HTTP/1.1 200) 4 headers in 191 bytes (337 switches on core 0)
Jul 17 05:25:49 devstack devstack@g-api.service[76985]: DEBUG glance.api.middleware.version_negotiation [None req-7a6ad007-b317-4cbb-91ed-87696c45ce29 tempest-ServersNegativeTestJSON-1259887026 tempest-ServersNegativeTestJSON-1259887026-project-member] Determining version of request: GET /v2/images/574080f6-40fa-4386-bd5c-892273b66d56 Accept: */* {{(pid=76985) process_request /opt/stack/glance/glance/api/middleware/version_negotiation.py:44}}
Jul 17 05:25:49 devstack devstack@g-api.service[76985]: DEBUG glance.api.middleware.version_negotiation [None req-7a6ad007-b317-4cbb-91ed-87696c45ce29 tempest-ServersNegativeTestJSON-1259887026 tempest-ServersNegativeTestJSON-1259887026-project-member] Using url versioning {{(pid=76985) process_request /opt/stack/glance/glance/api/middleware/version_negotiation.py:57}}
Jul 17 05:25:49 devstack devstack@g-api.service[76985]: DEBUG glance.api.middleware.version_negotiation [None req-7a6ad007-b317-4cbb-91ed-87696c45ce29 tempest-ServersNegativeTestJSON-1259887026 tempest-ServersNegativeTestJSON-1259887026-project-member] Matched version: v2 {{(pid=76985) process_request /opt/stack/glance/glance/api/middleware/version_negotiation.py:69}}
Jul 17 05:25:49 devstack devstack@g-api.service[76985]: DEBUG glance.api.middleware.version_negotiation [None req-7a6ad007-b317-4cbb-91ed-87696c45ce29 tempest-ServersNegativeTestJSON-1259887026 tempest-ServersNegativeTestJSON-1259887026-project-member] new path /v2/images/574080f6-40fa-4386-bd5c-892273b66d56 {{(pid=76985) process_request /opt/stack/glance/glance/api/middleware/version_negotiation.py:70}}
Jul 17 05:25:49 devstack devstack@g-api.service[76985]: [pid: 76985|app: 0|req: 10/18] 127.0.0.1 () {42 vars in 1061 bytes} [Fri Jul 17 05:25:49 2026] GET /v2/images/574080f6-40fa-4386-bd5c-892273b66d56 => generated 976 bytes in 30 msecs (HTTP/1.1 200) 4 headers in 157 bytes (1 switches on core 0)
Jul 17 05:25:49 devstack devstack@g-api.service[76986]: DEBUG glance.api.middleware.version_negotiation [None req-7a6ad007-b317-4cbb-91ed-87696c45ce29 tempest-ServersNegativeTestJSON-1259887026 tempest-ServersNegativeTestJSON-1259887026-project-member] Determining version of request: GET /v2/schemas/image Accept: */* {{(pid=76986) process_request /opt/stack/glance/glance/api/middleware/version_negotiation.py:44}}
Jul 17 05:25:49 devstack devstack@g-api.service[76986]: DEBUG glance.api.middleware.version_negotiation [None req-7a6ad007-b317-4cbb-91ed-87696c45ce29 tempest-ServersNegativeTestJSON-1259887026 tempest-ServersNegativeTestJSON-1259887026-project-member] Using url versioning {{(pid=76986) process_request /opt/stack/glance/glance/api/middleware/version_negotiation.py:57}}
Jul 17 05:25:49 devstack devstack@g-api.service[76986]: DEBUG glance.api.middleware.version_negotiation [None req-7a6ad007-b317-4cbb-91ed-87696c45ce29 tempest-ServersNegativeTestJSON-1259887026 tempest-ServersNegativeTestJSON-1259887026-project-member] Matched version: v2 {{(pid=76986) process_request /opt/stack/glance/glance/api/middleware/version_negotiation.py:69}}
Jul 17 05:25:49 devstack devstack@g-api.service[76986]: DEBUG glance.api.middleware.version_negotiation [None req-7a6ad007-b317-4cbb-91ed-87696c45ce29 tempest-ServersNegativeTestJSON-1259887026 tempest-ServersNegativeTestJSON-1259887026-project-member] new path /v2/schemas/image {{(pid=76986) process_request /opt/stack/glance/glance/api/middleware/version_negotiation.py:70}}
Jul 17 05:25:49 devstack devstack@g-api.service[76986]: [pid: 76986|app: 0|req: 9/19] 127.0.0.1 () {42 vars in 1001 bytes} [Fri Jul 17 05:25:49 2026] GET /v2/schemas/image => generated 6083 bytes in 7 msecs (HTTP/1.1 200) 4 headers in 158 bytes (1 switches on core 0)
Jul 17 05:25:59 devstack devstack@g-api.service[76986]: DEBUG dbcounter [-] [76986] Writing DB stats glance:SELECT=5,glance:INSERT=1 {{(pid=76986) stat_writer /opt/stack/data/venv/lib/python3.12/site-packages/dbcounter.py:115}}
Jul 17 05:25:59 devstack devstack@g-api.service[76985]: DEBUG dbcounter [-] [76985] Writing DB stats glance:SELECT=4 {{(pid=76985) stat_writer /opt/stack/data/venv/lib/python3.12/site-packages/dbcounter.py:115}}
Jul 17 05:26:02 devstack devstack@g-api.service[76985]: DEBUG glance.api.middleware.version_negotiation [None req-7a6ad007-b317-4cbb-91ed-87696c45ce29 tempest-ServersNegativeTestJSON-1259887026 tempest-ServersNegativeTestJSON-1259887026-project-member] Determining version of request: GET / Accept: application/json {{(pid=76985) process_request /opt/stack/glance/glance/api/middleware/version_negotiation.py:44}}
Jul 17 05:26:02 devstack devstack@g-api.service[76985]: DEBUG glance.api.middleware.version_negotiation [None req-7a6ad007-b317-4cbb-91ed-87696c45ce29 tempest-ServersNegativeTestJSON-1259887026 tempest-ServersNegativeTestJSON-1259887026-project-member] Using url versioning {{(pid=76985) process_request /opt/stack/glance/glance/api/middleware/version_negotiation.py:57}}
Jul 17 05:26:02 devstack devstack@g-api.service[76985]: DEBUG glance.api.middleware.version_negotiation [None req-7a6ad007-b317-4cbb-91ed-87696c45ce29 tempest-ServersNegativeTestJSON-1259887026 tempest-ServersNegativeTestJSON-1259887026-project-member] Unknown version. Returning version choices. {{(pid=76985) process_request /opt/stack/glance/glance/api/middleware/version_negotiation.py:64}}
Jul 17 05:26:02 devstack devstack@g-api.service[76985]: [pid: 76985|app: 0|req: 11/20] 127.0.0.1 () {34 vars in 505 bytes} [Fri Jul 17 05:26:02 2026] GET / => generated 1571 bytes in 4 msecs (HTTP/1.1 300) 3 headers in 106 bytes (1 switches on core 0)
Jul 17 05:26:02 devstack devstack@g-api.service[76986]: DEBUG glance.api.middleware.version_negotiation [None req-7a6ad007-b317-4cbb-91ed-87696c45ce29 tempest-ServersNegativeTestJSON-1259887026 tempest-ServersNegativeTestJSON-1259887026-project-member] Determining version of request: GET /v2/images/574080f6-40fa-4386-bd5c-892273b66d56 Accept: */* {{(pid=76986) process_request /opt/stack/glance/glance/api/middleware/version_negotiation.py:44}}
Jul 17 05:26:02 devstack devstack@g-api.service[76986]: DEBUG glance.api.middleware.version_negotiation [None req-7a6ad007-b317-4cbb-91ed-87696c45ce29 tempest-ServersNegativeTestJSON-1259887026 tempest-ServersNegativeTestJSON-1259887026-project-member] Using url versioning {{(pid=76986) process_request /opt/stack/glance/glance/api/middleware/version_negotiation.py:57}}
Jul 17 05:26:02 devstack devstack@g-api.service[76986]: DEBUG glance.api.middleware.version_negotiation [None req-7a6ad007-b317-4cbb-91ed-87696c45ce29 tempest-ServersNegativeTestJSON-1259887026 tempest-ServersNegativeTestJSON-1259887026-project-member] Matched version: v2 {{(pid=76986) process_request /opt/stack/glance/glance/api/middleware/version_negotiation.py:69}}
Jul 17 05:26:02 devstack devstack@g-api.service[76986]: DEBUG glance.api.middleware.version_negotiation [None req-7a6ad007-b317-4cbb-91ed-87696c45ce29 tempest-ServersNegativeTestJSON-1259887026 tempest-ServersNegativeTestJSON-1259887026-project-member] new path /v2/images/574080f6-40fa-4386-bd5c-892273b66d56 {{(pid=76986) process_request /opt/stack/glance/glance/api/middleware/version_negotiation.py:70}}
Jul 17 05:26:02 devstack devstack@g-api.service[76986]: [pid: 76986|app: 0|req: 10/21] 127.0.0.1 () {42 vars in 1061 bytes} [Fri Jul 17 05:26:02 2026] GET /v2/images/574080f6-40fa-4386-bd5c-892273b66d56 => generated 976 bytes in 41 msecs (HTTP/1.1 200) 4 headers in 157 bytes (1 switches on core 0)
Jul 17 05:26:02 devstack devstack@g-api.service[76985]: DEBUG glance.api.middleware.version_negotiation [None req-7a6ad007-b317-4cbb-91ed-87696c45ce29 tempest-ServersNegativeTestJSON-1259887026 tempest-ServersNegativeTestJSON-1259887026-project-member] Determining version of request: GET /v2/schemas/image Accept: */* {{(pid=76985) process_request /opt/stack/glance/glance/api/middleware/version_negotiation.py:44}}
Jul 17 05:26:02 devstack devstack@g-api.service[76985]: DEBUG glance.api.middleware.version_negotiation [None req-7a6ad007-b317-4cbb-91ed-87696c45ce29 tempest-ServersNegativeTestJSON-1259887026 tempest-ServersNegativeTestJSON-1259887026-project-member] Using url versioning {{(pid=76985) process_request /opt/stack/glance/glance/api/middleware/version_negotiation.py:57}}
Jul 17 05:26:02 devstack devstack@g-api.service[76985]: DEBUG glance.api.middleware.version_negotiation [None req-7a6ad007-b317-4cbb-91ed-87696c45ce29 tempest-ServersNegativeTestJSON-1259887026 tempest-ServersNegativeTestJSON-1259887026-project-member] Matched version: v2 {{(pid=76985) process_request /opt/stack/glance/glance/api/middleware/version_negotiation.py:69}}
Jul 17 05:26:02 devstack devstack@g-api.service[76985]: DEBUG glance.api.middleware.version_negotiation [None req-7a6ad007-b317-4cbb-91ed-87696c45ce29 tempest-ServersNegativeTestJSON-1259887026 tempest-ServersNegativeTestJSON-1259887026-project-member] new path /v2/schemas/image {{(pid=76985) process_request /opt/stack/glance/glance/api/middleware/version_negotiation.py:70}}
Jul 17 05:26:02 devstack devstack@g-api.service[76985]: [pid: 76985|app: 0|req: 12/22] 127.0.0.1 () {42 vars in 1001 bytes} [Fri Jul 17 05:26:02 2026] GET /v2/schemas/image => generated 6083 bytes in 13 msecs (HTTP/1.1 200) 4 headers in 158 bytes (1 switches on core 0)
Jul 17 05:26:11 devstack devstack@g-api.service[76986]: DEBUG glance.api.middleware.version_negotiation [None req-bbb186a5-d11a-4fa5-a82f-c50698b7e86a tempest-VolumesAdminNegativeTest-503126815 tempest-VolumesAdminNegativeTest-503126815-project-member] Determining version of request: GET /v2/images/574080f6-40fa-4386-bd5c-892273b66d56 Accept: */* {{(pid=76986) process_request /opt/stack/glance/glance/api/middleware/version_negotiation.py:44}}
Jul 17 05:26:11 devstack devstack@g-api.service[76986]: DEBUG glance.api.middleware.version_negotiation [None req-bbb186a5-d11a-4fa5-a82f-c50698b7e86a tempest-VolumesAdminNegativeTest-503126815 tempest-VolumesAdminNegativeTest-503126815-project-member] Using url versioning {{(pid=76986) process_request /opt/stack/glance/glance/api/middleware/version_negotiation.py:57}}
Jul 17 05:26:11 devstack devstack@g-api.service[76986]: DEBUG glance.api.middleware.version_negotiation [None req-bbb186a5-d11a-4fa5-a82f-c50698b7e86a tempest-VolumesAdminNegativeTest-503126815 tempest-VolumesAdminNegativeTest-503126815-project-member] Matched version: v2 {{(pid=76986) process_request /opt/stack/glance/glance/api/middleware/version_negotiation.py:69}}
Jul 17 05:26:11 devstack devstack@g-api.service[76986]: DEBUG glance.api.middleware.version_negotiation [None req-bbb186a5-d11a-4fa5-a82f-c50698b7e86a tempest-VolumesAdminNegativeTest-503126815 tempest-VolumesAdminNegativeTest-503126815-project-member] new path /v2/images/574080f6-40fa-4386-bd5c-892273b66d56 {{(pid=76986) process_request /opt/stack/glance/glance/api/middleware/version_negotiation.py:70}}
Jul 17 05:26:11 devstack devstack@g-api.service[76986]: [pid: 76986|app: 0|req: 11/23] 127.0.0.1 () {42 vars in 1061 bytes} [Fri Jul 17 05:26:11 2026] GET /v2/images/574080f6-40fa-4386-bd5c-892273b66d56 => generated 976 bytes in 67 msecs (HTTP/1.1 200) 4 headers in 157 bytes (1 switches on core 0)
Jul 17 05:26:11 devstack devstack@g-api.service[76985]: DEBUG glance.api.middleware.version_negotiation [None req-bbb186a5-d11a-4fa5-a82f-c50698b7e86a tempest-VolumesAdminNegativeTest-503126815 tempest-VolumesAdminNegativeTest-503126815-project-member] Determining version of request: GET /v2/schemas/image Accept: */* {{(pid=76985) process_request /opt/stack/glance/glance/api/middleware/version_negotiation.py:44}}
Jul 17 05:26:11 devstack devstack@g-api.service[76985]: DEBUG glance.api.middleware.version_negotiation [None req-bbb186a5-d11a-4fa5-a82f-c50698b7e86a tempest-VolumesAdminNegativeTest-503126815 tempest-VolumesAdminNegativeTest-503126815-project-member] Using url versioning {{(pid=76985) process_request /opt/stack/glance/glance/api/middleware/version_negotiation.py:57}}
Jul 17 05:26:11 devstack devstack@g-api.service[76985]: DEBUG glance.api.middleware.version_negotiation [None req-bbb186a5-d11a-4fa5-a82f-c50698b7e86a tempest-VolumesAdminNegativeTest-503126815 tempest-VolumesAdminNegativeTest-503126815-project-member] Matched version: v2 {{(pid=76985) process_request /opt/stack/glance/glance/api/middleware/version_negotiation.py:69}}
Jul 17 05:26:11 devstack devstack@g-api.service[76985]: DEBUG glance.api.middleware.version_negotiation [None req-bbb186a5-d11a-4fa5-a82f-c50698b7e86a tempest-VolumesAdminNegativeTest-503126815 tempest-VolumesAdminNegativeTest-503126815-project-member] new path /v2/schemas/image {{(pid=76985) process_request /opt/stack/glance/glance/api/middleware/version_negotiation.py:70}}
Jul 17 05:26:11 devstack devstack@g-api.service[76985]: [pid: 76985|app: 0|req: 13/24] 127.0.0.1 () {42 vars in 1001 bytes} [Fri Jul 17 05:26:11 2026] GET /v2/schemas/image => generated 6083 bytes in 13 msecs (HTTP/1.1 200) 4 headers in 158 bytes (1 switches on core 0)
Jul 17 05:26:21 devstack devstack@g-api.service[76986]: DEBUG dbcounter [-] [76986] Writing DB stats glance:SELECT=4 {{(pid=76986) stat_writer /opt/stack/data/venv/lib/python3.12/site-packages/dbcounter.py:115}}
