Jul 07 17:15:14 devstack devstack@g-api.service[76862]: DEBUG glance.common.config [None req-ab7b37fb-a067-4fd2-a874-553e430d65f5 None None] barbican_service_user.split_loggers = False {{(pid=76862) log_opt_values /opt/stack/data/venv/lib/python3.12/site-packages/oslo_config/cfg.py:3253}}
Jul 07 17:15:14 devstack devstack@g-api.service[76862]: DEBUG glance.common.config [None req-ab7b37fb-a067-4fd2-a874-553e430d65f5 None None] barbican_service_user.timeout = None {{(pid=76862) log_opt_values /opt/stack/data/venv/lib/python3.12/site-packages/oslo_config/cfg.py:3253}}
Jul 07 17:15:14 devstack devstack@g-api.service[76862]: DEBUG glance.common.config [None req-ab7b37fb-a067-4fd2-a874-553e430d65f5 None None] database.asyncio_connection = **** {{(pid=76862) log_opt_values /opt/stack/data/venv/lib/python3.12/site-packages/oslo_config/cfg.py:3253}}
Jul 07 17:15:14 devstack devstack@g-api.service[76862]: DEBUG glance.common.config [None req-ab7b37fb-a067-4fd2-a874-553e430d65f5 None None] database.asyncio_slave_connection = **** {{(pid=76862) log_opt_values /opt/stack/data/venv/lib/python3.12/site-packages/oslo_config/cfg.py:3253}}
Jul 07 17:15:14 devstack devstack@g-api.service[76862]: DEBUG glance.common.config [None req-ab7b37fb-a067-4fd2-a874-553e430d65f5 None None] database.backend = sqlalchemy {{(pid=76862) log_opt_values /opt/stack/data/venv/lib/python3.12/site-packages/oslo_config/cfg.py:3253}}
Jul 07 17:15:14 devstack devstack@g-api.service[76862]: DEBUG glance.common.config [None req-ab7b37fb-a067-4fd2-a874-553e430d65f5 None None] database.connection = **** {{(pid=76862) log_opt_values /opt/stack/data/venv/lib/python3.12/site-packages/oslo_config/cfg.py:3253}}
Jul 07 17:15:14 devstack devstack@g-api.service[76862]: DEBUG glance.common.config [None req-ab7b37fb-a067-4fd2-a874-553e430d65f5 None None] database.connection_debug = 0 {{(pid=76862) log_opt_values /opt/stack/data/venv/lib/python3.12/site-packages/oslo_config/cfg.py:3253}}
Jul 07 17:15:14 devstack devstack@g-api.service[76862]: DEBUG glance.common.config [None req-ab7b37fb-a067-4fd2-a874-553e430d65f5 None None] database.connection_parameters = {{(pid=76862) log_opt_values /opt/stack/data/venv/lib/python3.12/site-packages/oslo_config/cfg.py:3253}}
Jul 07 17:15:14 devstack devstack@g-api.service[76862]: DEBUG glance.common.config [None req-ab7b37fb-a067-4fd2-a874-553e430d65f5 None None] database.connection_recycle_time = 3600 {{(pid=76862) log_opt_values /opt/stack/data/venv/lib/python3.12/site-packages/oslo_config/cfg.py:3253}}
Jul 07 17:15:14 devstack devstack@g-api.service[76862]: DEBUG glance.common.config [None req-ab7b37fb-a067-4fd2-a874-553e430d65f5 None None] database.connection_trace = False {{(pid=76862) log_opt_values /opt/stack/data/venv/lib/python3.12/site-packages/oslo_config/cfg.py:3253}}
Jul 07 17:15:14 devstack devstack@g-api.service[76862]: DEBUG glance.common.config [None req-ab7b37fb-a067-4fd2-a874-553e430d65f5 None None] database.db_inc_retry_interval = True {{(pid=76862) log_opt_values /opt/stack/data/venv/lib/python3.12/site-packages/oslo_config/cfg.py:3253}}
Jul 07 17:15:14 devstack devstack@g-api.service[76862]: DEBUG glance.common.config [None req-ab7b37fb-a067-4fd2-a874-553e430d65f5 None None] database.db_max_retries = 20 {{(pid=76862) log_opt_values /opt/stack/data/venv/lib/python3.12/site-packages/oslo_config/cfg.py:3253}}
Jul 07 17:15:14 devstack devstack@g-api.service[76862]: DEBUG glance.common.config [None req-ab7b37fb-a067-4fd2-a874-553e430d65f5 None None] database.db_max_retry_interval = 10 {{(pid=76862) log_opt_values /opt/stack/data/venv/lib/python3.12/site-packages/oslo_config/cfg.py:3253}}
Jul 07 17:15:14 devstack devstack@g-api.service[76862]: DEBUG glance.common.config [None req-ab7b37fb-a067-4fd2-a874-553e430d65f5 None None] database.db_retry_interval = 1 {{(pid=76862) log_opt_values /opt/stack/data/venv/lib/python3.12/site-packages/oslo_config/cfg.py:3253}}
Jul 07 17:15:14 devstack devstack@g-api.service[76862]: DEBUG glance.common.config [None req-ab7b37fb-a067-4fd2-a874-553e430d65f5 None None] database.max_overflow = 50 {{(pid=76862) log_opt_values /opt/stack/data/venv/lib/python3.12/site-packages/oslo_config/cfg.py:3253}}
Jul 07 17:15:14 devstack devstack@g-api.service[76862]: DEBUG glance.common.config [None req-ab7b37fb-a067-4fd2-a874-553e430d65f5 None None] database.max_pool_size = 5 {{(pid=76862) log_opt_values /opt/stack/data/venv/lib/python3.12/site-packages/oslo_config/cfg.py:3253}}
Jul 07 17:15:14 devstack devstack@g-api.service[76862]: DEBUG glance.common.config [None req-ab7b37fb-a067-4fd2-a874-553e430d65f5 None None] database.max_retries = 10 {{(pid=76862) log_opt_values /opt/stack/data/venv/lib/python3.12/site-packages/oslo_config/cfg.py:3253}}
Jul 07 17:15:14 devstack devstack@g-api.service[76862]: DEBUG glance.common.config [None req-ab7b37fb-a067-4fd2-a874-553e430d65f5 None None] database.mysql_sql_mode = TRADITIONAL {{(pid=76862) log_opt_values /opt/stack/data/venv/lib/python3.12/site-packages/oslo_config/cfg.py:3253}}
Jul 07 17:15:14 devstack devstack@g-api.service[76862]: DEBUG glance.common.config [None req-ab7b37fb-a067-4fd2-a874-553e430d65f5 None None] database.mysql_wsrep_sync_wait = None {{(pid=76862) log_opt_values /opt/stack/data/venv/lib/python3.12/site-packages/oslo_config/cfg.py:3253}}
Jul 07 17:15:14 devstack devstack@g-api.service[76862]: DEBUG glance.common.config [None req-ab7b37fb-a067-4fd2-a874-553e430d65f5 None None] database.pool_timeout = None {{(pid=76862) log_opt_values /opt/stack/data/venv/lib/python3.12/site-packages/oslo_config/cfg.py:3253}}
Jul 07 17:15:14 devstack devstack@g-api.service[76862]: DEBUG glance.common.config [None req-ab7b37fb-a067-4fd2-a874-553e430d65f5 None None] database.retry_interval = 10 {{(pid=76862) log_opt_values /opt/stack/data/venv/lib/python3.12/site-packages/oslo_config/cfg.py:3253}}
Jul 07 17:15:14 devstack devstack@g-api.service[76862]: DEBUG glance.common.config [None req-ab7b37fb-a067-4fd2-a874-553e430d65f5 None None] database.slave_connection = **** {{(pid=76862) log_opt_values /opt/stack/data/venv/lib/python3.12/site-packages/oslo_config/cfg.py:3253}}
Jul 07 17:15:14 devstack devstack@g-api.service[76862]: DEBUG glance.common.config [None req-ab7b37fb-a067-4fd2-a874-553e430d65f5 None None] database.sqlite_synchronous = True {{(pid=76862) log_opt_values /opt/stack/data/venv/lib/python3.12/site-packages/oslo_config/cfg.py:3253}}
Jul 07 17:15:14 devstack devstack@g-api.service[76862]: DEBUG glance.common.config [None req-ab7b37fb-a067-4fd2-a874-553e430d65f5 None None] database.synchronous_reader = True {{(pid=76862) log_opt_values /opt/stack/data/venv/lib/python3.12/site-packages/oslo_config/cfg.py:3253}}
Jul 07 17:15:14 devstack devstack@g-api.service[76862]: DEBUG glance.common.config [None req-ab7b37fb-a067-4fd2-a874-553e430d65f5 None None] database.use_db_reconnect = False {{(pid=76862) log_opt_values /opt/stack/data/venv/lib/python3.12/site-packages/oslo_config/cfg.py:3253}}
Jul 07 17:15:14 devstack devstack@g-api.service[76862]: DEBUG glance.common.config [None req-ab7b37fb-a067-4fd2-a874-553e430d65f5 None None] healthcheck.allowed_source_ranges = [] {{(pid=76862) log_opt_values /opt/stack/data/venv/lib/python3.12/site-packages/oslo_config/cfg.py:3253}}
Jul 07 17:15:14 devstack devstack@g-api.service[76862]: DEBUG glance.common.config [None req-ab7b37fb-a067-4fd2-a874-553e430d65f5 None None] healthcheck.backends = ['disable_by_file'] {{(pid=76862) log_opt_values /opt/stack/data/venv/lib/python3.12/site-packages/oslo_config/cfg.py:3253}}
Jul 07 17:15:14 devstack devstack@g-api.service[76862]: DEBUG glance.common.config [None req-ab7b37fb-a067-4fd2-a874-553e430d65f5 None None] healthcheck.detailed = False {{(pid=76862) log_opt_values /opt/stack/data/venv/lib/python3.12/site-packages/oslo_config/cfg.py:3253}}
Jul 07 17:15:14 devstack devstack@g-api.service[76862]: DEBUG glance.common.config [None req-ab7b37fb-a067-4fd2-a874-553e430d65f5 None None] healthcheck.disable_by_file_path = None {{(pid=76862) log_opt_values /opt/stack/data/venv/lib/python3.12/site-packages/oslo_config/cfg.py:3253}}
Jul 07 17:15:14 devstack devstack@g-api.service[76862]: DEBUG glance.common.config [None req-ab7b37fb-a067-4fd2-a874-553e430d65f5 None None] healthcheck.ignore_proxied_requests = False {{(pid=76862) log_opt_values /opt/stack/data/venv/lib/python3.12/site-packages/oslo_config/cfg.py:3253}}
Jul 07 17:15:14 devstack devstack@g-api.service[76862]: DEBUG glance.common.config [None req-ab7b37fb-a067-4fd2-a874-553e430d65f5 None None] ******************************************************************************** {{(pid=76862) log_opt_values /opt/stack/data/venv/lib/python3.12/site-packages/oslo_config/cfg.py:3260}}
Jul 07 17:15:14 devstack devstack@g-api.service[76862]: WSGI app 0 (mountpoint='') ready in 5 seconds on interpreter 0x76c4fd2a4668 pid: 76862 (default app)
Jul 07 17:15:18 devstack devstack@g-api.service[76864]: DEBUG glance.api.middleware.version_negotiation [None req-3e289c59-8f38-4b0b-aad8-8a4feafc014d None None] Determining version of request: GET / Accept: application/json {{(pid=76864) process_request /opt/stack/glance/glance/api/middleware/version_negotiation.py:44}}
Jul 07 17:15:18 devstack devstack@g-api.service[76864]: DEBUG glance.api.middleware.version_negotiation [None req-3e289c59-8f38-4b0b-aad8-8a4feafc014d None None] Using url versioning {{(pid=76864) process_request /opt/stack/glance/glance/api/middleware/version_negotiation.py:57}}
Jul 07 17:15:18 devstack devstack@g-api.service[76864]: DEBUG glance.api.middleware.version_negotiation [None req-3e289c59-8f38-4b0b-aad8-8a4feafc014d None None] Unknown version. Returning version choices. {{(pid=76864) process_request /opt/stack/glance/glance/api/middleware/version_negotiation.py:64}}
Jul 07 17:15:18 devstack devstack@g-api.service[76864]: [pid: 76864|app: 0|req: 2/2] 127.0.0.1 () {34 vars in 519 bytes} [Tue Jul 7 17:15:18 2026] GET / => generated 1571 bytes in 2 msecs (HTTP/1.1 300) 3 headers in 106 bytes (1 switches on core 0)
Jul 07 17:15:18 devstack devstack@g-api.service[76862]: DEBUG glance.api.middleware.version_negotiation [None req-ab7b37fb-a067-4fd2-a874-553e430d65f5 None None] Determining version of request: POST /v2/images Accept: */* {{(pid=76862) process_request /opt/stack/glance/glance/api/middleware/version_negotiation.py:44}}
Jul 07 17:15:18 devstack devstack@g-api.service[76862]: DEBUG glance.api.middleware.version_negotiation [None req-ab7b37fb-a067-4fd2-a874-553e430d65f5 None None] Using url versioning {{(pid=76862) process_request /opt/stack/glance/glance/api/middleware/version_negotiation.py:57}}
Jul 07 17:15:18 devstack devstack@g-api.service[76862]: DEBUG glance.api.middleware.version_negotiation [None req-ab7b37fb-a067-4fd2-a874-553e430d65f5 None None] Matched version: v2 {{(pid=76862) process_request /opt/stack/glance/glance/api/middleware/version_negotiation.py:69}}
Jul 07 17:15:18 devstack devstack@g-api.service[76862]: DEBUG glance.api.middleware.version_negotiation [None req-ab7b37fb-a067-4fd2-a874-553e430d65f5 None None] new path /v2/images {{(pid=76862) process_request /opt/stack/glance/glance/api/middleware/version_negotiation.py:70}}
Jul 07 17:15:19 devstack devstack@g-api.service[76862]: [pid: 76862|app: 0|req: 1/3] 127.0.0.1 () {40 vars in 782 bytes} [Tue Jul 7 17:15:18 2026] POST /v2/images => generated 807 bytes in 1167 msecs (HTTP/1.1 201) 6 headers in 314 bytes (1 switches on core 0)
Jul 07 17:15:19 devstack devstack@g-api.service[76864]: DEBUG glance.api.middleware.version_negotiation [None req-3e289c59-8f38-4b0b-aad8-8a4feafc014d None None] Determining version of request: PUT /v2/images/9687f2f4-76b7-4f0b-aa3f-68e5eafa7de1/file Accept: {{(pid=76864) process_request /opt/stack/glance/glance/api/middleware/version_negotiation.py:44}}
Jul 07 17:15:19 devstack devstack@g-api.service[76864]: DEBUG glance.api.middleware.version_negotiation [None req-3e289c59-8f38-4b0b-aad8-8a4feafc014d None None] Using url versioning {{(pid=76864) process_request /opt/stack/glance/glance/api/middleware/version_negotiation.py:57}}
Jul 07 17:15:19 devstack devstack@g-api.service[76864]: DEBUG glance.api.middleware.version_negotiation [None req-3e289c59-8f38-4b0b-aad8-8a4feafc014d None None] Matched version: v2 {{(pid=76864) process_request /opt/stack/glance/glance/api/middleware/version_negotiation.py:69}}
Jul 07 17:15:19 devstack devstack@g-api.service[76864]: DEBUG glance.api.middleware.version_negotiation [None req-3e289c59-8f38-4b0b-aad8-8a4feafc014d None None] new path /v2/images/9687f2f4-76b7-4f0b-aa3f-68e5eafa7de1/file {{(pid=76864) process_request /opt/stack/glance/glance/api/middleware/version_negotiation.py:70}}
Jul 07 17:15:20 devstack devstack@g-api.service[76864]: INFO glance.api.v2.image_data [None req-ec8ca6fa-c301-4b90-843f-2bc8e7b9d7ce admin admin] Unable to create trust: no such option collect_timing in group [keystone_authtoken] Use the existing user token.
Jul 07 17:15:21 devstack devstack@g-api.service[76864]: DEBUG glance.location [None req-ec8ca6fa-c301-4b90-843f-2bc8e7b9d7ce admin admin] Enabling in-flight format inspection for qcow2 {{(pid=76864) set_data /opt/stack/glance/glance/location.py:596}}
Jul 07 17:15:21 devstack devstack@g-api.service[76864]: DEBUG oslo_utils.imageutils.format_inspector [None req-ec8ca6fa-c301-4b90-843f-2bc8e7b9d7ce admin admin] Format inspector for vmdk does not match, excluding from consideration (Signature KDMV not found: b'QFI\xfb') {{(pid=76864) _process_chunk /opt/stack/data/venv/lib/python3.12/site-packages/oslo_utils/imageutils/format_inspector.py:1758}}
Jul 07 17:15:21 devstack devstack@g-api.service[76864]: DEBUG oslo_utils.imageutils.format_inspector [None req-ec8ca6fa-c301-4b90-843f-2bc8e7b9d7ce admin admin] Format inspector for vhdx does not match, excluding from consideration (Region signature not found at 30000) {{(pid=76864) _process_chunk /opt/stack/data/venv/lib/python3.12/site-packages/oslo_utils/imageutils/format_inspector.py:1758}}
Jul 07 17:15:21 devstack devstack@g-api.service[76864]: DEBUG glance_store._drivers.filesystem [None req-ec8ca6fa-c301-4b90-843f-2bc8e7b9d7ce admin admin] Wrote 21692416 bytes to /opt/stack/data/glance/images/9687f2f4-76b7-4f0b-aa3f-68e5eafa7de1 with checksum 87617e24a5e30cb3b87fda8c0764838f and multihash 9a9bce0083a00939ec17c11febbfc767aa211aaa54f51e75c5a8b271a9b5637c77205a518b7a2007cb391d23cceb01e0e4e8d64832317151bc85b734b92a7be0 {{(pid=76864) add /opt/stack/data/venv/lib/python3.12/site-packages/glance_store/_drivers/filesystem.py:899}}
Jul 07 17:15:21 devstack devstack@g-api.service[76864]: INFO glance.location [None req-ec8ca6fa-c301-4b90-843f-2bc8e7b9d7ce admin admin] Image format matched and virtual size computed: 117440512
Jul 07 17:15:21 devstack devstack@g-api.service[76864]: DEBUG glance_store.backend [None req-ec8ca6fa-c301-4b90-843f-2bc8e7b9d7ce admin admin] Skipping store.set_acls... not implemented. {{(pid=76864) set_acls /opt/stack/data/venv/lib/python3.12/site-packages/glance_store/backend.py:507}}
Jul 07 17:15:21 devstack devstack@g-api.service[76864]: [pid: 76864|app: 0|req: 3/4] 127.0.0.1 () {40 vars in 875 bytes} [Tue Jul 7 17:15:19 2026] PUT /v2/images/9687f2f4-76b7-4f0b-aa3f-68e5eafa7de1/file => generated 0 bytes in 1940 msecs (HTTP/1.1 204) 4 headers in 171 bytes (1 switches on core 0)
Jul 07 17:15:21 devstack devstack@g-api.service[76862]: DEBUG glance.api.middleware.version_negotiation [None req-89b13fba-787a-40ed-a8d4-581ddaa5067f admin admin] Determining version of request: GET /v2/images/9687f2f4-76b7-4f0b-aa3f-68e5eafa7de1 Accept: */* {{(pid=76862) process_request /opt/stack/glance/glance/api/middleware/version_negotiation.py:44}}
Jul 07 17:15:21 devstack devstack@g-api.service[76862]: DEBUG glance.api.middleware.version_negotiation [None req-89b13fba-787a-40ed-a8d4-581ddaa5067f admin admin] Using url versioning {{(pid=76862) process_request /opt/stack/glance/glance/api/middleware/version_negotiation.py:57}}
Jul 07 17:15:21 devstack devstack@g-api.service[76862]: DEBUG glance.api.middleware.version_negotiation [None req-89b13fba-787a-40ed-a8d4-581ddaa5067f admin admin] Matched version: v2 {{(pid=76862) process_request /opt/stack/glance/glance/api/middleware/version_negotiation.py:69}}
Jul 07 17:15:21 devstack devstack@g-api.service[76862]: DEBUG glance.api.middleware.version_negotiation [None req-89b13fba-787a-40ed-a8d4-581ddaa5067f admin admin] new path /v2/images/9687f2f4-76b7-4f0b-aa3f-68e5eafa7de1 {{(pid=76862) process_request /opt/stack/glance/glance/api/middleware/version_negotiation.py:70}}
Jul 07 17:15:21 devstack devstack@g-api.service[76862]: [pid: 76862|app: 0|req: 2/5] 127.0.0.1 () {36 vars in 802 bytes} [Tue Jul 7 17:15:21 2026] GET /v2/images/9687f2f4-76b7-4f0b-aa3f-68e5eafa7de1 => generated 976 bytes in 23 msecs (HTTP/1.1 200) 4 headers in 157 bytes (1 switches on core 0)
Jul 07 17:15:31 devstack devstack@g-api.service[76864]: DEBUG dbcounter [-] [76864] Writing DB stats glance:INSERT=5,glance:SELECT=16,glance:UPDATE=2 {{(pid=76864) stat_writer /opt/stack/data/venv/lib/python3.12/site-packages/dbcounter.py:115}}
Jul 07 17:15:31 devstack devstack@g-api.service[76862]: DEBUG dbcounter [-] [76862] Writing DB stats glance:INSERT=9,glance:SELECT=6 {{(pid=76862) stat_writer /opt/stack/data/venv/lib/python3.12/site-packages/dbcounter.py:115}}
Jul 07 17:16:07 devstack devstack@g-api.service[76864]: DEBUG glance.api.middleware.version_negotiation [None req-ec8ca6fa-c301-4b90-843f-2bc8e7b9d7ce admin admin] Determining version of request: GET / Accept: application/json {{(pid=76864) process_request /opt/stack/glance/glance/api/middleware/version_negotiation.py:44}}
Jul 07 17:16:07 devstack devstack@g-api.service[76864]: DEBUG glance.api.middleware.version_negotiation [None req-ec8ca6fa-c301-4b90-843f-2bc8e7b9d7ce admin admin] Using url versioning {{(pid=76864) process_request /opt/stack/glance/glance/api/middleware/version_negotiation.py:57}}
Jul 07 17:16:07 devstack devstack@g-api.service[76864]: DEBUG glance.api.middleware.version_negotiation [None req-ec8ca6fa-c301-4b90-843f-2bc8e7b9d7ce admin admin] Unknown version. Returning version choices. {{(pid=76864) process_request /opt/stack/glance/glance/api/middleware/version_negotiation.py:64}}
Jul 07 17:16:07 devstack devstack@g-api.service[76864]: [pid: 76864|app: 0|req: 4/6] 127.0.0.1 () {34 vars in 519 bytes} [Tue Jul 7 17:16:07 2026] GET / => generated 1571 bytes in 6 msecs (HTTP/1.1 300) 3 headers in 106 bytes (1 switches on core 0)
Jul 07 17:16:07 devstack devstack@g-api.service[76862]: DEBUG glance.api.middleware.version_negotiation [None req-a86f6850-5454-442b-8736-98182ac46e73 admin admin] Determining version of request: GET /v2/images Accept: application/json {{(pid=76862) process_request /opt/stack/glance/glance/api/middleware/version_negotiation.py:44}}
Jul 07 17:16:07 devstack devstack@g-api.service[76862]: DEBUG glance.api.middleware.version_negotiation [None req-a86f6850-5454-442b-8736-98182ac46e73 admin admin] Using url versioning {{(pid=76862) process_request /opt/stack/glance/glance/api/middleware/version_negotiation.py:57}}
Jul 07 17:16:07 devstack devstack@g-api.service[76862]: DEBUG glance.api.middleware.version_negotiation [None req-a86f6850-5454-442b-8736-98182ac46e73 admin admin] Matched version: v2 {{(pid=76862) process_request /opt/stack/glance/glance/api/middleware/version_negotiation.py:69}}
Jul 07 17:16:07 devstack devstack@g-api.service[76862]: DEBUG glance.api.middleware.version_negotiation [None req-a86f6850-5454-442b-8736-98182ac46e73 admin admin] new path /v2/images {{(pid=76862) process_request /opt/stack/glance/glance/api/middleware/version_negotiation.py:70}}
Jul 07 17:16:07 devstack devstack@g-api.service[76862]: [pid: 76862|app: 0|req: 3/7] 127.0.0.1 () {36 vars in 741 bytes} [Tue Jul 7 17:16:07 2026] GET /v2/images => generated 1045 bytes in 85 msecs (HTTP/1.1 200) 4 headers in 158 bytes (1 switches on core 0)
Jul 07 17:16:17 devstack devstack@g-api.service[76862]: DEBUG dbcounter [-] [76862] Writing DB stats glance:SELECT=1 {{(pid=76862) stat_writer /opt/stack/data/venv/lib/python3.12/site-packages/dbcounter.py:115}}
Jul 07 17:16:17 devstack devstack@g-api.service[76864]: DEBUG glance.api.middleware.version_negotiation [None req-ec8ca6fa-c301-4b90-843f-2bc8e7b9d7ce admin admin] Determining version of request: GET / Accept: application/json {{(pid=76864) process_request /opt/stack/glance/glance/api/middleware/version_negotiation.py:44}}
Jul 07 17:16:17 devstack devstack@g-api.service[76864]: DEBUG glance.api.middleware.version_negotiation [None req-ec8ca6fa-c301-4b90-843f-2bc8e7b9d7ce admin admin] Using url versioning {{(pid=76864) process_request /opt/stack/glance/glance/api/middleware/version_negotiation.py:57}}
Jul 07 17:16:17 devstack devstack@g-api.service[76864]: DEBUG glance.api.middleware.version_negotiation [None req-ec8ca6fa-c301-4b90-843f-2bc8e7b9d7ce admin admin] Unknown version. Returning version choices. {{(pid=76864) process_request /opt/stack/glance/glance/api/middleware/version_negotiation.py:64}}
Jul 07 17:16:17 devstack devstack@g-api.service[76864]: [pid: 76864|app: 0|req: 5/8] 127.0.0.1 () {34 vars in 519 bytes} [Tue Jul 7 17:16:17 2026] GET / => generated 1571 bytes in 3 msecs (HTTP/1.1 300) 3 headers in 106 bytes (1 switches on core 0)
Jul 07 17:16:17 devstack devstack@g-api.service[76862]: DEBUG glance.api.middleware.version_negotiation [None req-b79eae2f-9ac4-45f3-98ee-8b000b43165d admin admin] Determining version of request: GET /v2/images/9687f2f4-76b7-4f0b-aa3f-68e5eafa7de1 Accept: */* {{(pid=76862) process_request /opt/stack/glance/glance/api/middleware/version_negotiation.py:44}}
Jul 07 17:16:17 devstack devstack@g-api.service[76862]: DEBUG glance.api.middleware.version_negotiation [None req-b79eae2f-9ac4-45f3-98ee-8b000b43165d admin admin] Using url versioning {{(pid=76862) process_request /opt/stack/glance/glance/api/middleware/version_negotiation.py:57}}
Jul 07 17:16:17 devstack devstack@g-api.service[76862]: DEBUG glance.api.middleware.version_negotiation [None req-b79eae2f-9ac4-45f3-98ee-8b000b43165d admin admin] Matched version: v2 {{(pid=76862) process_request /opt/stack/glance/glance/api/middleware/version_negotiation.py:69}}
Jul 07 17:16:17 devstack devstack@g-api.service[76862]: DEBUG glance.api.middleware.version_negotiation [None req-b79eae2f-9ac4-45f3-98ee-8b000b43165d admin admin] new path /v2/images/9687f2f4-76b7-4f0b-aa3f-68e5eafa7de1 {{(pid=76862) process_request /opt/stack/glance/glance/api/middleware/version_negotiation.py:70}}
Jul 07 17:16:18 devstack devstack@g-api.service[76862]: [pid: 76862|app: 0|req: 4/9] 127.0.0.1 () {36 vars in 802 bytes} [Tue Jul 7 17:16:17 2026] GET /v2/images/9687f2f4-76b7-4f0b-aa3f-68e5eafa7de1 => generated 976 bytes in 73 msecs (HTTP/1.1 200) 4 headers in 157 bytes (1 switches on core 0)
Jul 07 17:16:24 devstack devstack@g-api.service[76864]: DEBUG glance.api.middleware.version_negotiation [None req-ec8ca6fa-c301-4b90-843f-2bc8e7b9d7ce admin admin] Determining version of request: GET / Accept: application/json {{(pid=76864) process_request /opt/stack/glance/glance/api/middleware/version_negotiation.py:44}}
Jul 07 17:16:24 devstack devstack@g-api.service[76864]: DEBUG glance.api.middleware.version_negotiation [None req-ec8ca6fa-c301-4b90-843f-2bc8e7b9d7ce admin admin] Using url versioning {{(pid=76864) process_request /opt/stack/glance/glance/api/middleware/version_negotiation.py:57}}
Jul 07 17:16:24 devstack devstack@g-api.service[76864]: DEBUG glance.api.middleware.version_negotiation [None req-ec8ca6fa-c301-4b90-843f-2bc8e7b9d7ce admin admin] Unknown version. Returning version choices. {{(pid=76864) process_request /opt/stack/glance/glance/api/middleware/version_negotiation.py:64}}
Jul 07 17:16:24 devstack devstack@g-api.service[76864]: [pid: 76864|app: 0|req: 6/10] 127.0.0.1 () {34 vars in 519 bytes} [Tue Jul 7 17:16:24 2026] GET / => generated 1571 bytes in 2 msecs (HTTP/1.1 300) 3 headers in 106 bytes (1 switches on core 0)
Jul 07 17:16:24 devstack devstack@g-api.service[76862]: DEBUG glance.api.middleware.version_negotiation [None req-2cc11d19-2916-4187-a07f-0aef39d965dc admin admin] Determining version of request: GET /v2/images/9687f2f4-76b7-4f0b-aa3f-68e5eafa7de1 Accept: */* {{(pid=76862) process_request /opt/stack/glance/glance/api/middleware/version_negotiation.py:44}}
Jul 07 17:16:24 devstack devstack@g-api.service[76862]: DEBUG glance.api.middleware.version_negotiation [None req-2cc11d19-2916-4187-a07f-0aef39d965dc admin admin] Using url versioning {{(pid=76862) process_request /opt/stack/glance/glance/api/middleware/version_negotiation.py:57}}
Jul 07 17:16:24 devstack devstack@g-api.service[76862]: DEBUG glance.api.middleware.version_negotiation [None req-2cc11d19-2916-4187-a07f-0aef39d965dc admin admin] Matched version: v2 {{(pid=76862) process_request /opt/stack/glance/glance/api/middleware/version_negotiation.py:69}}
Jul 07 17:16:24 devstack devstack@g-api.service[76862]: DEBUG glance.api.middleware.version_negotiation [None req-2cc11d19-2916-4187-a07f-0aef39d965dc admin admin] new path /v2/images/9687f2f4-76b7-4f0b-aa3f-68e5eafa7de1 {{(pid=76862) process_request /opt/stack/glance/glance/api/middleware/version_negotiation.py:70}}
Jul 07 17:16:24 devstack devstack@g-api.service[76862]: [pid: 76862|app: 0|req: 5/11] 127.0.0.1 () {36 vars in 802 bytes} [Tue Jul 7 17:16:24 2026] GET /v2/images/9687f2f4-76b7-4f0b-aa3f-68e5eafa7de1 => generated 976 bytes in 70 msecs (HTTP/1.1 200) 4 headers in 157 bytes (1 switches on core 0)
Jul 07 17:16:34 devstack devstack@g-api.service[76862]: DEBUG dbcounter [-] [76862] Writing DB stats glance:SELECT=4 {{(pid=76862) stat_writer /opt/stack/data/venv/lib/python3.12/site-packages/dbcounter.py:115}}
Jul 07 17:17:40 devstack devstack@g-api.service[76864]: DEBUG glance.api.middleware.version_negotiation [None req-ec8ca6fa-c301-4b90-843f-2bc8e7b9d7ce admin admin] Determining version of request: GET / Accept: application/json {{(pid=76864) process_request /opt/stack/glance/glance/api/middleware/version_negotiation.py:44}}
Jul 07 17:17:40 devstack devstack@g-api.service[76864]: DEBUG glance.api.middleware.version_negotiation [None req-ec8ca6fa-c301-4b90-843f-2bc8e7b9d7ce admin admin] Using url versioning {{(pid=76864) process_request /opt/stack/glance/glance/api/middleware/version_negotiation.py:57}}
Jul 07 17:17:40 devstack devstack@g-api.service[76864]: DEBUG glance.api.middleware.version_negotiation [None req-ec8ca6fa-c301-4b90-843f-2bc8e7b9d7ce admin admin] Unknown version. Returning version choices. {{(pid=76864) process_request /opt/stack/glance/glance/api/middleware/version_negotiation.py:64}}
Jul 07 17:17:40 devstack devstack@g-api.service[76864]: [pid: 76864|app: 0|req: 7/12] 127.0.0.1 () {36 vars in 488 bytes} [Tue Jul 7 17:17:40 2026] GET / => generated 1571 bytes in 2 msecs (HTTP/1.1 300) 3 headers in 106 bytes (1 switches on core 0)
Jul 07 17:20:37 devstack devstack@g-api.service[76862]: DEBUG glance.api.middleware.version_negotiation [None req-6a1d31bd-8479-4e6d-baf1-02661aaae9b6 admin admin] Determining version of request: GET / Accept: application/json {{(pid=76862) process_request /opt/stack/glance/glance/api/middleware/version_negotiation.py:44}}
Jul 07 17:20:37 devstack devstack@g-api.service[76862]: DEBUG glance.api.middleware.version_negotiation [None req-6a1d31bd-8479-4e6d-baf1-02661aaae9b6 admin admin] Using url versioning {{(pid=76862) process_request /opt/stack/glance/glance/api/middleware/version_negotiation.py:57}}
Jul 07 17:20:37 devstack devstack@g-api.service[76862]: DEBUG glance.api.middleware.version_negotiation [None req-6a1d31bd-8479-4e6d-baf1-02661aaae9b6 admin admin] Unknown version. Returning version choices. {{(pid=76862) process_request /opt/stack/glance/glance/api/middleware/version_negotiation.py:64}}
Jul 07 17:20:37 devstack devstack@g-api.service[76862]: [pid: 76862|app: 0|req: 6/13] 127.0.0.1 () {34 vars in 505 bytes} [Tue Jul 7 17:20:37 2026] GET / => generated 1571 bytes in 3 msecs (HTTP/1.1 300) 3 headers in 106 bytes (1 switches on core 0)
Jul 07 17:20:37 devstack devstack@g-api.service[76864]: DEBUG glance.api.middleware.version_negotiation [None req-ec8ca6fa-c301-4b90-843f-2bc8e7b9d7ce admin admin] Determining version of request: GET /v2/images/9687f2f4-76b7-4f0b-aa3f-68e5eafa7de1 Accept: */* {{(pid=76864) process_request /opt/stack/glance/glance/api/middleware/version_negotiation.py:44}}
Jul 07 17:20:37 devstack devstack@g-api.service[76864]: DEBUG glance.api.middleware.version_negotiation [None req-ec8ca6fa-c301-4b90-843f-2bc8e7b9d7ce admin admin] Using url versioning {{(pid=76864) process_request /opt/stack/glance/glance/api/middleware/version_negotiation.py:57}}
Jul 07 17:20:37 devstack devstack@g-api.service[76864]: DEBUG glance.api.middleware.version_negotiation [None req-ec8ca6fa-c301-4b90-843f-2bc8e7b9d7ce admin admin] Matched version: v2 {{(pid=76864) process_request /opt/stack/glance/glance/api/middleware/version_negotiation.py:69}}
Jul 07 17:20:37 devstack devstack@g-api.service[76864]: DEBUG glance.api.middleware.version_negotiation [None req-ec8ca6fa-c301-4b90-843f-2bc8e7b9d7ce admin admin] new path /v2/images/9687f2f4-76b7-4f0b-aa3f-68e5eafa7de1 {{(pid=76864) process_request /opt/stack/glance/glance/api/middleware/version_negotiation.py:70}}
Jul 07 17:20:37 devstack devstack@g-api.service[76864]: [pid: 76864|app: 0|req: 8/14] 127.0.0.1 () {42 vars in 1061 bytes} [Tue Jul 7 17:20:37 2026] GET /v2/images/9687f2f4-76b7-4f0b-aa3f-68e5eafa7de1 => generated 976 bytes in 349 msecs (HTTP/1.1 200) 4 headers in 157 bytes (1 switches on core 0)
Jul 07 17:20:37 devstack devstack@g-api.service[76862]: DEBUG glance.api.middleware.version_negotiation [None req-6a1d31bd-8479-4e6d-baf1-02661aaae9b6 admin admin] Determining version of request: GET /v2/schemas/image Accept: */* {{(pid=76862) process_request /opt/stack/glance/glance/api/middleware/version_negotiation.py:44}}
Jul 07 17:20:37 devstack devstack@g-api.service[76862]: DEBUG glance.api.middleware.version_negotiation [None req-6a1d31bd-8479-4e6d-baf1-02661aaae9b6 admin admin] Using url versioning {{(pid=76862) process_request /opt/stack/glance/glance/api/middleware/version_negotiation.py:57}}
Jul 07 17:20:37 devstack devstack@g-api.service[76862]: DEBUG glance.api.middleware.version_negotiation [None req-6a1d31bd-8479-4e6d-baf1-02661aaae9b6 admin admin] Matched version: v2 {{(pid=76862) process_request /opt/stack/glance/glance/api/middleware/version_negotiation.py:69}}
Jul 07 17:20:37 devstack devstack@g-api.service[76862]: DEBUG glance.api.middleware.version_negotiation [None req-6a1d31bd-8479-4e6d-baf1-02661aaae9b6 admin admin] new path /v2/schemas/image {{(pid=76862) process_request /opt/stack/glance/glance/api/middleware/version_negotiation.py:70}}
Jul 07 17:20:38 devstack devstack@g-api.service[76862]: [pid: 76862|app: 0|req: 7/15] 127.0.0.1 () {42 vars in 1001 bytes} [Tue Jul 7 17:20:37 2026] GET /v2/schemas/image => generated 6083 bytes in 15 msecs (HTTP/1.1 200) 4 headers in 158 bytes (1 switches on core 0)
Jul 07 17:20:40 devstack devstack@g-api.service[76864]: DEBUG glance.api.middleware.version_negotiation [None req-bb384646-47cc-4790-987f-8d2df2218ae1 tempest-ServersNegativeTestJSON-1842406983 tempest-ServersNegativeTestJSON-1842406983-project-member] Determining version of request: GET / Accept: application/json {{(pid=76864) process_request /opt/stack/glance/glance/api/middleware/version_negotiation.py:44}}
Jul 07 17:20:40 devstack devstack@g-api.service[76864]: DEBUG glance.api.middleware.version_negotiation [None req-bb384646-47cc-4790-987f-8d2df2218ae1 tempest-ServersNegativeTestJSON-1842406983 tempest-ServersNegativeTestJSON-1842406983-project-member] Using url versioning {{(pid=76864) process_request /opt/stack/glance/glance/api/middleware/version_negotiation.py:57}}
Jul 07 17:20:40 devstack devstack@g-api.service[76864]: DEBUG glance.api.middleware.version_negotiation [None req-bb384646-47cc-4790-987f-8d2df2218ae1 tempest-ServersNegativeTestJSON-1842406983 tempest-ServersNegativeTestJSON-1842406983-project-member] Unknown version. Returning version choices. {{(pid=76864) process_request /opt/stack/glance/glance/api/middleware/version_negotiation.py:64}}
Jul 07 17:20:40 devstack devstack@g-api.service[76864]: [pid: 76864|app: 0|req: 9/16] 127.0.0.1 () {34 vars in 505 bytes} [Tue Jul 7 17:20:40 2026] GET / => generated 1571 bytes in 3 msecs (HTTP/1.1 300) 3 headers in 106 bytes (1 switches on core 0)
Jul 07 17:20:40 devstack devstack@g-api.service[76862]: DEBUG glance.api.middleware.version_negotiation [None req-bb384646-47cc-4790-987f-8d2df2218ae1 tempest-ServersNegativeTestJSON-1842406983 tempest-ServersNegativeTestJSON-1842406983-project-member] Determining version of request: GET /v2/images/9687f2f4-76b7-4f0b-aa3f-68e5eafa7de1 Accept: */* {{(pid=76862) process_request /opt/stack/glance/glance/api/middleware/version_negotiation.py:44}}
Jul 07 17:20:40 devstack devstack@g-api.service[76862]: DEBUG glance.api.middleware.version_negotiation [None req-bb384646-47cc-4790-987f-8d2df2218ae1 tempest-ServersNegativeTestJSON-1842406983 tempest-ServersNegativeTestJSON-1842406983-project-member] Using url versioning {{(pid=76862) process_request /opt/stack/glance/glance/api/middleware/version_negotiation.py:57}}
Jul 07 17:20:40 devstack devstack@g-api.service[76862]: DEBUG glance.api.middleware.version_negotiation [None req-bb384646-47cc-4790-987f-8d2df2218ae1 tempest-ServersNegativeTestJSON-1842406983 tempest-ServersNegativeTestJSON-1842406983-project-member] Matched version: v2 {{(pid=76862) process_request /opt/stack/glance/glance/api/middleware/version_negotiation.py:69}}
Jul 07 17:20:40 devstack devstack@g-api.service[76862]: DEBUG glance.api.middleware.version_negotiation [None req-bb384646-47cc-4790-987f-8d2df2218ae1 tempest-ServersNegativeTestJSON-1842406983 tempest-ServersNegativeTestJSON-1842406983-project-member] new path /v2/images/9687f2f4-76b7-4f0b-aa3f-68e5eafa7de1 {{(pid=76862) process_request /opt/stack/glance/glance/api/middleware/version_negotiation.py:70}}
Jul 07 17:20:41 devstack devstack@g-api.service[76862]: [pid: 76862|app: 0|req: 8/17] 127.0.0.1 () {42 vars in 1061 bytes} [Tue Jul 7 17:20:40 2026] GET /v2/images/9687f2f4-76b7-4f0b-aa3f-68e5eafa7de1 => generated 976 bytes in 142 msecs (HTTP/1.1 200) 4 headers in 157 bytes (1 switches on core 0)
Jul 07 17:20:41 devstack devstack@g-api.service[76864]: DEBUG glance.api.middleware.version_negotiation [None req-bb384646-47cc-4790-987f-8d2df2218ae1 tempest-ServersNegativeTestJSON-1842406983 tempest-ServersNegativeTestJSON-1842406983-project-member] Determining version of request: GET /v2/schemas/image Accept: */* {{(pid=76864) process_request /opt/stack/glance/glance/api/middleware/version_negotiation.py:44}}
Jul 07 17:20:41 devstack devstack@g-api.service[76864]: DEBUG glance.api.middleware.version_negotiation [None req-bb384646-47cc-4790-987f-8d2df2218ae1 tempest-ServersNegativeTestJSON-1842406983 tempest-ServersNegativeTestJSON-1842406983-project-member] Using url versioning {{(pid=76864) process_request /opt/stack/glance/glance/api/middleware/version_negotiation.py:57}}
Jul 07 17:20:41 devstack devstack@g-api.service[76864]: DEBUG glance.api.middleware.version_negotiation [None req-bb384646-47cc-4790-987f-8d2df2218ae1 tempest-ServersNegativeTestJSON-1842406983 tempest-ServersNegativeTestJSON-1842406983-project-member] Matched version: v2 {{(pid=76864) process_request /opt/stack/glance/glance/api/middleware/version_negotiation.py:69}}
Jul 07 17:20:41 devstack devstack@g-api.service[76864]: DEBUG glance.api.middleware.version_negotiation [None req-bb384646-47cc-4790-987f-8d2df2218ae1 tempest-ServersNegativeTestJSON-1842406983 tempest-ServersNegativeTestJSON-1842406983-project-member] new path /v2/schemas/image {{(pid=76864) process_request /opt/stack/glance/glance/api/middleware/version_negotiation.py:70}}
Jul 07 17:20:41 devstack devstack@g-api.service[76864]: [pid: 76864|app: 0|req: 10/18] 127.0.0.1 () {42 vars in 1001 bytes} [Tue Jul 7 17:20:41 2026] GET /v2/schemas/image => generated 6083 bytes in 7 msecs (HTTP/1.1 200) 4 headers in 158 bytes (1 switches on core 0)
Jul 07 17:20:47 devstack devstack@g-api.service[76864]: DEBUG dbcounter [-] [76864] Writing DB stats glance:SELECT=2 {{(pid=76864) stat_writer /opt/stack/data/venv/lib/python3.12/site-packages/dbcounter.py:115}}
Jul 07 17:20:51 devstack devstack@g-api.service[76862]: DEBUG dbcounter [-] [76862] Writing DB stats glance:SELECT=2 {{(pid=76862) stat_writer /opt/stack/data/venv/lib/python3.12/site-packages/dbcounter.py:115}}
Jul 07 17:20:54 devstack devstack@g-api.service[76862]: DEBUG glance.api.middleware.version_negotiation [None req-b5006727-62f9-47ea-aa07-c1829e6a0621 tempest-AttachVolumeNegativeTest-242484348 tempest-AttachVolumeNegativeTest-242484348-project-member] Determining version of request: GET /v2/images/9687f2f4-76b7-4f0b-aa3f-68e5eafa7de1 Accept: */* {{(pid=76862) process_request /opt/stack/glance/glance/api/middleware/version_negotiation.py:44}}
Jul 07 17:20:54 devstack devstack@g-api.service[76862]: DEBUG glance.api.middleware.version_negotiation [None req-b5006727-62f9-47ea-aa07-c1829e6a0621 tempest-AttachVolumeNegativeTest-242484348 tempest-AttachVolumeNegativeTest-242484348-project-member] Using url versioning {{(pid=76862) process_request /opt/stack/glance/glance/api/middleware/version_negotiation.py:57}}
Jul 07 17:20:54 devstack devstack@g-api.service[76862]: DEBUG glance.api.middleware.version_negotiation [None req-b5006727-62f9-47ea-aa07-c1829e6a0621 tempest-AttachVolumeNegativeTest-242484348 tempest-AttachVolumeNegativeTest-242484348-project-member] Matched version: v2 {{(pid=76862) process_request /opt/stack/glance/glance/api/middleware/version_negotiation.py:69}}
Jul 07 17:20:54 devstack devstack@g-api.service[76862]: DEBUG glance.api.middleware.version_negotiation [None req-b5006727-62f9-47ea-aa07-c1829e6a0621 tempest-AttachVolumeNegativeTest-242484348 tempest-AttachVolumeNegativeTest-242484348-project-member] new path /v2/images/9687f2f4-76b7-4f0b-aa3f-68e5eafa7de1 {{(pid=76862) process_request /opt/stack/glance/glance/api/middleware/version_negotiation.py:70}}
Jul 07 17:20:54 devstack devstack@g-api.service[76862]: [pid: 76862|app: 0|req: 9/19] 127.0.0.1 () {42 vars in 1061 bytes} [Tue Jul 7 17:20:54 2026] GET /v2/images/9687f2f4-76b7-4f0b-aa3f-68e5eafa7de1 => generated 976 bytes in 39 msecs (HTTP/1.1 200) 4 headers in 157 bytes (1 switches on core 0)
Jul 07 17:20:54 devstack devstack@g-api.service[76864]: DEBUG glance.api.middleware.version_negotiation [None req-b5006727-62f9-47ea-aa07-c1829e6a0621 tempest-AttachVolumeNegativeTest-242484348 tempest-AttachVolumeNegativeTest-242484348-project-member] Determining version of request: GET /v2/images/9687f2f4-76b7-4f0b-aa3f-68e5eafa7de1/file Accept: */* {{(pid=76864) process_request /opt/stack/glance/glance/api/middleware/version_negotiation.py:44}}
Jul 07 17:20:54 devstack devstack@g-api.service[76864]: DEBUG glance.api.middleware.version_negotiation [None req-b5006727-62f9-47ea-aa07-c1829e6a0621 tempest-AttachVolumeNegativeTest-242484348 tempest-AttachVolumeNegativeTest-242484348-project-member] Using url versioning {{(pid=76864) process_request /opt/stack/glance/glance/api/middleware/version_negotiation.py:57}}
Jul 07 17:20:54 devstack devstack@g-api.service[76864]: DEBUG glance.api.middleware.version_negotiation [None req-b5006727-62f9-47ea-aa07-c1829e6a0621 tempest-AttachVolumeNegativeTest-242484348 tempest-AttachVolumeNegativeTest-242484348-project-member] Matched version: v2 {{(pid=76864) process_request /opt/stack/glance/glance/api/middleware/version_negotiation.py:69}}
Jul 07 17:20:54 devstack devstack@g-api.service[76864]: DEBUG glance.api.middleware.version_negotiation [None req-b5006727-62f9-47ea-aa07-c1829e6a0621 tempest-AttachVolumeNegativeTest-242484348 tempest-AttachVolumeNegativeTest-242484348-project-member] new path /v2/images/9687f2f4-76b7-4f0b-aa3f-68e5eafa7de1/file {{(pid=76864) process_request /opt/stack/glance/glance/api/middleware/version_negotiation.py:70}}
Jul 07 17:20:54 devstack devstack@g-api.service[76864]: DEBUG glance_store._drivers.filesystem [None req-bb384646-47cc-4790-987f-8d2df2218ae1 tempest-ServersNegativeTestJSON-1842406983 tempest-ServersNegativeTestJSON-1842406983-project-member] Found image at /opt/stack/data/glance/images/9687f2f4-76b7-4f0b-aa3f-68e5eafa7de1. Returning in ChunkedFile. {{(pid=76864) get /opt/stack/data/venv/lib/python3.12/site-packages/glance_store/_drivers/filesystem.py:724}}
Jul 07 17:20:54 devstack devstack@g-api.service[76864]: DEBUG glance.image_cache [None req-bb384646-47cc-4790-987f-8d2df2218ae1 tempest-ServersNegativeTestJSON-1842406983 tempest-ServersNegativeTestJSON-1842406983-project-member] Tee'ing image '9687f2f4-76b7-4f0b-aa3f-68e5eafa7de1' into cache {{(pid=76864) get_caching_iter /opt/stack/glance/glance/image_cache/__init__.py:356}}
Jul 07 17:20:54 devstack devstack@g-api.service[76864]: DEBUG glance.image_cache.drivers.centralized_db [None req-bb384646-47cc-4790-987f-8d2df2218ae1 tempest-ServersNegativeTestJSON-1842406983 tempest-ServersNegativeTestJSON-1842406983-project-member] Fetch finished, moving '/opt/stack/data/glance/cache/incomplete/9687f2f4-76b7-4f0b-aa3f-68e5eafa7de1' to '/opt/stack/data/glance/cache/9687f2f4-76b7-4f0b-aa3f-68e5eafa7de1' {{(pid=76864) commit /opt/stack/glance/glance/image_cache/drivers/centralized_db.py:243}}
Jul 07 17:20:54 devstack devstack@g-api.service[76864]: DEBUG glance.image_cache.drivers.centralized_db [None req-bb384646-47cc-4790-987f-8d2df2218ae1 tempest-ServersNegativeTestJSON-1842406983 tempest-ServersNegativeTestJSON-1842406983-project-member] Image cached successfully. {{(pid=76864) commit /opt/stack/glance/glance/image_cache/drivers/centralized_db.py:258}}
Jul 07 17:20:54 devstack devstack@g-api.service[76864]: [pid: 76864|app: 0|req: 11/20] 127.0.0.1 () {42 vars in 1071 bytes} [Tue Jul 7 17:20:54 2026] GET /v2/images/9687f2f4-76b7-4f0b-aa3f-68e5eafa7de1/file => generated 21692416 bytes in 477 msecs (HTTP/1.1 200) 4 headers in 191 bytes (335 switches on core 0)
Jul 07 17:20:55 devstack devstack@g-api.service[76862]: DEBUG glance.api.middleware.version_negotiation [None req-bb384646-47cc-4790-987f-8d2df2218ae1 tempest-ServersNegativeTestJSON-1842406983 tempest-ServersNegativeTestJSON-1842406983-project-member] Determining version of request: GET /v2/images/9687f2f4-76b7-4f0b-aa3f-68e5eafa7de1 Accept: */* {{(pid=76862) process_request /opt/stack/glance/glance/api/middleware/version_negotiation.py:44}}
Jul 07 17:20:55 devstack devstack@g-api.service[76862]: DEBUG glance.api.middleware.version_negotiation [None req-bb384646-47cc-4790-987f-8d2df2218ae1 tempest-ServersNegativeTestJSON-1842406983 tempest-ServersNegativeTestJSON-1842406983-project-member] Using url versioning {{(pid=76862) process_request /opt/stack/glance/glance/api/middleware/version_negotiation.py:57}}
Jul 07 17:20:55 devstack devstack@g-api.service[76862]: DEBUG glance.api.middleware.version_negotiation [None req-bb384646-47cc-4790-987f-8d2df2218ae1 tempest-ServersNegativeTestJSON-1842406983 tempest-ServersNegativeTestJSON-1842406983-project-member] Matched version: v2 {{(pid=76862) process_request /opt/stack/glance/glance/api/middleware/version_negotiation.py:69}}
Jul 07 17:20:55 devstack devstack@g-api.service[76862]: DEBUG glance.api.middleware.version_negotiation [None req-bb384646-47cc-4790-987f-8d2df2218ae1 tempest-ServersNegativeTestJSON-1842406983 tempest-ServersNegativeTestJSON-1842406983-project-member] new path /v2/images/9687f2f4-76b7-4f0b-aa3f-68e5eafa7de1 {{(pid=76862) process_request /opt/stack/glance/glance/api/middleware/version_negotiation.py:70}}
Jul 07 17:20:55 devstack devstack@g-api.service[76862]: [pid: 76862|app: 0|req: 10/21] 127.0.0.1 () {42 vars in 1061 bytes} [Tue Jul 7 17:20:55 2026] GET /v2/images/9687f2f4-76b7-4f0b-aa3f-68e5eafa7de1 => generated 976 bytes in 28 msecs (HTTP/1.1 200) 4 headers in 157 bytes (1 switches on core 0)
Jul 07 17:20:55 devstack devstack@g-api.service[76864]: DEBUG glance.api.middleware.version_negotiation [None req-bb384646-47cc-4790-987f-8d2df2218ae1 tempest-ServersNegativeTestJSON-1842406983 tempest-ServersNegativeTestJSON-1842406983-project-member] Determining version of request: GET /v2/schemas/image Accept: */* {{(pid=76864) process_request /opt/stack/glance/glance/api/middleware/version_negotiation.py:44}}
Jul 07 17:20:55 devstack devstack@g-api.service[76864]: DEBUG glance.api.middleware.version_negotiation [None req-bb384646-47cc-4790-987f-8d2df2218ae1 tempest-ServersNegativeTestJSON-1842406983 tempest-ServersNegativeTestJSON-1842406983-project-member] Using url versioning {{(pid=76864) process_request /opt/stack/glance/glance/api/middleware/version_negotiation.py:57}}
Jul 07 17:20:55 devstack devstack@g-api.service[76864]: DEBUG glance.api.middleware.version_negotiation [None req-bb384646-47cc-4790-987f-8d2df2218ae1 tempest-ServersNegativeTestJSON-1842406983 tempest-ServersNegativeTestJSON-1842406983-project-member] Matched version: v2 {{(pid=76864) process_request /opt/stack/glance/glance/api/middleware/version_negotiation.py:69}}
Jul 07 17:20:55 devstack devstack@g-api.service[76864]: DEBUG glance.api.middleware.version_negotiation [None req-bb384646-47cc-4790-987f-8d2df2218ae1 tempest-ServersNegativeTestJSON-1842406983 tempest-ServersNegativeTestJSON-1842406983-project-member] new path /v2/schemas/image {{(pid=76864) process_request /opt/stack/glance/glance/api/middleware/version_negotiation.py:70}}
Jul 07 17:20:55 devstack devstack@g-api.service[76864]: [pid: 76864|app: 0|req: 12/22] 127.0.0.1 () {42 vars in 1001 bytes} [Tue Jul 7 17:20:55 2026] GET /v2/schemas/image => generated 6083 bytes in 14 msecs (HTTP/1.1 200) 4 headers in 158 bytes (1 switches on core 0)
Jul 07 17:20:57 devstack devstack@g-api.service[76862]: DEBUG glance.api.middleware.version_negotiation [None req-bb384646-47cc-4790-987f-8d2df2218ae1 tempest-ServersNegativeTestJSON-1842406983 tempest-ServersNegativeTestJSON-1842406983-project-member] Determining version of request: GET /v2/images/9687f2f4-76b7-4f0b-aa3f-68e5eafa7de1 Accept: */* {{(pid=76862) process_request /opt/stack/glance/glance/api/middleware/version_negotiation.py:44}}
Jul 07 17:20:57 devstack devstack@g-api.service[76862]: DEBUG glance.api.middleware.version_negotiation [None req-bb384646-47cc-4790-987f-8d2df2218ae1 tempest-ServersNegativeTestJSON-1842406983 tempest-ServersNegativeTestJSON-1842406983-project-member] Using url versioning {{(pid=76862) process_request /opt/stack/glance/glance/api/middleware/version_negotiation.py:57}}
Jul 07 17:20:57 devstack devstack@g-api.service[76862]: DEBUG glance.api.middleware.version_negotiation [None req-bb384646-47cc-4790-987f-8d2df2218ae1 tempest-ServersNegativeTestJSON-1842406983 tempest-ServersNegativeTestJSON-1842406983-project-member] Matched version: v2 {{(pid=76862) process_request /opt/stack/glance/glance/api/middleware/version_negotiation.py:69}}
Jul 07 17:20:57 devstack devstack@g-api.service[76862]: DEBUG glance.api.middleware.version_negotiation [None req-bb384646-47cc-4790-987f-8d2df2218ae1 tempest-ServersNegativeTestJSON-1842406983 tempest-ServersNegativeTestJSON-1842406983-project-member] new path /v2/images/9687f2f4-76b7-4f0b-aa3f-68e5eafa7de1 {{(pid=76862) process_request /opt/stack/glance/glance/api/middleware/version_negotiation.py:70}}
Jul 07 17:20:57 devstack devstack@g-api.service[76862]: [pid: 76862|app: 0|req: 11/23] 127.0.0.1 () {42 vars in 1061 bytes} [Tue Jul 7 17:20:57 2026] GET /v2/images/9687f2f4-76b7-4f0b-aa3f-68e5eafa7de1 => generated 976 bytes in 50 msecs (HTTP/1.1 200) 4 headers in 157 bytes (1 switches on core 0)
Jul 07 17:20:57 devstack devstack@g-api.service[76864]: DEBUG glance.api.middleware.version_negotiation [None req-bb384646-47cc-4790-987f-8d2df2218ae1 tempest-ServersNegativeTestJSON-1842406983 tempest-ServersNegativeTestJSON-1842406983-project-member] Determining version of request: GET /v2/schemas/image Accept: */* {{(pid=76864) process_request /opt/stack/glance/glance/api/middleware/version_negotiation.py:44}}
Jul 07 17:20:57 devstack devstack@g-api.service[76864]: DEBUG glance.api.middleware.version_negotiation [None req-bb384646-47cc-4790-987f-8d2df2218ae1 tempest-ServersNegativeTestJSON-1842406983 tempest-ServersNegativeTestJSON-1842406983-project-member] Using url versioning {{(pid=76864) process_request /opt/stack/glance/glance/api/middleware/version_negotiation.py:57}}
Jul 07 17:20:57 devstack devstack@g-api.service[76864]: DEBUG glance.api.middleware.version_negotiation [None req-bb384646-47cc-4790-987f-8d2df2218ae1 tempest-ServersNegativeTestJSON-1842406983 tempest-ServersNegativeTestJSON-1842406983-project-member] Matched version: v2 {{(pid=76864) process_request /opt/stack/glance/glance/api/middleware/version_negotiation.py:69}}
Jul 07 17:20:57 devstack devstack@g-api.service[76864]: DEBUG glance.api.middleware.version_negotiation [None req-bb384646-47cc-4790-987f-8d2df2218ae1 tempest-ServersNegativeTestJSON-1842406983 tempest-ServersNegativeTestJSON-1842406983-project-member] new path /v2/schemas/image {{(pid=76864) process_request /opt/stack/glance/glance/api/middleware/version_negotiation.py:70}}
Jul 07 17:20:57 devstack devstack@g-api.service[76864]: [pid: 76864|app: 0|req: 13/24] 127.0.0.1 () {42 vars in 1001 bytes} [Tue Jul 7 17:20:57 2026] GET /v2/schemas/image => generated 6083 bytes in 12 msecs (HTTP/1.1 200) 4 headers in 158 bytes (1 switches on core 0)
Jul 07 17:21:04 devstack devstack@g-api.service[76864]: DEBUG dbcounter [-] [76864] Writing DB stats glance:SELECT=5,glance:INSERT=1 {{(pid=76864) stat_writer /opt/stack/data/venv/lib/python3.12/site-packages/dbcounter.py:115}}
