Aug 08 22:32:19 devstack devstack@keystone.service[44869]: DEBUG keystone.server.flask.request_processing.req_logging [None req-e3153e86-2a64-4a63-a0f3-d3d441a2fd75 None None] REQUEST_METHOD: `GET` {{(pid=44869) log_request_info /opt/stack/keystone/keystone/server/flask/request_processing/req_logging.py:26}}
Aug 08 22:32:19 devstack devstack@keystone.service[44869]: DEBUG keystone.server.flask.request_processing.req_logging [None req-e3153e86-2a64-4a63-a0f3-d3d441a2fd75 None None] SCRIPT_NAME: `/identity` {{(pid=44869) log_request_info /opt/stack/keystone/keystone/server/flask/request_processing/req_logging.py:27}}
Aug 08 22:32:19 devstack devstack@keystone.service[44869]: DEBUG keystone.server.flask.request_processing.req_logging [None req-e3153e86-2a64-4a63-a0f3-d3d441a2fd75 None None] PATH_INFO: `/` {{(pid=44869) log_request_info /opt/stack/keystone/keystone/server/flask/request_processing/req_logging.py:28}}
Aug 08 22:32:19 devstack devstack@keystone.service[44869]: [pid: 44869|app: 0|req: 13/26] 192.168.122.43 () {54 vars in 923 bytes} [Sat Aug 8 22:32:19 2026] GET /identity => generated 273 bytes in 6 msecs (HTTP/1.1 300) 6 headers in 237 bytes (1 switches on core 0)
Aug 08 22:32:19 devstack devstack@keystone.service[44868]: [pid: 44868|app: 0|req: 14/27] 192.168.122.43 () {58 vars in 1020 bytes} [Sat Aug 8 22:32:19 2026] POST /identity/v3/auth/tokens => generated 865 bytes in 227 msecs (HTTP/1.1 201) 6 headers in 363 bytes (1 switches on core 0)
Aug 08 22:32:19 devstack devstack@keystone.service[44869]: DEBUG keystone.server.flask.request_processing.req_logging [None req-8346126f-8ab9-46b3-a274-b21ce01a2a46 None None] REQUEST_METHOD: `POST` {{(pid=44869) log_request_info /opt/stack/keystone/keystone/server/flask/request_processing/req_logging.py:26}}
Aug 08 22:32:19 devstack devstack@keystone.service[44869]: DEBUG keystone.server.flask.request_processing.req_logging [None req-8346126f-8ab9-46b3-a274-b21ce01a2a46 None None] SCRIPT_NAME: `/identity` {{(pid=44869) log_request_info /opt/stack/keystone/keystone/server/flask/request_processing/req_logging.py:27}}
Aug 08 22:32:19 devstack devstack@keystone.service[44869]: DEBUG keystone.server.flask.request_processing.req_logging [None req-8346126f-8ab9-46b3-a274-b21ce01a2a46 None None] PATH_INFO: `/v3/auth/tokens` {{(pid=44869) log_request_info /opt/stack/keystone/keystone/server/flask/request_processing/req_logging.py:28}}
Aug 08 22:32:19 devstack devstack@keystone.service[44869]: WARNING keystone.common.password_hashing [None req-8346126f-8ab9-46b3-a274-b21ce01a2a46 None None] Truncating password to algorithm specific maximum length 72 characters.
Aug 08 22:32:19 devstack devstack@keystone.service[44869]: DEBUG keystone.auth.core [None req-8346126f-8ab9-46b3-a274-b21ce01a2a46 None None] MFA Rules not processed for user `3b5520a4f03f4d499bee3a111a77aeb9`. Rule list: `[]` (Enabled: `True`). {{(pid=44869) check_auth_methods_against_rules /opt/stack/keystone/keystone/auth/core.py:476}}
Aug 08 22:32:19 devstack devstack@keystone.service[44869]: DEBUG keystone.common.fernet_utils [None req-8346126f-8ab9-46b3-a274-b21ce01a2a46 None None] Loaded 2 Fernet keys from /etc/keystone/fernet-keys/, but `[fernet_tokens] max_active_keys = 3`; perhaps there have not been enough key rotations to reach `max_active_keys` yet? {{(pid=44869) load_keys /opt/stack/keystone/keystone/common/fernet_utils.py:297}}
Aug 08 22:32:19 devstack devstack@keystone.service[44869]: [pid: 44869|app: 0|req: 14/28] 192.168.122.43 () {58 vars in 1020 bytes} [Sat Aug 8 22:32:19 2026] POST /identity/v3/auth/tokens => generated 865 bytes in 174 msecs (HTTP/1.1 201) 6 headers in 363 bytes (2 switches on core 0)
Aug 08 22:32:19 devstack devstack@keystone.service[44868]: DEBUG keystone.server.flask.request_processing.req_logging [None req-32a36782-138e-4b02-be1c-6248c239883c None None] REQUEST_METHOD: `GET` {{(pid=44868) log_request_info /opt/stack/keystone/keystone/server/flask/request_processing/req_logging.py:26}}
Aug 08 22:32:19 devstack devstack@keystone.service[44868]: DEBUG keystone.server.flask.request_processing.req_logging [None req-32a36782-138e-4b02-be1c-6248c239883c None None] SCRIPT_NAME: `/identity` {{(pid=44868) log_request_info /opt/stack/keystone/keystone/server/flask/request_processing/req_logging.py:27}}
Aug 08 22:32:19 devstack devstack@keystone.service[44868]: DEBUG keystone.server.flask.request_processing.req_logging [None req-32a36782-138e-4b02-be1c-6248c239883c None None] PATH_INFO: `/` {{(pid=44868) log_request_info /opt/stack/keystone/keystone/server/flask/request_processing/req_logging.py:28}}
Aug 08 22:32:19 devstack devstack@keystone.service[44868]: [pid: 44868|app: 0|req: 15/29] 192.168.122.43 () {54 vars in 923 bytes} [Sat Aug 8 22:32:19 2026] GET /identity => generated 273 bytes in 5 msecs (HTTP/1.1 300) 6 headers in 237 bytes (1 switches on core 0)
Aug 08 22:32:19 devstack devstack@keystone.service[44869]: DEBUG keystone.server.flask.request_processing.req_logging [None req-2d0e906d-ea76-40c4-8159-4f7d65cc6572 None None] REQUEST_METHOD: `POST` {{(pid=44869) log_request_info /opt/stack/keystone/keystone/server/flask/request_processing/req_logging.py:26}}
Aug 08 22:32:19 devstack devstack@keystone.service[44869]: DEBUG keystone.server.flask.request_processing.req_logging [None req-2d0e906d-ea76-40c4-8159-4f7d65cc6572 None None] SCRIPT_NAME: `/identity` {{(pid=44869) log_request_info /opt/stack/keystone/keystone/server/flask/request_processing/req_logging.py:27}}
Aug 08 22:32:19 devstack devstack@keystone.service[44869]: DEBUG keystone.server.flask.request_processing.req_logging [None req-2d0e906d-ea76-40c4-8159-4f7d65cc6572 None None] PATH_INFO: `/v3/auth/tokens` {{(pid=44869) log_request_info /opt/stack/keystone/keystone/server/flask/request_processing/req_logging.py:28}}
Aug 08 22:32:19 devstack devstack@keystone.service[44869]: WARNING keystone.common.password_hashing [None req-2d0e906d-ea76-40c4-8159-4f7d65cc6572 None None] Truncating password to algorithm specific maximum length 72 characters.
Aug 08 22:32:19 devstack devstack@keystone.service[44869]: DEBUG keystone.auth.core [None req-2d0e906d-ea76-40c4-8159-4f7d65cc6572 None None] MFA Rules not processed for user `3b5520a4f03f4d499bee3a111a77aeb9`. Rule list: `[]` (Enabled: `True`). {{(pid=44869) check_auth_methods_against_rules /opt/stack/keystone/keystone/auth/core.py:476}}
Aug 08 22:32:19 devstack devstack@keystone.service[44869]: DEBUG keystone.common.fernet_utils [None req-2d0e906d-ea76-40c4-8159-4f7d65cc6572 None None] Loaded 2 Fernet keys from /etc/keystone/fernet-keys/, but `[fernet_tokens] max_active_keys = 3`; perhaps there have not been enough key rotations to reach `max_active_keys` yet? {{(pid=44869) load_keys /opt/stack/keystone/keystone/common/fernet_utils.py:297}}
Aug 08 22:32:19 devstack devstack@keystone.service[44869]: [pid: 44869|app: 0|req: 15/30] 192.168.122.43 () {58 vars in 1020 bytes} [Sat Aug 8 22:32:19 2026] POST /identity/v3/auth/tokens => generated 865 bytes in 167 msecs (HTTP/1.1 201) 6 headers in 363 bytes (1 switches on core 0)
Aug 08 22:32:19 devstack devstack@keystone.service[44868]: DEBUG keystone.server.flask.request_processing.req_logging [None req-0ed132cc-e448-4667-9b9b-788d6c76ce4e None None] REQUEST_METHOD: `GET` {{(pid=44868) log_request_info /opt/stack/keystone/keystone/server/flask/request_processing/req_logging.py:26}}
Aug 08 22:32:19 devstack devstack@keystone.service[44868]: DEBUG keystone.server.flask.request_processing.req_logging [None req-0ed132cc-e448-4667-9b9b-788d6c76ce4e None None] SCRIPT_NAME: `/identity` {{(pid=44868) log_request_info /opt/stack/keystone/keystone/server/flask/request_processing/req_logging.py:27}}
Aug 08 22:32:19 devstack devstack@keystone.service[44868]: DEBUG keystone.server.flask.request_processing.req_logging [None req-0ed132cc-e448-4667-9b9b-788d6c76ce4e None None] PATH_INFO: `/` {{(pid=44868) log_request_info /opt/stack/keystone/keystone/server/flask/request_processing/req_logging.py:28}}
Aug 08 22:32:19 devstack devstack@keystone.service[44868]: [pid: 44868|app: 0|req: 16/31] 192.168.122.43 () {54 vars in 923 bytes} [Sat Aug 8 22:32:19 2026] GET /identity => generated 273 bytes in 6 msecs (HTTP/1.1 300) 6 headers in 237 bytes (1 switches on core 0)
Aug 08 22:32:19 devstack devstack@keystone.service[44869]: DEBUG keystone.server.flask.request_processing.req_logging [None req-cca8c235-3770-4a66-83ce-bc8404f310dc None None] REQUEST_METHOD: `POST` {{(pid=44869) log_request_info /opt/stack/keystone/keystone/server/flask/request_processing/req_logging.py:26}}
Aug 08 22:32:19 devstack devstack@keystone.service[44869]: DEBUG keystone.server.flask.request_processing.req_logging [None req-cca8c235-3770-4a66-83ce-bc8404f310dc None None] SCRIPT_NAME: `/identity` {{(pid=44869) log_request_info /opt/stack/keystone/keystone/server/flask/request_processing/req_logging.py:27}}
Aug 08 22:32:19 devstack devstack@keystone.service[44869]: DEBUG keystone.server.flask.request_processing.req_logging [None req-cca8c235-3770-4a66-83ce-bc8404f310dc None None] PATH_INFO: `/v3/auth/tokens` {{(pid=44869) log_request_info /opt/stack/keystone/keystone/server/flask/request_processing/req_logging.py:28}}
Aug 08 22:32:19 devstack devstack@keystone.service[44869]: WARNING keystone.common.password_hashing [None req-cca8c235-3770-4a66-83ce-bc8404f310dc None None] Truncating password to algorithm specific maximum length 72 characters.
Aug 08 22:32:19 devstack devstack@keystone.service[44869]: DEBUG keystone.auth.core [None req-cca8c235-3770-4a66-83ce-bc8404f310dc None None] MFA Rules not processed for user `3b5520a4f03f4d499bee3a111a77aeb9`. Rule list: `[]` (Enabled: `True`). {{(pid=44869) check_auth_methods_against_rules /opt/stack/keystone/keystone/auth/core.py:476}}
Aug 08 22:32:19 devstack devstack@keystone.service[44869]: DEBUG keystone.common.fernet_utils [None req-cca8c235-3770-4a66-83ce-bc8404f310dc None None] Loaded 2 Fernet keys from /etc/keystone/fernet-keys/, but `[fernet_tokens] max_active_keys = 3`; perhaps there have not been enough key rotations to reach `max_active_keys` yet? {{(pid=44869) load_keys /opt/stack/keystone/keystone/common/fernet_utils.py:297}}
Aug 08 22:32:20 devstack devstack@keystone.service[44868]: DEBUG keystone.server.flask.request_processing.middleware.auth_context [None req-0ed132cc-e448-4667-9b9b-788d6c76ce4e None None] Authenticating user token {{(pid=44868) process_request /opt/stack/data/venv/lib/python3.12/site-packages/keystonemiddleware/auth_token/__init__.py:406}}
Aug 08 22:32:20 devstack devstack@keystone.service[44869]: [pid: 44869|app: 0|req: 16/32] 192.168.122.43 () {58 vars in 1020 bytes} [Sat Aug 8 22:32:19 2026] POST /identity/v3/auth/tokens => generated 865 bytes in 165 msecs (HTTP/1.1 201) 6 headers in 363 bytes (1 switches on core 0)
Aug 08 22:32:20 devstack devstack@keystone.service[44869]: DEBUG keystone.server.flask.request_processing.middleware.auth_context [None req-cca8c235-3770-4a66-83ce-bc8404f310dc None None] Authenticating user token {{(pid=44869) process_request /opt/stack/data/venv/lib/python3.12/site-packages/keystonemiddleware/auth_token/__init__.py:406}}
Aug 08 22:32:20 devstack devstack@keystone.service[44868]: DEBUG keystone.server.flask.request_processing.middleware.auth_context [None req-0ed132cc-e448-4667-9b9b-788d6c76ce4e None None] Validating token access rules against request {{(pid=44868) validate_allowed_request /opt/stack/data/venv/lib/python3.12/site-packages/keystonemiddleware/auth_token/__init__.py:544}}
Aug 08 22:32:20 devstack devstack@keystone.service[44869]: DEBUG keystone.server.flask.request_processing.middleware.auth_context [None req-cca8c235-3770-4a66-83ce-bc8404f310dc None None] Validating token access rules against request {{(pid=44869) validate_allowed_request /opt/stack/data/venv/lib/python3.12/site-packages/keystonemiddleware/auth_token/__init__.py:544}}
Aug 08 22:32:20 devstack devstack@keystone.service[44868]: DEBUG keystone.server.flask.request_processing.middleware.auth_context [None req-292bfef4-1b3e-468c-89a9-224384509bbc None admin] RBAC: auth_context: {'token': , 'domain_id': None, 'trust_id': None, 'trustor_id': None, 'trustee_id': None, 'domain_name': None, 'group_ids': [], 'user_id': '3b5520a4f03f4d499bee3a111a77aeb9', 'user_domain_id': 'default', 'system_scope': 'all', 'project_id': None, 'project_domain_id': None, 'roles': ['admin', 'manager', 'member', 'reader'], 'is_admin_project': True, 'service_user_id': None, 'service_user_domain_id': None, 'service_project_id': None, 'service_project_domain_id': None, 'service_roles': []} {{(pid=44868) fill_context /opt/stack/keystone/keystone/server/flask/request_processing/middleware/auth_context.py:516}}
Aug 08 22:32:20 devstack devstack@keystone.service[44868]: DEBUG keystone.server.flask.request_processing.req_logging [None req-292bfef4-1b3e-468c-89a9-224384509bbc None admin] REQUEST_METHOD: `GET` {{(pid=44868) log_request_info /opt/stack/keystone/keystone/server/flask/request_processing/req_logging.py:26}}
Aug 08 22:32:20 devstack devstack@keystone.service[44868]: DEBUG keystone.server.flask.request_processing.req_logging [None req-292bfef4-1b3e-468c-89a9-224384509bbc None admin] SCRIPT_NAME: `/identity` {{(pid=44868) log_request_info /opt/stack/keystone/keystone/server/flask/request_processing/req_logging.py:27}}
Aug 08 22:32:20 devstack devstack@keystone.service[44868]: DEBUG keystone.server.flask.request_processing.req_logging [None req-292bfef4-1b3e-468c-89a9-224384509bbc None admin] PATH_INFO: `/v3/domains/Default` {{(pid=44868) log_request_info /opt/stack/keystone/keystone/server/flask/request_processing/req_logging.py:28}}
Aug 08 22:32:20 devstack devstack@keystone.service[44869]: DEBUG keystone.server.flask.request_processing.middleware.auth_context [None req-e546dcb0-f6e5-452d-8c9f-c503f915d972 None admin] RBAC: auth_context: {'token': , 'domain_id': None, 'trust_id': None, 'trustor_id': None, 'trustee_id': None, 'domain_name': None, 'group_ids': [], 'user_id': '3b5520a4f03f4d499bee3a111a77aeb9', 'user_domain_id': 'default', 'system_scope': 'all', 'project_id': None, 'project_domain_id': None, 'roles': ['admin', 'manager', 'member', 'reader'], 'is_admin_project': True, 'service_user_id': None, 'service_user_domain_id': None, 'service_project_id': None, 'service_project_domain_id': None, 'service_roles': []} {{(pid=44869) fill_context /opt/stack/keystone/keystone/server/flask/request_processing/middleware/auth_context.py:516}}
Aug 08 22:32:20 devstack devstack@keystone.service[44869]: DEBUG keystone.server.flask.request_processing.req_logging [None req-e546dcb0-f6e5-452d-8c9f-c503f915d972 None admin] REQUEST_METHOD: `POST` {{(pid=44869) log_request_info /opt/stack/keystone/keystone/server/flask/request_processing/req_logging.py:26}}
Aug 08 22:32:20 devstack devstack@keystone.service[44869]: DEBUG keystone.server.flask.request_processing.req_logging [None req-e546dcb0-f6e5-452d-8c9f-c503f915d972 None admin] SCRIPT_NAME: `/identity` {{(pid=44869) log_request_info /opt/stack/keystone/keystone/server/flask/request_processing/req_logging.py:27}}
Aug 08 22:32:20 devstack devstack@keystone.service[44869]: DEBUG keystone.server.flask.request_processing.req_logging [None req-e546dcb0-f6e5-452d-8c9f-c503f915d972 None admin] PATH_INFO: `/v3/roles` {{(pid=44869) log_request_info /opt/stack/keystone/keystone/server/flask/request_processing/req_logging.py:28}}
Aug 08 22:32:20 devstack devstack@keystone.service[44868]: DEBUG keystone.common.rbac_enforcer.enforcer [None req-292bfef4-1b3e-468c-89a9-224384509bbc None admin] RBAC: Authorizing `identity:get_domain(domain_id=Default)` {{(pid=44868) enforce_call /opt/stack/keystone/keystone/common/rbac_enforcer/enforcer.py:501}}
Aug 08 22:32:20 devstack devstack@keystone.service[44868]: DEBUG keystone.common.rbac_enforcer.enforcer [None req-292bfef4-1b3e-468c-89a9-224384509bbc None admin] RBAC: Authorization granted {{(pid=44868) enforce_call /opt/stack/keystone/keystone/common/rbac_enforcer/enforcer.py:512}}
Aug 08 22:32:20 devstack devstack@keystone.service[44869]: DEBUG keystone.common.rbac_enforcer.enforcer [None req-e546dcb0-f6e5-452d-8c9f-c503f915d972 None admin] RBAC: Authorizing `identity:create_role()` {{(pid=44869) enforce_call /opt/stack/keystone/keystone/common/rbac_enforcer/enforcer.py:501}}
Aug 08 22:32:20 devstack devstack@keystone.service[44869]: DEBUG keystone.common.rbac_enforcer.enforcer [None req-e546dcb0-f6e5-452d-8c9f-c503f915d972 None admin] RBAC: Authorization granted {{(pid=44869) enforce_call /opt/stack/keystone/keystone/common/rbac_enforcer/enforcer.py:512}}
Aug 08 22:32:20 devstack devstack@keystone.service[44868]: DEBUG keystone.server.flask.application [None req-292bfef4-1b3e-468c-89a9-224384509bbc None admin] Could not find domain: Default. {{(pid=44868) _handle_keystone_exception /opt/stack/keystone/keystone/server/flask/application.py:146}}
Aug 08 22:32:20 devstack devstack@keystone.service[44868]: [pid: 44868|app: 0|req: 17/33] 192.168.122.43 () {56 vars in 1148 bytes} [Sat Aug 8 22:32:20 2026] GET /identity/v3/domains/Default => generated 87 bytes in 342 msecs (HTTP/1.1 404) 5 headers in 183 bytes (1 switches on core 0)
Aug 08 22:32:20 devstack devstack@keystone.service[44868]: DEBUG keystone.server.flask.request_processing.middleware.auth_context [None req-292bfef4-1b3e-468c-89a9-224384509bbc None admin] Authenticating user token {{(pid=44868) process_request /opt/stack/data/venv/lib/python3.12/site-packages/keystonemiddleware/auth_token/__init__.py:406}}
Aug 08 22:32:20 devstack devstack@keystone.service[44869]: [pid: 44869|app: 0|req: 17/34] 192.168.122.43 () {60 vars in 1171 bytes} [Sat Aug 8 22:32:20 2026] POST /identity/v3/roles => generated 228 bytes in 282 msecs (HTTP/1.1 201) 5 headers in 182 bytes (1 switches on core 0)
Aug 08 22:32:20 devstack devstack@keystone.service[44869]: DEBUG keystone.server.flask.request_processing.req_logging [None req-a16169b1-b199-494b-84d0-49a251c15b8e None None] REQUEST_METHOD: `GET` {{(pid=44869) log_request_info /opt/stack/keystone/keystone/server/flask/request_processing/req_logging.py:26}}
Aug 08 22:32:20 devstack devstack@keystone.service[44869]: DEBUG keystone.server.flask.request_processing.req_logging [None req-a16169b1-b199-494b-84d0-49a251c15b8e None None] SCRIPT_NAME: `/identity` {{(pid=44869) log_request_info /opt/stack/keystone/keystone/server/flask/request_processing/req_logging.py:27}}
Aug 08 22:32:20 devstack devstack@keystone.service[44869]: DEBUG keystone.server.flask.request_processing.req_logging [None req-a16169b1-b199-494b-84d0-49a251c15b8e None None] PATH_INFO: `/` {{(pid=44869) log_request_info /opt/stack/keystone/keystone/server/flask/request_processing/req_logging.py:28}}
Aug 08 22:32:20 devstack devstack@keystone.service[44869]: [pid: 44869|app: 0|req: 18/35] 192.168.122.43 () {54 vars in 923 bytes} [Sat Aug 8 22:32:20 2026] GET /identity => generated 273 bytes in 3 msecs (HTTP/1.1 300) 6 headers in 237 bytes (1 switches on core 0)
Aug 08 22:32:20 devstack devstack@keystone.service[44869]: DEBUG keystone.server.flask.request_processing.middleware.auth_context [None req-a16169b1-b199-494b-84d0-49a251c15b8e None None] Authenticating user token {{(pid=44869) process_request /opt/stack/data/venv/lib/python3.12/site-packages/keystonemiddleware/auth_token/__init__.py:406}}
Aug 08 22:32:20 devstack devstack@keystone.service[44869]: DEBUG keystone.server.flask.request_processing.middleware.auth_context [None req-a16169b1-b199-494b-84d0-49a251c15b8e None None] Validating token access rules against request {{(pid=44869) validate_allowed_request /opt/stack/data/venv/lib/python3.12/site-packages/keystonemiddleware/auth_token/__init__.py:544}}
Aug 08 22:32:20 devstack devstack@keystone.service[44868]: DEBUG keystone.server.flask.request_processing.middleware.auth_context [None req-292bfef4-1b3e-468c-89a9-224384509bbc None admin] Validating token access rules against request {{(pid=44868) validate_allowed_request /opt/stack/data/venv/lib/python3.12/site-packages/keystonemiddleware/auth_token/__init__.py:544}}
Aug 08 22:32:20 devstack devstack@keystone.service[44869]: DEBUG keystone.server.flask.request_processing.middleware.auth_context [None req-eac5c80e-8969-48a1-afc0-25da0539f0c1 None admin] RBAC: auth_context: {'token': , 'domain_id': None, 'trust_id': None, 'trustor_id': None, 'trustee_id': None, 'domain_name': None, 'group_ids': [], 'user_id': '3b5520a4f03f4d499bee3a111a77aeb9', 'user_domain_id': 'default', 'system_scope': 'all', 'project_id': None, 'project_domain_id': None, 'roles': ['admin', 'manager', 'member', 'reader'], 'is_admin_project': True, 'service_user_id': None, 'service_user_domain_id': None, 'service_project_id': None, 'service_project_domain_id': None, 'service_roles': []} {{(pid=44869) fill_context /opt/stack/keystone/keystone/server/flask/request_processing/middleware/auth_context.py:516}}
Aug 08 22:32:20 devstack devstack@keystone.service[44869]: DEBUG keystone.server.flask.request_processing.req_logging [None req-eac5c80e-8969-48a1-afc0-25da0539f0c1 None admin] REQUEST_METHOD: `GET` {{(pid=44869) log_request_info /opt/stack/keystone/keystone/server/flask/request_processing/req_logging.py:26}}
Aug 08 22:32:20 devstack devstack@keystone.service[44869]: DEBUG keystone.server.flask.request_processing.req_logging [None req-eac5c80e-8969-48a1-afc0-25da0539f0c1 None admin] SCRIPT_NAME: `/identity` {{(pid=44869) log_request_info /opt/stack/keystone/keystone/server/flask/request_processing/req_logging.py:27}}
Aug 08 22:32:20 devstack devstack@keystone.service[44869]: DEBUG keystone.server.flask.request_processing.req_logging [None req-eac5c80e-8969-48a1-afc0-25da0539f0c1 None admin] PATH_INFO: `/v3/domains` {{(pid=44869) log_request_info /opt/stack/keystone/keystone/server/flask/request_processing/req_logging.py:28}}
Aug 08 22:32:20 devstack devstack@keystone.service[44869]: DEBUG keystone.common.rbac_enforcer.enforcer [None req-eac5c80e-8969-48a1-afc0-25da0539f0c1 None admin] RBAC: Adding query filter params (name=Default) {{(pid=44869) _extract_filter_values /opt/stack/keystone/keystone/common/rbac_enforcer/enforcer.py:176}}
Aug 08 22:32:20 devstack devstack@keystone.service[44869]: DEBUG keystone.common.rbac_enforcer.enforcer [None req-eac5c80e-8969-48a1-afc0-25da0539f0c1 None admin] RBAC: Authorizing `identity:list_domains()` {{(pid=44869) enforce_call /opt/stack/keystone/keystone/common/rbac_enforcer/enforcer.py:501}}
Aug 08 22:32:20 devstack devstack@keystone.service[44869]: DEBUG keystone.common.rbac_enforcer.enforcer [None req-eac5c80e-8969-48a1-afc0-25da0539f0c1 None admin] RBAC: Authorization granted {{(pid=44869) enforce_call /opt/stack/keystone/keystone/common/rbac_enforcer/enforcer.py:512}}
Aug 08 22:32:20 devstack devstack@keystone.service[44869]: [pid: 44869|app: 0|req: 19/36] 192.168.122.43 () {56 vars in 1162 bytes} [Sat Aug 8 22:32:20 2026] GET /identity/v3/domains?name=Default => generated 314 bytes in 208 msecs (HTTP/1.1 200) 5 headers in 177 bytes (1 switches on core 0)
Aug 08 22:32:20 devstack devstack@keystone.service[44869]: DEBUG keystone.server.flask.request_processing.req_logging [None req-81affb26-dd5c-4000-ad59-3348179f1d5b None None] REQUEST_METHOD: `POST` {{(pid=44869) log_request_info /opt/stack/keystone/keystone/server/flask/request_processing/req_logging.py:26}}
Aug 08 22:32:20 devstack devstack@keystone.service[44869]: DEBUG keystone.server.flask.request_processing.req_logging [None req-81affb26-dd5c-4000-ad59-3348179f1d5b None None] SCRIPT_NAME: `/identity` {{(pid=44869) log_request_info /opt/stack/keystone/keystone/server/flask/request_processing/req_logging.py:27}}
Aug 08 22:32:20 devstack devstack@keystone.service[44869]: DEBUG keystone.server.flask.request_processing.req_logging [None req-81affb26-dd5c-4000-ad59-3348179f1d5b None None] PATH_INFO: `/v3/auth/tokens` {{(pid=44869) log_request_info /opt/stack/keystone/keystone/server/flask/request_processing/req_logging.py:28}}
Aug 08 22:32:20 devstack devstack@keystone.service[44868]: DEBUG keystone.server.flask.request_processing.middleware.auth_context [None req-2e2ad676-f3b9-4290-b782-9251fc3d487e None admin] RBAC: auth_context: {'token': , 'domain_id': None, 'trust_id': None, 'trustor_id': None, 'trustee_id': None, 'domain_name': None, 'group_ids': [], 'user_id': '3b5520a4f03f4d499bee3a111a77aeb9', 'user_domain_id': 'default', 'system_scope': 'all', 'project_id': None, 'project_domain_id': None, 'roles': ['admin', 'manager', 'member', 'reader'], 'is_admin_project': True, 'service_user_id': None, 'service_user_domain_id': None, 'service_project_id': None, 'service_project_domain_id': None, 'service_roles': []} {{(pid=44868) fill_context /opt/stack/keystone/keystone/server/flask/request_processing/middleware/auth_context.py:516}}
Aug 08 22:32:20 devstack devstack@keystone.service[44868]: DEBUG keystone.server.flask.request_processing.req_logging [None req-2e2ad676-f3b9-4290-b782-9251fc3d487e None admin] REQUEST_METHOD: `GET` {{(pid=44868) log_request_info /opt/stack/keystone/keystone/server/flask/request_processing/req_logging.py:26}}
Aug 08 22:32:20 devstack devstack@keystone.service[44868]: DEBUG keystone.server.flask.request_processing.req_logging [None req-2e2ad676-f3b9-4290-b782-9251fc3d487e None admin] SCRIPT_NAME: `/identity` {{(pid=44868) log_request_info /opt/stack/keystone/keystone/server/flask/request_processing/req_logging.py:27}}
Aug 08 22:32:20 devstack devstack@keystone.service[44868]: DEBUG keystone.server.flask.request_processing.req_logging [None req-2e2ad676-f3b9-4290-b782-9251fc3d487e None admin] PATH_INFO: `/v3/roles/admin` {{(pid=44868) log_request_info /opt/stack/keystone/keystone/server/flask/request_processing/req_logging.py:28}}
Aug 08 22:32:20 devstack devstack@keystone.service[44868]: DEBUG keystone.common.rbac_enforcer.enforcer [None req-2e2ad676-f3b9-4290-b782-9251fc3d487e None admin] Extracting inferred target data resulted in "NOT FOUND (404)". {{(pid=44868) enforce_call /opt/stack/keystone/keystone/common/rbac_enforcer/enforcer.py:445}}
Aug 08 22:32:20 devstack devstack@keystone.service[44869]: WARNING keystone.common.password_hashing [None req-81affb26-dd5c-4000-ad59-3348179f1d5b None None] Truncating password to algorithm specific maximum length 72 characters.
Aug 08 22:32:20 devstack devstack@keystone.service[44868]: DEBUG keystone.server.flask.application [None req-2e2ad676-f3b9-4290-b782-9251fc3d487e None admin] Could not find role: admin. {{(pid=44868) _handle_keystone_exception /opt/stack/keystone/keystone/server/flask/application.py:146}}
Aug 08 22:32:20 devstack devstack@keystone.service[44868]: [pid: 44868|app: 0|req: 18/37] 192.168.122.43 () {56 vars in 1136 bytes} [Sat Aug 8 22:32:20 2026] GET /identity/v3/roles/admin => generated 83 bytes in 250 msecs (HTTP/1.1 404) 5 headers in 183 bytes (1 switches on core 0)
Aug 08 22:32:20 devstack devstack@keystone.service[44868]: DEBUG keystone.server.flask.request_processing.middleware.auth_context [None req-2e2ad676-f3b9-4290-b782-9251fc3d487e None admin] Authenticating user token {{(pid=44868) process_request /opt/stack/data/venv/lib/python3.12/site-packages/keystonemiddleware/auth_token/__init__.py:406}}
Aug 08 22:32:20 devstack devstack@keystone.service[44869]: DEBUG keystone.auth.core [None req-81affb26-dd5c-4000-ad59-3348179f1d5b None None] MFA Rules not processed for user `3b5520a4f03f4d499bee3a111a77aeb9`. Rule list: `[]` (Enabled: `True`). {{(pid=44869) check_auth_methods_against_rules /opt/stack/keystone/keystone/auth/core.py:476}}
Aug 08 22:32:20 devstack devstack@keystone.service[44869]: DEBUG keystone.common.fernet_utils [None req-81affb26-dd5c-4000-ad59-3348179f1d5b None None] Loaded 2 Fernet keys from /etc/keystone/fernet-keys/, but `[fernet_tokens] max_active_keys = 3`; perhaps there have not been enough key rotations to reach `max_active_keys` yet? {{(pid=44869) load_keys /opt/stack/keystone/keystone/common/fernet_utils.py:297}}
Aug 08 22:32:20 devstack devstack@keystone.service[44868]: DEBUG keystone.server.flask.request_processing.middleware.auth_context [None req-2e2ad676-f3b9-4290-b782-9251fc3d487e None admin] Validating token access rules against request {{(pid=44868) validate_allowed_request /opt/stack/data/venv/lib/python3.12/site-packages/keystonemiddleware/auth_token/__init__.py:544}}
Aug 08 22:32:20 devstack devstack@keystone.service[44869]: [pid: 44869|app: 0|req: 20/38] 192.168.122.43 () {58 vars in 1020 bytes} [Sat Aug 8 22:32:20 2026] POST /identity/v3/auth/tokens => generated 865 bytes in 149 msecs (HTTP/1.1 201) 6 headers in 363 bytes (1 switches on core 0)
Aug 08 22:32:20 devstack devstack@keystone.service[44869]: DEBUG keystone.server.flask.request_processing.middleware.auth_context [None req-81affb26-dd5c-4000-ad59-3348179f1d5b None None] Authenticating user token {{(pid=44869) process_request /opt/stack/data/venv/lib/python3.12/site-packages/keystonemiddleware/auth_token/__init__.py:406}}
Aug 08 22:32:20 devstack devstack@keystone.service[44868]: DEBUG keystone.server.flask.request_processing.middleware.auth_context [None req-cdfb055d-3db9-48cd-b871-f965bf033b2e None admin] RBAC: auth_context: {'token': , 'domain_id': None, 'trust_id': None, 'trustor_id': None, 'trustee_id': None, 'domain_name': None, 'group_ids': [], 'user_id': '3b5520a4f03f4d499bee3a111a77aeb9', 'user_domain_id': 'default', 'system_scope': 'all', 'project_id': None, 'project_domain_id': None, 'roles': ['admin', 'manager', 'member', 'reader'], 'is_admin_project': True, 'service_user_id': None, 'service_user_domain_id': None, 'service_project_id': None, 'service_project_domain_id': None, 'service_roles': []} {{(pid=44868) fill_context /opt/stack/keystone/keystone/server/flask/request_processing/middleware/auth_context.py:516}}
Aug 08 22:32:20 devstack devstack@keystone.service[44868]: DEBUG keystone.server.flask.request_processing.req_logging [None req-cdfb055d-3db9-48cd-b871-f965bf033b2e None admin] REQUEST_METHOD: `GET` {{(pid=44868) log_request_info /opt/stack/keystone/keystone/server/flask/request_processing/req_logging.py:26}}
Aug 08 22:32:20 devstack devstack@keystone.service[44868]: DEBUG keystone.server.flask.request_processing.req_logging [None req-cdfb055d-3db9-48cd-b871-f965bf033b2e None admin] SCRIPT_NAME: `/identity` {{(pid=44868) log_request_info /opt/stack/keystone/keystone/server/flask/request_processing/req_logging.py:27}}
Aug 08 22:32:20 devstack devstack@keystone.service[44868]: DEBUG keystone.server.flask.request_processing.req_logging [None req-cdfb055d-3db9-48cd-b871-f965bf033b2e None admin] PATH_INFO: `/v3/domains/default` {{(pid=44868) log_request_info /opt/stack/keystone/keystone/server/flask/request_processing/req_logging.py:28}}
Aug 08 22:32:20 devstack devstack@keystone.service[44868]: DEBUG keystone.common.rbac_enforcer.enforcer [None req-cdfb055d-3db9-48cd-b871-f965bf033b2e None admin] RBAC: Authorizing `identity:get_domain(domain_id=default)` {{(pid=44868) enforce_call /opt/stack/keystone/keystone/common/rbac_enforcer/enforcer.py:501}}
Aug 08 22:32:20 devstack devstack@keystone.service[44868]: DEBUG keystone.common.rbac_enforcer.enforcer [None req-cdfb055d-3db9-48cd-b871-f965bf033b2e None admin] RBAC: Authorization granted {{(pid=44868) enforce_call /opt/stack/keystone/keystone/common/rbac_enforcer/enforcer.py:512}}
Aug 08 22:32:20 devstack devstack@keystone.service[44868]: [pid: 44868|app: 0|req: 19/39] 192.168.122.43 () {56 vars in 1148 bytes} [Sat Aug 8 22:32:20 2026] GET /identity/v3/domains/default => generated 202 bytes in 156 msecs (HTTP/1.1 200) 5 headers in 177 bytes (1 switches on core 0)
Aug 08 22:32:20 devstack devstack@keystone.service[44868]: DEBUG keystone.server.flask.request_processing.middleware.auth_context [None req-cdfb055d-3db9-48cd-b871-f965bf033b2e None admin] Authenticating user token {{(pid=44868) process_request /opt/stack/data/venv/lib/python3.12/site-packages/keystonemiddleware/auth_token/__init__.py:406}}
Aug 08 22:32:20 devstack devstack@keystone.service[44869]: DEBUG keystone.server.flask.request_processing.middleware.auth_context [None req-81affb26-dd5c-4000-ad59-3348179f1d5b None None] Validating token access rules against request {{(pid=44869) validate_allowed_request /opt/stack/data/venv/lib/python3.12/site-packages/keystonemiddleware/auth_token/__init__.py:544}}
Aug 08 22:32:20 devstack devstack@keystone.service[44868]: DEBUG keystone.server.flask.request_processing.middleware.auth_context [None req-cdfb055d-3db9-48cd-b871-f965bf033b2e None admin] Validating token access rules against request {{(pid=44868) validate_allowed_request /opt/stack/data/venv/lib/python3.12/site-packages/keystonemiddleware/auth_token/__init__.py:544}}
Aug 08 22:32:20 devstack devstack@keystone.service[44869]: DEBUG keystone.server.flask.request_processing.middleware.auth_context [None req-602bc529-39a5-458e-843e-69b09d8c12a6 None admin] RBAC: auth_context: {'token': , 'domain_id': None, 'trust_id': None, 'trustor_id': None, 'trustee_id': None, 'domain_name': None, 'group_ids': [], 'user_id': '3b5520a4f03f4d499bee3a111a77aeb9', 'user_domain_id': 'default', 'system_scope': 'all', 'project_id': None, 'project_domain_id': None, 'roles': ['admin', 'manager', 'member', 'reader'], 'is_admin_project': True, 'service_user_id': None, 'service_user_domain_id': None, 'service_project_id': None, 'service_project_domain_id': None, 'service_roles': []} {{(pid=44869) fill_context /opt/stack/keystone/keystone/server/flask/request_processing/middleware/auth_context.py:516}}
Aug 08 22:32:20 devstack devstack@keystone.service[44869]: DEBUG keystone.server.flask.request_processing.req_logging [None req-602bc529-39a5-458e-843e-69b09d8c12a6 None admin] REQUEST_METHOD: `POST` {{(pid=44869) log_request_info /opt/stack/keystone/keystone/server/flask/request_processing/req_logging.py:26}}
Aug 08 22:32:20 devstack devstack@keystone.service[44869]: DEBUG keystone.server.flask.request_processing.req_logging [None req-602bc529-39a5-458e-843e-69b09d8c12a6 None admin] SCRIPT_NAME: `/identity` {{(pid=44869) log_request_info /opt/stack/keystone/keystone/server/flask/request_processing/req_logging.py:27}}
Aug 08 22:32:20 devstack devstack@keystone.service[44869]: DEBUG keystone.server.flask.request_processing.req_logging [None req-602bc529-39a5-458e-843e-69b09d8c12a6 None admin] PATH_INFO: `/v3/projects` {{(pid=44869) log_request_info /opt/stack/keystone/keystone/server/flask/request_processing/req_logging.py:28}}
Aug 08 22:32:20 devstack devstack@keystone.service[44869]: DEBUG keystone.common.rbac_enforcer.enforcer [None req-602bc529-39a5-458e-843e-69b09d8c12a6 None admin] RBAC: Authorizing `identity:create_project()` {{(pid=44869) enforce_call /opt/stack/keystone/keystone/common/rbac_enforcer/enforcer.py:501}}
Aug 08 22:32:20 devstack devstack@keystone.service[44869]: DEBUG keystone.common.rbac_enforcer.enforcer [None req-602bc529-39a5-458e-843e-69b09d8c12a6 None admin] RBAC: Authorization granted {{(pid=44869) enforce_call /opt/stack/keystone/keystone/common/rbac_enforcer/enforcer.py:512}}
Aug 08 22:32:20 devstack devstack@keystone.service[44868]: DEBUG keystone.server.flask.request_processing.middleware.auth_context [None req-ee8e1580-9270-4683-b438-9f9ecc5f546a None admin] RBAC: auth_context: {'token': , 'domain_id': None, 'trust_id': None, 'trustor_id': None, 'trustee_id': None, 'domain_name': None, 'group_ids': [], 'user_id': '3b5520a4f03f4d499bee3a111a77aeb9', 'user_domain_id': 'default', 'system_scope': 'all', 'project_id': None, 'project_domain_id': None, 'roles': ['admin', 'manager', 'member', 'reader'], 'is_admin_project': True, 'service_user_id': None, 'service_user_domain_id': None, 'service_project_id': None, 'service_project_domain_id': None, 'service_roles': []} {{(pid=44868) fill_context /opt/stack/keystone/keystone/server/flask/request_processing/middleware/auth_context.py:516}}
Aug 08 22:32:20 devstack devstack@keystone.service[44868]: DEBUG keystone.server.flask.request_processing.req_logging [None req-ee8e1580-9270-4683-b438-9f9ecc5f546a None admin] REQUEST_METHOD: `GET` {{(pid=44868) log_request_info /opt/stack/keystone/keystone/server/flask/request_processing/req_logging.py:26}}
Aug 08 22:32:20 devstack devstack@keystone.service[44868]: DEBUG keystone.server.flask.request_processing.req_logging [None req-ee8e1580-9270-4683-b438-9f9ecc5f546a None admin] SCRIPT_NAME: `/identity` {{(pid=44868) log_request_info /opt/stack/keystone/keystone/server/flask/request_processing/req_logging.py:27}}
Aug 08 22:32:20 devstack devstack@keystone.service[44868]: DEBUG keystone.server.flask.request_processing.req_logging [None req-ee8e1580-9270-4683-b438-9f9ecc5f546a None admin] PATH_INFO: `/v3/roles` {{(pid=44868) log_request_info /opt/stack/keystone/keystone/server/flask/request_processing/req_logging.py:28}}
Aug 08 22:32:20 devstack devstack@keystone.service[44868]: DEBUG keystone.common.rbac_enforcer.enforcer [None req-ee8e1580-9270-4683-b438-9f9ecc5f546a None admin] RBAC: Adding query filter params (name=admin) {{(pid=44868) _extract_filter_values /opt/stack/keystone/keystone/common/rbac_enforcer/enforcer.py:176}}
Aug 08 22:32:20 devstack devstack@keystone.service[44868]: DEBUG keystone.common.rbac_enforcer.enforcer [None req-ee8e1580-9270-4683-b438-9f9ecc5f546a None admin] RBAC: Authorizing `identity:list_roles()` {{(pid=44868) enforce_call /opt/stack/keystone/keystone/common/rbac_enforcer/enforcer.py:501}}
Aug 08 22:32:20 devstack devstack@keystone.service[44868]: DEBUG keystone.common.rbac_enforcer.enforcer [None req-ee8e1580-9270-4683-b438-9f9ecc5f546a None admin] RBAC: Authorization granted {{(pid=44868) enforce_call /opt/stack/keystone/keystone/common/rbac_enforcer/enforcer.py:512}}
Aug 08 22:32:20 devstack devstack@keystone.service[44868]: [pid: 44868|app: 0|req: 20/40] 192.168.122.43 () {56 vars in 1152 bytes} [Sat Aug 8 22:32:20 2026] GET /identity/v3/roles?name=admin => generated 345 bytes in 165 msecs (HTTP/1.1 200) 5 headers in 177 bytes (1 switches on core 0)
Aug 08 22:32:20 devstack devstack@keystone.service[44868]: DEBUG keystone.server.flask.request_processing.middleware.auth_context [None req-ee8e1580-9270-4683-b438-9f9ecc5f546a None admin] Authenticating user token {{(pid=44868) process_request /opt/stack/data/venv/lib/python3.12/site-packages/keystonemiddleware/auth_token/__init__.py:406}}
Aug 08 22:32:20 devstack devstack@keystone.service[44869]: [pid: 44869|app: 0|req: 21/41] 192.168.122.43 () {60 vars in 1180 bytes} [Sat Aug 8 22:32:20 2026] POST /identity/v3/projects => generated 304 bytes in 210 msecs (HTTP/1.1 201) 5 headers in 182 bytes (1 switches on core 0)
Aug 08 22:32:20 devstack devstack@keystone.service[44869]: DEBUG keystone.server.flask.request_processing.middleware.auth_context [None req-602bc529-39a5-458e-843e-69b09d8c12a6 None admin] Authenticating user token {{(pid=44869) process_request /opt/stack/data/venv/lib/python3.12/site-packages/keystonemiddleware/auth_token/__init__.py:406}}
Aug 08 22:32:21 devstack devstack@keystone.service[44868]: DEBUG keystone.server.flask.request_processing.middleware.auth_context [None req-ee8e1580-9270-4683-b438-9f9ecc5f546a None admin] Validating token access rules against request {{(pid=44868) validate_allowed_request /opt/stack/data/venv/lib/python3.12/site-packages/keystonemiddleware/auth_token/__init__.py:544}}
Aug 08 22:32:21 devstack devstack@keystone.service[44869]: DEBUG keystone.server.flask.request_processing.middleware.auth_context [None req-602bc529-39a5-458e-843e-69b09d8c12a6 None admin] Validating token access rules against request {{(pid=44869) validate_allowed_request /opt/stack/data/venv/lib/python3.12/site-packages/keystonemiddleware/auth_token/__init__.py:544}}
Aug 08 22:32:21 devstack devstack@keystone.service[44868]: DEBUG keystone.server.flask.request_processing.middleware.auth_context [None req-82717763-1450-43fc-8a50-15a56b6757fc None admin] RBAC: auth_context: {'token': , 'domain_id': None, 'trust_id': None, 'trustor_id': None, 'trustee_id': None, 'domain_name': None, 'group_ids': [], 'user_id': '3b5520a4f03f4d499bee3a111a77aeb9', 'user_domain_id': 'default', 'system_scope': 'all', 'project_id': None, 'project_domain_id': None, 'roles': ['admin', 'manager', 'member', 'reader'], 'is_admin_project': True, 'service_user_id': None, 'service_user_domain_id': None, 'service_project_id': None, 'service_project_domain_id': None, 'service_roles': []} {{(pid=44868) fill_context /opt/stack/keystone/keystone/server/flask/request_processing/middleware/auth_context.py:516}}
Aug 08 22:32:21 devstack devstack@keystone.service[44868]: DEBUG keystone.server.flask.request_processing.req_logging [None req-82717763-1450-43fc-8a50-15a56b6757fc None admin] REQUEST_METHOD: `POST` {{(pid=44868) log_request_info /opt/stack/keystone/keystone/server/flask/request_processing/req_logging.py:26}}
Aug 08 22:32:21 devstack devstack@keystone.service[44868]: DEBUG keystone.server.flask.request_processing.req_logging [None req-82717763-1450-43fc-8a50-15a56b6757fc None admin] SCRIPT_NAME: `/identity` {{(pid=44868) log_request_info /opt/stack/keystone/keystone/server/flask/request_processing/req_logging.py:27}}
Aug 08 22:32:21 devstack devstack@keystone.service[44868]: DEBUG keystone.server.flask.request_processing.req_logging [None req-82717763-1450-43fc-8a50-15a56b6757fc None admin] PATH_INFO: `/v3/roles` {{(pid=44868) log_request_info /opt/stack/keystone/keystone/server/flask/request_processing/req_logging.py:28}}
Aug 08 22:32:21 devstack devstack@keystone.service[44868]: DEBUG keystone.common.rbac_enforcer.enforcer [None req-82717763-1450-43fc-8a50-15a56b6757fc None admin] RBAC: Authorizing `identity:create_role()` {{(pid=44868) enforce_call /opt/stack/keystone/keystone/common/rbac_enforcer/enforcer.py:501}}
Aug 08 22:32:21 devstack devstack@keystone.service[44868]: DEBUG keystone.common.rbac_enforcer.enforcer [None req-82717763-1450-43fc-8a50-15a56b6757fc None admin] RBAC: Authorization granted {{(pid=44868) enforce_call /opt/stack/keystone/keystone/common/rbac_enforcer/enforcer.py:512}}
Aug 08 22:32:21 devstack devstack@keystone.service[44868]: DEBUG keystone.common.sql.core [None req-82717763-1450-43fc-8a50-15a56b6757fc None admin] Conflict role: (pymysql.err.IntegrityError) (1062, "Duplicate entry 'service-<>' for key 'role.ixu_role_name_domain_id'")
Aug 08 22:32:21 devstack devstack@keystone.service[44868]: [SQL: INSERT INTO `role` (id, name, description, extra) VALUES (%(id)s, %(name)s, %(description)s, %(extra)s)]
Aug 08 22:32:21 devstack devstack@keystone.service[44868]: [parameters: {'id': 'a2dc5e71c0fc4b2183f948c0bbfaf90c', 'name': 'service', 'description': None, 'extra': '{}'}]
Aug 08 22:32:21 devstack devstack@keystone.service[44868]: (Background on this error at: https://sqlalche.me/e/20/gkpj) {{(pid=44868) wrapper /opt/stack/keystone/keystone/common/sql/core.py:580}}
Aug 08 22:32:21 devstack devstack@keystone.service[44869]: DEBUG keystone.server.flask.request_processing.middleware.auth_context [None req-4f1fb58a-1aca-4a32-aeba-c5552c4fafec None admin] RBAC: auth_context: {'token': , 'domain_id': None, 'trust_id': None, 'trustor_id': None, 'trustee_id': None, 'domain_name': None, 'group_ids': [], 'user_id': '3b5520a4f03f4d499bee3a111a77aeb9', 'user_domain_id': 'default', 'system_scope': 'all', 'project_id': None, 'project_domain_id': None, 'roles': ['admin', 'manager', 'member', 'reader'], 'is_admin_project': True, 'service_user_id': None, 'service_user_domain_id': None, 'service_project_id': None, 'service_project_domain_id': None, 'service_roles': []} {{(pid=44869) fill_context /opt/stack/keystone/keystone/server/flask/request_processing/middleware/auth_context.py:516}}
Aug 08 22:32:21 devstack devstack@keystone.service[44869]: DEBUG keystone.server.flask.request_processing.req_logging [None req-4f1fb58a-1aca-4a32-aeba-c5552c4fafec None admin] REQUEST_METHOD: `POST` {{(pid=44869) log_request_info /opt/stack/keystone/keystone/server/flask/request_processing/req_logging.py:26}}
Aug 08 22:32:21 devstack devstack@keystone.service[44869]: DEBUG keystone.server.flask.request_processing.req_logging [None req-4f1fb58a-1aca-4a32-aeba-c5552c4fafec None admin] SCRIPT_NAME: `/identity` {{(pid=44869) log_request_info /opt/stack/keystone/keystone/server/flask/request_processing/req_logging.py:27}}
Aug 08 22:32:21 devstack devstack@keystone.service[44869]: DEBUG keystone.server.flask.request_processing.req_logging [None req-4f1fb58a-1aca-4a32-aeba-c5552c4fafec None admin] PATH_INFO: `/v3/projects` {{(pid=44869) log_request_info /opt/stack/keystone/keystone/server/flask/request_processing/req_logging.py:28}}
Aug 08 22:32:21 devstack devstack@keystone.service[44869]: DEBUG keystone.common.rbac_enforcer.enforcer [None req-4f1fb58a-1aca-4a32-aeba-c5552c4fafec None admin] RBAC: Authorizing `identity:create_project()` {{(pid=44869) enforce_call /opt/stack/keystone/keystone/common/rbac_enforcer/enforcer.py:501}}
Aug 08 22:32:21 devstack devstack@keystone.service[44869]: DEBUG keystone.common.rbac_enforcer.enforcer [None req-4f1fb58a-1aca-4a32-aeba-c5552c4fafec None admin] RBAC: Authorization granted {{(pid=44869) enforce_call /opt/stack/keystone/keystone/common/rbac_enforcer/enforcer.py:512}}
Aug 08 22:32:21 devstack devstack@keystone.service[44868]: ERROR keystone.server.flask.application [None req-82717763-1450-43fc-8a50-15a56b6757fc None admin] Conflict occurred attempting to store role - Duplicate entry found with name service.: keystone.exception.Conflict: Conflict occurred attempting to store role - Duplicate entry found with name service.
Aug 08 22:32:21 devstack devstack@keystone.service[44868]: ERROR keystone.server.flask.application
Traceback (most recent call last):
Aug 08 22:32:21 devstack devstack@keystone.service[44868]: ERROR keystone.server.flask.application
File "/opt/stack/data/venv/lib/python3.12/site-packages/sqlalchemy/engine/base.py", line 1969, in _exec_single_context
Aug 08 22:32:21 devstack devstack@keystone.service[44868]: ERROR keystone.server.flask.application self.dialect.do_execute(
Aug 08 22:32:21 devstack devstack@keystone.service[44868]: ERROR keystone.server.flask.application
File "/opt/stack/data/venv/lib/python3.12/site-packages/sqlalchemy/engine/default.py", line 952, in do_execute
Aug 08 22:32:21 devstack devstack@keystone.service[44868]: ERROR keystone.server.flask.application cursor.execute(statement, parameters)
Aug 08 22:32:21 devstack devstack@keystone.service[44868]: ERROR keystone.server.flask.application
File "/opt/stack/data/venv/lib/python3.12/site-packages/pymysql/cursors.py", line 159, in execute
Aug 08 22:32:21 devstack devstack@keystone.service[44868]: ERROR keystone.server.flask.application result = self._query(query)
Aug 08 22:32:21 devstack devstack@keystone.service[44868]: ERROR keystone.server.flask.application ^^^^^^^^^^^^^^^^^^
Aug 08 22:32:21 devstack devstack@keystone.service[44868]: ERROR keystone.server.flask.application
File "/opt/stack/data/venv/lib/python3.12/site-packages/pymysql/cursors.py", line 330, in _query
Aug 08 22:32:21 devstack devstack@keystone.service[44868]: ERROR keystone.server.flask.application conn.query(q)
Aug 08 22:32:21 devstack devstack@keystone.service[44868]: ERROR keystone.server.flask.application
File "/opt/stack/data/venv/lib/python3.12/site-packages/pymysql/connections.py", line 582, in query
Aug 08 22:32:21 devstack devstack@keystone.service[44868]: ERROR keystone.server.flask.application self._affected_rows = self._read_query_result(unbuffered=unbuffered)
Aug 08 22:32:21 devstack devstack@keystone.service[44868]: ERROR keystone.server.flask.application ^^^^^^^^^^^^^^^^^^^^^^^^^^^^^^^^^^^^^^^^^^^^^^
Aug 08 22:32:21 devstack devstack@keystone.service[44868]: ERROR keystone.server.flask.application
File "/opt/stack/data/venv/lib/python3.12/site-packages/pymysql/connections.py", line 847, in _read_query_result
Aug 08 22:32:21 devstack devstack@keystone.service[44868]: ERROR keystone.server.flask.application result.read()
Aug 08 22:32:21 devstack devstack@keystone.service[44868]: ERROR keystone.server.flask.application
File "/opt/stack/data/venv/lib/python3.12/site-packages/pymysql/connections.py", line 1245, in read
Aug 08 22:32:21 devstack devstack@keystone.service[44868]: ERROR keystone.server.flask.application first_packet = self.connection._read_packet()
Aug 08 22:32:21 devstack devstack@keystone.service[44868]: ERROR keystone.server.flask.application ^^^^^^^^^^^^^^^^^^^^^^^^^^^^^^
Aug 08 22:32:21 devstack devstack@keystone.service[44868]: ERROR keystone.server.flask.application
File "/opt/stack/data/venv/lib/python3.12/site-packages/pymysql/connections.py", line 803, in _read_packet
Aug 08 22:32:21 devstack devstack@keystone.service[44868]: ERROR keystone.server.flask.application packet.raise_for_error()
Aug 08 22:32:21 devstack devstack@keystone.service[44868]: ERROR keystone.server.flask.application
File "/opt/stack/data/venv/lib/python3.12/site-packages/pymysql/protocol.py", line 219, in raise_for_error
Aug 08 22:32:21 devstack devstack@keystone.service[44868]: ERROR keystone.server.flask.application err.raise_mysql_exception(self._data)
Aug 08 22:32:21 devstack devstack@keystone.service[44868]: ERROR keystone.server.flask.application
File "/opt/stack/data/venv/lib/python3.12/site-packages/pymysql/err.py", line 154, in raise_mysql_exception
Aug 08 22:32:21 devstack devstack@keystone.service[44868]: ERROR keystone.server.flask.application raise errorclass(errno, errval, sqlstate=sqlstate)
Aug 08 22:32:21 devstack devstack@keystone.service[44868]: ERROR keystone.server.flask.application pymysql.err.IntegrityError: (1062, "Duplicate entry 'service-<>' for key 'role.ixu_role_name_domain_id'")
Aug 08 22:32:21 devstack devstack@keystone.service[44868]: ERROR keystone.server.flask.application
