Aug 08 22:49:40 devstack sudo[93551]: quobyte : PWD=/ ; USER=root ; COMMAND=/opt/stack/data/venv/bin/cinder-rootwrap /etc/cinder/rootwrap.conf qemu-img rebase -u -b volume-ce204faf-89bb-4413-a085-f176923da521.0841c7c0-33ce-4cc1-90cd-565bd8fa7fda -F qcow2 /opt/stack/data/cinder/mnt/029460e8067938c2a5dd4da69cfbee1e/volume-ce204faf-89bb-4413-a085-f176923da521.167aecdb-7654-47de-9c6d-11a2df03671b
Aug 08 22:49:40 devstack sudo[93551]: pam_unix(sudo:session): session opened for user root(uid=0) by (uid=1000)
Aug 08 22:49:40 devstack sudo[93551]: pam_unix(sudo:session): session closed for user root
Aug 08 22:49:40 devstack cinder-volume[89322]: DEBUG oslo_concurrency.processutils [None req-e65ee1c3-7a83-4fbc-96f3-671e88ce4c8b tempest-SnapshotsActionsTest-627175356 None] CMD "sudo cinder-rootwrap /etc/cinder/rootwrap.conf qemu-img rebase -u -b volume-ce204faf-89bb-4413-a085-f176923da521.0841c7c0-33ce-4cc1-90cd-565bd8fa7fda -F qcow2 /opt/stack/data/cinder/mnt/029460e8067938c2a5dd4da69cfbee1e/volume-ce204faf-89bb-4413-a085-f176923da521.167aecdb-7654-47de-9c6d-11a2df03671b" returned: 0 in 0.296s {{(pid=89322) execute /opt/stack/data/venv/lib/python3.12/site-packages/oslo_concurrency/processutils.py:468}}
Aug 08 22:49:40 devstack cinder-volume[89322]: WARNING cinder.volume.drivers.remotefs [None req-e65ee1c3-7a83-4fbc-96f3-671e88ce4c8b tempest-SnapshotsActionsTest-627175356 None] /opt/stack/data/cinder/mnt/029460e8067938c2a5dd4da69cfbee1e/volume-ce204faf-89bb-4413-a085-f176923da521.167aecdb-7654-47de-9c6d-11a2df03671b is being set with open permissions: ugo+rw
Aug 08 22:49:40 devstack cinder-volume[89322]: DEBUG oslo_concurrency.processutils [None req-e65ee1c3-7a83-4fbc-96f3-671e88ce4c8b tempest-SnapshotsActionsTest-627175356 None] Running cmd (subprocess): sudo cinder-rootwrap /etc/cinder/rootwrap.conf chmod ugo+rw /opt/stack/data/cinder/mnt/029460e8067938c2a5dd4da69cfbee1e/volume-ce204faf-89bb-4413-a085-f176923da521.167aecdb-7654-47de-9c6d-11a2df03671b {{(pid=89322) execute /opt/stack/data/venv/lib/python3.12/site-packages/oslo_concurrency/processutils.py:440}}
Aug 08 22:49:40 devstack sudo[93557]: quobyte : PWD=/ ; USER=root ; COMMAND=/opt/stack/data/venv/bin/cinder-rootwrap /etc/cinder/rootwrap.conf chmod ugo+rw /opt/stack/data/cinder/mnt/029460e8067938c2a5dd4da69cfbee1e/volume-ce204faf-89bb-4413-a085-f176923da521.167aecdb-7654-47de-9c6d-11a2df03671b
Aug 08 22:49:40 devstack sudo[93557]: pam_unix(sudo:session): session opened for user root(uid=0) by (uid=1000)
Aug 08 22:49:40 devstack cinder-volume[89322]: DEBUG oslo_concurrency.processutils [None req-e65ee1c3-7a83-4fbc-96f3-671e88ce4c8b tempest-SnapshotsActionsTest-627175356 None] CMD "sudo cinder-rootwrap /etc/cinder/rootwrap.conf chmod ugo+rw /opt/stack/data/cinder/mnt/029460e8067938c2a5dd4da69cfbee1e/volume-ce204faf-89bb-4413-a085-f176923da521.167aecdb-7654-47de-9c6d-11a2df03671b" returned: 0 in 0.330s {{(pid=89322) execute /opt/stack/data/venv/lib/python3.12/site-packages/oslo_concurrency/processutils.py:468}}
Aug 08 22:49:40 devstack cinder-volume[89322]: DEBUG oslo_concurrency.lockutils [None req-e65ee1c3-7a83-4fbc-96f3-671e88ce4c8b tempest-SnapshotsActionsTest-627175356 None] Lock "quobyte" "released" by "cinder.volume.drivers.quobyte.QuobyteDriver.create_snapshot" :: held 2.133s {{(pid=89322) inner /opt/stack/data/venv/lib/python3.12/site-packages/oslo_concurrency/lockutils.py:544}}
Aug 08 22:49:40 devstack sudo[93557]: pam_unix(sudo:session): session closed for user root
Aug 08 22:49:40 devstack cinder-volume[89322]: INFO cinder.volume.manager [None req-e65ee1c3-7a83-4fbc-96f3-671e88ce4c8b tempest-SnapshotsActionsTest-627175356 None] Create snapshot completed successfully
Aug 08 22:49:42 devstack cinder-volume[89322]: DEBUG cinder.coordination [None req-86b19d3d-6dd5-40b5-9cf5-dae41ec5b5de tempest-SnapshotsActionsTest-759073060 None] Acquiring lock "cinder-167aecdb-7654-47de-9c6d-11a2df03671b-delete_snapshot" by "delete_snapshot" {{(pid=89322) __acquire /opt/stack/cinder/cinder/coordination.py:138}}
Aug 08 22:49:42 devstack cinder-volume[89322]: DEBUG cinder.coordination [None req-86b19d3d-6dd5-40b5-9cf5-dae41ec5b5de tempest-SnapshotsActionsTest-759073060 None] Lock "cinder-167aecdb-7654-47de-9c6d-11a2df03671b-delete_snapshot" acquired by "delete_snapshot" :: waited 0.059s {{(pid=89322) __acquire /opt/stack/cinder/cinder/coordination.py:141}}
Aug 08 22:49:42 devstack cinder-volume[89322]: DEBUG cinder.coordination [None req-86b19d3d-6dd5-40b5-9cf5-dae41ec5b5de tempest-SnapshotsActionsTest-759073060 None] Acquiring lock "cinder-quobyte-ce204faf-89bb-4413-a085-f176923da521" by "delete_snapshot" {{(pid=89322) __acquire /opt/stack/cinder/cinder/coordination.py:138}}
Aug 08 22:49:42 devstack cinder-volume[89322]: DEBUG cinder.coordination [None req-86b19d3d-6dd5-40b5-9cf5-dae41ec5b5de tempest-SnapshotsActionsTest-759073060 None] Lock "cinder-quobyte-ce204faf-89bb-4413-a085-f176923da521" acquired by "delete_snapshot" :: waited 0.050s {{(pid=89322) __acquire /opt/stack/cinder/cinder/coordination.py:141}}
Aug 08 22:49:42 devstack cinder-volume[89322]: DEBUG cinder.coordination [None req-86b19d3d-6dd5-40b5-9cf5-dae41ec5b5de tempest-SnapshotsActionsTest-759073060 None] Acquiring lock "cinder-quobyte-167aecdb-7654-47de-9c6d-11a2df03671b" by "_delete_snapshot" {{(pid=89322) __acquire /opt/stack/cinder/cinder/coordination.py:138}}
Aug 08 22:49:42 devstack cinder-volume[89322]: DEBUG cinder.coordination [None req-86b19d3d-6dd5-40b5-9cf5-dae41ec5b5de tempest-SnapshotsActionsTest-759073060 None] Lock "cinder-quobyte-167aecdb-7654-47de-9c6d-11a2df03671b" acquired by "_delete_snapshot" :: waited 0.035s {{(pid=89322) __acquire /opt/stack/cinder/cinder/coordination.py:141}}
Aug 08 22:49:42 devstack cinder-volume[89322]: DEBUG cinder.volume.drivers.remotefs [None req-86b19d3d-6dd5-40b5-9cf5-dae41ec5b5de tempest-SnapshotsActionsTest-759073060 None] Deleting offline snapshot 167aecdb-7654-47de-9c6d-11a2df03671b of volume ce204faf-89bb-4413-a085-f176923da521 {{(pid=89322) _delete_snapshot /opt/stack/cinder/cinder/volume/drivers/remotefs.py:1288}}
Aug 08 22:49:42 devstack cinder-volume[89322]: DEBUG cinder.volume.drivers.remotefs [None req-86b19d3d-6dd5-40b5-9cf5-dae41ec5b5de tempest-SnapshotsActionsTest-759073060 None] snapshot_file for this snap is: volume-ce204faf-89bb-4413-a085-f176923da521.167aecdb-7654-47de-9c6d-11a2df03671b {{(pid=89322) _delete_snapshot /opt/stack/cinder/cinder/volume/drivers/remotefs.py:1317}}
Aug 08 22:49:42 devstack cinder-volume[89322]: DEBUG oslo.privsep.daemon [-] privsep: reply[0ceab72b-4de4-490c-b9d1-5f1fcc7f25c5]: (4, 'qcow2') {{(pid=90257) _call_back /opt/stack/data/venv/lib/python3.12/site-packages/oslo_privsep/daemon.py:580}}
Aug 08 22:49:42 devstack cinder-volume[89322]: DEBUG oslo_concurrency.processutils [None req-86b19d3d-6dd5-40b5-9cf5-dae41ec5b5de tempest-SnapshotsActionsTest-759073060 None] Running cmd (subprocess): /opt/stack/data/venv/bin/python3.12 -m oslo_concurrency.prlimit --as=1073741824 --cpu=60 -- sudo cinder-rootwrap /etc/cinder/rootwrap.conf env LC_ALL=C qemu-img info -f qcow2 --output=json --force-share /opt/stack/data/cinder/mnt/029460e8067938c2a5dd4da69cfbee1e/volume-ce204faf-89bb-4413-a085-f176923da521.167aecdb-7654-47de-9c6d-11a2df03671b {{(pid=89322) execute /opt/stack/data/venv/lib/python3.12/site-packages/oslo_concurrency/processutils.py:440}}
Aug 08 22:49:42 devstack sudo[93594]: quobyte : PWD=/ ; USER=root ; COMMAND=/opt/stack/data/venv/bin/cinder-rootwrap /etc/cinder/rootwrap.conf env LC_ALL=C qemu-img info -f qcow2 --output=json --force-share /opt/stack/data/cinder/mnt/029460e8067938c2a5dd4da69cfbee1e/volume-ce204faf-89bb-4413-a085-f176923da521.167aecdb-7654-47de-9c6d-11a2df03671b
Aug 08 22:49:42 devstack sudo[93594]: pam_unix(sudo:session): session opened for user root(uid=0) by (uid=1000)
Aug 08 22:49:43 devstack sudo[93594]: pam_unix(sudo:session): session closed for user root
Aug 08 22:49:43 devstack cinder-volume[89322]: DEBUG oslo_concurrency.processutils [None req-86b19d3d-6dd5-40b5-9cf5-dae41ec5b5de tempest-SnapshotsActionsTest-759073060 None] CMD "/opt/stack/data/venv/bin/python3.12 -m oslo_concurrency.prlimit --as=1073741824 --cpu=60 -- sudo cinder-rootwrap /etc/cinder/rootwrap.conf env LC_ALL=C qemu-img info -f qcow2 --output=json --force-share /opt/stack/data/cinder/mnt/029460e8067938c2a5dd4da69cfbee1e/volume-ce204faf-89bb-4413-a085-f176923da521.167aecdb-7654-47de-9c6d-11a2df03671b" returned: 0 in 0.755s {{(pid=89322) execute /opt/stack/data/venv/lib/python3.12/site-packages/oslo_concurrency/processutils.py:468}}
Aug 08 22:49:43 devstack cinder-volume[89322]: DEBUG cinder.volume.drivers.remotefs [None req-86b19d3d-6dd5-40b5-9cf5-dae41ec5b5de tempest-SnapshotsActionsTest-759073060 None] Fetching qemu-img info with special backing_file_template: (/opt/stack/data/cinder/mnt/[0-9a-f]+/)?(volume-ce204faf-89bb-4413-a085-f176923da521(.(tmp-snap-)?[0-9a-f-]+)?|volume_from_snapshot_cache/(tmp-snap-)?[0-9a-f-]+(.(child-|parent-)[0-9a-f-]+)?)$ {{(pid=89322) _qemu_img_info_base /opt/stack/cinder/cinder/volume/drivers/remotefs.py:896}}
Aug 08 22:49:43 devstack cinder-volume[89322]: DEBUG oslo.privsep.daemon [-] privsep: reply[7e9a7e98-dccf-4cd2-bb2b-4aa448cb25e7]: (4, 'qcow2') {{(pid=90257) _call_back /opt/stack/data/venv/lib/python3.12/site-packages/oslo_privsep/daemon.py:580}}
Aug 08 22:49:43 devstack cinder-volume[89322]: DEBUG oslo_concurrency.processutils [None req-86b19d3d-6dd5-40b5-9cf5-dae41ec5b5de tempest-SnapshotsActionsTest-759073060 None] Running cmd (subprocess): /opt/stack/data/venv/bin/python3.12 -m oslo_concurrency.prlimit --as=1073741824 --cpu=60 -- sudo cinder-rootwrap /etc/cinder/rootwrap.conf env LC_ALL=C qemu-img info -f qcow2 --output=json --force-share /opt/stack/data/cinder/mnt/029460e8067938c2a5dd4da69cfbee1e/volume-ce204faf-89bb-4413-a085-f176923da521.0841c7c0-33ce-4cc1-90cd-565bd8fa7fda {{(pid=89322) execute /opt/stack/data/venv/lib/python3.12/site-packages/oslo_concurrency/processutils.py:440}}
Aug 08 22:49:43 devstack sudo[93619]: quobyte : PWD=/ ; USER=root ; COMMAND=/opt/stack/data/venv/bin/cinder-rootwrap /etc/cinder/rootwrap.conf env LC_ALL=C qemu-img info -f qcow2 --output=json --force-share /opt/stack/data/cinder/mnt/029460e8067938c2a5dd4da69cfbee1e/volume-ce204faf-89bb-4413-a085-f176923da521.0841c7c0-33ce-4cc1-90cd-565bd8fa7fda
Aug 08 22:49:43 devstack sudo[93619]: pam_unix(sudo:session): session opened for user root(uid=0) by (uid=1000)
Aug 08 22:49:43 devstack sudo[93619]: pam_unix(sudo:session): session closed for user root
Aug 08 22:49:43 devstack cinder-volume[89322]: DEBUG oslo_concurrency.processutils [None req-86b19d3d-6dd5-40b5-9cf5-dae41ec5b5de tempest-SnapshotsActionsTest-759073060 None] CMD "/opt/stack/data/venv/bin/python3.12 -m oslo_concurrency.prlimit --as=1073741824 --cpu=60 -- sudo cinder-rootwrap /etc/cinder/rootwrap.conf env LC_ALL=C qemu-img info -f qcow2 --output=json --force-share /opt/stack/data/cinder/mnt/029460e8067938c2a5dd4da69cfbee1e/volume-ce204faf-89bb-4413-a085-f176923da521.0841c7c0-33ce-4cc1-90cd-565bd8fa7fda" returned: 0 in 0.502s {{(pid=89322) execute /opt/stack/data/venv/lib/python3.12/site-packages/oslo_concurrency/processutils.py:468}}
Aug 08 22:49:43 devstack cinder-volume[89322]: DEBUG cinder.volume.drivers.remotefs [None req-86b19d3d-6dd5-40b5-9cf5-dae41ec5b5de tempest-SnapshotsActionsTest-759073060 None] Fetching qemu-img info with special backing_file_template: (/opt/stack/data/cinder/mnt/[0-9a-f]+/)?(volume-ce204faf-89bb-4413-a085-f176923da521(.(tmp-snap-)?[0-9a-f-]+)?|volume_from_snapshot_cache/(tmp-snap-)?[0-9a-f-]+(.(child-|parent-)[0-9a-f-]+)?)$ {{(pid=89322) _qemu_img_info_base /opt/stack/cinder/cinder/volume/drivers/remotefs.py:896}}
Aug 08 22:49:43 devstack cinder-volume[89322]: DEBUG oslo_concurrency.processutils [None req-86b19d3d-6dd5-40b5-9cf5-dae41ec5b5de tempest-SnapshotsActionsTest-759073060 None] Running cmd (subprocess): sudo cinder-rootwrap /etc/cinder/rootwrap.conf qemu-img commit -d /opt/stack/data/cinder/mnt/029460e8067938c2a5dd4da69cfbee1e/volume-ce204faf-89bb-4413-a085-f176923da521.167aecdb-7654-47de-9c6d-11a2df03671b {{(pid=89322) execute /opt/stack/data/venv/lib/python3.12/site-packages/oslo_concurrency/processutils.py:440}}
Aug 08 22:49:43 devstack sudo[93626]: quobyte : PWD=/ ; USER=root ; COMMAND=/opt/stack/data/venv/bin/cinder-rootwrap /etc/cinder/rootwrap.conf qemu-img commit -d /opt/stack/data/cinder/mnt/029460e8067938c2a5dd4da69cfbee1e/volume-ce204faf-89bb-4413-a085-f176923da521.167aecdb-7654-47de-9c6d-11a2df03671b
Aug 08 22:49:43 devstack sudo[93626]: pam_unix(sudo:session): session opened for user root(uid=0) by (uid=1000)
Aug 08 22:49:44 devstack sudo[93626]: pam_unix(sudo:session): session closed for user root
Aug 08 22:49:44 devstack cinder-volume[89322]: DEBUG oslo_concurrency.processutils [None req-86b19d3d-6dd5-40b5-9cf5-dae41ec5b5de tempest-SnapshotsActionsTest-759073060 None] CMD "sudo cinder-rootwrap /etc/cinder/rootwrap.conf qemu-img commit -d /opt/stack/data/cinder/mnt/029460e8067938c2a5dd4da69cfbee1e/volume-ce204faf-89bb-4413-a085-f176923da521.167aecdb-7654-47de-9c6d-11a2df03671b" returned: 0 in 0.673s {{(pid=89322) execute /opt/stack/data/venv/lib/python3.12/site-packages/oslo_concurrency/processutils.py:468}}
Aug 08 22:49:44 devstack cinder-volume[89322]: DEBUG oslo_concurrency.processutils [None req-86b19d3d-6dd5-40b5-9cf5-dae41ec5b5de tempest-SnapshotsActionsTest-759073060 None] Running cmd (subprocess): sudo cinder-rootwrap /etc/cinder/rootwrap.conf rm -f /opt/stack/data/cinder/mnt/029460e8067938c2a5dd4da69cfbee1e/volume-ce204faf-89bb-4413-a085-f176923da521.167aecdb-7654-47de-9c6d-11a2df03671b {{(pid=89322) execute /opt/stack/data/venv/lib/python3.12/site-packages/oslo_concurrency/processutils.py:440}}
Aug 08 22:49:44 devstack sudo[93632]: quobyte : PWD=/ ; USER=root ; COMMAND=/opt/stack/data/venv/bin/cinder-rootwrap /etc/cinder/rootwrap.conf rm -f /opt/stack/data/cinder/mnt/029460e8067938c2a5dd4da69cfbee1e/volume-ce204faf-89bb-4413-a085-f176923da521.167aecdb-7654-47de-9c6d-11a2df03671b
Aug 08 22:49:44 devstack sudo[93632]: pam_unix(sudo:session): session opened for user root(uid=0) by (uid=1000)
Aug 08 22:49:45 devstack sudo[93632]: pam_unix(sudo:session): session closed for user root
Aug 08 22:49:45 devstack cinder-volume[89322]: DEBUG oslo_concurrency.processutils [None req-86b19d3d-6dd5-40b5-9cf5-dae41ec5b5de tempest-SnapshotsActionsTest-759073060 None] CMD "sudo cinder-rootwrap /etc/cinder/rootwrap.conf rm -f /opt/stack/data/cinder/mnt/029460e8067938c2a5dd4da69cfbee1e/volume-ce204faf-89bb-4413-a085-f176923da521.167aecdb-7654-47de-9c6d-11a2df03671b" returned: 0 in 0.443s {{(pid=89322) execute /opt/stack/data/venv/lib/python3.12/site-packages/oslo_concurrency/processutils.py:468}}
Aug 08 22:49:45 devstack cinder-volume[89322]: DEBUG cinder.coordination [None req-86b19d3d-6dd5-40b5-9cf5-dae41ec5b5de tempest-SnapshotsActionsTest-759073060 None] Lock "cinder-quobyte-167aecdb-7654-47de-9c6d-11a2df03671b" released by "_delete_snapshot" :: held 2.568s {{(pid=89322) __release /opt/stack/cinder/cinder/coordination.py:152}}
Aug 08 22:49:45 devstack cinder-volume[89322]: DEBUG cinder.coordination [None req-86b19d3d-6dd5-40b5-9cf5-dae41ec5b5de tempest-SnapshotsActionsTest-759073060 None] Lock "cinder-quobyte-ce204faf-89bb-4413-a085-f176923da521" released by "delete_snapshot" :: held 2.624s {{(pid=89322) __release /opt/stack/cinder/cinder/coordination.py:152}}
Aug 08 22:49:45 devstack cinder-volume[89322]: DEBUG cinder.quota [None req-86b19d3d-6dd5-40b5-9cf5-dae41ec5b5de tempest-SnapshotsActionsTest-759073060 None] Created reservations ['40190cb3-04c9-48ed-9eaf-0770266b77a1', '8f72cb68-6d10-44cc-b3b0-f27719c3bd10', '1abcf17b-cd4b-482a-965e-00adb38e78c5', '9769a07d-9470-4d69-98c5-7da6cc12cfc1'] {{(pid=89322) reserve /opt/stack/cinder/cinder/quota.py:752}}
Aug 08 22:49:45 devstack cinder-volume[89322]: INFO cinder.volume.manager [None req-86b19d3d-6dd5-40b5-9cf5-dae41ec5b5de tempest-SnapshotsActionsTest-759073060 None] Delete snapshot completed successfully.
Aug 08 22:49:45 devstack cinder-volume[89322]: DEBUG cinder.coordination [None req-86b19d3d-6dd5-40b5-9cf5-dae41ec5b5de tempest-SnapshotsActionsTest-759073060 None] Lock "cinder-167aecdb-7654-47de-9c6d-11a2df03671b-delete_snapshot" released by "delete_snapshot" :: held 2.948s {{(pid=89322) __release /opt/stack/cinder/cinder/coordination.py:152}}
Aug 08 22:49:46 devstack cinder-volume[89322]: DEBUG oslo_concurrency.lockutils [None req-d1408497-ddce-4f41-939b-cdea0d7cdb78 tempest-SnapshotsActionsTest-627175356 None] Acquiring lock "quobyte" by "cinder.volume.drivers.quobyte.QuobyteDriver.create_snapshot" {{(pid=89322) inner /opt/stack/data/venv/lib/python3.12/site-packages/oslo_concurrency/lockutils.py:512}}
Aug 08 22:49:46 devstack cinder-volume[89322]: DEBUG oslo_concurrency.lockutils [None req-d1408497-ddce-4f41-939b-cdea0d7cdb78 tempest-SnapshotsActionsTest-627175356 None] Lock "quobyte" acquired by "cinder.volume.drivers.quobyte.QuobyteDriver.create_snapshot" :: waited 0.001s {{(pid=89322) inner /opt/stack/data/venv/lib/python3.12/site-packages/oslo_concurrency/lockutils.py:525}}
Aug 08 22:49:46 devstack cinder-volume[89322]: DEBUG cinder.volume.drivers.remotefs [None req-d1408497-ddce-4f41-939b-cdea0d7cdb78 tempest-SnapshotsActionsTest-627175356 None] Creating offline snapshot fc918a14-e52f-495d-abb9-ad3b19dfd8e0 of volume ce204faf-89bb-4413-a085-f176923da521 {{(pid=89322) _create_snapshot /opt/stack/cinder/cinder/volume/drivers/remotefs.py:1816}}
Aug 08 22:49:46 devstack cinder-volume[89322]: DEBUG oslo.privsep.daemon [-] privsep: reply[61f59855-fb6a-4d34-9606-1df6ae19db1e]: (4, 'qcow2') {{(pid=90257) _call_back /opt/stack/data/venv/lib/python3.12/site-packages/oslo_privsep/daemon.py:580}}
Aug 08 22:49:46 devstack cinder-volume[89322]: DEBUG oslo_concurrency.processutils [None req-d1408497-ddce-4f41-939b-cdea0d7cdb78 tempest-SnapshotsActionsTest-627175356 None] Running cmd (subprocess): /opt/stack/data/venv/bin/python3.12 -m oslo_concurrency.prlimit --as=1073741824 --cpu=60 -- sudo cinder-rootwrap /etc/cinder/rootwrap.conf env LC_ALL=C qemu-img info -f qcow2 --output=json --force-share /opt/stack/data/cinder/mnt/029460e8067938c2a5dd4da69cfbee1e/volume-ce204faf-89bb-4413-a085-f176923da521.0841c7c0-33ce-4cc1-90cd-565bd8fa7fda {{(pid=89322) execute /opt/stack/data/venv/lib/python3.12/site-packages/oslo_concurrency/processutils.py:440}}
Aug 08 22:49:46 devstack sudo[93664]: quobyte : PWD=/ ; USER=root ; COMMAND=/opt/stack/data/venv/bin/cinder-rootwrap /etc/cinder/rootwrap.conf env LC_ALL=C qemu-img info -f qcow2 --output=json --force-share /opt/stack/data/cinder/mnt/029460e8067938c2a5dd4da69cfbee1e/volume-ce204faf-89bb-4413-a085-f176923da521.0841c7c0-33ce-4cc1-90cd-565bd8fa7fda
Aug 08 22:49:46 devstack sudo[93664]: pam_unix(sudo:session): session opened for user root(uid=0) by (uid=1000)
Aug 08 22:49:46 devstack sudo[93664]: pam_unix(sudo:session): session closed for user root
Aug 08 22:49:46 devstack cinder-volume[89322]: DEBUG oslo_concurrency.processutils [None req-d1408497-ddce-4f41-939b-cdea0d7cdb78 tempest-SnapshotsActionsTest-627175356 None] CMD "/opt/stack/data/venv/bin/python3.12 -m oslo_concurrency.prlimit --as=1073741824 --cpu=60 -- sudo cinder-rootwrap /etc/cinder/rootwrap.conf env LC_ALL=C qemu-img info -f qcow2 --output=json --force-share /opt/stack/data/cinder/mnt/029460e8067938c2a5dd4da69cfbee1e/volume-ce204faf-89bb-4413-a085-f176923da521.0841c7c0-33ce-4cc1-90cd-565bd8fa7fda" returned: 0 in 0.458s {{(pid=89322) execute /opt/stack/data/venv/lib/python3.12/site-packages/oslo_concurrency/processutils.py:468}}
Aug 08 22:49:46 devstack cinder-volume[89322]: DEBUG cinder.volume.drivers.remotefs [None req-d1408497-ddce-4f41-939b-cdea0d7cdb78 tempest-SnapshotsActionsTest-627175356 None] Fetching qemu-img info with special backing_file_template: (/opt/stack/data/cinder/mnt/[0-9a-f]+/)?(volume-ce204faf-89bb-4413-a085-f176923da521(.(tmp-snap-)?[0-9a-f-]+)?|volume_from_snapshot_cache/(tmp-snap-)?[0-9a-f-]+(.(child-|parent-)[0-9a-f-]+)?)$ {{(pid=89322) _qemu_img_info_base /opt/stack/cinder/cinder/volume/drivers/remotefs.py:896}}
Aug 08 22:49:46 devstack cinder-volume[89322]: DEBUG oslo_concurrency.processutils [None req-d1408497-ddce-4f41-939b-cdea0d7cdb78 tempest-SnapshotsActionsTest-627175356 None] Running cmd (subprocess): sudo cinder-rootwrap /etc/cinder/rootwrap.conf qemu-img create -f qcow2 -o backing_file=/opt/stack/data/cinder/mnt/029460e8067938c2a5dd4da69cfbee1e/volume-ce204faf-89bb-4413-a085-f176923da521.0841c7c0-33ce-4cc1-90cd-565bd8fa7fda,backing_fmt=qcow2 /opt/stack/data/cinder/mnt/029460e8067938c2a5dd4da69cfbee1e/volume-ce204faf-89bb-4413-a085-f176923da521.fc918a14-e52f-495d-abb9-ad3b19dfd8e0 1G {{(pid=89322) execute /opt/stack/data/venv/lib/python3.12/site-packages/oslo_concurrency/processutils.py:440}}
Aug 08 22:49:46 devstack sudo[93670]: quobyte : PWD=/ ; USER=root ; COMMAND=/opt/stack/data/venv/bin/cinder-rootwrap /etc/cinder/rootwrap.conf qemu-img create -f qcow2 -o backing_file=/opt/stack/data/cinder/mnt/029460e8067938c2a5dd4da69cfbee1e/volume-ce204faf-89bb-4413-a085-f176923da521.0841c7c0-33ce-4cc1-90cd-565bd8fa7fda,backing_fmt=qcow2 /opt/stack/data/cinder/mnt/029460e8067938c2a5dd4da69cfbee1e/volume-ce204faf-89bb-4413-a085-f176923da521.fc918a14-e52f-495d-abb9-ad3b19dfd8e0 1G
Aug 08 22:49:46 devstack sudo[93670]: pam_unix(sudo:session): session opened for user root(uid=0) by (uid=1000)
Aug 08 22:49:47 devstack sudo[93670]: pam_unix(sudo:session): session closed for user root
Aug 08 22:49:47 devstack cinder-volume[89322]: DEBUG oslo_concurrency.processutils [None req-d1408497-ddce-4f41-939b-cdea0d7cdb78 tempest-SnapshotsActionsTest-627175356 None] CMD "sudo cinder-rootwrap /etc/cinder/rootwrap.conf qemu-img create -f qcow2 -o backing_file=/opt/stack/data/cinder/mnt/029460e8067938c2a5dd4da69cfbee1e/volume-ce204faf-89bb-4413-a085-f176923da521.0841c7c0-33ce-4cc1-90cd-565bd8fa7fda,backing_fmt=qcow2 /opt/stack/data/cinder/mnt/029460e8067938c2a5dd4da69cfbee1e/volume-ce204faf-89bb-4413-a085-f176923da521.fc918a14-e52f-495d-abb9-ad3b19dfd8e0 1G" returned: 0 in 0.557s {{(pid=89322) execute /opt/stack/data/venv/lib/python3.12/site-packages/oslo_concurrency/processutils.py:468}}
Aug 08 22:49:47 devstack cinder-volume[89322]: DEBUG oslo_concurrency.processutils [None req-d1408497-ddce-4f41-939b-cdea0d7cdb78 tempest-SnapshotsActionsTest-627175356 None] Running cmd (subprocess): sudo cinder-rootwrap /etc/cinder/rootwrap.conf qemu-img rebase -u -b volume-ce204faf-89bb-4413-a085-f176923da521.0841c7c0-33ce-4cc1-90cd-565bd8fa7fda -F qcow2 /opt/stack/data/cinder/mnt/029460e8067938c2a5dd4da69cfbee1e/volume-ce204faf-89bb-4413-a085-f176923da521.fc918a14-e52f-495d-abb9-ad3b19dfd8e0 {{(pid=89322) execute /opt/stack/data/venv/lib/python3.12/site-packages/oslo_concurrency/processutils.py:440}}
Aug 08 22:49:47 devstack sudo[93676]: quobyte : PWD=/ ; USER=root ; COMMAND=/opt/stack/data/venv/bin/cinder-rootwrap /etc/cinder/rootwrap.conf qemu-img rebase -u -b volume-ce204faf-89bb-4413-a085-f176923da521.0841c7c0-33ce-4cc1-90cd-565bd8fa7fda -F qcow2 /opt/stack/data/cinder/mnt/029460e8067938c2a5dd4da69cfbee1e/volume-ce204faf-89bb-4413-a085-f176923da521.fc918a14-e52f-495d-abb9-ad3b19dfd8e0
Aug 08 22:49:47 devstack sudo[93676]: pam_unix(sudo:session): session opened for user root(uid=0) by (uid=1000)
Aug 08 22:49:47 devstack sudo[93676]: pam_unix(sudo:session): session closed for user root
Aug 08 22:49:47 devstack cinder-volume[89322]: DEBUG oslo_concurrency.processutils [None req-d1408497-ddce-4f41-939b-cdea0d7cdb78 tempest-SnapshotsActionsTest-627175356 None] CMD "sudo cinder-rootwrap /etc/cinder/rootwrap.conf qemu-img rebase -u -b volume-ce204faf-89bb-4413-a085-f176923da521.0841c7c0-33ce-4cc1-90cd-565bd8fa7fda -F qcow2 /opt/stack/data/cinder/mnt/029460e8067938c2a5dd4da69cfbee1e/volume-ce204faf-89bb-4413-a085-f176923da521.fc918a14-e52f-495d-abb9-ad3b19dfd8e0" returned: 0 in 0.356s {{(pid=89322) execute /opt/stack/data/venv/lib/python3.12/site-packages/oslo_concurrency/processutils.py:468}}
Aug 08 22:49:47 devstack cinder-volume[89322]: WARNING cinder.volume.drivers.remotefs [None req-d1408497-ddce-4f41-939b-cdea0d7cdb78 tempest-SnapshotsActionsTest-627175356 None] /opt/stack/data/cinder/mnt/029460e8067938c2a5dd4da69cfbee1e/volume-ce204faf-89bb-4413-a085-f176923da521.fc918a14-e52f-495d-abb9-ad3b19dfd8e0 is being set with open permissions: ugo+rw
Aug 08 22:49:47 devstack cinder-volume[89322]: DEBUG oslo_concurrency.processutils [None req-d1408497-ddce-4f41-939b-cdea0d7cdb78 tempest-SnapshotsActionsTest-627175356 None] Running cmd (subprocess): sudo cinder-rootwrap /etc/cinder/rootwrap.conf chmod ugo+rw /opt/stack/data/cinder/mnt/029460e8067938c2a5dd4da69cfbee1e/volume-ce204faf-89bb-4413-a085-f176923da521.fc918a14-e52f-495d-abb9-ad3b19dfd8e0 {{(pid=89322) execute /opt/stack/data/venv/lib/python3.12/site-packages/oslo_concurrency/processutils.py:440}}
Aug 08 22:49:47 devstack sudo[93681]: quobyte : PWD=/ ; USER=root ; COMMAND=/opt/stack/data/venv/bin/cinder-rootwrap /etc/cinder/rootwrap.conf chmod ugo+rw /opt/stack/data/cinder/mnt/029460e8067938c2a5dd4da69cfbee1e/volume-ce204faf-89bb-4413-a085-f176923da521.fc918a14-e52f-495d-abb9-ad3b19dfd8e0
Aug 08 22:49:47 devstack sudo[93681]: pam_unix(sudo:session): session opened for user root(uid=0) by (uid=1000)
Aug 08 22:49:47 devstack sudo[93681]: pam_unix(sudo:session): session closed for user root
Aug 08 22:49:47 devstack cinder-volume[89322]: DEBUG oslo_concurrency.processutils [None req-d1408497-ddce-4f41-939b-cdea0d7cdb78 tempest-SnapshotsActionsTest-627175356 None] CMD "sudo cinder-rootwrap /etc/cinder/rootwrap.conf chmod ugo+rw /opt/stack/data/cinder/mnt/029460e8067938c2a5dd4da69cfbee1e/volume-ce204faf-89bb-4413-a085-f176923da521.fc918a14-e52f-495d-abb9-ad3b19dfd8e0" returned: 0 in 0.281s {{(pid=89322) execute /opt/stack/data/venv/lib/python3.12/site-packages/oslo_concurrency/processutils.py:468}}
Aug 08 22:49:48 devstack cinder-volume[89322]: DEBUG oslo_concurrency.lockutils [None req-d1408497-ddce-4f41-939b-cdea0d7cdb78 tempest-SnapshotsActionsTest-627175356 None] Lock "quobyte" "released" by "cinder.volume.drivers.quobyte.QuobyteDriver.create_snapshot" :: held 1.804s {{(pid=89322) inner /opt/stack/data/venv/lib/python3.12/site-packages/oslo_concurrency/lockutils.py:544}}
Aug 08 22:49:48 devstack cinder-volume[89322]: INFO cinder.volume.manager [None req-d1408497-ddce-4f41-939b-cdea0d7cdb78 tempest-SnapshotsActionsTest-627175356 None] Create snapshot completed successfully
Aug 08 22:49:48 devstack cinder-volume[89322]: DEBUG cinder.coordination [None req-5175bcd5-7cf2-49e5-b1a6-00dc9ca9cb2f tempest-TaggedAttachmentsTest-20143605 None] Acquiring lock "cinder-4a15dccb-3ebb-4204-9e7a-9c5dd5854631-delete_volume" by "delete_volume" {{(pid=89322) __acquire /opt/stack/cinder/cinder/coordination.py:138}}
Aug 08 22:49:48 devstack cinder-volume[89322]: DEBUG cinder.coordination [None req-5175bcd5-7cf2-49e5-b1a6-00dc9ca9cb2f tempest-TaggedAttachmentsTest-20143605 None] Lock "cinder-4a15dccb-3ebb-4204-9e7a-9c5dd5854631-delete_volume" acquired by "delete_volume" :: waited 0.024s {{(pid=89322) __acquire /opt/stack/cinder/cinder/coordination.py:141}}
Aug 08 22:49:48 devstack cinder-volume[89322]: DEBUG cinder.coordination [None req-f04bf4a2-2471-4479-9e34-303f9821c1f4 tempest-SnapshotsActionsTest-759073060 None] Acquiring lock "cinder-fc918a14-e52f-495d-abb9-ad3b19dfd8e0-delete_snapshot" by "delete_snapshot" {{(pid=89322) __acquire /opt/stack/cinder/cinder/coordination.py:138}}
Aug 08 22:49:48 devstack cinder-volume[89322]: DEBUG cinder.coordination [None req-f04bf4a2-2471-4479-9e34-303f9821c1f4 tempest-SnapshotsActionsTest-759073060 None] Lock "cinder-fc918a14-e52f-495d-abb9-ad3b19dfd8e0-delete_snapshot" acquired by "delete_snapshot" :: waited 0.027s {{(pid=89322) __acquire /opt/stack/cinder/cinder/coordination.py:141}}
Aug 08 22:49:48 devstack cinder-volume[89322]: DEBUG cinder.coordination [None req-f04bf4a2-2471-4479-9e34-303f9821c1f4 tempest-SnapshotsActionsTest-759073060 None] Acquiring lock "cinder-quobyte-ce204faf-89bb-4413-a085-f176923da521" by "delete_snapshot" {{(pid=89322) __acquire /opt/stack/cinder/cinder/coordination.py:138}}
Aug 08 22:49:48 devstack cinder-volume[89322]: DEBUG cinder.coordination [None req-5175bcd5-7cf2-49e5-b1a6-00dc9ca9cb2f tempest-TaggedAttachmentsTest-20143605 None] Acquiring lock "cinder-quobyte-4a15dccb-3ebb-4204-9e7a-9c5dd5854631" by "delete_volume" {{(pid=89322) __acquire /opt/stack/cinder/cinder/coordination.py:138}}
Aug 08 22:49:48 devstack cinder-volume[89322]: DEBUG cinder.coordination [None req-f04bf4a2-2471-4479-9e34-303f9821c1f4 tempest-SnapshotsActionsTest-759073060 None] Lock "cinder-quobyte-ce204faf-89bb-4413-a085-f176923da521" acquired by "delete_snapshot" :: waited 0.031s {{(pid=89322) __acquire /opt/stack/cinder/cinder/coordination.py:141}}
Aug 08 22:49:48 devstack cinder-volume[89322]: DEBUG cinder.coordination [None req-f04bf4a2-2471-4479-9e34-303f9821c1f4 tempest-SnapshotsActionsTest-759073060 None] Acquiring lock "cinder-quobyte-fc918a14-e52f-495d-abb9-ad3b19dfd8e0" by "_delete_snapshot" {{(pid=89322) __acquire /opt/stack/cinder/cinder/coordination.py:138}}
Aug 08 22:49:48 devstack cinder-volume[89322]: DEBUG cinder.coordination [None req-5175bcd5-7cf2-49e5-b1a6-00dc9ca9cb2f tempest-TaggedAttachmentsTest-20143605 None] Lock "cinder-quobyte-4a15dccb-3ebb-4204-9e7a-9c5dd5854631" acquired by "delete_volume" :: waited 0.021s {{(pid=89322) __acquire /opt/stack/cinder/cinder/coordination.py:141}}
Aug 08 22:49:48 devstack cinder-volume[89322]: DEBUG cinder.coordination [None req-f04bf4a2-2471-4479-9e34-303f9821c1f4 tempest-SnapshotsActionsTest-759073060 None] Lock "cinder-quobyte-fc918a14-e52f-495d-abb9-ad3b19dfd8e0" acquired by "_delete_snapshot" :: waited 0.027s {{(pid=89322) __acquire /opt/stack/cinder/cinder/coordination.py:141}}
Aug 08 22:49:48 devstack cinder-volume[89322]: DEBUG cinder.volume.drivers.remotefs [None req-f04bf4a2-2471-4479-9e34-303f9821c1f4 tempest-SnapshotsActionsTest-759073060 None] Deleting offline snapshot fc918a14-e52f-495d-abb9-ad3b19dfd8e0 of volume ce204faf-89bb-4413-a085-f176923da521 {{(pid=89322) _delete_snapshot /opt/stack/cinder/cinder/volume/drivers/remotefs.py:1288}}
Aug 08 22:49:48 devstack cinder-volume[89322]: DEBUG cinder.volume.drivers.remotefs [None req-f04bf4a2-2471-4479-9e34-303f9821c1f4 tempest-SnapshotsActionsTest-759073060 None] snapshot_file for this snap is: volume-ce204faf-89bb-4413-a085-f176923da521.fc918a14-e52f-495d-abb9-ad3b19dfd8e0 {{(pid=89322) _delete_snapshot /opt/stack/cinder/cinder/volume/drivers/remotefs.py:1317}}
Aug 08 22:49:48 devstack cinder-volume[89322]: DEBUG oslo.privsep.daemon [-] privsep: reply[10d8b494-02f8-4c0f-b1e0-a86843c17d48]: (4, 'qcow2') {{(pid=90257) _call_back /opt/stack/data/venv/lib/python3.12/site-packages/oslo_privsep/daemon.py:580}}
Aug 08 22:49:48 devstack cinder-volume[89322]: DEBUG oslo_concurrency.processutils [None req-5175bcd5-7cf2-49e5-b1a6-00dc9ca9cb2f tempest-TaggedAttachmentsTest-20143605 None] Running cmd (subprocess): /opt/stack/data/venv/bin/python3.12 -m oslo_concurrency.prlimit --as=1073741824 --cpu=60 -- sudo cinder-rootwrap /etc/cinder/rootwrap.conf env LC_ALL=C qemu-img info -f qcow2 --output=json --force-share /opt/stack/data/cinder/mnt/029460e8067938c2a5dd4da69cfbee1e/volume-4a15dccb-3ebb-4204-9e7a-9c5dd5854631 {{(pid=89322) execute /opt/stack/data/venv/lib/python3.12/site-packages/oslo_concurrency/processutils.py:440}}
Aug 08 22:49:48 devstack cinder-volume[89322]: DEBUG oslo.privsep.daemon [-] privsep: reply[3fd97ce9-d038-401d-9216-2a9d7b72fd60]: (4, 'qcow2') {{(pid=90257) _call_back /opt/stack/data/venv/lib/python3.12/site-packages/oslo_privsep/daemon.py:580}}
Aug 08 22:49:48 devstack cinder-volume[89322]: DEBUG oslo_concurrency.processutils [None req-f04bf4a2-2471-4479-9e34-303f9821c1f4 tempest-SnapshotsActionsTest-759073060 None] Running cmd (subprocess): /opt/stack/data/venv/bin/python3.12 -m oslo_concurrency.prlimit --as=1073741824 --cpu=60 -- sudo cinder-rootwrap /etc/cinder/rootwrap.conf env LC_ALL=C qemu-img info -f qcow2 --output=json --force-share /opt/stack/data/cinder/mnt/029460e8067938c2a5dd4da69cfbee1e/volume-ce204faf-89bb-4413-a085-f176923da521.fc918a14-e52f-495d-abb9-ad3b19dfd8e0 {{(pid=89322) execute /opt/stack/data/venv/lib/python3.12/site-packages/oslo_concurrency/processutils.py:440}}
Aug 08 22:49:48 devstack sudo[93686]: quobyte : PWD=/ ; USER=root ; COMMAND=/opt/stack/data/venv/bin/cinder-rootwrap /etc/cinder/rootwrap.conf env LC_ALL=C qemu-img info -f qcow2 --output=json --force-share /opt/stack/data/cinder/mnt/029460e8067938c2a5dd4da69cfbee1e/volume-4a15dccb-3ebb-4204-9e7a-9c5dd5854631
Aug 08 22:49:48 devstack sudo[93686]: pam_unix(sudo:session): session opened for user root(uid=0) by (uid=1000)
Aug 08 22:49:48 devstack sudo[93687]: quobyte : PWD=/ ; USER=root ; COMMAND=/opt/stack/data/venv/bin/cinder-rootwrap /etc/cinder/rootwrap.conf env LC_ALL=C qemu-img info -f qcow2 --output=json --force-share /opt/stack/data/cinder/mnt/029460e8067938c2a5dd4da69cfbee1e/volume-ce204faf-89bb-4413-a085-f176923da521.fc918a14-e52f-495d-abb9-ad3b19dfd8e0
Aug 08 22:49:48 devstack sudo[93687]: pam_unix(sudo:session): session opened for user root(uid=0) by (uid=1000)
Aug 08 22:49:48 devstack sudo[93687]: pam_unix(sudo:session): session closed for user root
Aug 08 22:49:48 devstack cinder-volume[89322]: DEBUG oslo_concurrency.processutils [None req-f04bf4a2-2471-4479-9e34-303f9821c1f4 tempest-SnapshotsActionsTest-759073060 None] CMD "/opt/stack/data/venv/bin/python3.12 -m oslo_concurrency.prlimit --as=1073741824 --cpu=60 -- sudo cinder-rootwrap /etc/cinder/rootwrap.conf env LC_ALL=C qemu-img info -f qcow2 --output=json --force-share /opt/stack/data/cinder/mnt/029460e8067938c2a5dd4da69cfbee1e/volume-ce204faf-89bb-4413-a085-f176923da521.fc918a14-e52f-495d-abb9-ad3b19dfd8e0" returned: 0 in 0.387s {{(pid=89322) execute /opt/stack/data/venv/lib/python3.12/site-packages/oslo_concurrency/processutils.py:468}}
Aug 08 22:49:48 devstack cinder-volume[89322]: DEBUG cinder.volume.drivers.remotefs [None req-f04bf4a2-2471-4479-9e34-303f9821c1f4 tempest-SnapshotsActionsTest-759073060 None] Fetching qemu-img info with special backing_file_template: (/opt/stack/data/cinder/mnt/[0-9a-f]+/)?(volume-ce204faf-89bb-4413-a085-f176923da521(.(tmp-snap-)?[0-9a-f-]+)?|volume_from_snapshot_cache/(tmp-snap-)?[0-9a-f-]+(.(child-|parent-)[0-9a-f-]+)?)$ {{(pid=89322) _qemu_img_info_base /opt/stack/cinder/cinder/volume/drivers/remotefs.py:896}}
Aug 08 22:49:48 devstack sudo[93686]: pam_unix(sudo:session): session closed for user root
Aug 08 22:49:48 devstack cinder-volume[89322]: DEBUG oslo.privsep.daemon [-] privsep: reply[f379290d-50fa-4050-aac0-b547d25614da]: (4, 'qcow2') {{(pid=90257) _call_back /opt/stack/data/venv/lib/python3.12/site-packages/oslo_privsep/daemon.py:580}}
Aug 08 22:49:48 devstack cinder-volume[89322]: DEBUG oslo_concurrency.processutils [None req-f04bf4a2-2471-4479-9e34-303f9821c1f4 tempest-SnapshotsActionsTest-759073060 None] Running cmd (subprocess): /opt/stack/data/venv/bin/python3.12 -m oslo_concurrency.prlimit --as=1073741824 --cpu=60 -- sudo cinder-rootwrap /etc/cinder/rootwrap.conf env LC_ALL=C qemu-img info -f qcow2 --output=json --force-share /opt/stack/data/cinder/mnt/029460e8067938c2a5dd4da69cfbee1e/volume-ce204faf-89bb-4413-a085-f176923da521.0841c7c0-33ce-4cc1-90cd-565bd8fa7fda {{(pid=89322) execute /opt/stack/data/venv/lib/python3.12/site-packages/oslo_concurrency/processutils.py:440}}
Aug 08 22:49:48 devstack cinder-volume[89322]: DEBUG oslo_concurrency.processutils [None req-5175bcd5-7cf2-49e5-b1a6-00dc9ca9cb2f tempest-TaggedAttachmentsTest-20143605 None] CMD "/opt/stack/data/venv/bin/python3.12 -m oslo_concurrency.prlimit --as=1073741824 --cpu=60 -- sudo cinder-rootwrap /etc/cinder/rootwrap.conf env LC_ALL=C qemu-img info -f qcow2 --output=json --force-share /opt/stack/data/cinder/mnt/029460e8067938c2a5dd4da69cfbee1e/volume-4a15dccb-3ebb-4204-9e7a-9c5dd5854631" returned: 0 in 0.435s {{(pid=89322) execute /opt/stack/data/venv/lib/python3.12/site-packages/oslo_concurrency/processutils.py:468}}
Aug 08 22:49:48 devstack cinder-volume[89322]: DEBUG oslo_concurrency.processutils [None req-5175bcd5-7cf2-49e5-b1a6-00dc9ca9cb2f tempest-TaggedAttachmentsTest-20143605 None] Running cmd (subprocess): sudo cinder-rootwrap /etc/cinder/rootwrap.conf rm -f /opt/stack/data/cinder/mnt/029460e8067938c2a5dd4da69cfbee1e/volume-4a15dccb-3ebb-4204-9e7a-9c5dd5854631 {{(pid=89322) execute /opt/stack/data/venv/lib/python3.12/site-packages/oslo_concurrency/processutils.py:440}}
Aug 08 22:49:49 devstack sudo[93697]: quobyte : PWD=/ ; USER=root ; COMMAND=/opt/stack/data/venv/bin/cinder-rootwrap /etc/cinder/rootwrap.conf rm -f /opt/stack/data/cinder/mnt/029460e8067938c2a5dd4da69cfbee1e/volume-4a15dccb-3ebb-4204-9e7a-9c5dd5854631
Aug 08 22:49:49 devstack sudo[93697]: pam_unix(sudo:session): session opened for user root(uid=0) by (uid=1000)
Aug 08 22:49:49 devstack sudo[93696]: quobyte : PWD=/ ; USER=root ; COMMAND=/opt/stack/data/venv/bin/cinder-rootwrap /etc/cinder/rootwrap.conf env LC_ALL=C qemu-img info -f qcow2 --output=json --force-share /opt/stack/data/cinder/mnt/029460e8067938c2a5dd4da69cfbee1e/volume-ce204faf-89bb-4413-a085-f176923da521.0841c7c0-33ce-4cc1-90cd-565bd8fa7fda
Aug 08 22:49:49 devstack sudo[93696]: pam_unix(sudo:session): session opened for user root(uid=0) by (uid=1000)
Aug 08 22:49:49 devstack sudo[93697]: pam_unix(sudo:session): session closed for user root
Aug 08 22:49:49 devstack cinder-volume[89322]: DEBUG oslo_concurrency.processutils [None req-5175bcd5-7cf2-49e5-b1a6-00dc9ca9cb2f tempest-TaggedAttachmentsTest-20143605 None] CMD "sudo cinder-rootwrap /etc/cinder/rootwrap.conf rm -f /opt/stack/data/cinder/mnt/029460e8067938c2a5dd4da69cfbee1e/volume-4a15dccb-3ebb-4204-9e7a-9c5dd5854631" returned: 0 in 0.269s {{(pid=89322) execute /opt/stack/data/venv/lib/python3.12/site-packages/oslo_concurrency/processutils.py:468}}
Aug 08 22:49:49 devstack cinder-volume[89322]: DEBUG cinder.coordination [None req-5175bcd5-7cf2-49e5-b1a6-00dc9ca9cb2f tempest-TaggedAttachmentsTest-20143605 None] Lock "cinder-quobyte-4a15dccb-3ebb-4204-9e7a-9c5dd5854631" released by "delete_volume" :: held 0.773s {{(pid=89322) __release /opt/stack/cinder/cinder/coordination.py:152}}
Aug 08 22:49:49 devstack cinder-volume[89322]: DEBUG cinder.quota [None req-5175bcd5-7cf2-49e5-b1a6-00dc9ca9cb2f tempest-TaggedAttachmentsTest-20143605 None] Created reservations ['4b298545-2990-41a1-b9cc-63bcb2d8743f', '473b84e1-d974-41e3-8658-fc4f4c9b64e5', '7a7bc544-6950-497c-945d-4d51231f0c3d', 'a151d536-32e9-43fd-81e9-e5963f54eed3'] {{(pid=89322) reserve /opt/stack/cinder/cinder/quota.py:752}}
Aug 08 22:49:49 devstack sudo[93696]: pam_unix(sudo:session): session closed for user root
Aug 08 22:49:49 devstack cinder-volume[89322]: DEBUG oslo_concurrency.processutils [None req-f04bf4a2-2471-4479-9e34-303f9821c1f4 tempest-SnapshotsActionsTest-759073060 None] CMD "/opt/stack/data/venv/bin/python3.12 -m oslo_concurrency.prlimit --as=1073741824 --cpu=60 -- sudo cinder-rootwrap /etc/cinder/rootwrap.conf env LC_ALL=C qemu-img info -f qcow2 --output=json --force-share /opt/stack/data/cinder/mnt/029460e8067938c2a5dd4da69cfbee1e/volume-ce204faf-89bb-4413-a085-f176923da521.0841c7c0-33ce-4cc1-90cd-565bd8fa7fda" returned: 0 in 0.433s {{(pid=89322) execute /opt/stack/data/venv/lib/python3.12/site-packages/oslo_concurrency/processutils.py:468}}
Aug 08 22:49:49 devstack cinder-volume[89322]: DEBUG cinder.volume.drivers.remotefs [None req-f04bf4a2-2471-4479-9e34-303f9821c1f4 tempest-SnapshotsActionsTest-759073060 None] Fetching qemu-img info with special backing_file_template: (/opt/stack/data/cinder/mnt/[0-9a-f]+/)?(volume-ce204faf-89bb-4413-a085-f176923da521(.(tmp-snap-)?[0-9a-f-]+)?|volume_from_snapshot_cache/(tmp-snap-)?[0-9a-f-]+(.(child-|parent-)[0-9a-f-]+)?)$ {{(pid=89322) _qemu_img_info_base /opt/stack/cinder/cinder/volume/drivers/remotefs.py:896}}
Aug 08 22:49:49 devstack cinder-volume[89322]: DEBUG oslo_concurrency.processutils [None req-f04bf4a2-2471-4479-9e34-303f9821c1f4 tempest-SnapshotsActionsTest-759073060 None] Running cmd (subprocess): sudo cinder-rootwrap /etc/cinder/rootwrap.conf qemu-img commit -d /opt/stack/data/cinder/mnt/029460e8067938c2a5dd4da69cfbee1e/volume-ce204faf-89bb-4413-a085-f176923da521.fc918a14-e52f-495d-abb9-ad3b19dfd8e0 {{(pid=89322) execute /opt/stack/data/venv/lib/python3.12/site-packages/oslo_concurrency/processutils.py:440}}
Aug 08 22:49:49 devstack sudo[93705]: quobyte : PWD=/ ; USER=root ; COMMAND=/opt/stack/data/venv/bin/cinder-rootwrap /etc/cinder/rootwrap.conf qemu-img commit -d /opt/stack/data/cinder/mnt/029460e8067938c2a5dd4da69cfbee1e/volume-ce204faf-89bb-4413-a085-f176923da521.fc918a14-e52f-495d-abb9-ad3b19dfd8e0
Aug 08 22:49:49 devstack sudo[93705]: pam_unix(sudo:session): session opened for user root(uid=0) by (uid=1000)
Aug 08 22:49:49 devstack cinder-volume[89322]: DEBUG oslo_concurrency.lockutils [None req-5175bcd5-7cf2-49e5-b1a6-00dc9ca9cb2f tempest-TaggedAttachmentsTest-20143605 None] Acquiring lock "quobyte_ensure" by "cinder.volume.drivers.quobyte.QuobyteDriver._ensure_shares_mounted" {{(pid=89322) inner /opt/stack/data/venv/lib/python3.12/site-packages/oslo_concurrency/lockutils.py:512}}
Aug 08 22:49:49 devstack cinder-volume[89322]: DEBUG oslo_concurrency.lockutils [None req-5175bcd5-7cf2-49e5-b1a6-00dc9ca9cb2f tempest-TaggedAttachmentsTest-20143605 None] Lock "quobyte_ensure" acquired by "cinder.volume.drivers.quobyte.QuobyteDriver._ensure_shares_mounted" :: waited 0.001s {{(pid=89322) inner /opt/stack/data/venv/lib/python3.12/site-packages/oslo_concurrency/lockutils.py:525}}
Aug 08 22:49:49 devstack cinder-volume[89322]: DEBUG cinder.volume.drivers.quobyte [None req-5175bcd5-7cf2-49e5-b1a6-00dc9ca9cb2f tempest-TaggedAttachmentsTest-20143605 None] Quobyte Volume URL set to: {'osci02.corp.quobyte.com/cinder-vol-040fe433-ab7e-4483-82e2-0d2cf5e200b2': None} {{(pid=89322) _load_shares_config /opt/stack/cinder/cinder/volume/drivers/quobyte.py:665}}
Aug 08 22:49:49 devstack cinder-volume[89322]: DEBUG cinder.volume.drivers.quobyte [None req-5175bcd5-7cf2-49e5-b1a6-00dc9ca9cb2f tempest-TaggedAttachmentsTest-20143605 None] Available shares ['osci02.corp.quobyte.com/cinder-vol-040fe433-ab7e-4483-82e2-0d2cf5e200b2'] {{(pid=89322) _ensure_shares_mounted /opt/stack/cinder/cinder/volume/drivers/quobyte.py:695}}
Aug 08 22:49:49 devstack cinder-volume[89322]: DEBUG oslo_concurrency.lockutils [None req-5175bcd5-7cf2-49e5-b1a6-00dc9ca9cb2f tempest-TaggedAttachmentsTest-20143605 None] Lock "quobyte_ensure" "released" by "cinder.volume.drivers.quobyte.QuobyteDriver._ensure_shares_mounted" :: held 0.007s {{(pid=89322) inner /opt/stack/data/venv/lib/python3.12/site-packages/oslo_concurrency/lockutils.py:544}}
Aug 08 22:49:49 devstack cinder-volume[89322]: DEBUG oslo_concurrency.processutils [None req-5175bcd5-7cf2-49e5-b1a6-00dc9ca9cb2f tempest-TaggedAttachmentsTest-20143605 None] Running cmd (subprocess): sudo cinder-rootwrap /etc/cinder/rootwrap.conf df --portability --block-size 1 /opt/stack/data/cinder/mnt/029460e8067938c2a5dd4da69cfbee1e {{(pid=89322) execute /opt/stack/data/venv/lib/python3.12/site-packages/oslo_concurrency/processutils.py:440}}
Aug 08 22:49:49 devstack sudo[93707]: quobyte : PWD=/ ; USER=root ; COMMAND=/opt/stack/data/venv/bin/cinder-rootwrap /etc/cinder/rootwrap.conf df --portability --block-size 1 /opt/stack/data/cinder/mnt/029460e8067938c2a5dd4da69cfbee1e
Aug 08 22:49:49 devstack sudo[93707]: pam_unix(sudo:session): session opened for user root(uid=0) by (uid=1000)
Aug 08 22:49:49 devstack sudo[93707]: pam_unix(sudo:session): session closed for user root
Aug 08 22:49:49 devstack cinder-volume[89322]: DEBUG oslo_concurrency.processutils [None req-5175bcd5-7cf2-49e5-b1a6-00dc9ca9cb2f tempest-TaggedAttachmentsTest-20143605 None] CMD "sudo cinder-rootwrap /etc/cinder/rootwrap.conf df --portability --block-size 1 /opt/stack/data/cinder/mnt/029460e8067938c2a5dd4da69cfbee1e" returned: 0 in 0.281s {{(pid=89322) execute /opt/stack/data/venv/lib/python3.12/site-packages/oslo_concurrency/processutils.py:468}}
Aug 08 22:49:49 devstack cinder-volume[89322]: DEBUG cinder.manager [None req-5175bcd5-7cf2-49e5-b1a6-00dc9ca9cb2f tempest-TaggedAttachmentsTest-20143605 None] Notifying Schedulers of capabilities ... {{(pid=89322) _publish_service_capabilities /opt/stack/cinder/cinder/manager.py:219}}
Aug 08 22:49:49 devstack cinder-volume[89322]: INFO cinder.volume.manager [None req-5175bcd5-7cf2-49e5-b1a6-00dc9ca9cb2f tempest-TaggedAttachmentsTest-20143605 None] Deleted volume successfully.
Aug 08 22:49:49 devstack cinder-volume[89322]: DEBUG cinder.coordination [None req-5175bcd5-7cf2-49e5-b1a6-00dc9ca9cb2f tempest-TaggedAttachmentsTest-20143605 None] Lock "cinder-4a15dccb-3ebb-4204-9e7a-9c5dd5854631-delete_volume" released by "delete_volume" :: held 1.353s {{(pid=89322) __release /opt/stack/cinder/cinder/coordination.py:152}}
Aug 08 22:49:49 devstack sudo[93705]: pam_unix(sudo:session): session closed for user root
Aug 08 22:49:49 devstack cinder-volume[89322]: DEBUG oslo_concurrency.processutils [None req-f04bf4a2-2471-4479-9e34-303f9821c1f4 tempest-SnapshotsActionsTest-759073060 None] CMD "sudo cinder-rootwrap /etc/cinder/rootwrap.conf qemu-img commit -d /opt/stack/data/cinder/mnt/029460e8067938c2a5dd4da69cfbee1e/volume-ce204faf-89bb-4413-a085-f176923da521.fc918a14-e52f-495d-abb9-ad3b19dfd8e0" returned: 0 in 0.533s {{(pid=89322) execute /opt/stack/data/venv/lib/python3.12/site-packages/oslo_concurrency/processutils.py:468}}
Aug 08 22:49:49 devstack cinder-volume[89322]: DEBUG oslo_concurrency.processutils [None req-f04bf4a2-2471-4479-9e34-303f9821c1f4 tempest-SnapshotsActionsTest-759073060 None] Running cmd (subprocess): sudo cinder-rootwrap /etc/cinder/rootwrap.conf rm -f /opt/stack/data/cinder/mnt/029460e8067938c2a5dd4da69cfbee1e/volume-ce204faf-89bb-4413-a085-f176923da521.fc918a14-e52f-495d-abb9-ad3b19dfd8e0 {{(pid=89322) execute /opt/stack/data/venv/lib/python3.12/site-packages/oslo_concurrency/processutils.py:440}}
Aug 08 22:49:49 devstack sudo[93714]: quobyte : PWD=/ ; USER=root ; COMMAND=/opt/stack/data/venv/bin/cinder-rootwrap /etc/cinder/rootwrap.conf rm -f /opt/stack/data/cinder/mnt/029460e8067938c2a5dd4da69cfbee1e/volume-ce204faf-89bb-4413-a085-f176923da521.fc918a14-e52f-495d-abb9-ad3b19dfd8e0
Aug 08 22:49:49 devstack sudo[93714]: pam_unix(sudo:session): session opened for user root(uid=0) by (uid=1000)
Aug 08 22:49:50 devstack sudo[93714]: pam_unix(sudo:session): session closed for user root
Aug 08 22:49:50 devstack cinder-volume[89322]: DEBUG oslo_concurrency.processutils [None req-f04bf4a2-2471-4479-9e34-303f9821c1f4 tempest-SnapshotsActionsTest-759073060 None] CMD "sudo cinder-rootwrap /etc/cinder/rootwrap.conf rm -f /opt/stack/data/cinder/mnt/029460e8067938c2a5dd4da69cfbee1e/volume-ce204faf-89bb-4413-a085-f176923da521.fc918a14-e52f-495d-abb9-ad3b19dfd8e0" returned: 0 in 0.273s {{(pid=89322) execute /opt/stack/data/venv/lib/python3.12/site-packages/oslo_concurrency/processutils.py:468}}
Aug 08 22:49:50 devstack cinder-volume[89322]: DEBUG cinder.coordination [None req-f04bf4a2-2471-4479-9e34-303f9821c1f4 tempest-SnapshotsActionsTest-759073060 None] Lock "cinder-quobyte-fc918a14-e52f-495d-abb9-ad3b19dfd8e0" released by "_delete_snapshot" :: held 1.727s {{(pid=89322) __release /opt/stack/cinder/cinder/coordination.py:152}}
Aug 08 22:49:50 devstack cinder-volume[89322]: DEBUG cinder.coordination [None req-f04bf4a2-2471-4479-9e34-303f9821c1f4 tempest-SnapshotsActionsTest-759073060 None] Lock "cinder-quobyte-ce204faf-89bb-4413-a085-f176923da521" released by "delete_snapshot" :: held 1.763s {{(pid=89322) __release /opt/stack/cinder/cinder/coordination.py:152}}
Aug 08 22:49:50 devstack cinder-volume[89322]: DEBUG cinder.quota [None req-f04bf4a2-2471-4479-9e34-303f9821c1f4 tempest-SnapshotsActionsTest-759073060 None] Created reservations ['df106491-9c08-41ea-a937-e6dee1eaba41', '7dbe7cb0-5f39-45ba-ab50-3690408f5c12', '43c1d53f-77c2-4462-9b02-1b7ee49612b8', '9580fd66-6987-4e55-a32a-fa419602a48f'] {{(pid=89322) reserve /opt/stack/cinder/cinder/quota.py:752}}
Aug 08 22:49:50 devstack cinder-volume[89322]: INFO cinder.volume.manager [None req-f04bf4a2-2471-4479-9e34-303f9821c1f4 tempest-SnapshotsActionsTest-759073060 None] Delete snapshot completed successfully.
Aug 08 22:49:50 devstack cinder-volume[89322]: DEBUG cinder.coordination [None req-f04bf4a2-2471-4479-9e34-303f9821c1f4 tempest-SnapshotsActionsTest-759073060 None] Lock "cinder-fc918a14-e52f-495d-abb9-ad3b19dfd8e0-delete_snapshot" released by "delete_snapshot" :: held 1.972s {{(pid=89322) __release /opt/stack/cinder/cinder/coordination.py:152}}
Aug 08 22:49:51 devstack cinder-volume[89322]: DEBUG oslo_concurrency.lockutils [None req-1948d7b0-dff9-455e-9e7e-c33981499d2f tempest-SnapshotsActionsTest-627175356 None] Acquiring lock "quobyte" by "cinder.volume.drivers.quobyte.QuobyteDriver.create_snapshot" {{(pid=89322) inner /opt/stack/data/venv/lib/python3.12/site-packages/oslo_concurrency/lockutils.py:512}}
Aug 08 22:49:51 devstack cinder-volume[89322]: DEBUG oslo_concurrency.lockutils [None req-1948d7b0-dff9-455e-9e7e-c33981499d2f tempest-SnapshotsActionsTest-627175356 None] Lock "quobyte" acquired by "cinder.volume.drivers.quobyte.QuobyteDriver.create_snapshot" :: waited 0.003s {{(pid=89322) inner /opt/stack/data/venv/lib/python3.12/site-packages/oslo_concurrency/lockutils.py:525}}
