Aug 27 22:01:10 devstack sudo[92381]: quobyte : PWD=/ ; USER=root ; COMMAND=/opt/stack/data/venv/bin/cinder-rootwrap /etc/cinder/rootwrap.conf env LC_ALL=C qemu-img info -f qcow2 --output=json --force-share /opt/stack/data/cinder/mnt/4d4c33aa7b9257ae135238e87065c98b/volume-e9bc5a19-e627-4f26-b440-66583fcbfa43
Aug 27 22:01:10 devstack sudo[92381]: pam_unix(sudo:session): session opened for user root(uid=0) by (uid=1000)
Aug 27 22:01:10 devstack sudo[92381]: pam_unix(sudo:session): session closed for user root
Aug 27 22:01:10 devstack cinder-volume[85740]: DEBUG oslo_concurrency.processutils [None req-f158fde0-2ffc-41dd-979e-81c78c98e2b3 tempest-SnapshotsActionsTest-558454831 None] CMD "/opt/stack/data/venv/bin/python3.12 -m oslo_concurrency.prlimit --as=1073741824 --cpu=60 -- sudo cinder-rootwrap /etc/cinder/rootwrap.conf env LC_ALL=C qemu-img info -f qcow2 --output=json --force-share /opt/stack/data/cinder/mnt/4d4c33aa7b9257ae135238e87065c98b/volume-e9bc5a19-e627-4f26-b440-66583fcbfa43" returned: 0 in 0.377s {{(pid=85740) execute /opt/stack/data/venv/lib/python3.12/site-packages/oslo_concurrency/processutils.py:468}}
Aug 27 22:01:10 devstack cinder-volume[85740]: DEBUG oslo_concurrency.processutils [None req-f158fde0-2ffc-41dd-979e-81c78c98e2b3 tempest-SnapshotsActionsTest-558454831 None] Running cmd (subprocess): sudo cinder-rootwrap /etc/cinder/rootwrap.conf qemu-img create -f qcow2 -o backing_file=/opt/stack/data/cinder/mnt/4d4c33aa7b9257ae135238e87065c98b/volume-e9bc5a19-e627-4f26-b440-66583fcbfa43,backing_fmt=qcow2 /opt/stack/data/cinder/mnt/4d4c33aa7b9257ae135238e87065c98b/volume-e9bc5a19-e627-4f26-b440-66583fcbfa43.3c359098-91d1-4490-8a22-097d034cd82e 1G {{(pid=85740) execute /opt/stack/data/venv/lib/python3.12/site-packages/oslo_concurrency/processutils.py:440}}
Aug 27 22:01:10 devstack sudo[92392]: quobyte : PWD=/ ; USER=root ; COMMAND=/opt/stack/data/venv/bin/cinder-rootwrap /etc/cinder/rootwrap.conf qemu-img create -f qcow2 -o backing_file=/opt/stack/data/cinder/mnt/4d4c33aa7b9257ae135238e87065c98b/volume-e9bc5a19-e627-4f26-b440-66583fcbfa43,backing_fmt=qcow2 /opt/stack/data/cinder/mnt/4d4c33aa7b9257ae135238e87065c98b/volume-e9bc5a19-e627-4f26-b440-66583fcbfa43.3c359098-91d1-4490-8a22-097d034cd82e 1G
Aug 27 22:01:10 devstack sudo[92392]: pam_unix(sudo:session): session opened for user root(uid=0) by (uid=1000)
Aug 27 22:01:10 devstack sudo[92392]: pam_unix(sudo:session): session closed for user root
Aug 27 22:01:10 devstack cinder-volume[85740]: DEBUG oslo_concurrency.processutils [None req-f158fde0-2ffc-41dd-979e-81c78c98e2b3 tempest-SnapshotsActionsTest-558454831 None] CMD "sudo cinder-rootwrap /etc/cinder/rootwrap.conf qemu-img create -f qcow2 -o backing_file=/opt/stack/data/cinder/mnt/4d4c33aa7b9257ae135238e87065c98b/volume-e9bc5a19-e627-4f26-b440-66583fcbfa43,backing_fmt=qcow2 /opt/stack/data/cinder/mnt/4d4c33aa7b9257ae135238e87065c98b/volume-e9bc5a19-e627-4f26-b440-66583fcbfa43.3c359098-91d1-4490-8a22-097d034cd82e 1G" returned: 0 in 0.367s {{(pid=85740) execute /opt/stack/data/venv/lib/python3.12/site-packages/oslo_concurrency/processutils.py:468}}
Aug 27 22:01:10 devstack cinder-volume[85740]: DEBUG oslo_concurrency.processutils [None req-f158fde0-2ffc-41dd-979e-81c78c98e2b3 tempest-SnapshotsActionsTest-558454831 None] Running cmd (subprocess): sudo cinder-rootwrap /etc/cinder/rootwrap.conf qemu-img rebase -u -b volume-e9bc5a19-e627-4f26-b440-66583fcbfa43 -F qcow2 /opt/stack/data/cinder/mnt/4d4c33aa7b9257ae135238e87065c98b/volume-e9bc5a19-e627-4f26-b440-66583fcbfa43.3c359098-91d1-4490-8a22-097d034cd82e {{(pid=85740) execute /opt/stack/data/venv/lib/python3.12/site-packages/oslo_concurrency/processutils.py:440}}
Aug 27 22:01:10 devstack sudo[92397]: quobyte : PWD=/ ; USER=root ; COMMAND=/opt/stack/data/venv/bin/cinder-rootwrap /etc/cinder/rootwrap.conf qemu-img rebase -u -b volume-e9bc5a19-e627-4f26-b440-66583fcbfa43 -F qcow2 /opt/stack/data/cinder/mnt/4d4c33aa7b9257ae135238e87065c98b/volume-e9bc5a19-e627-4f26-b440-66583fcbfa43.3c359098-91d1-4490-8a22-097d034cd82e
Aug 27 22:01:10 devstack sudo[92397]: pam_unix(sudo:session): session opened for user root(uid=0) by (uid=1000)
Aug 27 22:01:11 devstack sudo[92397]: pam_unix(sudo:session): session closed for user root
Aug 27 22:01:11 devstack cinder-volume[85740]: DEBUG oslo_concurrency.lockutils [None req-1dc90771-25ee-429c-83e3-a5f4ba8d097b tempest-SnapshotMetadataTestJSON-1940896787 None] Acquiring lock "quobyte" by "cinder.volume.drivers.quobyte.QuobyteDriver.create_snapshot" {{(pid=85740) inner /opt/stack/data/venv/lib/python3.12/site-packages/oslo_concurrency/lockutils.py:512}}
Aug 27 22:01:11 devstack cinder-volume[85740]: DEBUG oslo_concurrency.processutils [None req-f158fde0-2ffc-41dd-979e-81c78c98e2b3 tempest-SnapshotsActionsTest-558454831 None] CMD "sudo cinder-rootwrap /etc/cinder/rootwrap.conf qemu-img rebase -u -b volume-e9bc5a19-e627-4f26-b440-66583fcbfa43 -F qcow2 /opt/stack/data/cinder/mnt/4d4c33aa7b9257ae135238e87065c98b/volume-e9bc5a19-e627-4f26-b440-66583fcbfa43.3c359098-91d1-4490-8a22-097d034cd82e" returned: 0 in 0.445s {{(pid=85740) execute /opt/stack/data/venv/lib/python3.12/site-packages/oslo_concurrency/processutils.py:468}}
Aug 27 22:01:11 devstack cinder-volume[85740]: WARNING cinder.volume.drivers.remotefs [None req-f158fde0-2ffc-41dd-979e-81c78c98e2b3 tempest-SnapshotsActionsTest-558454831 None] /opt/stack/data/cinder/mnt/4d4c33aa7b9257ae135238e87065c98b/volume-e9bc5a19-e627-4f26-b440-66583fcbfa43.3c359098-91d1-4490-8a22-097d034cd82e is being set with open permissions: ugo+rw
Aug 27 22:01:11 devstack cinder-volume[85740]: DEBUG oslo_concurrency.processutils [None req-f158fde0-2ffc-41dd-979e-81c78c98e2b3 tempest-SnapshotsActionsTest-558454831 None] Running cmd (subprocess): sudo cinder-rootwrap /etc/cinder/rootwrap.conf chmod ugo+rw /opt/stack/data/cinder/mnt/4d4c33aa7b9257ae135238e87065c98b/volume-e9bc5a19-e627-4f26-b440-66583fcbfa43.3c359098-91d1-4490-8a22-097d034cd82e {{(pid=85740) execute /opt/stack/data/venv/lib/python3.12/site-packages/oslo_concurrency/processutils.py:440}}
Aug 27 22:01:11 devstack sudo[92402]: quobyte : PWD=/ ; USER=root ; COMMAND=/opt/stack/data/venv/bin/cinder-rootwrap /etc/cinder/rootwrap.conf chmod ugo+rw /opt/stack/data/cinder/mnt/4d4c33aa7b9257ae135238e87065c98b/volume-e9bc5a19-e627-4f26-b440-66583fcbfa43.3c359098-91d1-4490-8a22-097d034cd82e
Aug 27 22:01:11 devstack sudo[92402]: pam_unix(sudo:session): session opened for user root(uid=0) by (uid=1000)
Aug 27 22:01:11 devstack sudo[92402]: pam_unix(sudo:session): session closed for user root
Aug 27 22:01:11 devstack cinder-volume[85740]: DEBUG oslo_concurrency.processutils [None req-f158fde0-2ffc-41dd-979e-81c78c98e2b3 tempest-SnapshotsActionsTest-558454831 None] CMD "sudo cinder-rootwrap /etc/cinder/rootwrap.conf chmod ugo+rw /opt/stack/data/cinder/mnt/4d4c33aa7b9257ae135238e87065c98b/volume-e9bc5a19-e627-4f26-b440-66583fcbfa43.3c359098-91d1-4490-8a22-097d034cd82e" returned: 0 in 0.255s {{(pid=85740) execute /opt/stack/data/venv/lib/python3.12/site-packages/oslo_concurrency/processutils.py:468}}
Aug 27 22:01:11 devstack cinder-volume[85740]: DEBUG oslo_concurrency.processutils [None req-f158fde0-2ffc-41dd-979e-81c78c98e2b3 tempest-SnapshotsActionsTest-558454831 None] Running cmd (subprocess): sudo cinder-rootwrap /etc/cinder/rootwrap.conf truncate -s0 /opt/stack/data/cinder/mnt/4d4c33aa7b9257ae135238e87065c98b/volume-e9bc5a19-e627-4f26-b440-66583fcbfa43.info {{(pid=85740) execute /opt/stack/data/venv/lib/python3.12/site-packages/oslo_concurrency/processutils.py:440}}
Aug 27 22:01:11 devstack sudo[92405]: quobyte : PWD=/ ; USER=root ; COMMAND=/opt/stack/data/venv/bin/cinder-rootwrap /etc/cinder/rootwrap.conf truncate -s0 /opt/stack/data/cinder/mnt/4d4c33aa7b9257ae135238e87065c98b/volume-e9bc5a19-e627-4f26-b440-66583fcbfa43.info
Aug 27 22:01:11 devstack sudo[92405]: pam_unix(sudo:session): session opened for user root(uid=0) by (uid=1000)
Aug 27 22:01:11 devstack sudo[92405]: pam_unix(sudo:session): session closed for user root
Aug 27 22:01:11 devstack cinder-volume[85740]: DEBUG oslo_concurrency.processutils [None req-f158fde0-2ffc-41dd-979e-81c78c98e2b3 tempest-SnapshotsActionsTest-558454831 None] CMD "sudo cinder-rootwrap /etc/cinder/rootwrap.conf truncate -s0 /opt/stack/data/cinder/mnt/4d4c33aa7b9257ae135238e87065c98b/volume-e9bc5a19-e627-4f26-b440-66583fcbfa43.info" returned: 0 in 0.271s {{(pid=85740) execute /opt/stack/data/venv/lib/python3.12/site-packages/oslo_concurrency/processutils.py:468}}
Aug 27 22:01:11 devstack cinder-volume[85740]: WARNING cinder.volume.drivers.remotefs [None req-f158fde0-2ffc-41dd-979e-81c78c98e2b3 tempest-SnapshotsActionsTest-558454831 None] /opt/stack/data/cinder/mnt/4d4c33aa7b9257ae135238e87065c98b/volume-e9bc5a19-e627-4f26-b440-66583fcbfa43.info is being set with open permissions: ugo+rw
Aug 27 22:01:11 devstack cinder-volume[85740]: DEBUG oslo_concurrency.processutils [None req-f158fde0-2ffc-41dd-979e-81c78c98e2b3 tempest-SnapshotsActionsTest-558454831 None] Running cmd (subprocess): sudo cinder-rootwrap /etc/cinder/rootwrap.conf chmod ugo+rw /opt/stack/data/cinder/mnt/4d4c33aa7b9257ae135238e87065c98b/volume-e9bc5a19-e627-4f26-b440-66583fcbfa43.info {{(pid=85740) execute /opt/stack/data/venv/lib/python3.12/site-packages/oslo_concurrency/processutils.py:440}}
Aug 27 22:01:11 devstack sudo[92408]: quobyte : PWD=/ ; USER=root ; COMMAND=/opt/stack/data/venv/bin/cinder-rootwrap /etc/cinder/rootwrap.conf chmod ugo+rw /opt/stack/data/cinder/mnt/4d4c33aa7b9257ae135238e87065c98b/volume-e9bc5a19-e627-4f26-b440-66583fcbfa43.info
Aug 27 22:01:11 devstack sudo[92408]: pam_unix(sudo:session): session opened for user root(uid=0) by (uid=1000)
Aug 27 22:01:11 devstack sudo[92408]: pam_unix(sudo:session): session closed for user root
Aug 27 22:01:11 devstack cinder-volume[85740]: DEBUG oslo_concurrency.processutils [None req-f158fde0-2ffc-41dd-979e-81c78c98e2b3 tempest-SnapshotsActionsTest-558454831 None] CMD "sudo cinder-rootwrap /etc/cinder/rootwrap.conf chmod ugo+rw /opt/stack/data/cinder/mnt/4d4c33aa7b9257ae135238e87065c98b/volume-e9bc5a19-e627-4f26-b440-66583fcbfa43.info" returned: 0 in 0.280s {{(pid=85740) execute /opt/stack/data/venv/lib/python3.12/site-packages/oslo_concurrency/processutils.py:468}}
Aug 27 22:01:11 devstack cinder-volume[85740]: DEBUG oslo_concurrency.lockutils [None req-f158fde0-2ffc-41dd-979e-81c78c98e2b3 tempest-SnapshotsActionsTest-558454831 None] Lock "quobyte" "released" by "cinder.volume.drivers.quobyte.QuobyteDriver.create_snapshot" :: held 2.121s {{(pid=85740) inner /opt/stack/data/venv/lib/python3.12/site-packages/oslo_concurrency/lockutils.py:544}}
Aug 27 22:01:11 devstack cinder-volume[85740]: DEBUG oslo_concurrency.lockutils [None req-1dc90771-25ee-429c-83e3-a5f4ba8d097b tempest-SnapshotMetadataTestJSON-1940896787 None] Lock "quobyte" acquired by "cinder.volume.drivers.quobyte.QuobyteDriver.create_snapshot" :: waited 0.862s {{(pid=85740) inner /opt/stack/data/venv/lib/python3.12/site-packages/oslo_concurrency/lockutils.py:525}}
Aug 27 22:01:11 devstack cinder-volume[85740]: DEBUG cinder.volume.drivers.remotefs [None req-1dc90771-25ee-429c-83e3-a5f4ba8d097b tempest-SnapshotMetadataTestJSON-1940896787 None] Creating offline snapshot a423ab79-41ad-412e-946b-08c73d818f2b of volume 96f3fa54-2e58-4f7f-823e-69c91ee3329b {{(pid=85740) _create_snapshot /opt/stack/cinder/cinder/volume/drivers/remotefs.py:1816}}
Aug 27 22:01:11 devstack cinder-volume[85740]: INFO cinder.volume.manager [None req-f158fde0-2ffc-41dd-979e-81c78c98e2b3 tempest-SnapshotsActionsTest-558454831 None] Create snapshot completed successfully
Aug 27 22:01:11 devstack cinder-volume[85740]: DEBUG oslo.privsep.daemon [-] privsep: reply[87f13500-3b6d-4c20-a64b-905c9686db70]: (4, 'qcow2') {{(pid=87322) _call_back /opt/stack/data/venv/lib/python3.12/site-packages/oslo_privsep/daemon.py:580}}
Aug 27 22:01:11 devstack cinder-volume[85740]: DEBUG oslo_concurrency.processutils [None req-1dc90771-25ee-429c-83e3-a5f4ba8d097b tempest-SnapshotMetadataTestJSON-1940896787 None] Running cmd (subprocess): /opt/stack/data/venv/bin/python3.12 -m oslo_concurrency.prlimit --as=1073741824 --cpu=60 -- sudo cinder-rootwrap /etc/cinder/rootwrap.conf env LC_ALL=C qemu-img info -f qcow2 --output=json --force-share /opt/stack/data/cinder/mnt/4d4c33aa7b9257ae135238e87065c98b/volume-96f3fa54-2e58-4f7f-823e-69c91ee3329b {{(pid=85740) execute /opt/stack/data/venv/lib/python3.12/site-packages/oslo_concurrency/processutils.py:440}}
Aug 27 22:01:12 devstack sudo[92412]: quobyte : PWD=/ ; USER=root ; COMMAND=/opt/stack/data/venv/bin/cinder-rootwrap /etc/cinder/rootwrap.conf env LC_ALL=C qemu-img info -f qcow2 --output=json --force-share /opt/stack/data/cinder/mnt/4d4c33aa7b9257ae135238e87065c98b/volume-96f3fa54-2e58-4f7f-823e-69c91ee3329b
Aug 27 22:01:12 devstack sudo[92412]: pam_unix(sudo:session): session opened for user root(uid=0) by (uid=1000)
Aug 27 22:01:12 devstack sudo[92412]: pam_unix(sudo:session): session closed for user root
Aug 27 22:01:12 devstack cinder-volume[85740]: DEBUG oslo_concurrency.processutils [None req-1dc90771-25ee-429c-83e3-a5f4ba8d097b tempest-SnapshotMetadataTestJSON-1940896787 None] CMD "/opt/stack/data/venv/bin/python3.12 -m oslo_concurrency.prlimit --as=1073741824 --cpu=60 -- sudo cinder-rootwrap /etc/cinder/rootwrap.conf env LC_ALL=C qemu-img info -f qcow2 --output=json --force-share /opt/stack/data/cinder/mnt/4d4c33aa7b9257ae135238e87065c98b/volume-96f3fa54-2e58-4f7f-823e-69c91ee3329b" returned: 0 in 0.405s {{(pid=85740) execute /opt/stack/data/venv/lib/python3.12/site-packages/oslo_concurrency/processutils.py:468}}
Aug 27 22:01:12 devstack cinder-volume[85740]: DEBUG oslo_concurrency.processutils [None req-1dc90771-25ee-429c-83e3-a5f4ba8d097b tempest-SnapshotMetadataTestJSON-1940896787 None] Running cmd (subprocess): sudo cinder-rootwrap /etc/cinder/rootwrap.conf qemu-img create -f qcow2 -o backing_file=/opt/stack/data/cinder/mnt/4d4c33aa7b9257ae135238e87065c98b/volume-96f3fa54-2e58-4f7f-823e-69c91ee3329b,backing_fmt=qcow2 /opt/stack/data/cinder/mnt/4d4c33aa7b9257ae135238e87065c98b/volume-96f3fa54-2e58-4f7f-823e-69c91ee3329b.a423ab79-41ad-412e-946b-08c73d818f2b 1G {{(pid=85740) execute /opt/stack/data/venv/lib/python3.12/site-packages/oslo_concurrency/processutils.py:440}}
Aug 27 22:01:12 devstack sudo[92417]: quobyte : PWD=/ ; USER=root ; COMMAND=/opt/stack/data/venv/bin/cinder-rootwrap /etc/cinder/rootwrap.conf qemu-img create -f qcow2 -o backing_file=/opt/stack/data/cinder/mnt/4d4c33aa7b9257ae135238e87065c98b/volume-96f3fa54-2e58-4f7f-823e-69c91ee3329b,backing_fmt=qcow2 /opt/stack/data/cinder/mnt/4d4c33aa7b9257ae135238e87065c98b/volume-96f3fa54-2e58-4f7f-823e-69c91ee3329b.a423ab79-41ad-412e-946b-08c73d818f2b 1G
Aug 27 22:01:12 devstack sudo[92417]: pam_unix(sudo:session): session opened for user root(uid=0) by (uid=1000)
Aug 27 22:01:12 devstack cinder-volume[85740]: DEBUG oslo_concurrency.lockutils [None req-6edfbe36-fb73-4d20-b88b-e89a92743c8b tempest-SnapshotsActionsTest-558454831 None] Acquiring lock "quobyte" by "cinder.volume.drivers.quobyte.QuobyteDriver.create_snapshot" {{(pid=85740) inner /opt/stack/data/venv/lib/python3.12/site-packages/oslo_concurrency/lockutils.py:512}}
Aug 27 22:01:12 devstack sudo[92417]: pam_unix(sudo:session): session closed for user root
Aug 27 22:01:12 devstack cinder-volume[85740]: DEBUG oslo_concurrency.processutils [None req-1dc90771-25ee-429c-83e3-a5f4ba8d097b tempest-SnapshotMetadataTestJSON-1940896787 None] CMD "sudo cinder-rootwrap /etc/cinder/rootwrap.conf qemu-img create -f qcow2 -o backing_file=/opt/stack/data/cinder/mnt/4d4c33aa7b9257ae135238e87065c98b/volume-96f3fa54-2e58-4f7f-823e-69c91ee3329b,backing_fmt=qcow2 /opt/stack/data/cinder/mnt/4d4c33aa7b9257ae135238e87065c98b/volume-96f3fa54-2e58-4f7f-823e-69c91ee3329b.a423ab79-41ad-412e-946b-08c73d818f2b 1G" returned: 0 in 0.505s {{(pid=85740) execute /opt/stack/data/venv/lib/python3.12/site-packages/oslo_concurrency/processutils.py:468}}
Aug 27 22:01:12 devstack cinder-volume[85740]: DEBUG oslo_concurrency.processutils [None req-1dc90771-25ee-429c-83e3-a5f4ba8d097b tempest-SnapshotMetadataTestJSON-1940896787 None] Running cmd (subprocess): sudo cinder-rootwrap /etc/cinder/rootwrap.conf qemu-img rebase -u -b volume-96f3fa54-2e58-4f7f-823e-69c91ee3329b -F qcow2 /opt/stack/data/cinder/mnt/4d4c33aa7b9257ae135238e87065c98b/volume-96f3fa54-2e58-4f7f-823e-69c91ee3329b.a423ab79-41ad-412e-946b-08c73d818f2b {{(pid=85740) execute /opt/stack/data/venv/lib/python3.12/site-packages/oslo_concurrency/processutils.py:440}}
Aug 27 22:01:12 devstack sudo[92423]: quobyte : PWD=/ ; USER=root ; COMMAND=/opt/stack/data/venv/bin/cinder-rootwrap /etc/cinder/rootwrap.conf qemu-img rebase -u -b volume-96f3fa54-2e58-4f7f-823e-69c91ee3329b -F qcow2 /opt/stack/data/cinder/mnt/4d4c33aa7b9257ae135238e87065c98b/volume-96f3fa54-2e58-4f7f-823e-69c91ee3329b.a423ab79-41ad-412e-946b-08c73d818f2b
Aug 27 22:01:12 devstack sudo[92423]: pam_unix(sudo:session): session opened for user root(uid=0) by (uid=1000)
Aug 27 22:01:13 devstack sudo[92423]: pam_unix(sudo:session): session closed for user root
Aug 27 22:01:13 devstack cinder-volume[85740]: DEBUG oslo_concurrency.processutils [None req-1dc90771-25ee-429c-83e3-a5f4ba8d097b tempest-SnapshotMetadataTestJSON-1940896787 None] CMD "sudo cinder-rootwrap /etc/cinder/rootwrap.conf qemu-img rebase -u -b volume-96f3fa54-2e58-4f7f-823e-69c91ee3329b -F qcow2 /opt/stack/data/cinder/mnt/4d4c33aa7b9257ae135238e87065c98b/volume-96f3fa54-2e58-4f7f-823e-69c91ee3329b.a423ab79-41ad-412e-946b-08c73d818f2b" returned: 0 in 0.291s {{(pid=85740) execute /opt/stack/data/venv/lib/python3.12/site-packages/oslo_concurrency/processutils.py:468}}
Aug 27 22:01:13 devstack cinder-volume[85740]: WARNING cinder.volume.drivers.remotefs [None req-1dc90771-25ee-429c-83e3-a5f4ba8d097b tempest-SnapshotMetadataTestJSON-1940896787 None] /opt/stack/data/cinder/mnt/4d4c33aa7b9257ae135238e87065c98b/volume-96f3fa54-2e58-4f7f-823e-69c91ee3329b.a423ab79-41ad-412e-946b-08c73d818f2b is being set with open permissions: ugo+rw
Aug 27 22:01:13 devstack cinder-volume[85740]: DEBUG oslo_concurrency.processutils [None req-1dc90771-25ee-429c-83e3-a5f4ba8d097b tempest-SnapshotMetadataTestJSON-1940896787 None] Running cmd (subprocess): sudo cinder-rootwrap /etc/cinder/rootwrap.conf chmod ugo+rw /opt/stack/data/cinder/mnt/4d4c33aa7b9257ae135238e87065c98b/volume-96f3fa54-2e58-4f7f-823e-69c91ee3329b.a423ab79-41ad-412e-946b-08c73d818f2b {{(pid=85740) execute /opt/stack/data/venv/lib/python3.12/site-packages/oslo_concurrency/processutils.py:440}}
Aug 27 22:01:13 devstack sudo[92428]: quobyte : PWD=/ ; USER=root ; COMMAND=/opt/stack/data/venv/bin/cinder-rootwrap /etc/cinder/rootwrap.conf chmod ugo+rw /opt/stack/data/cinder/mnt/4d4c33aa7b9257ae135238e87065c98b/volume-96f3fa54-2e58-4f7f-823e-69c91ee3329b.a423ab79-41ad-412e-946b-08c73d818f2b
Aug 27 22:01:13 devstack sudo[92428]: pam_unix(sudo:session): session opened for user root(uid=0) by (uid=1000)
Aug 27 22:01:13 devstack sudo[92428]: pam_unix(sudo:session): session closed for user root
Aug 27 22:01:13 devstack cinder-volume[85740]: DEBUG oslo_concurrency.processutils [None req-1dc90771-25ee-429c-83e3-a5f4ba8d097b tempest-SnapshotMetadataTestJSON-1940896787 None] CMD "sudo cinder-rootwrap /etc/cinder/rootwrap.conf chmod ugo+rw /opt/stack/data/cinder/mnt/4d4c33aa7b9257ae135238e87065c98b/volume-96f3fa54-2e58-4f7f-823e-69c91ee3329b.a423ab79-41ad-412e-946b-08c73d818f2b" returned: 0 in 0.243s {{(pid=85740) execute /opt/stack/data/venv/lib/python3.12/site-packages/oslo_concurrency/processutils.py:468}}
Aug 27 22:01:13 devstack cinder-volume[85740]: DEBUG oslo_concurrency.processutils [None req-1dc90771-25ee-429c-83e3-a5f4ba8d097b tempest-SnapshotMetadataTestJSON-1940896787 None] Running cmd (subprocess): sudo cinder-rootwrap /etc/cinder/rootwrap.conf truncate -s0 /opt/stack/data/cinder/mnt/4d4c33aa7b9257ae135238e87065c98b/volume-96f3fa54-2e58-4f7f-823e-69c91ee3329b.info {{(pid=85740) execute /opt/stack/data/venv/lib/python3.12/site-packages/oslo_concurrency/processutils.py:440}}
Aug 27 22:01:13 devstack sudo[92431]: quobyte : PWD=/ ; USER=root ; COMMAND=/opt/stack/data/venv/bin/cinder-rootwrap /etc/cinder/rootwrap.conf truncate -s0 /opt/stack/data/cinder/mnt/4d4c33aa7b9257ae135238e87065c98b/volume-96f3fa54-2e58-4f7f-823e-69c91ee3329b.info
Aug 27 22:01:13 devstack sudo[92431]: pam_unix(sudo:session): session opened for user root(uid=0) by (uid=1000)
Aug 27 22:01:13 devstack sudo[92431]: pam_unix(sudo:session): session closed for user root
Aug 27 22:01:13 devstack cinder-volume[85740]: DEBUG oslo_concurrency.processutils [None req-1dc90771-25ee-429c-83e3-a5f4ba8d097b tempest-SnapshotMetadataTestJSON-1940896787 None] CMD "sudo cinder-rootwrap /etc/cinder/rootwrap.conf truncate -s0 /opt/stack/data/cinder/mnt/4d4c33aa7b9257ae135238e87065c98b/volume-96f3fa54-2e58-4f7f-823e-69c91ee3329b.info" returned: 0 in 0.246s {{(pid=85740) execute /opt/stack/data/venv/lib/python3.12/site-packages/oslo_concurrency/processutils.py:468}}
Aug 27 22:01:13 devstack cinder-volume[85740]: WARNING cinder.volume.drivers.remotefs [None req-1dc90771-25ee-429c-83e3-a5f4ba8d097b tempest-SnapshotMetadataTestJSON-1940896787 None] /opt/stack/data/cinder/mnt/4d4c33aa7b9257ae135238e87065c98b/volume-96f3fa54-2e58-4f7f-823e-69c91ee3329b.info is being set with open permissions: ugo+rw
Aug 27 22:01:13 devstack cinder-volume[85740]: DEBUG oslo_concurrency.processutils [None req-1dc90771-25ee-429c-83e3-a5f4ba8d097b tempest-SnapshotMetadataTestJSON-1940896787 None] Running cmd (subprocess): sudo cinder-rootwrap /etc/cinder/rootwrap.conf chmod ugo+rw /opt/stack/data/cinder/mnt/4d4c33aa7b9257ae135238e87065c98b/volume-96f3fa54-2e58-4f7f-823e-69c91ee3329b.info {{(pid=85740) execute /opt/stack/data/venv/lib/python3.12/site-packages/oslo_concurrency/processutils.py:440}}
Aug 27 22:01:13 devstack sudo[92434]: quobyte : PWD=/ ; USER=root ; COMMAND=/opt/stack/data/venv/bin/cinder-rootwrap /etc/cinder/rootwrap.conf chmod ugo+rw /opt/stack/data/cinder/mnt/4d4c33aa7b9257ae135238e87065c98b/volume-96f3fa54-2e58-4f7f-823e-69c91ee3329b.info
Aug 27 22:01:13 devstack sudo[92434]: pam_unix(sudo:session): session opened for user root(uid=0) by (uid=1000)
Aug 27 22:01:13 devstack sudo[92434]: pam_unix(sudo:session): session closed for user root
Aug 27 22:01:13 devstack cinder-volume[85740]: DEBUG oslo_concurrency.processutils [None req-1dc90771-25ee-429c-83e3-a5f4ba8d097b tempest-SnapshotMetadataTestJSON-1940896787 None] CMD "sudo cinder-rootwrap /etc/cinder/rootwrap.conf chmod ugo+rw /opt/stack/data/cinder/mnt/4d4c33aa7b9257ae135238e87065c98b/volume-96f3fa54-2e58-4f7f-823e-69c91ee3329b.info" returned: 0 in 0.249s {{(pid=85740) execute /opt/stack/data/venv/lib/python3.12/site-packages/oslo_concurrency/processutils.py:468}}
Aug 27 22:01:13 devstack cinder-volume[85740]: DEBUG oslo_concurrency.lockutils [None req-1dc90771-25ee-429c-83e3-a5f4ba8d097b tempest-SnapshotMetadataTestJSON-1940896787 None] Lock "quobyte" "released" by "cinder.volume.drivers.quobyte.QuobyteDriver.create_snapshot" :: held 2.039s {{(pid=85740) inner /opt/stack/data/venv/lib/python3.12/site-packages/oslo_concurrency/lockutils.py:544}}
Aug 27 22:01:13 devstack cinder-volume[85740]: DEBUG oslo_concurrency.lockutils [None req-6edfbe36-fb73-4d20-b88b-e89a92743c8b tempest-SnapshotsActionsTest-558454831 None] Lock "quobyte" acquired by "cinder.volume.drivers.quobyte.QuobyteDriver.create_snapshot" :: waited 1.128s {{(pid=85740) inner /opt/stack/data/venv/lib/python3.12/site-packages/oslo_concurrency/lockutils.py:525}}
Aug 27 22:01:14 devstack cinder-volume[85740]: DEBUG cinder.volume.drivers.remotefs [None req-6edfbe36-fb73-4d20-b88b-e89a92743c8b tempest-SnapshotsActionsTest-558454831 None] Creating offline snapshot b123a8a1-f34a-471b-afdf-30d307795fd4 of volume e9bc5a19-e627-4f26-b440-66583fcbfa43 {{(pid=85740) _create_snapshot /opt/stack/cinder/cinder/volume/drivers/remotefs.py:1816}}
Aug 27 22:01:14 devstack cinder-volume[85740]: INFO cinder.volume.manager [None req-1dc90771-25ee-429c-83e3-a5f4ba8d097b tempest-SnapshotMetadataTestJSON-1940896787 None] Create snapshot completed successfully
Aug 27 22:01:14 devstack cinder-volume[85740]: DEBUG oslo.privsep.daemon [-] privsep: reply[37619730-d57e-4ad6-8852-c38ff3cde555]: (4, 'qcow2') {{(pid=87322) _call_back /opt/stack/data/venv/lib/python3.12/site-packages/oslo_privsep/daemon.py:580}}
Aug 27 22:01:14 devstack cinder-volume[85740]: DEBUG oslo_concurrency.processutils [None req-6edfbe36-fb73-4d20-b88b-e89a92743c8b tempest-SnapshotsActionsTest-558454831 None] Running cmd (subprocess): /opt/stack/data/venv/bin/python3.12 -m oslo_concurrency.prlimit --as=1073741824 --cpu=60 -- sudo cinder-rootwrap /etc/cinder/rootwrap.conf env LC_ALL=C qemu-img info -f qcow2 --output=json --force-share /opt/stack/data/cinder/mnt/4d4c33aa7b9257ae135238e87065c98b/volume-e9bc5a19-e627-4f26-b440-66583fcbfa43.3c359098-91d1-4490-8a22-097d034cd82e {{(pid=85740) execute /opt/stack/data/venv/lib/python3.12/site-packages/oslo_concurrency/processutils.py:440}}
Aug 27 22:01:14 devstack sudo[92437]: quobyte : PWD=/ ; USER=root ; COMMAND=/opt/stack/data/venv/bin/cinder-rootwrap /etc/cinder/rootwrap.conf env LC_ALL=C qemu-img info -f qcow2 --output=json --force-share /opt/stack/data/cinder/mnt/4d4c33aa7b9257ae135238e87065c98b/volume-e9bc5a19-e627-4f26-b440-66583fcbfa43.3c359098-91d1-4490-8a22-097d034cd82e
Aug 27 22:01:14 devstack sudo[92437]: pam_unix(sudo:session): session opened for user root(uid=0) by (uid=1000)
Aug 27 22:01:14 devstack sudo[92437]: pam_unix(sudo:session): session closed for user root
Aug 27 22:01:14 devstack cinder-volume[85740]: DEBUG oslo_concurrency.processutils [None req-6edfbe36-fb73-4d20-b88b-e89a92743c8b tempest-SnapshotsActionsTest-558454831 None] CMD "/opt/stack/data/venv/bin/python3.12 -m oslo_concurrency.prlimit --as=1073741824 --cpu=60 -- sudo cinder-rootwrap /etc/cinder/rootwrap.conf env LC_ALL=C qemu-img info -f qcow2 --output=json --force-share /opt/stack/data/cinder/mnt/4d4c33aa7b9257ae135238e87065c98b/volume-e9bc5a19-e627-4f26-b440-66583fcbfa43.3c359098-91d1-4490-8a22-097d034cd82e" returned: 0 in 0.403s {{(pid=85740) execute /opt/stack/data/venv/lib/python3.12/site-packages/oslo_concurrency/processutils.py:468}}
Aug 27 22:01:14 devstack cinder-volume[85740]: DEBUG cinder.volume.drivers.remotefs [None req-6edfbe36-fb73-4d20-b88b-e89a92743c8b tempest-SnapshotsActionsTest-558454831 None] Fetching qemu-img info with special backing_file_template: (/opt/stack/data/cinder/mnt/[0-9a-f]+/)?(volume-e9bc5a19-e627-4f26-b440-66583fcbfa43(.(tmp-snap-)?[0-9a-f-]+)?|volume_from_snapshot_cache/(tmp-snap-)?[0-9a-f-]+(.(child-|parent-)[0-9a-f-]+)?)$ {{(pid=85740) _qemu_img_info_base /opt/stack/cinder/cinder/volume/drivers/remotefs.py:896}}
Aug 27 22:01:14 devstack cinder-volume[85740]: DEBUG oslo_concurrency.processutils [None req-6edfbe36-fb73-4d20-b88b-e89a92743c8b tempest-SnapshotsActionsTest-558454831 None] Running cmd (subprocess): sudo cinder-rootwrap /etc/cinder/rootwrap.conf qemu-img create -f qcow2 -o backing_file=/opt/stack/data/cinder/mnt/4d4c33aa7b9257ae135238e87065c98b/volume-e9bc5a19-e627-4f26-b440-66583fcbfa43.3c359098-91d1-4490-8a22-097d034cd82e,backing_fmt=qcow2 /opt/stack/data/cinder/mnt/4d4c33aa7b9257ae135238e87065c98b/volume-e9bc5a19-e627-4f26-b440-66583fcbfa43.b123a8a1-f34a-471b-afdf-30d307795fd4 1G {{(pid=85740) execute /opt/stack/data/venv/lib/python3.12/site-packages/oslo_concurrency/processutils.py:440}}
Aug 27 22:01:14 devstack sudo[92442]: quobyte : PWD=/ ; USER=root ; COMMAND=/opt/stack/data/venv/bin/cinder-rootwrap /etc/cinder/rootwrap.conf qemu-img create -f qcow2 -o backing_file=/opt/stack/data/cinder/mnt/4d4c33aa7b9257ae135238e87065c98b/volume-e9bc5a19-e627-4f26-b440-66583fcbfa43.3c359098-91d1-4490-8a22-097d034cd82e,backing_fmt=qcow2 /opt/stack/data/cinder/mnt/4d4c33aa7b9257ae135238e87065c98b/volume-e9bc5a19-e627-4f26-b440-66583fcbfa43.b123a8a1-f34a-471b-afdf-30d307795fd4 1G
Aug 27 22:01:14 devstack sudo[92442]: pam_unix(sudo:session): session opened for user root(uid=0) by (uid=1000)
Aug 27 22:01:15 devstack cinder-volume[85740]: DEBUG cinder.coordination [None req-416ca9a5-0618-4fd8-80eb-a28f59068fd9 tempest-SnapshotMetadataTestJSON-1940896787 None] Acquiring lock "cinder-a423ab79-41ad-412e-946b-08c73d818f2b-delete_snapshot" by "delete_snapshot" {{(pid=85740) __acquire /opt/stack/cinder/cinder/coordination.py:138}}
Aug 27 22:01:15 devstack cinder-volume[85740]: DEBUG cinder.volume.manager [None req-7752612c-6c88-4689-92db-386fdd7e7531 tempest-BackendsCapabilitiesAdminTestsJSON-1030834287 None] Obtained capabilities list: {'volume_backend_name': 'QuobyteHD', 'vendor_name': 'Open Source', 'driver_version': '1.2.1', 'storage_protocol': 'quobyte', 'total_capacity_gb': 1774.6828575134277, 'free_capacity_gb': 1774.6828575134277, 'reserved_percentage': 0, 'QoS_support': False, 'thin_provisioning_support': True, 'thick_provisioning_support': False, 'properties': {'thin_provisioning': {'title': 'Thin Provisioning', 'description': 'Sets thin provisioning.', 'type': 'boolean'}, 'compression': {'title': 'Compression', 'description': 'Enables compression.', 'type': 'boolean'}, 'qos': {'title': 'QoS', 'description': 'Enables QoS.', 'type': 'boolean'}, 'replication_enabled': {'title': 'Replication', 'description': 'Enables replication.', 'type': 'boolean'}}}. {{(pid=85740) get_capabilities /opt/stack/cinder/cinder/volume/manager.py:4830}}
Aug 27 22:01:15 devstack cinder-volume[85740]: DEBUG cinder.coordination [None req-416ca9a5-0618-4fd8-80eb-a28f59068fd9 tempest-SnapshotMetadataTestJSON-1940896787 None] Lock "cinder-a423ab79-41ad-412e-946b-08c73d818f2b-delete_snapshot" acquired by "delete_snapshot" :: waited 0.025s {{(pid=85740) __acquire /opt/stack/cinder/cinder/coordination.py:141}}
Aug 27 22:01:15 devstack sudo[92442]: pam_unix(sudo:session): session closed for user root
Aug 27 22:01:15 devstack cinder-volume[85740]: DEBUG cinder.coordination [None req-416ca9a5-0618-4fd8-80eb-a28f59068fd9 tempest-SnapshotMetadataTestJSON-1940896787 None] Acquiring lock "cinder-quobyte-96f3fa54-2e58-4f7f-823e-69c91ee3329b" by "delete_snapshot" {{(pid=85740) __acquire /opt/stack/cinder/cinder/coordination.py:138}}
Aug 27 22:01:15 devstack cinder-volume[85740]: DEBUG oslo_concurrency.processutils [None req-6edfbe36-fb73-4d20-b88b-e89a92743c8b tempest-SnapshotsActionsTest-558454831 None] CMD "sudo cinder-rootwrap /etc/cinder/rootwrap.conf qemu-img create -f qcow2 -o backing_file=/opt/stack/data/cinder/mnt/4d4c33aa7b9257ae135238e87065c98b/volume-e9bc5a19-e627-4f26-b440-66583fcbfa43.3c359098-91d1-4490-8a22-097d034cd82e,backing_fmt=qcow2 /opt/stack/data/cinder/mnt/4d4c33aa7b9257ae135238e87065c98b/volume-e9bc5a19-e627-4f26-b440-66583fcbfa43.b123a8a1-f34a-471b-afdf-30d307795fd4 1G" returned: 0 in 0.649s {{(pid=85740) execute /opt/stack/data/venv/lib/python3.12/site-packages/oslo_concurrency/processutils.py:468}}
Aug 27 22:01:15 devstack cinder-volume[85740]: DEBUG oslo_concurrency.processutils [None req-6edfbe36-fb73-4d20-b88b-e89a92743c8b tempest-SnapshotsActionsTest-558454831 None] Running cmd (subprocess): sudo cinder-rootwrap /etc/cinder/rootwrap.conf qemu-img rebase -u -b volume-e9bc5a19-e627-4f26-b440-66583fcbfa43.3c359098-91d1-4490-8a22-097d034cd82e -F qcow2 /opt/stack/data/cinder/mnt/4d4c33aa7b9257ae135238e87065c98b/volume-e9bc5a19-e627-4f26-b440-66583fcbfa43.b123a8a1-f34a-471b-afdf-30d307795fd4 {{(pid=85740) execute /opt/stack/data/venv/lib/python3.12/site-packages/oslo_concurrency/processutils.py:440}}
Aug 27 22:01:15 devstack cinder-volume[85740]: DEBUG cinder.volume.manager [None req-a11fabc0-aef9-4022-8c60-4db17765ef2a tempest-BackendsCapabilitiesAdminTestsJSON-1030834287 None] Obtained capabilities list: {'volume_backend_name': 'QuobyteHD', 'vendor_name': 'Open Source', 'driver_version': '1.2.1', 'storage_protocol': 'quobyte', 'total_capacity_gb': 1774.6828575134277, 'free_capacity_gb': 1774.6828575134277, 'reserved_percentage': 0, 'QoS_support': False, 'thin_provisioning_support': True, 'thick_provisioning_support': False, 'properties': {'thin_provisioning': {'title': 'Thin Provisioning', 'description': 'Sets thin provisioning.', 'type': 'boolean'}, 'compression': {'title': 'Compression', 'description': 'Enables compression.', 'type': 'boolean'}, 'qos': {'title': 'QoS', 'description': 'Enables QoS.', 'type': 'boolean'}, 'replication_enabled': {'title': 'Replication', 'description': 'Enables replication.', 'type': 'boolean'}}}. {{(pid=85740) get_capabilities /opt/stack/cinder/cinder/volume/manager.py:4830}}
Aug 27 22:01:15 devstack sudo[92448]: quobyte : PWD=/ ; USER=root ; COMMAND=/opt/stack/data/venv/bin/cinder-rootwrap /etc/cinder/rootwrap.conf qemu-img rebase -u -b volume-e9bc5a19-e627-4f26-b440-66583fcbfa43.3c359098-91d1-4490-8a22-097d034cd82e -F qcow2 /opt/stack/data/cinder/mnt/4d4c33aa7b9257ae135238e87065c98b/volume-e9bc5a19-e627-4f26-b440-66583fcbfa43.b123a8a1-f34a-471b-afdf-30d307795fd4
Aug 27 22:01:15 devstack sudo[92448]: pam_unix(sudo:session): session opened for user root(uid=0) by (uid=1000)
Aug 27 22:01:15 devstack cinder-volume[85740]: DEBUG cinder.coordination [None req-416ca9a5-0618-4fd8-80eb-a28f59068fd9 tempest-SnapshotMetadataTestJSON-1940896787 None] Lock "cinder-quobyte-96f3fa54-2e58-4f7f-823e-69c91ee3329b" acquired by "delete_snapshot" :: waited 0.059s {{(pid=85740) __acquire /opt/stack/cinder/cinder/coordination.py:141}}
Aug 27 22:01:15 devstack cinder-volume[85740]: DEBUG cinder.coordination [None req-416ca9a5-0618-4fd8-80eb-a28f59068fd9 tempest-SnapshotMetadataTestJSON-1940896787 None] Acquiring lock "cinder-quobyte-a423ab79-41ad-412e-946b-08c73d818f2b" by "_delete_snapshot" {{(pid=85740) __acquire /opt/stack/cinder/cinder/coordination.py:138}}
Aug 27 22:01:15 devstack cinder-volume[85740]: DEBUG cinder.coordination [None req-416ca9a5-0618-4fd8-80eb-a28f59068fd9 tempest-SnapshotMetadataTestJSON-1940896787 None] Lock "cinder-quobyte-a423ab79-41ad-412e-946b-08c73d818f2b" acquired by "_delete_snapshot" :: waited 0.021s {{(pid=85740) __acquire /opt/stack/cinder/cinder/coordination.py:141}}
Aug 27 22:01:15 devstack cinder-volume[85740]: DEBUG cinder.volume.drivers.remotefs [None req-416ca9a5-0618-4fd8-80eb-a28f59068fd9 tempest-SnapshotMetadataTestJSON-1940896787 None] Deleting offline snapshot a423ab79-41ad-412e-946b-08c73d818f2b of volume 96f3fa54-2e58-4f7f-823e-69c91ee3329b {{(pid=85740) _delete_snapshot /opt/stack/cinder/cinder/volume/drivers/remotefs.py:1288}}
Aug 27 22:01:15 devstack cinder-volume[85740]: DEBUG cinder.volume.drivers.remotefs [None req-416ca9a5-0618-4fd8-80eb-a28f59068fd9 tempest-SnapshotMetadataTestJSON-1940896787 None] snapshot_file for this snap is: volume-96f3fa54-2e58-4f7f-823e-69c91ee3329b.a423ab79-41ad-412e-946b-08c73d818f2b {{(pid=85740) _delete_snapshot /opt/stack/cinder/cinder/volume/drivers/remotefs.py:1317}}
Aug 27 22:01:15 devstack cinder-volume[85740]: DEBUG oslo.privsep.daemon [-] privsep: reply[c4f423bf-ed5a-43b4-ba76-e385e975153c]: (4, 'qcow2') {{(pid=87322) _call_back /opt/stack/data/venv/lib/python3.12/site-packages/oslo_privsep/daemon.py:580}}
Aug 27 22:01:15 devstack cinder-volume[85740]: DEBUG oslo_concurrency.processutils [None req-416ca9a5-0618-4fd8-80eb-a28f59068fd9 tempest-SnapshotMetadataTestJSON-1940896787 None] Running cmd (subprocess): /opt/stack/data/venv/bin/python3.12 -m oslo_concurrency.prlimit --as=1073741824 --cpu=60 -- sudo cinder-rootwrap /etc/cinder/rootwrap.conf env LC_ALL=C qemu-img info -f qcow2 --output=json --force-share /opt/stack/data/cinder/mnt/4d4c33aa7b9257ae135238e87065c98b/volume-96f3fa54-2e58-4f7f-823e-69c91ee3329b.a423ab79-41ad-412e-946b-08c73d818f2b {{(pid=85740) execute /opt/stack/data/venv/lib/python3.12/site-packages/oslo_concurrency/processutils.py:440}}
Aug 27 22:01:15 devstack sudo[92450]: quobyte : PWD=/ ; USER=root ; COMMAND=/opt/stack/data/venv/bin/cinder-rootwrap /etc/cinder/rootwrap.conf env LC_ALL=C qemu-img info -f qcow2 --output=json --force-share /opt/stack/data/cinder/mnt/4d4c33aa7b9257ae135238e87065c98b/volume-96f3fa54-2e58-4f7f-823e-69c91ee3329b.a423ab79-41ad-412e-946b-08c73d818f2b
Aug 27 22:01:15 devstack sudo[92450]: pam_unix(sudo:session): session opened for user root(uid=0) by (uid=1000)
Aug 27 22:01:15 devstack sudo[92448]: pam_unix(sudo:session): session closed for user root
Aug 27 22:01:15 devstack cinder-volume[85740]: DEBUG oslo_concurrency.processutils [None req-6edfbe36-fb73-4d20-b88b-e89a92743c8b tempest-SnapshotsActionsTest-558454831 None] CMD "sudo cinder-rootwrap /etc/cinder/rootwrap.conf qemu-img rebase -u -b volume-e9bc5a19-e627-4f26-b440-66583fcbfa43.3c359098-91d1-4490-8a22-097d034cd82e -F qcow2 /opt/stack/data/cinder/mnt/4d4c33aa7b9257ae135238e87065c98b/volume-e9bc5a19-e627-4f26-b440-66583fcbfa43.b123a8a1-f34a-471b-afdf-30d307795fd4" returned: 0 in 0.384s {{(pid=85740) execute /opt/stack/data/venv/lib/python3.12/site-packages/oslo_concurrency/processutils.py:468}}
Aug 27 22:01:15 devstack cinder-volume[85740]: WARNING cinder.volume.drivers.remotefs [None req-6edfbe36-fb73-4d20-b88b-e89a92743c8b tempest-SnapshotsActionsTest-558454831 None] /opt/stack/data/cinder/mnt/4d4c33aa7b9257ae135238e87065c98b/volume-e9bc5a19-e627-4f26-b440-66583fcbfa43.b123a8a1-f34a-471b-afdf-30d307795fd4 is being set with open permissions: ugo+rw
Aug 27 22:01:15 devstack cinder-volume[85740]: DEBUG oslo_concurrency.processutils [None req-6edfbe36-fb73-4d20-b88b-e89a92743c8b tempest-SnapshotsActionsTest-558454831 None] Running cmd (subprocess): sudo cinder-rootwrap /etc/cinder/rootwrap.conf chmod ugo+rw /opt/stack/data/cinder/mnt/4d4c33aa7b9257ae135238e87065c98b/volume-e9bc5a19-e627-4f26-b440-66583fcbfa43.b123a8a1-f34a-471b-afdf-30d307795fd4 {{(pid=85740) execute /opt/stack/data/venv/lib/python3.12/site-packages/oslo_concurrency/processutils.py:440}}
Aug 27 22:01:15 devstack sudo[92457]: quobyte : PWD=/ ; USER=root ; COMMAND=/opt/stack/data/venv/bin/cinder-rootwrap /etc/cinder/rootwrap.conf chmod ugo+rw /opt/stack/data/cinder/mnt/4d4c33aa7b9257ae135238e87065c98b/volume-e9bc5a19-e627-4f26-b440-66583fcbfa43.b123a8a1-f34a-471b-afdf-30d307795fd4
Aug 27 22:01:15 devstack sudo[92457]: pam_unix(sudo:session): session opened for user root(uid=0) by (uid=1000)
Aug 27 22:01:15 devstack sudo[92450]: pam_unix(sudo:session): session closed for user root
Aug 27 22:01:15 devstack cinder-volume[85740]: DEBUG oslo_concurrency.processutils [None req-416ca9a5-0618-4fd8-80eb-a28f59068fd9 tempest-SnapshotMetadataTestJSON-1940896787 None] CMD "/opt/stack/data/venv/bin/python3.12 -m oslo_concurrency.prlimit --as=1073741824 --cpu=60 -- sudo cinder-rootwrap /etc/cinder/rootwrap.conf env LC_ALL=C qemu-img info -f qcow2 --output=json --force-share /opt/stack/data/cinder/mnt/4d4c33aa7b9257ae135238e87065c98b/volume-96f3fa54-2e58-4f7f-823e-69c91ee3329b.a423ab79-41ad-412e-946b-08c73d818f2b" returned: 0 in 0.485s {{(pid=85740) execute /opt/stack/data/venv/lib/python3.12/site-packages/oslo_concurrency/processutils.py:468}}
Aug 27 22:01:15 devstack cinder-volume[85740]: DEBUG cinder.volume.drivers.remotefs [None req-416ca9a5-0618-4fd8-80eb-a28f59068fd9 tempest-SnapshotMetadataTestJSON-1940896787 None] Fetching qemu-img info with special backing_file_template: (/opt/stack/data/cinder/mnt/[0-9a-f]+/)?(volume-96f3fa54-2e58-4f7f-823e-69c91ee3329b(.(tmp-snap-)?[0-9a-f-]+)?|volume_from_snapshot_cache/(tmp-snap-)?[0-9a-f-]+(.(child-|parent-)[0-9a-f-]+)?)$ {{(pid=85740) _qemu_img_info_base /opt/stack/cinder/cinder/volume/drivers/remotefs.py:896}}
Aug 27 22:01:15 devstack cinder-volume[85740]: DEBUG oslo.privsep.daemon [-] privsep: reply[a79b0cce-6f72-446f-8564-c42ea63dc775]: (4, 'qcow2') {{(pid=87322) _call_back /opt/stack/data/venv/lib/python3.12/site-packages/oslo_privsep/daemon.py:580}}
Aug 27 22:01:15 devstack cinder-volume[85740]: DEBUG oslo_concurrency.processutils [None req-416ca9a5-0618-4fd8-80eb-a28f59068fd9 tempest-SnapshotMetadataTestJSON-1940896787 None] Running cmd (subprocess): /opt/stack/data/venv/bin/python3.12 -m oslo_concurrency.prlimit --as=1073741824 --cpu=60 -- sudo cinder-rootwrap /etc/cinder/rootwrap.conf env LC_ALL=C qemu-img info -f qcow2 --output=json --force-share /opt/stack/data/cinder/mnt/4d4c33aa7b9257ae135238e87065c98b/volume-96f3fa54-2e58-4f7f-823e-69c91ee3329b {{(pid=85740) execute /opt/stack/data/venv/lib/python3.12/site-packages/oslo_concurrency/processutils.py:440}}
Aug 27 22:01:15 devstack sudo[92457]: pam_unix(sudo:session): session closed for user root
Aug 27 22:01:15 devstack cinder-volume[85740]: DEBUG oslo_concurrency.processutils [None req-6edfbe36-fb73-4d20-b88b-e89a92743c8b tempest-SnapshotsActionsTest-558454831 None] CMD "sudo cinder-rootwrap /etc/cinder/rootwrap.conf chmod ugo+rw /opt/stack/data/cinder/mnt/4d4c33aa7b9257ae135238e87065c98b/volume-e9bc5a19-e627-4f26-b440-66583fcbfa43.b123a8a1-f34a-471b-afdf-30d307795fd4" returned: 0 in 0.305s {{(pid=85740) execute /opt/stack/data/venv/lib/python3.12/site-packages/oslo_concurrency/processutils.py:468}}
Aug 27 22:01:15 devstack cinder-volume[85740]: DEBUG oslo_concurrency.lockutils [None req-6edfbe36-fb73-4d20-b88b-e89a92743c8b tempest-SnapshotsActionsTest-558454831 None] Lock "quobyte" "released" by "cinder.volume.drivers.quobyte.QuobyteDriver.create_snapshot" :: held 1.858s {{(pid=85740) inner /opt/stack/data/venv/lib/python3.12/site-packages/oslo_concurrency/lockutils.py:544}}
Aug 27 22:01:15 devstack cinder-volume[85740]: INFO cinder.volume.manager [None req-6edfbe36-fb73-4d20-b88b-e89a92743c8b tempest-SnapshotsActionsTest-558454831 None] Create snapshot completed successfully
Aug 27 22:01:15 devstack sudo[92463]: quobyte : PWD=/ ; USER=root ; COMMAND=/opt/stack/data/venv/bin/cinder-rootwrap /etc/cinder/rootwrap.conf env LC_ALL=C qemu-img info -f qcow2 --output=json --force-share /opt/stack/data/cinder/mnt/4d4c33aa7b9257ae135238e87065c98b/volume-96f3fa54-2e58-4f7f-823e-69c91ee3329b
Aug 27 22:01:15 devstack sudo[92463]: pam_unix(sudo:session): session opened for user root(uid=0) by (uid=1000)
Aug 27 22:01:15 devstack cinder-volume[85740]: DEBUG dbcounter [-] [85740] Writing DB stats cinder:UPDATE=93,cinder:SELECT=97,cinder:INSERT=24,cinder:DELETE=11 {{(pid=85740) stat_writer /opt/stack/data/venv/lib/python3.12/site-packages/dbcounter.py:115}}
Aug 27 22:01:16 devstack cinder-volume[85740]: DEBUG cinder.coordination [None req-31beb756-d635-4daf-9d49-63643b2b3308 tempest-SnapshotsActionsTest-1021351717 None] Acquiring lock "cinder-b123a8a1-f34a-471b-afdf-30d307795fd4-delete_snapshot" by "delete_snapshot" {{(pid=85740) __acquire /opt/stack/cinder/cinder/coordination.py:138}}
Aug 27 22:01:16 devstack cinder-volume[85740]: DEBUG cinder.coordination [None req-31beb756-d635-4daf-9d49-63643b2b3308 tempest-SnapshotsActionsTest-1021351717 None] Lock "cinder-b123a8a1-f34a-471b-afdf-30d307795fd4-delete_snapshot" acquired by "delete_snapshot" :: waited 0.045s {{(pid=85740) __acquire /opt/stack/cinder/cinder/coordination.py:141}}
Aug 27 22:01:16 devstack cinder-volume[85740]: DEBUG cinder.coordination [None req-31beb756-d635-4daf-9d49-63643b2b3308 tempest-SnapshotsActionsTest-1021351717 None] Acquiring lock "cinder-quobyte-e9bc5a19-e627-4f26-b440-66583fcbfa43" by "delete_snapshot" {{(pid=85740) __acquire /opt/stack/cinder/cinder/coordination.py:138}}
Aug 27 22:01:16 devstack cinder-volume[85740]: DEBUG cinder.coordination [None req-31beb756-d635-4daf-9d49-63643b2b3308 tempest-SnapshotsActionsTest-1021351717 None] Lock "cinder-quobyte-e9bc5a19-e627-4f26-b440-66583fcbfa43" acquired by "delete_snapshot" :: waited 0.024s {{(pid=85740) __acquire /opt/stack/cinder/cinder/coordination.py:141}}
Aug 27 22:01:16 devstack cinder-volume[85740]: DEBUG cinder.coordination [None req-31beb756-d635-4daf-9d49-63643b2b3308 tempest-SnapshotsActionsTest-1021351717 None] Acquiring lock "cinder-quobyte-b123a8a1-f34a-471b-afdf-30d307795fd4" by "_delete_snapshot" {{(pid=85740) __acquire /opt/stack/cinder/cinder/coordination.py:138}}
Aug 27 22:01:16 devstack sudo[92463]: pam_unix(sudo:session): session closed for user root
Aug 27 22:01:16 devstack cinder-volume[85740]: DEBUG cinder.coordination [None req-31beb756-d635-4daf-9d49-63643b2b3308 tempest-SnapshotsActionsTest-1021351717 None] Lock "cinder-quobyte-b123a8a1-f34a-471b-afdf-30d307795fd4" acquired by "_delete_snapshot" :: waited 0.029s {{(pid=85740) __acquire /opt/stack/cinder/cinder/coordination.py:141}}
Aug 27 22:01:16 devstack cinder-volume[85740]: DEBUG cinder.volume.drivers.remotefs [None req-31beb756-d635-4daf-9d49-63643b2b3308 tempest-SnapshotsActionsTest-1021351717 None] Deleting offline snapshot b123a8a1-f34a-471b-afdf-30d307795fd4 of volume e9bc5a19-e627-4f26-b440-66583fcbfa43 {{(pid=85740) _delete_snapshot /opt/stack/cinder/cinder/volume/drivers/remotefs.py:1288}}
Aug 27 22:01:16 devstack cinder-volume[85740]: DEBUG cinder.volume.drivers.remotefs [None req-31beb756-d635-4daf-9d49-63643b2b3308 tempest-SnapshotsActionsTest-1021351717 None] snapshot_file for this snap is: volume-e9bc5a19-e627-4f26-b440-66583fcbfa43.b123a8a1-f34a-471b-afdf-30d307795fd4 {{(pid=85740) _delete_snapshot /opt/stack/cinder/cinder/volume/drivers/remotefs.py:1317}}
Aug 27 22:01:16 devstack cinder-volume[85740]: DEBUG oslo_concurrency.processutils [None req-416ca9a5-0618-4fd8-80eb-a28f59068fd9 tempest-SnapshotMetadataTestJSON-1940896787 None] CMD "/opt/stack/data/venv/bin/python3.12 -m oslo_concurrency.prlimit --as=1073741824 --cpu=60 -- sudo cinder-rootwrap /etc/cinder/rootwrap.conf env LC_ALL=C qemu-img info -f qcow2 --output=json --force-share /opt/stack/data/cinder/mnt/4d4c33aa7b9257ae135238e87065c98b/volume-96f3fa54-2e58-4f7f-823e-69c91ee3329b" returned: 0 in 0.516s {{(pid=85740) execute /opt/stack/data/venv/lib/python3.12/site-packages/oslo_concurrency/processutils.py:468}}
Aug 27 22:01:16 devstack cinder-volume[85740]: DEBUG oslo_concurrency.processutils [None req-416ca9a5-0618-4fd8-80eb-a28f59068fd9 tempest-SnapshotMetadataTestJSON-1940896787 None] Running cmd (subprocess): sudo cinder-rootwrap /etc/cinder/rootwrap.conf qemu-img commit -d /opt/stack/data/cinder/mnt/4d4c33aa7b9257ae135238e87065c98b/volume-96f3fa54-2e58-4f7f-823e-69c91ee3329b.a423ab79-41ad-412e-946b-08c73d818f2b {{(pid=85740) execute /opt/stack/data/venv/lib/python3.12/site-packages/oslo_concurrency/processutils.py:440}}
Aug 27 22:01:16 devstack cinder-volume[85740]: DEBUG oslo.privsep.daemon [-] privsep: reply[bfe92b7e-b0fa-4c1f-a600-63eac07ad59f]: (4, 'qcow2') {{(pid=87322) _call_back /opt/stack/data/venv/lib/python3.12/site-packages/oslo_privsep/daemon.py:580}}
Aug 27 22:01:16 devstack cinder-volume[85740]: DEBUG oslo_concurrency.processutils [None req-31beb756-d635-4daf-9d49-63643b2b3308 tempest-SnapshotsActionsTest-1021351717 None] Running cmd (subprocess): /opt/stack/data/venv/bin/python3.12 -m oslo_concurrency.prlimit --as=1073741824 --cpu=60 -- sudo cinder-rootwrap /etc/cinder/rootwrap.conf env LC_ALL=C qemu-img info -f qcow2 --output=json --force-share /opt/stack/data/cinder/mnt/4d4c33aa7b9257ae135238e87065c98b/volume-e9bc5a19-e627-4f26-b440-66583fcbfa43.b123a8a1-f34a-471b-afdf-30d307795fd4 {{(pid=85740) execute /opt/stack/data/venv/lib/python3.12/site-packages/oslo_concurrency/processutils.py:440}}
Aug 27 22:01:16 devstack sudo[92469]: quobyte : PWD=/ ; USER=root ; COMMAND=/opt/stack/data/venv/bin/cinder-rootwrap /etc/cinder/rootwrap.conf qemu-img commit -d /opt/stack/data/cinder/mnt/4d4c33aa7b9257ae135238e87065c98b/volume-96f3fa54-2e58-4f7f-823e-69c91ee3329b.a423ab79-41ad-412e-946b-08c73d818f2b
Aug 27 22:01:16 devstack sudo[92469]: pam_unix(sudo:session): session opened for user root(uid=0) by (uid=1000)
Aug 27 22:01:16 devstack sudo[92470]: quobyte : PWD=/ ; USER=root ; COMMAND=/opt/stack/data/venv/bin/cinder-rootwrap /etc/cinder/rootwrap.conf env LC_ALL=C qemu-img info -f qcow2 --output=json --force-share /opt/stack/data/cinder/mnt/4d4c33aa7b9257ae135238e87065c98b/volume-e9bc5a19-e627-4f26-b440-66583fcbfa43.b123a8a1-f34a-471b-afdf-30d307795fd4
Aug 27 22:01:16 devstack sudo[92470]: pam_unix(sudo:session): session opened for user root(uid=0) by (uid=1000)
Aug 27 22:01:16 devstack sudo[92469]: pam_unix(sudo:session): session closed for user root
Aug 27 22:01:16 devstack cinder-volume[85740]: DEBUG oslo_concurrency.processutils [None req-416ca9a5-0618-4fd8-80eb-a28f59068fd9 tempest-SnapshotMetadataTestJSON-1940896787 None] CMD "sudo cinder-rootwrap /etc/cinder/rootwrap.conf qemu-img commit -d /opt/stack/data/cinder/mnt/4d4c33aa7b9257ae135238e87065c98b/volume-96f3fa54-2e58-4f7f-823e-69c91ee3329b.a423ab79-41ad-412e-946b-08c73d818f2b" returned: 0 in 0.442s {{(pid=85740) execute /opt/stack/data/venv/lib/python3.12/site-packages/oslo_concurrency/processutils.py:468}}
Aug 27 22:01:16 devstack cinder-volume[85740]: DEBUG oslo_concurrency.processutils [None req-416ca9a5-0618-4fd8-80eb-a28f59068fd9 tempest-SnapshotMetadataTestJSON-1940896787 None] Running cmd (subprocess): sudo cinder-rootwrap /etc/cinder/rootwrap.conf rm -f /opt/stack/data/cinder/mnt/4d4c33aa7b9257ae135238e87065c98b/volume-96f3fa54-2e58-4f7f-823e-69c91ee3329b.a423ab79-41ad-412e-946b-08c73d818f2b {{(pid=85740) execute /opt/stack/data/venv/lib/python3.12/site-packages/oslo_concurrency/processutils.py:440}}
Aug 27 22:01:16 devstack sudo[92470]: pam_unix(sudo:session): session closed for user root
