Aug 27 22:02:31 devstack cinder-volume[85740]: DEBUG oslo_concurrency.processutils [None req-4bd65b66-ddaa-4f1d-99b1-25a39b532eb9 tempest-GroupSnapshotsTest-1691268170 None] CMD "sudo cinder-rootwrap /etc/cinder/rootwrap.conf qemu-img create -f qcow2 -o preallocation=metadata /opt/stack/data/cinder/mnt/4d4c33aa7b9257ae135238e87065c98b/volume-fdeae8a1-0d64-4e46-b9a7-eba5c4647777 1073741824" returned: 0 in 0.686s {{(pid=85740) execute /opt/stack/data/venv/lib/python3.12/site-packages/oslo_concurrency/processutils.py:468}}
Aug 27 22:02:31 devstack cinder-volume[85740]: DEBUG oslo_concurrency.processutils [None req-4bd65b66-ddaa-4f1d-99b1-25a39b532eb9 tempest-GroupSnapshotsTest-1691268170 None] Running cmd (subprocess): sudo cinder-rootwrap /etc/cinder/rootwrap.conf chmod ugo+rw /opt/stack/data/cinder/mnt/4d4c33aa7b9257ae135238e87065c98b/volume-fdeae8a1-0d64-4e46-b9a7-eba5c4647777 {{(pid=85740) execute /opt/stack/data/venv/lib/python3.12/site-packages/oslo_concurrency/processutils.py:440}}
Aug 27 22:02:31 devstack sudo[93505]: quobyte : PWD=/ ; USER=root ; COMMAND=/opt/stack/data/venv/bin/cinder-rootwrap /etc/cinder/rootwrap.conf chmod ugo+rw /opt/stack/data/cinder/mnt/4d4c33aa7b9257ae135238e87065c98b/volume-fdeae8a1-0d64-4e46-b9a7-eba5c4647777
Aug 27 22:02:31 devstack sudo[93505]: pam_unix(sudo:session): session opened for user root(uid=0) by (uid=1000)
Aug 27 22:02:31 devstack sudo[93505]: pam_unix(sudo:session): session closed for user root
Aug 27 22:02:31 devstack cinder-volume[85740]: DEBUG oslo_concurrency.processutils [None req-4bd65b66-ddaa-4f1d-99b1-25a39b532eb9 tempest-GroupSnapshotsTest-1691268170 None] CMD "sudo cinder-rootwrap /etc/cinder/rootwrap.conf chmod ugo+rw /opt/stack/data/cinder/mnt/4d4c33aa7b9257ae135238e87065c98b/volume-fdeae8a1-0d64-4e46-b9a7-eba5c4647777" returned: 0 in 0.354s {{(pid=85740) execute /opt/stack/data/venv/lib/python3.12/site-packages/oslo_concurrency/processutils.py:468}}
Aug 27 22:02:31 devstack cinder-volume[85740]: DEBUG cinder.volume.drivers.quobyte [None req-4bd65b66-ddaa-4f1d-99b1-25a39b532eb9 tempest-GroupSnapshotsTest-1691268170 None] <== create_volume: return (1101ms) {'provider_location': 'osci02.corp.quobyte.com/cinder-vol-e2a162cf-1cf8-423d-a560-4050cd4e5a0c'} {{(pid=85740) trace_logging_wrapper /opt/stack/cinder/cinder/volume/volume_utils.py:1522}}
Aug 27 22:02:31 devstack cinder-volume[85740]: DEBUG oslo_concurrency.lockutils [None req-4bd65b66-ddaa-4f1d-99b1-25a39b532eb9 tempest-GroupSnapshotsTest-1691268170 None] Lock "quobyte" "released" by "cinder.volume.drivers.quobyte.QuobyteDriver.create_volume" :: held 1.110s {{(pid=85740) inner /opt/stack/data/venv/lib/python3.12/site-packages/oslo_concurrency/lockutils.py:544}}
Aug 27 22:02:31 devstack cinder-volume[85740]: DEBUG cinder.volume.manager [None req-4bd65b66-ddaa-4f1d-99b1-25a39b532eb9 tempest-GroupSnapshotsTest-1691268170 None] Task 'cinder.volume.flows.manager.create_volume.CreateVolumeFromSpecTask;volume:create' (3c573684-d0e8-4c19-a139-86f3699d9481) transitioned into state 'SUCCESS' from state 'RUNNING' with result '{'status': 'creating', 'volume_name': 'volume-fdeae8a1-0d64-4e46-b9a7-eba5c4647777', 'volume_size': 1}' {{(pid=85740) _task_receiver /opt/stack/data/venv/lib/python3.12/site-packages/taskflow/listeners/logging.py:218}}
Aug 27 22:02:31 devstack cinder-volume[85740]: DEBUG cinder.volume.manager [None req-4bd65b66-ddaa-4f1d-99b1-25a39b532eb9 tempest-GroupSnapshotsTest-1691268170 None] Task 'cinder.volume.flows.manager.create_volume.CreateVolumeOnFinishTask;volume:create, create.end' (b7fdb9ef-9881-41fb-a031-fc0ff9c9233c) transitioned into state 'RUNNING' from state 'PENDING' {{(pid=85740) _task_receiver /opt/stack/data/venv/lib/python3.12/site-packages/taskflow/listeners/logging.py:242}}
Aug 27 22:02:31 devstack cinder-volume[85740]: INFO cinder.volume.flows.manager.create_volume [None req-4bd65b66-ddaa-4f1d-99b1-25a39b532eb9 tempest-GroupSnapshotsTest-1691268170 None] Volume volume-fdeae8a1-0d64-4e46-b9a7-eba5c4647777 (fdeae8a1-0d64-4e46-b9a7-eba5c4647777): created successfully
Aug 27 22:02:31 devstack cinder-volume[85740]: DEBUG cinder.volume.manager [None req-4bd65b66-ddaa-4f1d-99b1-25a39b532eb9 tempest-GroupSnapshotsTest-1691268170 None] Task 'cinder.volume.flows.manager.create_volume.CreateVolumeOnFinishTask;volume:create, create.end' (b7fdb9ef-9881-41fb-a031-fc0ff9c9233c) transitioned into state 'SUCCESS' from state 'RUNNING' with result 'None' {{(pid=85740) _task_receiver /opt/stack/data/venv/lib/python3.12/site-packages/taskflow/listeners/logging.py:218}}
Aug 27 22:02:31 devstack cinder-volume[85740]: DEBUG cinder.volume.manager [None req-4bd65b66-ddaa-4f1d-99b1-25a39b532eb9 tempest-GroupSnapshotsTest-1691268170 None] Flow 'volume_create_manager' (00e27ce9-aafc-4c51-b55e-58d91db26d5c) transitioned into state 'SUCCESS' from state 'RUNNING' {{(pid=85740) _flow_receiver /opt/stack/data/venv/lib/python3.12/site-packages/taskflow/listeners/logging.py:160}}
Aug 27 22:02:31 devstack cinder-volume[85740]: INFO cinder.volume.manager [None req-4bd65b66-ddaa-4f1d-99b1-25a39b532eb9 tempest-GroupSnapshotsTest-1691268170 None] Created volume successfully.
Aug 27 22:02:32 devstack cinder-volume[85740]: DEBUG cinder.coordination [None req-7768e3e4-aa9f-4dec-a94a-1ed069dc72cf tempest-ServerRescueNegativeTestJSON-1727412919 None] Acquiring lock "cinder-36ccac39-7b4b-4d4b-b642-a3ed078a6a98-delete_volume" by "delete_volume" {{(pid=85740) __acquire /opt/stack/cinder/cinder/coordination.py:138}}
Aug 27 22:02:32 devstack cinder-volume[85740]: DEBUG cinder.coordination [None req-7768e3e4-aa9f-4dec-a94a-1ed069dc72cf tempest-ServerRescueNegativeTestJSON-1727412919 None] Lock "cinder-36ccac39-7b4b-4d4b-b642-a3ed078a6a98-delete_volume" acquired by "delete_volume" :: waited 0.022s {{(pid=85740) __acquire /opt/stack/cinder/cinder/coordination.py:141}}
Aug 27 22:02:32 devstack cinder-volume[85740]: DEBUG cinder.coordination [None req-7768e3e4-aa9f-4dec-a94a-1ed069dc72cf tempest-ServerRescueNegativeTestJSON-1727412919 None] Acquiring lock "cinder-quobyte-36ccac39-7b4b-4d4b-b642-a3ed078a6a98" by "delete_volume" {{(pid=85740) __acquire /opt/stack/cinder/cinder/coordination.py:138}}
Aug 27 22:02:32 devstack cinder-volume[85740]: DEBUG cinder.coordination [None req-7768e3e4-aa9f-4dec-a94a-1ed069dc72cf tempest-ServerRescueNegativeTestJSON-1727412919 None] Lock "cinder-quobyte-36ccac39-7b4b-4d4b-b642-a3ed078a6a98" acquired by "delete_volume" :: waited 0.035s {{(pid=85740) __acquire /opt/stack/cinder/cinder/coordination.py:141}}
Aug 27 22:02:32 devstack cinder-volume[85740]: DEBUG oslo.privsep.daemon [-] privsep: reply[557e40b6-ece3-4295-bcf5-a52634156ad0]: (4, 'qcow2') {{(pid=87322) _call_back /opt/stack/data/venv/lib/python3.12/site-packages/oslo_privsep/daemon.py:580}}
Aug 27 22:02:32 devstack cinder-volume[85740]: DEBUG oslo_concurrency.processutils [None req-7768e3e4-aa9f-4dec-a94a-1ed069dc72cf tempest-ServerRescueNegativeTestJSON-1727412919 None] Running cmd (subprocess): /opt/stack/data/venv/bin/python3.12 -m oslo_concurrency.prlimit --as=1073741824 --cpu=60 -- sudo cinder-rootwrap /etc/cinder/rootwrap.conf env LC_ALL=C qemu-img info -f qcow2 --output=json --force-share /opt/stack/data/cinder/mnt/4d4c33aa7b9257ae135238e87065c98b/volume-36ccac39-7b4b-4d4b-b642-a3ed078a6a98 {{(pid=85740) execute /opt/stack/data/venv/lib/python3.12/site-packages/oslo_concurrency/processutils.py:440}}
Aug 27 22:02:32 devstack sudo[93509]: quobyte : PWD=/ ; USER=root ; COMMAND=/opt/stack/data/venv/bin/cinder-rootwrap /etc/cinder/rootwrap.conf env LC_ALL=C qemu-img info -f qcow2 --output=json --force-share /opt/stack/data/cinder/mnt/4d4c33aa7b9257ae135238e87065c98b/volume-36ccac39-7b4b-4d4b-b642-a3ed078a6a98
Aug 27 22:02:32 devstack sudo[93509]: pam_unix(sudo:session): session opened for user root(uid=0) by (uid=1000)
Aug 27 22:02:33 devstack sudo[93509]: pam_unix(sudo:session): session closed for user root
Aug 27 22:02:33 devstack cinder-volume[85740]: DEBUG oslo_concurrency.processutils [None req-7768e3e4-aa9f-4dec-a94a-1ed069dc72cf tempest-ServerRescueNegativeTestJSON-1727412919 None] CMD "/opt/stack/data/venv/bin/python3.12 -m oslo_concurrency.prlimit --as=1073741824 --cpu=60 -- sudo cinder-rootwrap /etc/cinder/rootwrap.conf env LC_ALL=C qemu-img info -f qcow2 --output=json --force-share /opt/stack/data/cinder/mnt/4d4c33aa7b9257ae135238e87065c98b/volume-36ccac39-7b4b-4d4b-b642-a3ed078a6a98" returned: 0 in 0.469s {{(pid=85740) execute /opt/stack/data/venv/lib/python3.12/site-packages/oslo_concurrency/processutils.py:468}}
Aug 27 22:02:33 devstack cinder-volume[85740]: DEBUG oslo_concurrency.processutils [None req-7768e3e4-aa9f-4dec-a94a-1ed069dc72cf tempest-ServerRescueNegativeTestJSON-1727412919 None] Running cmd (subprocess): sudo cinder-rootwrap /etc/cinder/rootwrap.conf rm -f /opt/stack/data/cinder/mnt/4d4c33aa7b9257ae135238e87065c98b/volume-36ccac39-7b4b-4d4b-b642-a3ed078a6a98 {{(pid=85740) execute /opt/stack/data/venv/lib/python3.12/site-packages/oslo_concurrency/processutils.py:440}}
Aug 27 22:02:33 devstack sudo[93517]: quobyte : PWD=/ ; USER=root ; COMMAND=/opt/stack/data/venv/bin/cinder-rootwrap /etc/cinder/rootwrap.conf rm -f /opt/stack/data/cinder/mnt/4d4c33aa7b9257ae135238e87065c98b/volume-36ccac39-7b4b-4d4b-b642-a3ed078a6a98
Aug 27 22:02:33 devstack sudo[93517]: pam_unix(sudo:session): session opened for user root(uid=0) by (uid=1000)
Aug 27 22:02:33 devstack cinder-volume[85740]: INFO cinder.volume.manager [None req-0c8f301d-8b18-4f17-881a-f73c36d4924e tempest-GroupSnapshotsTest-1691268170 None] GroupSnapshot 3129ca48-8303-47dc-9f2e-323a8d6d4cd5: creating.
Aug 27 22:02:33 devstack cinder-volume[85740]: DEBUG cinder.volume.manager [None req-0c8f301d-8b18-4f17-881a-f73c36d4924e tempest-GroupSnapshotsTest-1691268170 None] Group snapshot 3129ca48-8303-47dc-9f2e-323a8d6d4cd5: creating. {{(pid=85740) create_group_snapshot /opt/stack/cinder/cinder/volume/manager.py:4175}}
Aug 27 22:02:33 devstack sudo[93517]: pam_unix(sudo:session): session closed for user root
Aug 27 22:02:33 devstack cinder-volume[85740]: DEBUG oslo_concurrency.processutils [None req-7768e3e4-aa9f-4dec-a94a-1ed069dc72cf tempest-ServerRescueNegativeTestJSON-1727412919 None] CMD "sudo cinder-rootwrap /etc/cinder/rootwrap.conf rm -f /opt/stack/data/cinder/mnt/4d4c33aa7b9257ae135238e87065c98b/volume-36ccac39-7b4b-4d4b-b642-a3ed078a6a98" returned: 0 in 0.472s {{(pid=85740) execute /opt/stack/data/venv/lib/python3.12/site-packages/oslo_concurrency/processutils.py:468}}
Aug 27 22:02:33 devstack cinder-volume[85740]: DEBUG oslo_concurrency.lockutils [None req-0c8f301d-8b18-4f17-881a-f73c36d4924e tempest-GroupSnapshotsTest-1691268170 None] Acquiring lock "quobyte" by "cinder.volume.drivers.quobyte.QuobyteDriver.create_snapshot" {{(pid=85740) inner /opt/stack/data/venv/lib/python3.12/site-packages/oslo_concurrency/lockutils.py:512}}
Aug 27 22:02:33 devstack cinder-volume[85740]: DEBUG oslo_concurrency.lockutils [None req-0c8f301d-8b18-4f17-881a-f73c36d4924e tempest-GroupSnapshotsTest-1691268170 None] Lock "quobyte" acquired by "cinder.volume.drivers.quobyte.QuobyteDriver.create_snapshot" :: waited 0.002s {{(pid=85740) inner /opt/stack/data/venv/lib/python3.12/site-packages/oslo_concurrency/lockutils.py:525}}
Aug 27 22:02:33 devstack cinder-volume[85740]: DEBUG cinder.coordination [None req-7768e3e4-aa9f-4dec-a94a-1ed069dc72cf tempest-ServerRescueNegativeTestJSON-1727412919 None] Lock "cinder-quobyte-36ccac39-7b4b-4d4b-b642-a3ed078a6a98" released by "delete_volume" :: held 1.038s {{(pid=85740) __release /opt/stack/cinder/cinder/coordination.py:152}}
Aug 27 22:02:33 devstack cinder-volume[85740]: DEBUG cinder.volume.drivers.remotefs [None req-0c8f301d-8b18-4f17-881a-f73c36d4924e tempest-GroupSnapshotsTest-1691268170 None] Creating offline snapshot e635a02a-6275-4179-b136-21bdc7aac0e1 of volume fdeae8a1-0d64-4e46-b9a7-eba5c4647777 {{(pid=85740) _create_snapshot /opt/stack/cinder/cinder/volume/drivers/remotefs.py:1816}}
Aug 27 22:02:33 devstack cinder-volume[85740]: DEBUG oslo.privsep.daemon [-] privsep: reply[e863762c-76c3-40a4-8e1c-8553fff80bae]: (4, 'qcow2') {{(pid=87322) _call_back /opt/stack/data/venv/lib/python3.12/site-packages/oslo_privsep/daemon.py:580}}
Aug 27 22:02:33 devstack cinder-volume[85740]: DEBUG oslo_concurrency.processutils [None req-0c8f301d-8b18-4f17-881a-f73c36d4924e tempest-GroupSnapshotsTest-1691268170 None] Running cmd (subprocess): /opt/stack/data/venv/bin/python3.12 -m oslo_concurrency.prlimit --as=1073741824 --cpu=60 -- sudo cinder-rootwrap /etc/cinder/rootwrap.conf env LC_ALL=C qemu-img info -f qcow2 --output=json --force-share /opt/stack/data/cinder/mnt/4d4c33aa7b9257ae135238e87065c98b/volume-fdeae8a1-0d64-4e46-b9a7-eba5c4647777 {{(pid=85740) execute /opt/stack/data/venv/lib/python3.12/site-packages/oslo_concurrency/processutils.py:440}}
Aug 27 22:02:34 devstack cinder-volume[85740]: DEBUG cinder.quota [None req-7768e3e4-aa9f-4dec-a94a-1ed069dc72cf tempest-ServerRescueNegativeTestJSON-1727412919 None] Created reservations ['c1cf2f7d-fdbb-4b16-a255-fa62e3eb8264', 'b0202e65-f3a9-4ec0-b101-982331e4ea4c', 'fb66472f-6b60-45e8-be7f-fbc29b8d79b8', '2b6ad2dc-7a68-4141-8272-f35093a9a839'] {{(pid=85740) reserve /opt/stack/cinder/cinder/quota.py:752}}
Aug 27 22:02:34 devstack cinder-volume[85740]: DEBUG oslo_concurrency.lockutils [None req-7768e3e4-aa9f-4dec-a94a-1ed069dc72cf tempest-ServerRescueNegativeTestJSON-1727412919 None] Acquiring lock "quobyte_ensure" by "cinder.volume.drivers.quobyte.QuobyteDriver._ensure_shares_mounted" {{(pid=85740) inner /opt/stack/data/venv/lib/python3.12/site-packages/oslo_concurrency/lockutils.py:512}}
Aug 27 22:02:34 devstack cinder-volume[85740]: DEBUG oslo_concurrency.lockutils [None req-7768e3e4-aa9f-4dec-a94a-1ed069dc72cf tempest-ServerRescueNegativeTestJSON-1727412919 None] Lock "quobyte_ensure" acquired by "cinder.volume.drivers.quobyte.QuobyteDriver._ensure_shares_mounted" :: waited 0.002s {{(pid=85740) inner /opt/stack/data/venv/lib/python3.12/site-packages/oslo_concurrency/lockutils.py:525}}
Aug 27 22:02:34 devstack cinder-volume[85740]: DEBUG cinder.volume.drivers.quobyte [None req-7768e3e4-aa9f-4dec-a94a-1ed069dc72cf tempest-ServerRescueNegativeTestJSON-1727412919 None] Quobyte Volume URL set to: {'osci02.corp.quobyte.com/cinder-vol-e2a162cf-1cf8-423d-a560-4050cd4e5a0c': None} {{(pid=85740) _load_shares_config /opt/stack/cinder/cinder/volume/drivers/quobyte.py:662}}
Aug 27 22:02:34 devstack cinder-volume[85740]: DEBUG cinder.volume.drivers.quobyte [None req-7768e3e4-aa9f-4dec-a94a-1ed069dc72cf tempest-ServerRescueNegativeTestJSON-1727412919 None] Available shares ['osci02.corp.quobyte.com/cinder-vol-e2a162cf-1cf8-423d-a560-4050cd4e5a0c'] {{(pid=85740) _ensure_shares_mounted /opt/stack/cinder/cinder/volume/drivers/quobyte.py:692}}
Aug 27 22:02:34 devstack cinder-volume[85740]: DEBUG oslo_concurrency.lockutils [None req-7768e3e4-aa9f-4dec-a94a-1ed069dc72cf tempest-ServerRescueNegativeTestJSON-1727412919 None] Lock "quobyte_ensure" "released" by "cinder.volume.drivers.quobyte.QuobyteDriver._ensure_shares_mounted" :: held 0.015s {{(pid=85740) inner /opt/stack/data/venv/lib/python3.12/site-packages/oslo_concurrency/lockutils.py:544}}
Aug 27 22:02:34 devstack cinder-volume[85740]: DEBUG oslo_concurrency.processutils [None req-7768e3e4-aa9f-4dec-a94a-1ed069dc72cf tempest-ServerRescueNegativeTestJSON-1727412919 None] Running cmd (subprocess): sudo cinder-rootwrap /etc/cinder/rootwrap.conf df --portability --block-size 1 /opt/stack/data/cinder/mnt/4d4c33aa7b9257ae135238e87065c98b {{(pid=85740) execute /opt/stack/data/venv/lib/python3.12/site-packages/oslo_concurrency/processutils.py:440}}
Aug 27 22:02:34 devstack sudo[93520]: quobyte : PWD=/ ; USER=root ; COMMAND=/opt/stack/data/venv/bin/cinder-rootwrap /etc/cinder/rootwrap.conf env LC_ALL=C qemu-img info -f qcow2 --output=json --force-share /opt/stack/data/cinder/mnt/4d4c33aa7b9257ae135238e87065c98b/volume-fdeae8a1-0d64-4e46-b9a7-eba5c4647777
Aug 27 22:02:34 devstack sudo[93520]: pam_unix(sudo:session): session opened for user root(uid=0) by (uid=1000)
Aug 27 22:02:34 devstack sudo[93521]: quobyte : PWD=/ ; USER=root ; COMMAND=/opt/stack/data/venv/bin/cinder-rootwrap /etc/cinder/rootwrap.conf df --portability --block-size 1 /opt/stack/data/cinder/mnt/4d4c33aa7b9257ae135238e87065c98b
Aug 27 22:02:34 devstack sudo[93521]: pam_unix(sudo:session): session opened for user root(uid=0) by (uid=1000)
Aug 27 22:02:34 devstack sudo[93520]: pam_unix(sudo:session): session closed for user root
Aug 27 22:02:34 devstack cinder-volume[85740]: DEBUG oslo_concurrency.processutils [None req-0c8f301d-8b18-4f17-881a-f73c36d4924e tempest-GroupSnapshotsTest-1691268170 None] CMD "/opt/stack/data/venv/bin/python3.12 -m oslo_concurrency.prlimit --as=1073741824 --cpu=60 -- sudo cinder-rootwrap /etc/cinder/rootwrap.conf env LC_ALL=C qemu-img info -f qcow2 --output=json --force-share /opt/stack/data/cinder/mnt/4d4c33aa7b9257ae135238e87065c98b/volume-fdeae8a1-0d64-4e46-b9a7-eba5c4647777" returned: 0 in 0.627s {{(pid=85740) execute /opt/stack/data/venv/lib/python3.12/site-packages/oslo_concurrency/processutils.py:468}}
Aug 27 22:02:34 devstack cinder-volume[85740]: DEBUG oslo_concurrency.processutils [None req-0c8f301d-8b18-4f17-881a-f73c36d4924e tempest-GroupSnapshotsTest-1691268170 None] Running cmd (subprocess): sudo cinder-rootwrap /etc/cinder/rootwrap.conf qemu-img create -f qcow2 -o backing_file=/opt/stack/data/cinder/mnt/4d4c33aa7b9257ae135238e87065c98b/volume-fdeae8a1-0d64-4e46-b9a7-eba5c4647777,backing_fmt=qcow2 /opt/stack/data/cinder/mnt/4d4c33aa7b9257ae135238e87065c98b/volume-fdeae8a1-0d64-4e46-b9a7-eba5c4647777.e635a02a-6275-4179-b136-21bdc7aac0e1 1G {{(pid=85740) execute /opt/stack/data/venv/lib/python3.12/site-packages/oslo_concurrency/processutils.py:440}}
Aug 27 22:02:34 devstack sudo[93521]: pam_unix(sudo:session): session closed for user root
Aug 27 22:02:34 devstack cinder-volume[85740]: DEBUG oslo_concurrency.processutils [None req-7768e3e4-aa9f-4dec-a94a-1ed069dc72cf tempest-ServerRescueNegativeTestJSON-1727412919 None] CMD "sudo cinder-rootwrap /etc/cinder/rootwrap.conf df --portability --block-size 1 /opt/stack/data/cinder/mnt/4d4c33aa7b9257ae135238e87065c98b" returned: 0 in 0.483s {{(pid=85740) execute /opt/stack/data/venv/lib/python3.12/site-packages/oslo_concurrency/processutils.py:468}}
Aug 27 22:02:34 devstack cinder-volume[85740]: DEBUG cinder.manager [None req-7768e3e4-aa9f-4dec-a94a-1ed069dc72cf tempest-ServerRescueNegativeTestJSON-1727412919 None] Notifying Schedulers of capabilities ... {{(pid=85740) _publish_service_capabilities /opt/stack/cinder/cinder/manager.py:219}}
Aug 27 22:02:34 devstack sudo[93528]: quobyte : PWD=/ ; USER=root ; COMMAND=/opt/stack/data/venv/bin/cinder-rootwrap /etc/cinder/rootwrap.conf qemu-img create -f qcow2 -o backing_file=/opt/stack/data/cinder/mnt/4d4c33aa7b9257ae135238e87065c98b/volume-fdeae8a1-0d64-4e46-b9a7-eba5c4647777,backing_fmt=qcow2 /opt/stack/data/cinder/mnt/4d4c33aa7b9257ae135238e87065c98b/volume-fdeae8a1-0d64-4e46-b9a7-eba5c4647777.e635a02a-6275-4179-b136-21bdc7aac0e1 1G
Aug 27 22:02:34 devstack sudo[93528]: pam_unix(sudo:session): session opened for user root(uid=0) by (uid=1000)
Aug 27 22:02:34 devstack cinder-volume[85740]: INFO cinder.volume.manager [None req-7768e3e4-aa9f-4dec-a94a-1ed069dc72cf tempest-ServerRescueNegativeTestJSON-1727412919 None] Deleted volume successfully.
Aug 27 22:02:34 devstack cinder-volume[85740]: DEBUG cinder.coordination [None req-7768e3e4-aa9f-4dec-a94a-1ed069dc72cf tempest-ServerRescueNegativeTestJSON-1727412919 None] Lock "cinder-36ccac39-7b4b-4d4b-b642-a3ed078a6a98-delete_volume" released by "delete_volume" :: held 1.941s {{(pid=85740) __release /opt/stack/cinder/cinder/coordination.py:152}}
Aug 27 22:02:35 devstack sudo[93528]: pam_unix(sudo:session): session closed for user root
Aug 27 22:02:35 devstack cinder-volume[85740]: DEBUG oslo_concurrency.processutils [None req-0c8f301d-8b18-4f17-881a-f73c36d4924e tempest-GroupSnapshotsTest-1691268170 None] CMD "sudo cinder-rootwrap /etc/cinder/rootwrap.conf qemu-img create -f qcow2 -o backing_file=/opt/stack/data/cinder/mnt/4d4c33aa7b9257ae135238e87065c98b/volume-fdeae8a1-0d64-4e46-b9a7-eba5c4647777,backing_fmt=qcow2 /opt/stack/data/cinder/mnt/4d4c33aa7b9257ae135238e87065c98b/volume-fdeae8a1-0d64-4e46-b9a7-eba5c4647777.e635a02a-6275-4179-b136-21bdc7aac0e1 1G" returned: 0 in 0.659s {{(pid=85740) execute /opt/stack/data/venv/lib/python3.12/site-packages/oslo_concurrency/processutils.py:468}}
Aug 27 22:02:35 devstack cinder-volume[85740]: DEBUG oslo_concurrency.processutils [None req-0c8f301d-8b18-4f17-881a-f73c36d4924e tempest-GroupSnapshotsTest-1691268170 None] Running cmd (subprocess): sudo cinder-rootwrap /etc/cinder/rootwrap.conf qemu-img rebase -u -b volume-fdeae8a1-0d64-4e46-b9a7-eba5c4647777 -F qcow2 /opt/stack/data/cinder/mnt/4d4c33aa7b9257ae135238e87065c98b/volume-fdeae8a1-0d64-4e46-b9a7-eba5c4647777.e635a02a-6275-4179-b136-21bdc7aac0e1 {{(pid=85740) execute /opt/stack/data/venv/lib/python3.12/site-packages/oslo_concurrency/processutils.py:440}}
Aug 27 22:02:35 devstack sudo[93534]: quobyte : PWD=/ ; USER=root ; COMMAND=/opt/stack/data/venv/bin/cinder-rootwrap /etc/cinder/rootwrap.conf qemu-img rebase -u -b volume-fdeae8a1-0d64-4e46-b9a7-eba5c4647777 -F qcow2 /opt/stack/data/cinder/mnt/4d4c33aa7b9257ae135238e87065c98b/volume-fdeae8a1-0d64-4e46-b9a7-eba5c4647777.e635a02a-6275-4179-b136-21bdc7aac0e1
Aug 27 22:02:35 devstack sudo[93534]: pam_unix(sudo:session): session opened for user root(uid=0) by (uid=1000)
Aug 27 22:02:36 devstack sudo[93534]: pam_unix(sudo:session): session closed for user root
Aug 27 22:02:36 devstack cinder-volume[85740]: DEBUG oslo_concurrency.processutils [None req-0c8f301d-8b18-4f17-881a-f73c36d4924e tempest-GroupSnapshotsTest-1691268170 None] CMD "sudo cinder-rootwrap /etc/cinder/rootwrap.conf qemu-img rebase -u -b volume-fdeae8a1-0d64-4e46-b9a7-eba5c4647777 -F qcow2 /opt/stack/data/cinder/mnt/4d4c33aa7b9257ae135238e87065c98b/volume-fdeae8a1-0d64-4e46-b9a7-eba5c4647777.e635a02a-6275-4179-b136-21bdc7aac0e1" returned: 0 in 0.759s {{(pid=85740) execute /opt/stack/data/venv/lib/python3.12/site-packages/oslo_concurrency/processutils.py:468}}
Aug 27 22:02:36 devstack cinder-volume[85740]: WARNING cinder.volume.drivers.remotefs [None req-0c8f301d-8b18-4f17-881a-f73c36d4924e tempest-GroupSnapshotsTest-1691268170 None] /opt/stack/data/cinder/mnt/4d4c33aa7b9257ae135238e87065c98b/volume-fdeae8a1-0d64-4e46-b9a7-eba5c4647777.e635a02a-6275-4179-b136-21bdc7aac0e1 is being set with open permissions: ugo+rw: NotImplementedError
Aug 27 22:02:36 devstack cinder-volume[85740]: DEBUG oslo_concurrency.processutils [None req-0c8f301d-8b18-4f17-881a-f73c36d4924e tempest-GroupSnapshotsTest-1691268170 None] Running cmd (subprocess): sudo cinder-rootwrap /etc/cinder/rootwrap.conf chmod ugo+rw /opt/stack/data/cinder/mnt/4d4c33aa7b9257ae135238e87065c98b/volume-fdeae8a1-0d64-4e46-b9a7-eba5c4647777.e635a02a-6275-4179-b136-21bdc7aac0e1 {{(pid=85740) execute /opt/stack/data/venv/lib/python3.12/site-packages/oslo_concurrency/processutils.py:440}}
Aug 27 22:02:36 devstack sudo[93556]: quobyte : PWD=/ ; USER=root ; COMMAND=/opt/stack/data/venv/bin/cinder-rootwrap /etc/cinder/rootwrap.conf chmod ugo+rw /opt/stack/data/cinder/mnt/4d4c33aa7b9257ae135238e87065c98b/volume-fdeae8a1-0d64-4e46-b9a7-eba5c4647777.e635a02a-6275-4179-b136-21bdc7aac0e1
Aug 27 22:02:36 devstack sudo[93556]: pam_unix(sudo:session): session opened for user root(uid=0) by (uid=1000)
Aug 27 22:02:36 devstack sudo[93556]: pam_unix(sudo:session): session closed for user root
Aug 27 22:02:36 devstack cinder-volume[85740]: DEBUG oslo_concurrency.processutils [None req-0c8f301d-8b18-4f17-881a-f73c36d4924e tempest-GroupSnapshotsTest-1691268170 None] CMD "sudo cinder-rootwrap /etc/cinder/rootwrap.conf chmod ugo+rw /opt/stack/data/cinder/mnt/4d4c33aa7b9257ae135238e87065c98b/volume-fdeae8a1-0d64-4e46-b9a7-eba5c4647777.e635a02a-6275-4179-b136-21bdc7aac0e1" returned: 0 in 0.529s {{(pid=85740) execute /opt/stack/data/venv/lib/python3.12/site-packages/oslo_concurrency/processutils.py:468}}
Aug 27 22:02:36 devstack cinder-volume[85740]: DEBUG oslo_concurrency.processutils [None req-0c8f301d-8b18-4f17-881a-f73c36d4924e tempest-GroupSnapshotsTest-1691268170 None] Running cmd (subprocess): sudo cinder-rootwrap /etc/cinder/rootwrap.conf truncate -s0 /opt/stack/data/cinder/mnt/4d4c33aa7b9257ae135238e87065c98b/volume-fdeae8a1-0d64-4e46-b9a7-eba5c4647777.info {{(pid=85740) execute /opt/stack/data/venv/lib/python3.12/site-packages/oslo_concurrency/processutils.py:440}}
Aug 27 22:02:36 devstack sudo[93568]: quobyte : PWD=/ ; USER=root ; COMMAND=/opt/stack/data/venv/bin/cinder-rootwrap /etc/cinder/rootwrap.conf truncate -s0 /opt/stack/data/cinder/mnt/4d4c33aa7b9257ae135238e87065c98b/volume-fdeae8a1-0d64-4e46-b9a7-eba5c4647777.info
Aug 27 22:02:36 devstack sudo[93568]: pam_unix(sudo:session): session opened for user root(uid=0) by (uid=1000)
Aug 27 22:02:37 devstack sudo[93568]: pam_unix(sudo:session): session closed for user root
Aug 27 22:02:37 devstack cinder-volume[85740]: DEBUG oslo_concurrency.processutils [None req-0c8f301d-8b18-4f17-881a-f73c36d4924e tempest-GroupSnapshotsTest-1691268170 None] CMD "sudo cinder-rootwrap /etc/cinder/rootwrap.conf truncate -s0 /opt/stack/data/cinder/mnt/4d4c33aa7b9257ae135238e87065c98b/volume-fdeae8a1-0d64-4e46-b9a7-eba5c4647777.info" returned: 0 in 0.490s {{(pid=85740) execute /opt/stack/data/venv/lib/python3.12/site-packages/oslo_concurrency/processutils.py:468}}
Aug 27 22:02:37 devstack cinder-volume[85740]: WARNING cinder.volume.drivers.remotefs [None req-0c8f301d-8b18-4f17-881a-f73c36d4924e tempest-GroupSnapshotsTest-1691268170 None] /opt/stack/data/cinder/mnt/4d4c33aa7b9257ae135238e87065c98b/volume-fdeae8a1-0d64-4e46-b9a7-eba5c4647777.info is being set with open permissions: ugo+rw: NotImplementedError
Aug 27 22:02:37 devstack cinder-volume[85740]: DEBUG oslo_concurrency.processutils [None req-0c8f301d-8b18-4f17-881a-f73c36d4924e tempest-GroupSnapshotsTest-1691268170 None] Running cmd (subprocess): sudo cinder-rootwrap /etc/cinder/rootwrap.conf chmod ugo+rw /opt/stack/data/cinder/mnt/4d4c33aa7b9257ae135238e87065c98b/volume-fdeae8a1-0d64-4e46-b9a7-eba5c4647777.info {{(pid=85740) execute /opt/stack/data/venv/lib/python3.12/site-packages/oslo_concurrency/processutils.py:440}}
Aug 27 22:02:37 devstack sudo[93572]: quobyte : PWD=/ ; USER=root ; COMMAND=/opt/stack/data/venv/bin/cinder-rootwrap /etc/cinder/rootwrap.conf chmod ugo+rw /opt/stack/data/cinder/mnt/4d4c33aa7b9257ae135238e87065c98b/volume-fdeae8a1-0d64-4e46-b9a7-eba5c4647777.info
Aug 27 22:02:37 devstack sudo[93572]: pam_unix(sudo:session): session opened for user root(uid=0) by (uid=1000)
Aug 27 22:02:37 devstack sudo[93572]: pam_unix(sudo:session): session closed for user root
Aug 27 22:02:37 devstack cinder-volume[85740]: DEBUG oslo_concurrency.processutils [None req-0c8f301d-8b18-4f17-881a-f73c36d4924e tempest-GroupSnapshotsTest-1691268170 None] CMD "sudo cinder-rootwrap /etc/cinder/rootwrap.conf chmod ugo+rw /opt/stack/data/cinder/mnt/4d4c33aa7b9257ae135238e87065c98b/volume-fdeae8a1-0d64-4e46-b9a7-eba5c4647777.info" returned: 0 in 0.396s {{(pid=85740) execute /opt/stack/data/venv/lib/python3.12/site-packages/oslo_concurrency/processutils.py:468}}
Aug 27 22:02:37 devstack cinder-volume[85740]: DEBUG oslo_concurrency.lockutils [None req-0c8f301d-8b18-4f17-881a-f73c36d4924e tempest-GroupSnapshotsTest-1691268170 None] Lock "quobyte" "released" by "cinder.volume.drivers.quobyte.QuobyteDriver.create_snapshot" :: held 3.688s {{(pid=85740) inner /opt/stack/data/venv/lib/python3.12/site-packages/oslo_concurrency/lockutils.py:544}}
Aug 27 22:02:37 devstack cinder-volume[85740]: INFO cinder.volume.manager [None req-0c8f301d-8b18-4f17-881a-f73c36d4924e tempest-GroupSnapshotsTest-1691268170 None] group_snapshot 3129ca48-8303-47dc-9f2e-323a8d6d4cd5: created successfully
Aug 27 22:02:38 devstack cinder-volume[85740]: INFO cinder.volume.manager [None req-4895f2d0-ab47-4061-b457-727d551cc3a2 tempest-GroupSnapshotsTest-1691268170 None] group_snapshot 3129ca48-8303-47dc-9f2e-323a8d6d4cd5: deleting
Aug 27 22:02:38 devstack cinder-volume[85740]: DEBUG cinder.volume.manager [None req-4895f2d0-ab47-4061-b457-727d551cc3a2 tempest-GroupSnapshotsTest-1691268170 None] group_snapshot 3129ca48-8303-47dc-9f2e-323a8d6d4cd5: deleting {{(pid=85740) delete_group_snapshot /opt/stack/cinder/cinder/volume/manager.py:4350}}
Aug 27 22:02:38 devstack cinder-volume[85740]: DEBUG cinder.coordination [None req-4895f2d0-ab47-4061-b457-727d551cc3a2 tempest-GroupSnapshotsTest-1691268170 None] Acquiring lock "cinder-quobyte-fdeae8a1-0d64-4e46-b9a7-eba5c4647777" by "delete_snapshot" {{(pid=85740) __acquire /opt/stack/cinder/cinder/coordination.py:138}}
Aug 27 22:02:38 devstack cinder-volume[85740]: DEBUG cinder.coordination [None req-4895f2d0-ab47-4061-b457-727d551cc3a2 tempest-GroupSnapshotsTest-1691268170 None] Lock "cinder-quobyte-fdeae8a1-0d64-4e46-b9a7-eba5c4647777" acquired by "delete_snapshot" :: waited 0.029s {{(pid=85740) __acquire /opt/stack/cinder/cinder/coordination.py:141}}
Aug 27 22:02:38 devstack cinder-volume[85740]: DEBUG cinder.coordination [None req-4895f2d0-ab47-4061-b457-727d551cc3a2 tempest-GroupSnapshotsTest-1691268170 None] Acquiring lock "cinder-quobyte-e635a02a-6275-4179-b136-21bdc7aac0e1" by "_delete_snapshot" {{(pid=85740) __acquire /opt/stack/cinder/cinder/coordination.py:138}}
Aug 27 22:02:38 devstack cinder-volume[85740]: DEBUG cinder.coordination [None req-4895f2d0-ab47-4061-b457-727d551cc3a2 tempest-GroupSnapshotsTest-1691268170 None] Lock "cinder-quobyte-e635a02a-6275-4179-b136-21bdc7aac0e1" acquired by "_delete_snapshot" :: waited 0.031s {{(pid=85740) __acquire /opt/stack/cinder/cinder/coordination.py:141}}
Aug 27 22:02:38 devstack cinder-volume[85740]: DEBUG cinder.volume.drivers.remotefs [None req-4895f2d0-ab47-4061-b457-727d551cc3a2 tempest-GroupSnapshotsTest-1691268170 None] Deleting offline snapshot e635a02a-6275-4179-b136-21bdc7aac0e1 of volume fdeae8a1-0d64-4e46-b9a7-eba5c4647777 {{(pid=85740) _delete_snapshot /opt/stack/cinder/cinder/volume/drivers/remotefs.py:1288}}
Aug 27 22:02:38 devstack cinder-volume[85740]: DEBUG cinder.volume.drivers.remotefs [None req-4895f2d0-ab47-4061-b457-727d551cc3a2 tempest-GroupSnapshotsTest-1691268170 None] snapshot_file for this snap is: volume-fdeae8a1-0d64-4e46-b9a7-eba5c4647777.e635a02a-6275-4179-b136-21bdc7aac0e1 {{(pid=85740) _delete_snapshot /opt/stack/cinder/cinder/volume/drivers/remotefs.py:1317}}
Aug 27 22:02:38 devstack cinder-volume[85740]: DEBUG oslo.privsep.daemon [-] privsep: reply[9979be8f-f3b8-4f5c-bb06-e8d8d019344d]: (4, 'qcow2') {{(pid=87322) _call_back /opt/stack/data/venv/lib/python3.12/site-packages/oslo_privsep/daemon.py:580}}
Aug 27 22:02:38 devstack cinder-volume[85740]: DEBUG oslo_concurrency.processutils [None req-4895f2d0-ab47-4061-b457-727d551cc3a2 tempest-GroupSnapshotsTest-1691268170 None] Running cmd (subprocess): /opt/stack/data/venv/bin/python3.12 -m oslo_concurrency.prlimit --as=1073741824 --cpu=60 -- sudo cinder-rootwrap /etc/cinder/rootwrap.conf env LC_ALL=C qemu-img info -f qcow2 --output=json --force-share /opt/stack/data/cinder/mnt/4d4c33aa7b9257ae135238e87065c98b/volume-fdeae8a1-0d64-4e46-b9a7-eba5c4647777.e635a02a-6275-4179-b136-21bdc7aac0e1 {{(pid=85740) execute /opt/stack/data/venv/lib/python3.12/site-packages/oslo_concurrency/processutils.py:440}}
Aug 27 22:02:38 devstack sudo[93576]: quobyte : PWD=/ ; USER=root ; COMMAND=/opt/stack/data/venv/bin/cinder-rootwrap /etc/cinder/rootwrap.conf env LC_ALL=C qemu-img info -f qcow2 --output=json --force-share /opt/stack/data/cinder/mnt/4d4c33aa7b9257ae135238e87065c98b/volume-fdeae8a1-0d64-4e46-b9a7-eba5c4647777.e635a02a-6275-4179-b136-21bdc7aac0e1
Aug 27 22:02:38 devstack sudo[93576]: pam_unix(sudo:session): session opened for user root(uid=0) by (uid=1000)
Aug 27 22:02:39 devstack sudo[93576]: pam_unix(sudo:session): session closed for user root
Aug 27 22:02:39 devstack cinder-volume[85740]: DEBUG oslo_concurrency.processutils [None req-4895f2d0-ab47-4061-b457-727d551cc3a2 tempest-GroupSnapshotsTest-1691268170 None] CMD "/opt/stack/data/venv/bin/python3.12 -m oslo_concurrency.prlimit --as=1073741824 --cpu=60 -- sudo cinder-rootwrap /etc/cinder/rootwrap.conf env LC_ALL=C qemu-img info -f qcow2 --output=json --force-share /opt/stack/data/cinder/mnt/4d4c33aa7b9257ae135238e87065c98b/volume-fdeae8a1-0d64-4e46-b9a7-eba5c4647777.e635a02a-6275-4179-b136-21bdc7aac0e1" returned: 0 in 0.644s {{(pid=85740) execute /opt/stack/data/venv/lib/python3.12/site-packages/oslo_concurrency/processutils.py:468}}
Aug 27 22:02:39 devstack cinder-volume[85740]: DEBUG cinder.volume.drivers.remotefs [None req-4895f2d0-ab47-4061-b457-727d551cc3a2 tempest-GroupSnapshotsTest-1691268170 None] Fetching qemu-img info with special backing_file_template: (/opt/stack/data/cinder/mnt/[0-9a-f]+/)?(volume-fdeae8a1-0d64-4e46-b9a7-eba5c4647777(.(tmp-snap-)?[0-9a-f-]+)?|volume_from_snapshot_cache/(tmp-snap-)?[0-9a-f-]+(.(child-|parent-)[0-9a-f-]+)?)$ {{(pid=85740) _qemu_img_info_base /opt/stack/cinder/cinder/volume/drivers/remotefs.py:896}}
Aug 27 22:02:39 devstack cinder-volume[85740]: DEBUG oslo.privsep.daemon [-] privsep: reply[9a88ff47-9d94-4903-99c3-b7da1e527245]: (4, 'qcow2') {{(pid=87322) _call_back /opt/stack/data/venv/lib/python3.12/site-packages/oslo_privsep/daemon.py:580}}
Aug 27 22:02:39 devstack cinder-volume[85740]: DEBUG oslo_concurrency.processutils [None req-4895f2d0-ab47-4061-b457-727d551cc3a2 tempest-GroupSnapshotsTest-1691268170 None] Running cmd (subprocess): /opt/stack/data/venv/bin/python3.12 -m oslo_concurrency.prlimit --as=1073741824 --cpu=60 -- sudo cinder-rootwrap /etc/cinder/rootwrap.conf env LC_ALL=C qemu-img info -f qcow2 --output=json --force-share /opt/stack/data/cinder/mnt/4d4c33aa7b9257ae135238e87065c98b/volume-fdeae8a1-0d64-4e46-b9a7-eba5c4647777 {{(pid=85740) execute /opt/stack/data/venv/lib/python3.12/site-packages/oslo_concurrency/processutils.py:440}}
Aug 27 22:02:39 devstack sudo[93581]: quobyte : PWD=/ ; USER=root ; COMMAND=/opt/stack/data/venv/bin/cinder-rootwrap /etc/cinder/rootwrap.conf env LC_ALL=C qemu-img info -f qcow2 --output=json --force-share /opt/stack/data/cinder/mnt/4d4c33aa7b9257ae135238e87065c98b/volume-fdeae8a1-0d64-4e46-b9a7-eba5c4647777
Aug 27 22:02:39 devstack sudo[93581]: pam_unix(sudo:session): session opened for user root(uid=0) by (uid=1000)
Aug 27 22:02:40 devstack sudo[93581]: pam_unix(sudo:session): session closed for user root
Aug 27 22:02:40 devstack cinder-volume[85740]: DEBUG oslo_concurrency.processutils [None req-4895f2d0-ab47-4061-b457-727d551cc3a2 tempest-GroupSnapshotsTest-1691268170 None] CMD "/opt/stack/data/venv/bin/python3.12 -m oslo_concurrency.prlimit --as=1073741824 --cpu=60 -- sudo cinder-rootwrap /etc/cinder/rootwrap.conf env LC_ALL=C qemu-img info -f qcow2 --output=json --force-share /opt/stack/data/cinder/mnt/4d4c33aa7b9257ae135238e87065c98b/volume-fdeae8a1-0d64-4e46-b9a7-eba5c4647777" returned: 0 in 0.703s {{(pid=85740) execute /opt/stack/data/venv/lib/python3.12/site-packages/oslo_concurrency/processutils.py:468}}
Aug 27 22:02:40 devstack cinder-volume[85740]: DEBUG oslo_concurrency.processutils [None req-4895f2d0-ab47-4061-b457-727d551cc3a2 tempest-GroupSnapshotsTest-1691268170 None] Running cmd (subprocess): sudo cinder-rootwrap /etc/cinder/rootwrap.conf qemu-img commit -d /opt/stack/data/cinder/mnt/4d4c33aa7b9257ae135238e87065c98b/volume-fdeae8a1-0d64-4e46-b9a7-eba5c4647777.e635a02a-6275-4179-b136-21bdc7aac0e1 {{(pid=85740) execute /opt/stack/data/venv/lib/python3.12/site-packages/oslo_concurrency/processutils.py:440}}
Aug 27 22:02:40 devstack sudo[93587]: quobyte : PWD=/ ; USER=root ; COMMAND=/opt/stack/data/venv/bin/cinder-rootwrap /etc/cinder/rootwrap.conf qemu-img commit -d /opt/stack/data/cinder/mnt/4d4c33aa7b9257ae135238e87065c98b/volume-fdeae8a1-0d64-4e46-b9a7-eba5c4647777.e635a02a-6275-4179-b136-21bdc7aac0e1
Aug 27 22:02:40 devstack sudo[93587]: pam_unix(sudo:session): session opened for user root(uid=0) by (uid=1000)
Aug 27 22:02:40 devstack sudo[93587]: pam_unix(sudo:session): session closed for user root
Aug 27 22:02:40 devstack cinder-volume[85740]: DEBUG oslo_concurrency.processutils [None req-4895f2d0-ab47-4061-b457-727d551cc3a2 tempest-GroupSnapshotsTest-1691268170 None] CMD "sudo cinder-rootwrap /etc/cinder/rootwrap.conf qemu-img commit -d /opt/stack/data/cinder/mnt/4d4c33aa7b9257ae135238e87065c98b/volume-fdeae8a1-0d64-4e46-b9a7-eba5c4647777.e635a02a-6275-4179-b136-21bdc7aac0e1" returned: 0 in 0.915s {{(pid=85740) execute /opt/stack/data/venv/lib/python3.12/site-packages/oslo_concurrency/processutils.py:468}}
Aug 27 22:02:40 devstack cinder-volume[85740]: DEBUG oslo_concurrency.processutils [None req-4895f2d0-ab47-4061-b457-727d551cc3a2 tempest-GroupSnapshotsTest-1691268170 None] Running cmd (subprocess): sudo cinder-rootwrap /etc/cinder/rootwrap.conf rm -f /opt/stack/data/cinder/mnt/4d4c33aa7b9257ae135238e87065c98b/volume-fdeae8a1-0d64-4e46-b9a7-eba5c4647777.e635a02a-6275-4179-b136-21bdc7aac0e1 {{(pid=85740) execute /opt/stack/data/venv/lib/python3.12/site-packages/oslo_concurrency/processutils.py:440}}
Aug 27 22:02:41 devstack sudo[93594]: quobyte : PWD=/ ; USER=root ; COMMAND=/opt/stack/data/venv/bin/cinder-rootwrap /etc/cinder/rootwrap.conf rm -f /opt/stack/data/cinder/mnt/4d4c33aa7b9257ae135238e87065c98b/volume-fdeae8a1-0d64-4e46-b9a7-eba5c4647777.e635a02a-6275-4179-b136-21bdc7aac0e1
Aug 27 22:02:41 devstack sudo[93594]: pam_unix(sudo:session): session opened for user root(uid=0) by (uid=1000)
Aug 27 22:02:41 devstack sudo[93594]: pam_unix(sudo:session): session closed for user root
Aug 27 22:02:41 devstack cinder-volume[85740]: DEBUG oslo_concurrency.processutils [None req-4895f2d0-ab47-4061-b457-727d551cc3a2 tempest-GroupSnapshotsTest-1691268170 None] CMD "sudo cinder-rootwrap /etc/cinder/rootwrap.conf rm -f /opt/stack/data/cinder/mnt/4d4c33aa7b9257ae135238e87065c98b/volume-fdeae8a1-0d64-4e46-b9a7-eba5c4647777.e635a02a-6275-4179-b136-21bdc7aac0e1" returned: 0 in 0.444s {{(pid=85740) execute /opt/stack/data/venv/lib/python3.12/site-packages/oslo_concurrency/processutils.py:468}}
Aug 27 22:02:41 devstack cinder-volume[85740]: DEBUG cinder.coordination [None req-4895f2d0-ab47-4061-b457-727d551cc3a2 tempest-GroupSnapshotsTest-1691268170 None] Lock "cinder-quobyte-e635a02a-6275-4179-b136-21bdc7aac0e1" released by "_delete_snapshot" :: held 2.887s {{(pid=85740) __release /opt/stack/cinder/cinder/coordination.py:152}}
Aug 27 22:02:41 devstack cinder-volume[85740]: DEBUG cinder.coordination [None req-4895f2d0-ab47-4061-b457-727d551cc3a2 tempest-GroupSnapshotsTest-1691268170 None] Lock "cinder-quobyte-fdeae8a1-0d64-4e46-b9a7-eba5c4647777" released by "delete_snapshot" :: held 2.930s {{(pid=85740) __release /opt/stack/cinder/cinder/coordination.py:152}}
Aug 27 22:02:41 devstack cinder-volume[85740]: WARNING cinder.quota [None req-4895f2d0-ab47-4061-b457-727d551cc3a2 tempest-GroupSnapshotsTest-1691268170 None] Deprecated: Default quota for resource: gigabytes_tempest-GroupSnapshotsTest-volume-type-1330722283 is set by the default quota flag: quota_gigabytes_tempest-GroupSnapshotsTest-volume-type-1330722283, it is now deprecated. Please use the default quota class for default quota.
Aug 27 22:02:41 devstack cinder-volume[85740]: WARNING cinder.quota [None req-4895f2d0-ab47-4061-b457-727d551cc3a2 tempest-GroupSnapshotsTest-1691268170 None] Deprecated: Default quota for resource: snapshots_tempest-GroupSnapshotsTest-volume-type-1330722283 is set by the default quota flag: quota_snapshots_tempest-GroupSnapshotsTest-volume-type-1330722283, it is now deprecated. Please use the default quota class for default quota.
Aug 27 22:02:41 devstack cinder-volume[85740]: DEBUG cinder.quota [None req-4895f2d0-ab47-4061-b457-727d551cc3a2 tempest-GroupSnapshotsTest-1691268170 None] Created reservations ['5ce06c5d-9b58-4eb3-98bd-c8cc24e633c9', '549ad09a-a4eb-47d2-acac-349ceb108a68', '668e35ba-1165-4bae-8b5b-8669d13e9c73', '2ad5da8d-7964-4c48-b075-0509bf76049c'] {{(pid=85740) reserve /opt/stack/cinder/cinder/quota.py:752}}
Aug 27 22:02:41 devstack cinder-volume[85740]: INFO cinder.volume.manager [None req-4895f2d0-ab47-4061-b457-727d551cc3a2 tempest-GroupSnapshotsTest-1691268170 None] group_snapshot 3129ca48-8303-47dc-9f2e-323a8d6d4cd5: deleted successfully
Aug 27 22:02:42 devstack cinder-volume[85740]: DEBUG cinder.coordination [None req-a331e66b-6829-47fb-b254-037528e41d3a tempest-GroupSnapshotsTest-1691268170 None] Acquiring lock "cinder-quobyte-fdeae8a1-0d64-4e46-b9a7-eba5c4647777" by "delete_volume" {{(pid=85740) __acquire /opt/stack/cinder/cinder/coordination.py:138}}
Aug 27 22:02:42 devstack cinder-volume[85740]: DEBUG cinder.coordination [None req-a331e66b-6829-47fb-b254-037528e41d3a tempest-GroupSnapshotsTest-1691268170 None] Lock "cinder-quobyte-fdeae8a1-0d64-4e46-b9a7-eba5c4647777" acquired by "delete_volume" :: waited 0.029s {{(pid=85740) __acquire /opt/stack/cinder/cinder/coordination.py:141}}
Aug 27 22:02:42 devstack cinder-volume[85740]: DEBUG oslo.privsep.daemon [-] privsep: reply[e38de8a5-2eb5-4482-aff9-a6cec2e4f183]: (4, 'qcow2') {{(pid=87322) _call_back /opt/stack/data/venv/lib/python3.12/site-packages/oslo_privsep/daemon.py:580}}
Aug 27 22:02:42 devstack cinder-volume[85740]: DEBUG oslo_concurrency.processutils [None req-a331e66b-6829-47fb-b254-037528e41d3a tempest-GroupSnapshotsTest-1691268170 None] Running cmd (subprocess): /opt/stack/data/venv/bin/python3.12 -m oslo_concurrency.prlimit --as=1073741824 --cpu=60 -- sudo cinder-rootwrap /etc/cinder/rootwrap.conf env LC_ALL=C qemu-img info -f qcow2 --output=json --force-share /opt/stack/data/cinder/mnt/4d4c33aa7b9257ae135238e87065c98b/volume-fdeae8a1-0d64-4e46-b9a7-eba5c4647777 {{(pid=85740) execute /opt/stack/data/venv/lib/python3.12/site-packages/oslo_concurrency/processutils.py:440}}
Aug 27 22:02:43 devstack sudo[93609]: quobyte : PWD=/ ; USER=root ; COMMAND=/opt/stack/data/venv/bin/cinder-rootwrap /etc/cinder/rootwrap.conf env LC_ALL=C qemu-img info -f qcow2 --output=json --force-share /opt/stack/data/cinder/mnt/4d4c33aa7b9257ae135238e87065c98b/volume-fdeae8a1-0d64-4e46-b9a7-eba5c4647777
Aug 27 22:02:43 devstack sudo[93609]: pam_unix(sudo:session): session opened for user root(uid=0) by (uid=1000)
Aug 27 22:02:43 devstack sudo[93609]: pam_unix(sudo:session): session closed for user root
Aug 27 22:02:43 devstack cinder-volume[85740]: DEBUG oslo_concurrency.processutils [None req-a331e66b-6829-47fb-b254-037528e41d3a tempest-GroupSnapshotsTest-1691268170 None] CMD "/opt/stack/data/venv/bin/python3.12 -m oslo_concurrency.prlimit --as=1073741824 --cpu=60 -- sudo cinder-rootwrap /etc/cinder/rootwrap.conf env LC_ALL=C qemu-img info -f qcow2 --output=json --force-share /opt/stack/data/cinder/mnt/4d4c33aa7b9257ae135238e87065c98b/volume-fdeae8a1-0d64-4e46-b9a7-eba5c4647777" returned: 0 in 0.614s {{(pid=85740) execute /opt/stack/data/venv/lib/python3.12/site-packages/oslo_concurrency/processutils.py:468}}
Aug 27 22:02:43 devstack cinder-volume[85740]: DEBUG oslo_concurrency.processutils [None req-a331e66b-6829-47fb-b254-037528e41d3a tempest-GroupSnapshotsTest-1691268170 None] Running cmd (subprocess): sudo cinder-rootwrap /etc/cinder/rootwrap.conf rm -f /opt/stack/data/cinder/mnt/4d4c33aa7b9257ae135238e87065c98b/volume-fdeae8a1-0d64-4e46-b9a7-eba5c4647777 {{(pid=85740) execute /opt/stack/data/venv/lib/python3.12/site-packages/oslo_concurrency/processutils.py:440}}
Aug 27 22:02:43 devstack sudo[93625]: quobyte : PWD=/ ; USER=root ; COMMAND=/opt/stack/data/venv/bin/cinder-rootwrap /etc/cinder/rootwrap.conf rm -f /opt/stack/data/cinder/mnt/4d4c33aa7b9257ae135238e87065c98b/volume-fdeae8a1-0d64-4e46-b9a7-eba5c4647777
Aug 27 22:02:43 devstack sudo[93625]: pam_unix(sudo:session): session opened for user root(uid=0) by (uid=1000)
Aug 27 22:02:43 devstack sudo[93625]: pam_unix(sudo:session): session closed for user root
Aug 27 22:02:43 devstack cinder-volume[85740]: DEBUG oslo_concurrency.processutils [None req-a331e66b-6829-47fb-b254-037528e41d3a tempest-GroupSnapshotsTest-1691268170 None] CMD "sudo cinder-rootwrap /etc/cinder/rootwrap.conf rm -f /opt/stack/data/cinder/mnt/4d4c33aa7b9257ae135238e87065c98b/volume-fdeae8a1-0d64-4e46-b9a7-eba5c4647777" returned: 0 in 0.339s {{(pid=85740) execute /opt/stack/data/venv/lib/python3.12/site-packages/oslo_concurrency/processutils.py:468}}
Aug 27 22:02:43 devstack cinder-volume[85740]: DEBUG cinder.coordination [None req-a331e66b-6829-47fb-b254-037528e41d3a tempest-GroupSnapshotsTest-1691268170 None] Lock "cinder-quobyte-fdeae8a1-0d64-4e46-b9a7-eba5c4647777" released by "delete_volume" :: held 1.102s {{(pid=85740) __release /opt/stack/cinder/cinder/coordination.py:152}}
Aug 27 22:02:43 devstack cinder-volume[85740]: DEBUG cinder.quota [None req-a331e66b-6829-47fb-b254-037528e41d3a tempest-GroupSnapshotsTest-1691268170 None] Created reservations ['d120e10d-9954-4a5d-acb3-b1ca54e509db'] {{(pid=85740) reserve /opt/stack/cinder/cinder/quota.py:752}}
Aug 27 22:02:43 devstack cinder-volume[85740]: WARNING cinder.quota [None req-a331e66b-6829-47fb-b254-037528e41d3a tempest-GroupSnapshotsTest-1691268170 None] Deprecated: Default quota for resource: volumes_tempest-GroupSnapshotsTest-volume-type-1330722283 is set by the default quota flag: quota_volumes_tempest-GroupSnapshotsTest-volume-type-1330722283, it is now deprecated. Please use the default quota class for default quota.
Aug 27 22:02:43 devstack cinder-volume[85740]: DEBUG cinder.quota [None req-a331e66b-6829-47fb-b254-037528e41d3a tempest-GroupSnapshotsTest-1691268170 None] Created reservations ['85e38bb9-7318-4060-9d44-4b68dddad9cc', '82362d7c-40c4-4d88-806f-216317460b90', 'cb1cddae-ba7e-46a9-94f3-49f2b8221fd6', 'fff7809a-1753-417c-82fa-a4240097fa62'] {{(pid=85740) reserve /opt/stack/cinder/cinder/quota.py:752}}
Aug 27 22:02:44 devstack cinder-volume[85740]: DEBUG oslo_concurrency.lockutils [None req-a331e66b-6829-47fb-b254-037528e41d3a tempest-GroupSnapshotsTest-1691268170 None] Acquiring lock "quobyte_ensure" by "cinder.volume.drivers.quobyte.QuobyteDriver._ensure_shares_mounted" {{(pid=85740) inner /opt/stack/data/venv/lib/python3.12/site-packages/oslo_concurrency/lockutils.py:512}}
Aug 27 22:02:44 devstack cinder-volume[85740]: DEBUG oslo_concurrency.lockutils [None req-a331e66b-6829-47fb-b254-037528e41d3a tempest-GroupSnapshotsTest-1691268170 None] Lock "quobyte_ensure" acquired by "cinder.volume.drivers.quobyte.QuobyteDriver._ensure_shares_mounted" :: waited 0.001s {{(pid=85740) inner /opt/stack/data/venv/lib/python3.12/site-packages/oslo_concurrency/lockutils.py:525}}
Aug 27 22:02:44 devstack cinder-volume[85740]: DEBUG cinder.volume.drivers.quobyte [None req-a331e66b-6829-47fb-b254-037528e41d3a tempest-GroupSnapshotsTest-1691268170 None] Quobyte Volume URL set to: {'osci02.corp.quobyte.com/cinder-vol-e2a162cf-1cf8-423d-a560-4050cd4e5a0c': None} {{(pid=85740) _load_shares_config /opt/stack/cinder/cinder/volume/drivers/quobyte.py:662}}
Aug 27 22:02:44 devstack cinder-volume[85740]: DEBUG cinder.volume.drivers.quobyte [None req-a331e66b-6829-47fb-b254-037528e41d3a tempest-GroupSnapshotsTest-1691268170 None] Available shares ['osci02.corp.quobyte.com/cinder-vol-e2a162cf-1cf8-423d-a560-4050cd4e5a0c'] {{(pid=85740) _ensure_shares_mounted /opt/stack/cinder/cinder/volume/drivers/quobyte.py:692}}
Aug 27 22:02:44 devstack cinder-volume[85740]: DEBUG oslo_concurrency.lockutils [None req-a331e66b-6829-47fb-b254-037528e41d3a tempest-GroupSnapshotsTest-1691268170 None] Lock "quobyte_ensure" "released" by "cinder.volume.drivers.quobyte.QuobyteDriver._ensure_shares_mounted" :: held 0.016s {{(pid=85740) inner /opt/stack/data/venv/lib/python3.12/site-packages/oslo_concurrency/lockutils.py:544}}
Aug 27 22:02:44 devstack cinder-volume[85740]: DEBUG oslo_concurrency.processutils [None req-a331e66b-6829-47fb-b254-037528e41d3a tempest-GroupSnapshotsTest-1691268170 None] Running cmd (subprocess): sudo cinder-rootwrap /etc/cinder/rootwrap.conf df --portability --block-size 1 /opt/stack/data/cinder/mnt/4d4c33aa7b9257ae135238e87065c98b {{(pid=85740) execute /opt/stack/data/venv/lib/python3.12/site-packages/oslo_concurrency/processutils.py:440}}
Aug 27 22:02:44 devstack sudo[93630]: quobyte : PWD=/ ; USER=root ; COMMAND=/opt/stack/data/venv/bin/cinder-rootwrap /etc/cinder/rootwrap.conf df --portability --block-size 1 /opt/stack/data/cinder/mnt/4d4c33aa7b9257ae135238e87065c98b
Aug 27 22:02:44 devstack sudo[93630]: pam_unix(sudo:session): session opened for user root(uid=0) by (uid=1000)
Aug 27 22:02:44 devstack sudo[93630]: pam_unix(sudo:session): session closed for user root
Aug 27 22:02:44 devstack cinder-volume[85740]: DEBUG oslo_concurrency.processutils [None req-a331e66b-6829-47fb-b254-037528e41d3a tempest-GroupSnapshotsTest-1691268170 None] CMD "sudo cinder-rootwrap /etc/cinder/rootwrap.conf df --portability --block-size 1 /opt/stack/data/cinder/mnt/4d4c33aa7b9257ae135238e87065c98b" returned: 0 in 0.344s {{(pid=85740) execute /opt/stack/data/venv/lib/python3.12/site-packages/oslo_concurrency/processutils.py:468}}
Aug 27 22:02:44 devstack cinder-volume[85740]: DEBUG cinder.manager [None req-a331e66b-6829-47fb-b254-037528e41d3a tempest-GroupSnapshotsTest-1691268170 None] Notifying Schedulers of capabilities ... {{(pid=85740) _publish_service_capabilities /opt/stack/cinder/cinder/manager.py:219}}
Aug 27 22:02:44 devstack cinder-volume[85740]: INFO cinder.volume.manager [None req-a331e66b-6829-47fb-b254-037528e41d3a tempest-GroupSnapshotsTest-1691268170 None] Delete group completed successfully.
