Aug 27 22:01:16 devstack cinder-volume[85740]: DEBUG oslo_concurrency.processutils [None req-31beb756-d635-4daf-9d49-63643b2b3308 tempest-SnapshotsActionsTest-1021351717 None] CMD "/opt/stack/data/venv/bin/python3.12 -m oslo_concurrency.prlimit --as=1073741824 --cpu=60 -- sudo cinder-rootwrap /etc/cinder/rootwrap.conf env LC_ALL=C qemu-img info -f qcow2 --output=json --force-share /opt/stack/data/cinder/mnt/4d4c33aa7b9257ae135238e87065c98b/volume-e9bc5a19-e627-4f26-b440-66583fcbfa43.b123a8a1-f34a-471b-afdf-30d307795fd4" returned: 0 in 0.455s {{(pid=85740) execute /opt/stack/data/venv/lib/python3.12/site-packages/oslo_concurrency/processutils.py:468}}
Aug 27 22:01:16 devstack cinder-volume[85740]: DEBUG cinder.volume.drivers.remotefs [None req-31beb756-d635-4daf-9d49-63643b2b3308 tempest-SnapshotsActionsTest-1021351717 None] Fetching qemu-img info with special backing_file_template: (/opt/stack/data/cinder/mnt/[0-9a-f]+/)?(volume-e9bc5a19-e627-4f26-b440-66583fcbfa43(.(tmp-snap-)?[0-9a-f-]+)?|volume_from_snapshot_cache/(tmp-snap-)?[0-9a-f-]+(.(child-|parent-)[0-9a-f-]+)?)$ {{(pid=85740) _qemu_img_info_base /opt/stack/cinder/cinder/volume/drivers/remotefs.py:896}}
Aug 27 22:01:16 devstack sudo[92479]: quobyte : PWD=/ ; USER=root ; COMMAND=/opt/stack/data/venv/bin/cinder-rootwrap /etc/cinder/rootwrap.conf rm -f /opt/stack/data/cinder/mnt/4d4c33aa7b9257ae135238e87065c98b/volume-96f3fa54-2e58-4f7f-823e-69c91ee3329b.a423ab79-41ad-412e-946b-08c73d818f2b
Aug 27 22:01:16 devstack sudo[92479]: pam_unix(sudo:session): session opened for user root(uid=0) by (uid=1000)
Aug 27 22:01:16 devstack cinder-volume[85740]: DEBUG oslo.privsep.daemon [-] privsep: reply[9b8a2c74-168c-44ef-a3ef-972d6ea20af4]: (4, 'qcow2') {{(pid=87322) _call_back /opt/stack/data/venv/lib/python3.12/site-packages/oslo_privsep/daemon.py:580}}
Aug 27 22:01:16 devstack cinder-volume[85740]: DEBUG oslo_concurrency.processutils [None req-31beb756-d635-4daf-9d49-63643b2b3308 tempest-SnapshotsActionsTest-1021351717 None] Running cmd (subprocess): /opt/stack/data/venv/bin/python3.12 -m oslo_concurrency.prlimit --as=1073741824 --cpu=60 -- sudo cinder-rootwrap /etc/cinder/rootwrap.conf env LC_ALL=C qemu-img info -f qcow2 --output=json --force-share /opt/stack/data/cinder/mnt/4d4c33aa7b9257ae135238e87065c98b/volume-e9bc5a19-e627-4f26-b440-66583fcbfa43.3c359098-91d1-4490-8a22-097d034cd82e {{(pid=85740) execute /opt/stack/data/venv/lib/python3.12/site-packages/oslo_concurrency/processutils.py:440}}
Aug 27 22:01:16 devstack sudo[92481]: quobyte : PWD=/ ; USER=root ; COMMAND=/opt/stack/data/venv/bin/cinder-rootwrap /etc/cinder/rootwrap.conf env LC_ALL=C qemu-img info -f qcow2 --output=json --force-share /opt/stack/data/cinder/mnt/4d4c33aa7b9257ae135238e87065c98b/volume-e9bc5a19-e627-4f26-b440-66583fcbfa43.3c359098-91d1-4490-8a22-097d034cd82e
Aug 27 22:01:16 devstack sudo[92481]: pam_unix(sudo:session): session opened for user root(uid=0) by (uid=1000)
Aug 27 22:01:17 devstack sudo[92479]: pam_unix(sudo:session): session closed for user root
Aug 27 22:01:17 devstack cinder-volume[85740]: DEBUG oslo_concurrency.processutils [None req-416ca9a5-0618-4fd8-80eb-a28f59068fd9 tempest-SnapshotMetadataTestJSON-1940896787 None] CMD "sudo cinder-rootwrap /etc/cinder/rootwrap.conf rm -f /opt/stack/data/cinder/mnt/4d4c33aa7b9257ae135238e87065c98b/volume-96f3fa54-2e58-4f7f-823e-69c91ee3329b.a423ab79-41ad-412e-946b-08c73d818f2b" returned: 0 in 0.304s {{(pid=85740) execute /opt/stack/data/venv/lib/python3.12/site-packages/oslo_concurrency/processutils.py:468}}
Aug 27 22:01:17 devstack cinder-volume[85740]: DEBUG cinder.coordination [None req-416ca9a5-0618-4fd8-80eb-a28f59068fd9 tempest-SnapshotMetadataTestJSON-1940896787 None] Lock "cinder-quobyte-a423ab79-41ad-412e-946b-08c73d818f2b" released by "_delete_snapshot" :: held 1.905s {{(pid=85740) __release /opt/stack/cinder/cinder/coordination.py:152}}
Aug 27 22:01:17 devstack cinder-volume[85740]: DEBUG cinder.coordination [None req-416ca9a5-0618-4fd8-80eb-a28f59068fd9 tempest-SnapshotMetadataTestJSON-1940896787 None] Lock "cinder-quobyte-96f3fa54-2e58-4f7f-823e-69c91ee3329b" released by "delete_snapshot" :: held 1.943s {{(pid=85740) __release /opt/stack/cinder/cinder/coordination.py:152}}
Aug 27 22:01:17 devstack cinder-volume[85740]: DEBUG cinder.quota [None req-416ca9a5-0618-4fd8-80eb-a28f59068fd9 tempest-SnapshotMetadataTestJSON-1940896787 None] Created reservations ['9868434c-96f5-4aae-a2a2-7a150dcaa250', '788c08f7-f53a-4bb5-997d-bdaa5aff3ab3', 'a58ef937-efa8-44ea-a9a0-7c863dcd5e88', 'f9c56fb4-481c-42d4-b297-4e771f30d42e'] {{(pid=85740) reserve /opt/stack/cinder/cinder/quota.py:752}}
Aug 27 22:01:17 devstack cinder-volume[85740]: INFO cinder.volume.manager [None req-416ca9a5-0618-4fd8-80eb-a28f59068fd9 tempest-SnapshotMetadataTestJSON-1940896787 None] Delete snapshot completed successfully.
Aug 27 22:01:17 devstack cinder-volume[85740]: DEBUG cinder.coordination [None req-416ca9a5-0618-4fd8-80eb-a28f59068fd9 tempest-SnapshotMetadataTestJSON-1940896787 None] Lock "cinder-a423ab79-41ad-412e-946b-08c73d818f2b-delete_snapshot" released by "delete_snapshot" :: held 2.161s {{(pid=85740) __release /opt/stack/cinder/cinder/coordination.py:152}}
Aug 27 22:01:17 devstack sudo[92481]: pam_unix(sudo:session): session closed for user root
Aug 27 22:01:17 devstack cinder-volume[85740]: DEBUG oslo_concurrency.processutils [None req-31beb756-d635-4daf-9d49-63643b2b3308 tempest-SnapshotsActionsTest-1021351717 None] CMD "/opt/stack/data/venv/bin/python3.12 -m oslo_concurrency.prlimit --as=1073741824 --cpu=60 -- sudo cinder-rootwrap /etc/cinder/rootwrap.conf env LC_ALL=C qemu-img info -f qcow2 --output=json --force-share /opt/stack/data/cinder/mnt/4d4c33aa7b9257ae135238e87065c98b/volume-e9bc5a19-e627-4f26-b440-66583fcbfa43.3c359098-91d1-4490-8a22-097d034cd82e" returned: 0 in 0.512s {{(pid=85740) execute /opt/stack/data/venv/lib/python3.12/site-packages/oslo_concurrency/processutils.py:468}}
Aug 27 22:01:17 devstack cinder-volume[85740]: DEBUG cinder.volume.drivers.remotefs [None req-31beb756-d635-4daf-9d49-63643b2b3308 tempest-SnapshotsActionsTest-1021351717 None] Fetching qemu-img info with special backing_file_template: (/opt/stack/data/cinder/mnt/[0-9a-f]+/)?(volume-e9bc5a19-e627-4f26-b440-66583fcbfa43(.(tmp-snap-)?[0-9a-f-]+)?|volume_from_snapshot_cache/(tmp-snap-)?[0-9a-f-]+(.(child-|parent-)[0-9a-f-]+)?)$ {{(pid=85740) _qemu_img_info_base /opt/stack/cinder/cinder/volume/drivers/remotefs.py:896}}
Aug 27 22:01:17 devstack cinder-volume[85740]: DEBUG oslo_concurrency.processutils [None req-31beb756-d635-4daf-9d49-63643b2b3308 tempest-SnapshotsActionsTest-1021351717 None] Running cmd (subprocess): sudo cinder-rootwrap /etc/cinder/rootwrap.conf qemu-img commit -d /opt/stack/data/cinder/mnt/4d4c33aa7b9257ae135238e87065c98b/volume-e9bc5a19-e627-4f26-b440-66583fcbfa43.b123a8a1-f34a-471b-afdf-30d307795fd4 {{(pid=85740) execute /opt/stack/data/venv/lib/python3.12/site-packages/oslo_concurrency/processutils.py:440}}
Aug 27 22:01:17 devstack sudo[92487]: quobyte : PWD=/ ; USER=root ; COMMAND=/opt/stack/data/venv/bin/cinder-rootwrap /etc/cinder/rootwrap.conf qemu-img commit -d /opt/stack/data/cinder/mnt/4d4c33aa7b9257ae135238e87065c98b/volume-e9bc5a19-e627-4f26-b440-66583fcbfa43.b123a8a1-f34a-471b-afdf-30d307795fd4
Aug 27 22:01:17 devstack sudo[92487]: pam_unix(sudo:session): session opened for user root(uid=0) by (uid=1000)
Aug 27 22:01:17 devstack sudo[92487]: pam_unix(sudo:session): session closed for user root
Aug 27 22:01:17 devstack cinder-volume[85740]: DEBUG oslo_concurrency.processutils [None req-31beb756-d635-4daf-9d49-63643b2b3308 tempest-SnapshotsActionsTest-1021351717 None] CMD "sudo cinder-rootwrap /etc/cinder/rootwrap.conf qemu-img commit -d /opt/stack/data/cinder/mnt/4d4c33aa7b9257ae135238e87065c98b/volume-e9bc5a19-e627-4f26-b440-66583fcbfa43.b123a8a1-f34a-471b-afdf-30d307795fd4" returned: 0 in 0.409s {{(pid=85740) execute /opt/stack/data/venv/lib/python3.12/site-packages/oslo_concurrency/processutils.py:468}}
Aug 27 22:01:17 devstack cinder-volume[85740]: DEBUG oslo_concurrency.processutils [None req-31beb756-d635-4daf-9d49-63643b2b3308 tempest-SnapshotsActionsTest-1021351717 None] Running cmd (subprocess): sudo cinder-rootwrap /etc/cinder/rootwrap.conf rm -f /opt/stack/data/cinder/mnt/4d4c33aa7b9257ae135238e87065c98b/volume-e9bc5a19-e627-4f26-b440-66583fcbfa43.b123a8a1-f34a-471b-afdf-30d307795fd4 {{(pid=85740) execute /opt/stack/data/venv/lib/python3.12/site-packages/oslo_concurrency/processutils.py:440}}
Aug 27 22:01:17 devstack sudo[92504]: quobyte : PWD=/ ; USER=root ; COMMAND=/opt/stack/data/venv/bin/cinder-rootwrap /etc/cinder/rootwrap.conf rm -f /opt/stack/data/cinder/mnt/4d4c33aa7b9257ae135238e87065c98b/volume-e9bc5a19-e627-4f26-b440-66583fcbfa43.b123a8a1-f34a-471b-afdf-30d307795fd4
Aug 27 22:01:17 devstack sudo[92504]: pam_unix(sudo:session): session opened for user root(uid=0) by (uid=1000)
Aug 27 22:01:17 devstack sudo[92504]: pam_unix(sudo:session): session closed for user root
Aug 27 22:01:17 devstack cinder-volume[85740]: DEBUG oslo_concurrency.processutils [None req-31beb756-d635-4daf-9d49-63643b2b3308 tempest-SnapshotsActionsTest-1021351717 None] CMD "sudo cinder-rootwrap /etc/cinder/rootwrap.conf rm -f /opt/stack/data/cinder/mnt/4d4c33aa7b9257ae135238e87065c98b/volume-e9bc5a19-e627-4f26-b440-66583fcbfa43.b123a8a1-f34a-471b-afdf-30d307795fd4" returned: 0 in 0.294s {{(pid=85740) execute /opt/stack/data/venv/lib/python3.12/site-packages/oslo_concurrency/processutils.py:468}}
Aug 27 22:01:18 devstack cinder-volume[85740]: DEBUG cinder.coordination [None req-31beb756-d635-4daf-9d49-63643b2b3308 tempest-SnapshotsActionsTest-1021351717 None] Lock "cinder-quobyte-b123a8a1-f34a-471b-afdf-30d307795fd4" released by "_delete_snapshot" :: held 1.775s {{(pid=85740) __release /opt/stack/cinder/cinder/coordination.py:152}}
Aug 27 22:01:18 devstack cinder-volume[85740]: DEBUG cinder.coordination [None req-31beb756-d635-4daf-9d49-63643b2b3308 tempest-SnapshotsActionsTest-1021351717 None] Lock "cinder-quobyte-e9bc5a19-e627-4f26-b440-66583fcbfa43" released by "delete_snapshot" :: held 1.815s {{(pid=85740) __release /opt/stack/cinder/cinder/coordination.py:152}}
Aug 27 22:01:18 devstack cinder-volume[85740]: DEBUG cinder.quota [None req-31beb756-d635-4daf-9d49-63643b2b3308 tempest-SnapshotsActionsTest-1021351717 None] Created reservations ['b65178f8-5c59-4852-be1c-e3b0edf5bd4c', '359ba2f4-fcee-4b6d-a554-b7f202bf8588', '5cbc86fe-8cd8-402d-a011-378e50c55b4b', 'af5db087-50ec-4fb3-afe2-6ec9a13323b4'] {{(pid=85740) reserve /opt/stack/cinder/cinder/quota.py:752}}
Aug 27 22:01:18 devstack cinder-volume[85740]: INFO cinder.volume.manager [None req-31beb756-d635-4daf-9d49-63643b2b3308 tempest-SnapshotsActionsTest-1021351717 None] Delete snapshot completed successfully.
Aug 27 22:01:18 devstack cinder-volume[85740]: DEBUG cinder.coordination [None req-31beb756-d635-4daf-9d49-63643b2b3308 tempest-SnapshotsActionsTest-1021351717 None] Lock "cinder-b123a8a1-f34a-471b-afdf-30d307795fd4-delete_snapshot" released by "delete_snapshot" :: held 1.982s {{(pid=85740) __release /opt/stack/cinder/cinder/coordination.py:152}}
Aug 27 22:01:18 devstack cinder-volume[85740]: DEBUG cinder.coordination [None req-cff90482-a367-4c7c-a80c-b4968edb815e tempest-SnapshotMetadataTestJSON-1940896787 None] Acquiring lock "cinder-96f3fa54-2e58-4f7f-823e-69c91ee3329b-delete_volume" by "delete_volume" {{(pid=85740) __acquire /opt/stack/cinder/cinder/coordination.py:138}}
Aug 27 22:01:18 devstack cinder-volume[85740]: DEBUG cinder.coordination [None req-cff90482-a367-4c7c-a80c-b4968edb815e tempest-SnapshotMetadataTestJSON-1940896787 None] Lock "cinder-96f3fa54-2e58-4f7f-823e-69c91ee3329b-delete_volume" acquired by "delete_volume" :: waited 0.031s {{(pid=85740) __acquire /opt/stack/cinder/cinder/coordination.py:141}}
Aug 27 22:01:18 devstack cinder-volume[85740]: DEBUG cinder.coordination [None req-cff90482-a367-4c7c-a80c-b4968edb815e tempest-SnapshotMetadataTestJSON-1940896787 None] Acquiring lock "cinder-quobyte-96f3fa54-2e58-4f7f-823e-69c91ee3329b" by "delete_volume" {{(pid=85740) __acquire /opt/stack/cinder/cinder/coordination.py:138}}
Aug 27 22:01:18 devstack cinder-volume[85740]: DEBUG cinder.coordination [None req-cff90482-a367-4c7c-a80c-b4968edb815e tempest-SnapshotMetadataTestJSON-1940896787 None] Lock "cinder-quobyte-96f3fa54-2e58-4f7f-823e-69c91ee3329b" acquired by "delete_volume" :: waited 0.026s {{(pid=85740) __acquire /opt/stack/cinder/cinder/coordination.py:141}}
Aug 27 22:01:18 devstack cinder-volume[85740]: DEBUG oslo.privsep.daemon [-] privsep: reply[04f90dc3-70be-4510-a36f-c07f5a149f1e]: (4, 'qcow2') {{(pid=87322) _call_back /opt/stack/data/venv/lib/python3.12/site-packages/oslo_privsep/daemon.py:580}}
Aug 27 22:01:18 devstack cinder-volume[85740]: DEBUG oslo_concurrency.processutils [None req-cff90482-a367-4c7c-a80c-b4968edb815e tempest-SnapshotMetadataTestJSON-1940896787 None] Running cmd (subprocess): /opt/stack/data/venv/bin/python3.12 -m oslo_concurrency.prlimit --as=1073741824 --cpu=60 -- sudo cinder-rootwrap /etc/cinder/rootwrap.conf env LC_ALL=C qemu-img info -f qcow2 --output=json --force-share /opt/stack/data/cinder/mnt/4d4c33aa7b9257ae135238e87065c98b/volume-96f3fa54-2e58-4f7f-823e-69c91ee3329b {{(pid=85740) execute /opt/stack/data/venv/lib/python3.12/site-packages/oslo_concurrency/processutils.py:440}}
Aug 27 22:01:18 devstack sudo[92507]: quobyte : PWD=/ ; USER=root ; COMMAND=/opt/stack/data/venv/bin/cinder-rootwrap /etc/cinder/rootwrap.conf env LC_ALL=C qemu-img info -f qcow2 --output=json --force-share /opt/stack/data/cinder/mnt/4d4c33aa7b9257ae135238e87065c98b/volume-96f3fa54-2e58-4f7f-823e-69c91ee3329b
Aug 27 22:01:18 devstack sudo[92507]: pam_unix(sudo:session): session opened for user root(uid=0) by (uid=1000)
Aug 27 22:01:18 devstack cinder-volume[85740]: DEBUG oslo_concurrency.lockutils [None req-ce117e6b-47a9-42d0-8072-b98fc5d1c374 tempest-SnapshotsActionsTest-558454831 None] Acquiring lock "quobyte" by "cinder.volume.drivers.quobyte.QuobyteDriver.create_snapshot" {{(pid=85740) inner /opt/stack/data/venv/lib/python3.12/site-packages/oslo_concurrency/lockutils.py:512}}
Aug 27 22:01:18 devstack cinder-volume[85740]: DEBUG oslo_concurrency.lockutils [None req-ce117e6b-47a9-42d0-8072-b98fc5d1c374 tempest-SnapshotsActionsTest-558454831 None] Lock "quobyte" acquired by "cinder.volume.drivers.quobyte.QuobyteDriver.create_snapshot" :: waited 0.001s {{(pid=85740) inner /opt/stack/data/venv/lib/python3.12/site-packages/oslo_concurrency/lockutils.py:525}}
Aug 27 22:01:18 devstack cinder-volume[85740]: DEBUG cinder.volume.drivers.remotefs [None req-ce117e6b-47a9-42d0-8072-b98fc5d1c374 tempest-SnapshotsActionsTest-558454831 None] Creating offline snapshot 9306b29d-bedc-484f-97d5-0a329a978bcc of volume e9bc5a19-e627-4f26-b440-66583fcbfa43 {{(pid=85740) _create_snapshot /opt/stack/cinder/cinder/volume/drivers/remotefs.py:1816}}
Aug 27 22:01:18 devstack cinder-volume[85740]: DEBUG oslo.privsep.daemon [-] privsep: reply[0af4085d-0e34-48e8-a452-a34c88195b85]: (4, 'qcow2') {{(pid=87322) _call_back /opt/stack/data/venv/lib/python3.12/site-packages/oslo_privsep/daemon.py:580}}
Aug 27 22:01:18 devstack cinder-volume[85740]: DEBUG oslo_concurrency.processutils [None req-ce117e6b-47a9-42d0-8072-b98fc5d1c374 tempest-SnapshotsActionsTest-558454831 None] Running cmd (subprocess): /opt/stack/data/venv/bin/python3.12 -m oslo_concurrency.prlimit --as=1073741824 --cpu=60 -- sudo cinder-rootwrap /etc/cinder/rootwrap.conf env LC_ALL=C qemu-img info -f qcow2 --output=json --force-share /opt/stack/data/cinder/mnt/4d4c33aa7b9257ae135238e87065c98b/volume-e9bc5a19-e627-4f26-b440-66583fcbfa43.3c359098-91d1-4490-8a22-097d034cd82e {{(pid=85740) execute /opt/stack/data/venv/lib/python3.12/site-packages/oslo_concurrency/processutils.py:440}}
Aug 27 22:01:18 devstack sudo[92509]: quobyte : PWD=/ ; USER=root ; COMMAND=/opt/stack/data/venv/bin/cinder-rootwrap /etc/cinder/rootwrap.conf env LC_ALL=C qemu-img info -f qcow2 --output=json --force-share /opt/stack/data/cinder/mnt/4d4c33aa7b9257ae135238e87065c98b/volume-e9bc5a19-e627-4f26-b440-66583fcbfa43.3c359098-91d1-4490-8a22-097d034cd82e
Aug 27 22:01:18 devstack sudo[92507]: pam_unix(sudo:session): session closed for user root
Aug 27 22:01:18 devstack sudo[92509]: pam_unix(sudo:session): session opened for user root(uid=0) by (uid=1000)
Aug 27 22:01:18 devstack cinder-volume[85740]: DEBUG oslo_concurrency.processutils [None req-cff90482-a367-4c7c-a80c-b4968edb815e tempest-SnapshotMetadataTestJSON-1940896787 None] CMD "/opt/stack/data/venv/bin/python3.12 -m oslo_concurrency.prlimit --as=1073741824 --cpu=60 -- sudo cinder-rootwrap /etc/cinder/rootwrap.conf env LC_ALL=C qemu-img info -f qcow2 --output=json --force-share /opt/stack/data/cinder/mnt/4d4c33aa7b9257ae135238e87065c98b/volume-96f3fa54-2e58-4f7f-823e-69c91ee3329b" returned: 0 in 0.398s {{(pid=85740) execute /opt/stack/data/venv/lib/python3.12/site-packages/oslo_concurrency/processutils.py:468}}
Aug 27 22:01:18 devstack cinder-volume[85740]: DEBUG oslo_concurrency.processutils [None req-cff90482-a367-4c7c-a80c-b4968edb815e tempest-SnapshotMetadataTestJSON-1940896787 None] Running cmd (subprocess): sudo cinder-rootwrap /etc/cinder/rootwrap.conf rm -f /opt/stack/data/cinder/mnt/4d4c33aa7b9257ae135238e87065c98b/volume-96f3fa54-2e58-4f7f-823e-69c91ee3329b {{(pid=85740) execute /opt/stack/data/venv/lib/python3.12/site-packages/oslo_concurrency/processutils.py:440}}
Aug 27 22:01:19 devstack sudo[92514]: quobyte : PWD=/ ; USER=root ; COMMAND=/opt/stack/data/venv/bin/cinder-rootwrap /etc/cinder/rootwrap.conf rm -f /opt/stack/data/cinder/mnt/4d4c33aa7b9257ae135238e87065c98b/volume-96f3fa54-2e58-4f7f-823e-69c91ee3329b
Aug 27 22:01:19 devstack sudo[92514]: pam_unix(sudo:session): session opened for user root(uid=0) by (uid=1000)
Aug 27 22:01:19 devstack sudo[92509]: pam_unix(sudo:session): session closed for user root
Aug 27 22:01:19 devstack cinder-volume[85740]: DEBUG oslo_concurrency.processutils [None req-ce117e6b-47a9-42d0-8072-b98fc5d1c374 tempest-SnapshotsActionsTest-558454831 None] CMD "/opt/stack/data/venv/bin/python3.12 -m oslo_concurrency.prlimit --as=1073741824 --cpu=60 -- sudo cinder-rootwrap /etc/cinder/rootwrap.conf env LC_ALL=C qemu-img info -f qcow2 --output=json --force-share /opt/stack/data/cinder/mnt/4d4c33aa7b9257ae135238e87065c98b/volume-e9bc5a19-e627-4f26-b440-66583fcbfa43.3c359098-91d1-4490-8a22-097d034cd82e" returned: 0 in 0.364s {{(pid=85740) execute /opt/stack/data/venv/lib/python3.12/site-packages/oslo_concurrency/processutils.py:468}}
Aug 27 22:01:19 devstack cinder-volume[85740]: DEBUG cinder.volume.drivers.remotefs [None req-ce117e6b-47a9-42d0-8072-b98fc5d1c374 tempest-SnapshotsActionsTest-558454831 None] Fetching qemu-img info with special backing_file_template: (/opt/stack/data/cinder/mnt/[0-9a-f]+/)?(volume-e9bc5a19-e627-4f26-b440-66583fcbfa43(.(tmp-snap-)?[0-9a-f-]+)?|volume_from_snapshot_cache/(tmp-snap-)?[0-9a-f-]+(.(child-|parent-)[0-9a-f-]+)?)$ {{(pid=85740) _qemu_img_info_base /opt/stack/cinder/cinder/volume/drivers/remotefs.py:896}}
Aug 27 22:01:19 devstack cinder-volume[85740]: DEBUG oslo_concurrency.processutils [None req-ce117e6b-47a9-42d0-8072-b98fc5d1c374 tempest-SnapshotsActionsTest-558454831 None] Running cmd (subprocess): sudo cinder-rootwrap /etc/cinder/rootwrap.conf qemu-img create -f qcow2 -o backing_file=/opt/stack/data/cinder/mnt/4d4c33aa7b9257ae135238e87065c98b/volume-e9bc5a19-e627-4f26-b440-66583fcbfa43.3c359098-91d1-4490-8a22-097d034cd82e,backing_fmt=qcow2 /opt/stack/data/cinder/mnt/4d4c33aa7b9257ae135238e87065c98b/volume-e9bc5a19-e627-4f26-b440-66583fcbfa43.9306b29d-bedc-484f-97d5-0a329a978bcc 1G {{(pid=85740) execute /opt/stack/data/venv/lib/python3.12/site-packages/oslo_concurrency/processutils.py:440}}
Aug 27 22:01:19 devstack sudo[92514]: pam_unix(sudo:session): session closed for user root
Aug 27 22:01:19 devstack cinder-volume[85740]: DEBUG oslo_concurrency.processutils [None req-cff90482-a367-4c7c-a80c-b4968edb815e tempest-SnapshotMetadataTestJSON-1940896787 None] CMD "sudo cinder-rootwrap /etc/cinder/rootwrap.conf rm -f /opt/stack/data/cinder/mnt/4d4c33aa7b9257ae135238e87065c98b/volume-96f3fa54-2e58-4f7f-823e-69c91ee3329b" returned: 0 in 0.263s {{(pid=85740) execute /opt/stack/data/venv/lib/python3.12/site-packages/oslo_concurrency/processutils.py:468}}
Aug 27 22:01:19 devstack sudo[92520]: quobyte : PWD=/ ; USER=root ; COMMAND=/opt/stack/data/venv/bin/cinder-rootwrap /etc/cinder/rootwrap.conf qemu-img create -f qcow2 -o backing_file=/opt/stack/data/cinder/mnt/4d4c33aa7b9257ae135238e87065c98b/volume-e9bc5a19-e627-4f26-b440-66583fcbfa43.3c359098-91d1-4490-8a22-097d034cd82e,backing_fmt=qcow2 /opt/stack/data/cinder/mnt/4d4c33aa7b9257ae135238e87065c98b/volume-e9bc5a19-e627-4f26-b440-66583fcbfa43.9306b29d-bedc-484f-97d5-0a329a978bcc 1G
Aug 27 22:01:19 devstack sudo[92520]: pam_unix(sudo:session): session opened for user root(uid=0) by (uid=1000)
Aug 27 22:01:19 devstack cinder-volume[85740]: DEBUG cinder.coordination [None req-cff90482-a367-4c7c-a80c-b4968edb815e tempest-SnapshotMetadataTestJSON-1940896787 None] Lock "cinder-quobyte-96f3fa54-2e58-4f7f-823e-69c91ee3329b" released by "delete_volume" :: held 0.744s {{(pid=85740) __release /opt/stack/cinder/cinder/coordination.py:152}}
Aug 27 22:01:19 devstack cinder-volume[85740]: DEBUG cinder.quota [None req-cff90482-a367-4c7c-a80c-b4968edb815e tempest-SnapshotMetadataTestJSON-1940896787 None] Created reservations ['aebac48c-2238-4aaa-907a-30051373dc94', 'a161c318-2bfd-479d-9615-8e275e29cd10', '23726df2-2786-4eb6-ba51-b95f9ef0e917', '61f6decd-40b2-4bfe-8247-3d22fa0b4ec5'] {{(pid=85740) reserve /opt/stack/cinder/cinder/quota.py:752}}
Aug 27 22:01:19 devstack cinder-volume[85740]: DEBUG oslo_concurrency.lockutils [None req-cff90482-a367-4c7c-a80c-b4968edb815e tempest-SnapshotMetadataTestJSON-1940896787 None] Acquiring lock "quobyte_ensure" by "cinder.volume.drivers.quobyte.QuobyteDriver._ensure_shares_mounted" {{(pid=85740) inner /opt/stack/data/venv/lib/python3.12/site-packages/oslo_concurrency/lockutils.py:512}}
Aug 27 22:01:19 devstack cinder-volume[85740]: DEBUG oslo_concurrency.lockutils [None req-cff90482-a367-4c7c-a80c-b4968edb815e tempest-SnapshotMetadataTestJSON-1940896787 None] Lock "quobyte_ensure" acquired by "cinder.volume.drivers.quobyte.QuobyteDriver._ensure_shares_mounted" :: waited 0.002s {{(pid=85740) inner /opt/stack/data/venv/lib/python3.12/site-packages/oslo_concurrency/lockutils.py:525}}
Aug 27 22:01:19 devstack cinder-volume[85740]: DEBUG cinder.volume.drivers.quobyte [None req-cff90482-a367-4c7c-a80c-b4968edb815e tempest-SnapshotMetadataTestJSON-1940896787 None] Quobyte Volume URL set to: {'osci02.corp.quobyte.com/cinder-vol-e2a162cf-1cf8-423d-a560-4050cd4e5a0c': None} {{(pid=85740) _load_shares_config /opt/stack/cinder/cinder/volume/drivers/quobyte.py:662}}
Aug 27 22:01:19 devstack cinder-volume[85740]: DEBUG cinder.volume.drivers.quobyte [None req-cff90482-a367-4c7c-a80c-b4968edb815e tempest-SnapshotMetadataTestJSON-1940896787 None] Available shares ['osci02.corp.quobyte.com/cinder-vol-e2a162cf-1cf8-423d-a560-4050cd4e5a0c'] {{(pid=85740) _ensure_shares_mounted /opt/stack/cinder/cinder/volume/drivers/quobyte.py:692}}
Aug 27 22:01:19 devstack cinder-volume[85740]: DEBUG oslo_concurrency.lockutils [None req-cff90482-a367-4c7c-a80c-b4968edb815e tempest-SnapshotMetadataTestJSON-1940896787 None] Lock "quobyte_ensure" "released" by "cinder.volume.drivers.quobyte.QuobyteDriver._ensure_shares_mounted" :: held 0.008s {{(pid=85740) inner /opt/stack/data/venv/lib/python3.12/site-packages/oslo_concurrency/lockutils.py:544}}
Aug 27 22:01:19 devstack cinder-volume[85740]: DEBUG oslo_concurrency.processutils [None req-cff90482-a367-4c7c-a80c-b4968edb815e tempest-SnapshotMetadataTestJSON-1940896787 None] Running cmd (subprocess): sudo cinder-rootwrap /etc/cinder/rootwrap.conf df --portability --block-size 1 /opt/stack/data/cinder/mnt/4d4c33aa7b9257ae135238e87065c98b {{(pid=85740) execute /opt/stack/data/venv/lib/python3.12/site-packages/oslo_concurrency/processutils.py:440}}
Aug 27 22:01:19 devstack sudo[92522]: quobyte : PWD=/ ; USER=root ; COMMAND=/opt/stack/data/venv/bin/cinder-rootwrap /etc/cinder/rootwrap.conf df --portability --block-size 1 /opt/stack/data/cinder/mnt/4d4c33aa7b9257ae135238e87065c98b
Aug 27 22:01:19 devstack sudo[92522]: pam_unix(sudo:session): session opened for user root(uid=0) by (uid=1000)
Aug 27 22:01:19 devstack sudo[92522]: pam_unix(sudo:session): session closed for user root
Aug 27 22:01:19 devstack cinder-volume[85740]: DEBUG oslo_concurrency.processutils [None req-cff90482-a367-4c7c-a80c-b4968edb815e tempest-SnapshotMetadataTestJSON-1940896787 None] CMD "sudo cinder-rootwrap /etc/cinder/rootwrap.conf df --portability --block-size 1 /opt/stack/data/cinder/mnt/4d4c33aa7b9257ae135238e87065c98b" returned: 0 in 0.271s {{(pid=85740) execute /opt/stack/data/venv/lib/python3.12/site-packages/oslo_concurrency/processutils.py:468}}
Aug 27 22:01:19 devstack cinder-volume[85740]: DEBUG cinder.manager [None req-cff90482-a367-4c7c-a80c-b4968edb815e tempest-SnapshotMetadataTestJSON-1940896787 None] Notifying Schedulers of capabilities ... {{(pid=85740) _publish_service_capabilities /opt/stack/cinder/cinder/manager.py:219}}
Aug 27 22:01:19 devstack cinder-volume[85740]: INFO cinder.volume.manager [None req-cff90482-a367-4c7c-a80c-b4968edb815e tempest-SnapshotMetadataTestJSON-1940896787 None] Deleted volume successfully.
Aug 27 22:01:19 devstack cinder-volume[85740]: DEBUG cinder.coordination [None req-cff90482-a367-4c7c-a80c-b4968edb815e tempest-SnapshotMetadataTestJSON-1940896787 None] Lock "cinder-96f3fa54-2e58-4f7f-823e-69c91ee3329b-delete_volume" released by "delete_volume" :: held 1.252s {{(pid=85740) __release /opt/stack/cinder/cinder/coordination.py:152}}
Aug 27 22:01:19 devstack sudo[92520]: pam_unix(sudo:session): session closed for user root
Aug 27 22:01:19 devstack cinder-volume[85740]: DEBUG oslo_concurrency.processutils [None req-ce117e6b-47a9-42d0-8072-b98fc5d1c374 tempest-SnapshotsActionsTest-558454831 None] CMD "sudo cinder-rootwrap /etc/cinder/rootwrap.conf qemu-img create -f qcow2 -o backing_file=/opt/stack/data/cinder/mnt/4d4c33aa7b9257ae135238e87065c98b/volume-e9bc5a19-e627-4f26-b440-66583fcbfa43.3c359098-91d1-4490-8a22-097d034cd82e,backing_fmt=qcow2 /opt/stack/data/cinder/mnt/4d4c33aa7b9257ae135238e87065c98b/volume-e9bc5a19-e627-4f26-b440-66583fcbfa43.9306b29d-bedc-484f-97d5-0a329a978bcc 1G" returned: 0 in 0.518s {{(pid=85740) execute /opt/stack/data/venv/lib/python3.12/site-packages/oslo_concurrency/processutils.py:468}}
Aug 27 22:01:19 devstack cinder-volume[85740]: DEBUG oslo_concurrency.processutils [None req-ce117e6b-47a9-42d0-8072-b98fc5d1c374 tempest-SnapshotsActionsTest-558454831 None] Running cmd (subprocess): sudo cinder-rootwrap /etc/cinder/rootwrap.conf qemu-img rebase -u -b volume-e9bc5a19-e627-4f26-b440-66583fcbfa43.3c359098-91d1-4490-8a22-097d034cd82e -F qcow2 /opt/stack/data/cinder/mnt/4d4c33aa7b9257ae135238e87065c98b/volume-e9bc5a19-e627-4f26-b440-66583fcbfa43.9306b29d-bedc-484f-97d5-0a329a978bcc {{(pid=85740) execute /opt/stack/data/venv/lib/python3.12/site-packages/oslo_concurrency/processutils.py:440}}
Aug 27 22:01:19 devstack sudo[92529]: quobyte : PWD=/ ; USER=root ; COMMAND=/opt/stack/data/venv/bin/cinder-rootwrap /etc/cinder/rootwrap.conf qemu-img rebase -u -b volume-e9bc5a19-e627-4f26-b440-66583fcbfa43.3c359098-91d1-4490-8a22-097d034cd82e -F qcow2 /opt/stack/data/cinder/mnt/4d4c33aa7b9257ae135238e87065c98b/volume-e9bc5a19-e627-4f26-b440-66583fcbfa43.9306b29d-bedc-484f-97d5-0a329a978bcc
Aug 27 22:01:19 devstack sudo[92529]: pam_unix(sudo:session): session opened for user root(uid=0) by (uid=1000)
Aug 27 22:01:20 devstack sudo[92529]: pam_unix(sudo:session): session closed for user root
Aug 27 22:01:20 devstack cinder-volume[85740]: DEBUG oslo_concurrency.processutils [None req-ce117e6b-47a9-42d0-8072-b98fc5d1c374 tempest-SnapshotsActionsTest-558454831 None] CMD "sudo cinder-rootwrap /etc/cinder/rootwrap.conf qemu-img rebase -u -b volume-e9bc5a19-e627-4f26-b440-66583fcbfa43.3c359098-91d1-4490-8a22-097d034cd82e -F qcow2 /opt/stack/data/cinder/mnt/4d4c33aa7b9257ae135238e87065c98b/volume-e9bc5a19-e627-4f26-b440-66583fcbfa43.9306b29d-bedc-484f-97d5-0a329a978bcc" returned: 0 in 0.314s {{(pid=85740) execute /opt/stack/data/venv/lib/python3.12/site-packages/oslo_concurrency/processutils.py:468}}
Aug 27 22:01:20 devstack cinder-volume[85740]: WARNING cinder.volume.drivers.remotefs [None req-ce117e6b-47a9-42d0-8072-b98fc5d1c374 tempest-SnapshotsActionsTest-558454831 None] /opt/stack/data/cinder/mnt/4d4c33aa7b9257ae135238e87065c98b/volume-e9bc5a19-e627-4f26-b440-66583fcbfa43.9306b29d-bedc-484f-97d5-0a329a978bcc is being set with open permissions: ugo+rw
Aug 27 22:01:20 devstack cinder-volume[85740]: DEBUG oslo_concurrency.processutils [None req-ce117e6b-47a9-42d0-8072-b98fc5d1c374 tempest-SnapshotsActionsTest-558454831 None] Running cmd (subprocess): sudo cinder-rootwrap /etc/cinder/rootwrap.conf chmod ugo+rw /opt/stack/data/cinder/mnt/4d4c33aa7b9257ae135238e87065c98b/volume-e9bc5a19-e627-4f26-b440-66583fcbfa43.9306b29d-bedc-484f-97d5-0a329a978bcc {{(pid=85740) execute /opt/stack/data/venv/lib/python3.12/site-packages/oslo_concurrency/processutils.py:440}}
Aug 27 22:01:20 devstack sudo[92535]: quobyte : PWD=/ ; USER=root ; COMMAND=/opt/stack/data/venv/bin/cinder-rootwrap /etc/cinder/rootwrap.conf chmod ugo+rw /opt/stack/data/cinder/mnt/4d4c33aa7b9257ae135238e87065c98b/volume-e9bc5a19-e627-4f26-b440-66583fcbfa43.9306b29d-bedc-484f-97d5-0a329a978bcc
Aug 27 22:01:20 devstack sudo[92535]: pam_unix(sudo:session): session opened for user root(uid=0) by (uid=1000)
Aug 27 22:01:20 devstack sudo[92535]: pam_unix(sudo:session): session closed for user root
Aug 27 22:01:20 devstack cinder-volume[85740]: DEBUG oslo_concurrency.processutils [None req-ce117e6b-47a9-42d0-8072-b98fc5d1c374 tempest-SnapshotsActionsTest-558454831 None] CMD "sudo cinder-rootwrap /etc/cinder/rootwrap.conf chmod ugo+rw /opt/stack/data/cinder/mnt/4d4c33aa7b9257ae135238e87065c98b/volume-e9bc5a19-e627-4f26-b440-66583fcbfa43.9306b29d-bedc-484f-97d5-0a329a978bcc" returned: 0 in 0.273s {{(pid=85740) execute /opt/stack/data/venv/lib/python3.12/site-packages/oslo_concurrency/processutils.py:468}}
Aug 27 22:01:20 devstack cinder-volume[85740]: DEBUG oslo_concurrency.lockutils [None req-ce117e6b-47a9-42d0-8072-b98fc5d1c374 tempest-SnapshotsActionsTest-558454831 None] Lock "quobyte" "released" by "cinder.volume.drivers.quobyte.QuobyteDriver.create_snapshot" :: held 1.583s {{(pid=85740) inner /opt/stack/data/venv/lib/python3.12/site-packages/oslo_concurrency/lockutils.py:544}}
Aug 27 22:01:20 devstack cinder-volume[85740]: INFO cinder.volume.manager [None req-ce117e6b-47a9-42d0-8072-b98fc5d1c374 tempest-SnapshotsActionsTest-558454831 None] Create snapshot completed successfully
Aug 27 22:01:20 devstack cinder-volume[85740]: INFO cinder.volume.manager [None req-5e61fe0f-2a97-4f4f-b593-c1d977ba239e tempest-GroupSnapshotsTest-1691268170 None] Group tempest-GroupSnapshotsTest-Group-561814015: creating
Aug 27 22:01:20 devstack cinder-volume[85740]: INFO cinder.volume.manager [None req-5e61fe0f-2a97-4f4f-b593-c1d977ba239e tempest-GroupSnapshotsTest-1691268170 None] Group tempest-GroupSnapshotsTest-Group-561814015: created successfully
Aug 27 22:01:20 devstack cinder-volume[85740]: INFO cinder.volume.manager [None req-5e61fe0f-2a97-4f4f-b593-c1d977ba239e tempest-GroupSnapshotsTest-1691268170 None] Create group completed successfully.
Aug 27 22:01:21 devstack cinder-volume[85740]: DEBUG cinder.coordination [None req-638c4c85-810b-4ce0-bf69-1c0689f591f1 tempest-SnapshotsActionsTest-1021351717 None] Acquiring lock "cinder-9306b29d-bedc-484f-97d5-0a329a978bcc-delete_snapshot" by "delete_snapshot" {{(pid=85740) __acquire /opt/stack/cinder/cinder/coordination.py:138}}
Aug 27 22:01:21 devstack cinder-volume[85740]: DEBUG cinder.coordination [None req-638c4c85-810b-4ce0-bf69-1c0689f591f1 tempest-SnapshotsActionsTest-1021351717 None] Lock "cinder-9306b29d-bedc-484f-97d5-0a329a978bcc-delete_snapshot" acquired by "delete_snapshot" :: waited 0.020s {{(pid=85740) __acquire /opt/stack/cinder/cinder/coordination.py:141}}
Aug 27 22:01:21 devstack cinder-volume[85740]: DEBUG cinder.coordination [None req-638c4c85-810b-4ce0-bf69-1c0689f591f1 tempest-SnapshotsActionsTest-1021351717 None] Acquiring lock "cinder-quobyte-e9bc5a19-e627-4f26-b440-66583fcbfa43" by "delete_snapshot" {{(pid=85740) __acquire /opt/stack/cinder/cinder/coordination.py:138}}
Aug 27 22:01:21 devstack cinder-volume[85740]: DEBUG cinder.coordination [None req-638c4c85-810b-4ce0-bf69-1c0689f591f1 tempest-SnapshotsActionsTest-1021351717 None] Lock "cinder-quobyte-e9bc5a19-e627-4f26-b440-66583fcbfa43" acquired by "delete_snapshot" :: waited 0.019s {{(pid=85740) __acquire /opt/stack/cinder/cinder/coordination.py:141}}
Aug 27 22:01:21 devstack cinder-volume[85740]: DEBUG cinder.coordination [None req-638c4c85-810b-4ce0-bf69-1c0689f591f1 tempest-SnapshotsActionsTest-1021351717 None] Acquiring lock "cinder-quobyte-9306b29d-bedc-484f-97d5-0a329a978bcc" by "_delete_snapshot" {{(pid=85740) __acquire /opt/stack/cinder/cinder/coordination.py:138}}
Aug 27 22:01:21 devstack cinder-volume[85740]: DEBUG cinder.coordination [None req-638c4c85-810b-4ce0-bf69-1c0689f591f1 tempest-SnapshotsActionsTest-1021351717 None] Lock "cinder-quobyte-9306b29d-bedc-484f-97d5-0a329a978bcc" acquired by "_delete_snapshot" :: waited 0.018s {{(pid=85740) __acquire /opt/stack/cinder/cinder/coordination.py:141}}
Aug 27 22:01:21 devstack cinder-volume[85740]: DEBUG cinder.volume.drivers.remotefs [None req-638c4c85-810b-4ce0-bf69-1c0689f591f1 tempest-SnapshotsActionsTest-1021351717 None] Deleting offline snapshot 9306b29d-bedc-484f-97d5-0a329a978bcc of volume e9bc5a19-e627-4f26-b440-66583fcbfa43 {{(pid=85740) _delete_snapshot /opt/stack/cinder/cinder/volume/drivers/remotefs.py:1288}}
Aug 27 22:01:21 devstack cinder-volume[85740]: DEBUG cinder.volume.drivers.remotefs [None req-638c4c85-810b-4ce0-bf69-1c0689f591f1 tempest-SnapshotsActionsTest-1021351717 None] snapshot_file for this snap is: volume-e9bc5a19-e627-4f26-b440-66583fcbfa43.9306b29d-bedc-484f-97d5-0a329a978bcc {{(pid=85740) _delete_snapshot /opt/stack/cinder/cinder/volume/drivers/remotefs.py:1317}}
Aug 27 22:01:21 devstack cinder-volume[85740]: DEBUG oslo.privsep.daemon [-] privsep: reply[e03c4d54-77e3-47c2-9fe2-f2eb99d4c369]: (4, 'qcow2') {{(pid=87322) _call_back /opt/stack/data/venv/lib/python3.12/site-packages/oslo_privsep/daemon.py:580}}
Aug 27 22:01:21 devstack cinder-volume[85740]: DEBUG oslo_concurrency.processutils [None req-638c4c85-810b-4ce0-bf69-1c0689f591f1 tempest-SnapshotsActionsTest-1021351717 None] Running cmd (subprocess): /opt/stack/data/venv/bin/python3.12 -m oslo_concurrency.prlimit --as=1073741824 --cpu=60 -- sudo cinder-rootwrap /etc/cinder/rootwrap.conf env LC_ALL=C qemu-img info -f qcow2 --output=json --force-share /opt/stack/data/cinder/mnt/4d4c33aa7b9257ae135238e87065c98b/volume-e9bc5a19-e627-4f26-b440-66583fcbfa43.9306b29d-bedc-484f-97d5-0a329a978bcc {{(pid=85740) execute /opt/stack/data/venv/lib/python3.12/site-packages/oslo_concurrency/processutils.py:440}}
Aug 27 22:01:21 devstack sudo[92541]: quobyte : PWD=/ ; USER=root ; COMMAND=/opt/stack/data/venv/bin/cinder-rootwrap /etc/cinder/rootwrap.conf env LC_ALL=C qemu-img info -f qcow2 --output=json --force-share /opt/stack/data/cinder/mnt/4d4c33aa7b9257ae135238e87065c98b/volume-e9bc5a19-e627-4f26-b440-66583fcbfa43.9306b29d-bedc-484f-97d5-0a329a978bcc
Aug 27 22:01:21 devstack sudo[92541]: pam_unix(sudo:session): session opened for user root(uid=0) by (uid=1000)
Aug 27 22:01:21 devstack sudo[92541]: pam_unix(sudo:session): session closed for user root
Aug 27 22:01:21 devstack cinder-volume[85740]: DEBUG oslo_concurrency.processutils [None req-638c4c85-810b-4ce0-bf69-1c0689f591f1 tempest-SnapshotsActionsTest-1021351717 None] CMD "/opt/stack/data/venv/bin/python3.12 -m oslo_concurrency.prlimit --as=1073741824 --cpu=60 -- sudo cinder-rootwrap /etc/cinder/rootwrap.conf env LC_ALL=C qemu-img info -f qcow2 --output=json --force-share /opt/stack/data/cinder/mnt/4d4c33aa7b9257ae135238e87065c98b/volume-e9bc5a19-e627-4f26-b440-66583fcbfa43.9306b29d-bedc-484f-97d5-0a329a978bcc" returned: 0 in 0.428s {{(pid=85740) execute /opt/stack/data/venv/lib/python3.12/site-packages/oslo_concurrency/processutils.py:468}}
Aug 27 22:01:21 devstack cinder-volume[85740]: DEBUG cinder.volume.drivers.remotefs [None req-638c4c85-810b-4ce0-bf69-1c0689f591f1 tempest-SnapshotsActionsTest-1021351717 None] Fetching qemu-img info with special backing_file_template: (/opt/stack/data/cinder/mnt/[0-9a-f]+/)?(volume-e9bc5a19-e627-4f26-b440-66583fcbfa43(.(tmp-snap-)?[0-9a-f-]+)?|volume_from_snapshot_cache/(tmp-snap-)?[0-9a-f-]+(.(child-|parent-)[0-9a-f-]+)?)$ {{(pid=85740) _qemu_img_info_base /opt/stack/cinder/cinder/volume/drivers/remotefs.py:896}}
Aug 27 22:01:21 devstack cinder-volume[85740]: DEBUG oslo.privsep.daemon [-] privsep: reply[b4f09ceb-8beb-4b04-a4fa-dc796569aa66]: (4, 'qcow2') {{(pid=87322) _call_back /opt/stack/data/venv/lib/python3.12/site-packages/oslo_privsep/daemon.py:580}}
Aug 27 22:01:21 devstack cinder-volume[85740]: DEBUG oslo_concurrency.processutils [None req-638c4c85-810b-4ce0-bf69-1c0689f591f1 tempest-SnapshotsActionsTest-1021351717 None] Running cmd (subprocess): /opt/stack/data/venv/bin/python3.12 -m oslo_concurrency.prlimit --as=1073741824 --cpu=60 -- sudo cinder-rootwrap /etc/cinder/rootwrap.conf env LC_ALL=C qemu-img info -f qcow2 --output=json --force-share /opt/stack/data/cinder/mnt/4d4c33aa7b9257ae135238e87065c98b/volume-e9bc5a19-e627-4f26-b440-66583fcbfa43.3c359098-91d1-4490-8a22-097d034cd82e {{(pid=85740) execute /opt/stack/data/venv/lib/python3.12/site-packages/oslo_concurrency/processutils.py:440}}
Aug 27 22:01:21 devstack sudo[92549]: quobyte : PWD=/ ; USER=root ; COMMAND=/opt/stack/data/venv/bin/cinder-rootwrap /etc/cinder/rootwrap.conf env LC_ALL=C qemu-img info -f qcow2 --output=json --force-share /opt/stack/data/cinder/mnt/4d4c33aa7b9257ae135238e87065c98b/volume-e9bc5a19-e627-4f26-b440-66583fcbfa43.3c359098-91d1-4490-8a22-097d034cd82e
Aug 27 22:01:21 devstack sudo[92549]: pam_unix(sudo:session): session opened for user root(uid=0) by (uid=1000)
Aug 27 22:01:22 devstack sudo[92549]: pam_unix(sudo:session): session closed for user root
Aug 27 22:01:22 devstack cinder-volume[85740]: DEBUG oslo_concurrency.processutils [None req-638c4c85-810b-4ce0-bf69-1c0689f591f1 tempest-SnapshotsActionsTest-1021351717 None] CMD "/opt/stack/data/venv/bin/python3.12 -m oslo_concurrency.prlimit --as=1073741824 --cpu=60 -- sudo cinder-rootwrap /etc/cinder/rootwrap.conf env LC_ALL=C qemu-img info -f qcow2 --output=json --force-share /opt/stack/data/cinder/mnt/4d4c33aa7b9257ae135238e87065c98b/volume-e9bc5a19-e627-4f26-b440-66583fcbfa43.3c359098-91d1-4490-8a22-097d034cd82e" returned: 0 in 0.555s {{(pid=85740) execute /opt/stack/data/venv/lib/python3.12/site-packages/oslo_concurrency/processutils.py:468}}
Aug 27 22:01:22 devstack cinder-volume[85740]: DEBUG cinder.volume.drivers.remotefs [None req-638c4c85-810b-4ce0-bf69-1c0689f591f1 tempest-SnapshotsActionsTest-1021351717 None] Fetching qemu-img info with special backing_file_template: (/opt/stack/data/cinder/mnt/[0-9a-f]+/)?(volume-e9bc5a19-e627-4f26-b440-66583fcbfa43(.(tmp-snap-)?[0-9a-f-]+)?|volume_from_snapshot_cache/(tmp-snap-)?[0-9a-f-]+(.(child-|parent-)[0-9a-f-]+)?)$ {{(pid=85740) _qemu_img_info_base /opt/stack/cinder/cinder/volume/drivers/remotefs.py:896}}
Aug 27 22:01:22 devstack cinder-volume[85740]: DEBUG oslo_concurrency.processutils [None req-638c4c85-810b-4ce0-bf69-1c0689f591f1 tempest-SnapshotsActionsTest-1021351717 None] Running cmd (subprocess): sudo cinder-rootwrap /etc/cinder/rootwrap.conf qemu-img commit -d /opt/stack/data/cinder/mnt/4d4c33aa7b9257ae135238e87065c98b/volume-e9bc5a19-e627-4f26-b440-66583fcbfa43.9306b29d-bedc-484f-97d5-0a329a978bcc {{(pid=85740) execute /opt/stack/data/venv/lib/python3.12/site-packages/oslo_concurrency/processutils.py:440}}
Aug 27 22:01:22 devstack sudo[92571]: quobyte : PWD=/ ; USER=root ; COMMAND=/opt/stack/data/venv/bin/cinder-rootwrap /etc/cinder/rootwrap.conf qemu-img commit -d /opt/stack/data/cinder/mnt/4d4c33aa7b9257ae135238e87065c98b/volume-e9bc5a19-e627-4f26-b440-66583fcbfa43.9306b29d-bedc-484f-97d5-0a329a978bcc
Aug 27 22:01:22 devstack sudo[92571]: pam_unix(sudo:session): session opened for user root(uid=0) by (uid=1000)
Aug 27 22:01:22 devstack sudo[92571]: pam_unix(sudo:session): session closed for user root
Aug 27 22:01:22 devstack cinder-volume[85740]: DEBUG oslo_concurrency.processutils [None req-638c4c85-810b-4ce0-bf69-1c0689f591f1 tempest-SnapshotsActionsTest-1021351717 None] CMD "sudo cinder-rootwrap /etc/cinder/rootwrap.conf qemu-img commit -d /opt/stack/data/cinder/mnt/4d4c33aa7b9257ae135238e87065c98b/volume-e9bc5a19-e627-4f26-b440-66583fcbfa43.9306b29d-bedc-484f-97d5-0a329a978bcc" returned: 0 in 0.643s {{(pid=85740) execute /opt/stack/data/venv/lib/python3.12/site-packages/oslo_concurrency/processutils.py:468}}
Aug 27 22:01:22 devstack cinder-volume[85740]: DEBUG oslo_concurrency.processutils [None req-638c4c85-810b-4ce0-bf69-1c0689f591f1 tempest-SnapshotsActionsTest-1021351717 None] Running cmd (subprocess): sudo cinder-rootwrap /etc/cinder/rootwrap.conf rm -f /opt/stack/data/cinder/mnt/4d4c33aa7b9257ae135238e87065c98b/volume-e9bc5a19-e627-4f26-b440-66583fcbfa43.9306b29d-bedc-484f-97d5-0a329a978bcc {{(pid=85740) execute /opt/stack/data/venv/lib/python3.12/site-packages/oslo_concurrency/processutils.py:440}}
Aug 27 22:01:22 devstack cinder-volume[85740]: DEBUG cinder.volume.flows.manager.create_volume [None req-8248754a-3dc2-4793-927d-0c11b0fdf46f tempest-GroupSnapshotsTest-1691268170 None] Volume reschedule parameters: True retry: {'num_attempts': 1, 'backends': ['devstack@QuobyteHD#QuobyteHD'], 'hosts': ['devstack@QuobyteHD#QuobyteHD']} {{(pid=85740) get_flow /opt/stack/cinder/cinder/volume/flows/manager/create_volume.py:1397}}
Aug 27 22:01:22 devstack sudo[92582]: quobyte : PWD=/ ; USER=root ; COMMAND=/opt/stack/data/venv/bin/cinder-rootwrap /etc/cinder/rootwrap.conf rm -f /opt/stack/data/cinder/mnt/4d4c33aa7b9257ae135238e87065c98b/volume-e9bc5a19-e627-4f26-b440-66583fcbfa43.9306b29d-bedc-484f-97d5-0a329a978bcc
Aug 27 22:01:22 devstack sudo[92582]: pam_unix(sudo:session): session opened for user root(uid=0) by (uid=1000)
Aug 27 22:01:22 devstack cinder-volume[85740]: DEBUG cinder.volume.manager [None req-8248754a-3dc2-4793-927d-0c11b0fdf46f tempest-GroupSnapshotsTest-1691268170 None] Flow 'volume_create_manager' (b9e8dca1-953c-4387-bdc0-7589610e74f8) transitioned into state 'RUNNING' from state 'PENDING' {{(pid=85740) _flow_receiver /opt/stack/data/venv/lib/python3.12/site-packages/taskflow/listeners/logging.py:160}}
Aug 27 22:01:22 devstack cinder-volume[85740]: DEBUG cinder.volume.manager [None req-8248754a-3dc2-4793-927d-0c11b0fdf46f tempest-GroupSnapshotsTest-1691268170 None] Task 'cinder.volume.flows.manager.create_volume.ExtractVolumeRefTask;volume:create' (7e43a976-1888-45a1-a482-9a2776449dee) transitioned into state 'RUNNING' from state 'PENDING' {{(pid=85740) _task_receiver /opt/stack/data/venv/lib/python3.12/site-packages/taskflow/listeners/logging.py:242}}
Aug 27 22:01:22 devstack cinder-volume[85740]: DEBUG cinder.volume.manager [None req-8248754a-3dc2-4793-927d-0c11b0fdf46f tempest-GroupSnapshotsTest-1691268170 None] Task 'cinder.volume.flows.manager.create_volume.ExtractVolumeRefTask;volume:create' (7e43a976-1888-45a1-a482-9a2776449dee) transitioned into state 'SUCCESS' from state 'RUNNING' with result 'Volume(_name_id=None,admin_metadata=,attach_status='detached',availability_zone='nova',bootable=False,cluster=,cluster_name=None,consistencygroup=,consistencygroup_id=None,created_at=2026-08-27T20:01:22Z,deleted=False,deleted_at=None,display_description=None,display_name='tempest-volume-936104927',ec2_id=None,encryption_key_id=None,glance_metadata=,group=,group_id=c1abe506-3b84-4543-bf49-96aeb9fab46c,host='devstack@QuobyteHD#QuobyteHD',id=8fa67ff6-647b-4bd9-8393-b8abd30f2677,launched_at=None,metadata={},migration_status=None,multiattach=False,previous_status=None,project_id='73716e7c7093446abc1a034d5ea572e0',provider_auth=None,provider_geometry=None,provider_id=None,provider_location=None,replication_driver_data=None,replication_extended_status=None,replication_status=None,scheduled_at=2026-08-27T20:01:23Z,service_uuid=None,shared_targets=True,size=1,snapshot_id=None,snapshots=,source_volid=None,status='creating',terminated_at=None,updated_at=2026-08-27T20:01:23Z,use_quota=True,user_id='26daaea4dc2542ee9de9eea78a808718',volume_attachment=VolumeAttachmentList,volume_type=VolumeType(43191cf0-107c-4b5a-873c-91a0f0e007fc),volume_type_id=43191cf0-107c-4b5a-873c-91a0f0e007fc)' {{(pid=85740) _task_receiver /opt/stack/data/venv/lib/python3.12/site-packages/taskflow/listeners/logging.py:218}}
Aug 27 22:01:22 devstack cinder-volume[85740]: DEBUG cinder.volume.manager [None req-8248754a-3dc2-4793-927d-0c11b0fdf46f tempest-GroupSnapshotsTest-1691268170 None] Task 'cinder.volume.flows.manager.create_volume.OnFailureRescheduleTask;volume:create' (66f72c5a-d62d-43f1-abc8-43770d609335) transitioned into state 'RUNNING' from state 'PENDING' {{(pid=85740) _task_receiver /opt/stack/data/venv/lib/python3.12/site-packages/taskflow/listeners/logging.py:242}}
Aug 27 22:01:22 devstack cinder-volume[85740]: DEBUG cinder.volume.manager [None req-8248754a-3dc2-4793-927d-0c11b0fdf46f tempest-GroupSnapshotsTest-1691268170 None] Task 'cinder.volume.flows.manager.create_volume.OnFailureRescheduleTask;volume:create' (66f72c5a-d62d-43f1-abc8-43770d609335) transitioned into state 'SUCCESS' from state 'RUNNING' with result 'None' {{(pid=85740) _task_receiver /opt/stack/data/venv/lib/python3.12/site-packages/taskflow/listeners/logging.py:218}}
Aug 27 22:01:22 devstack cinder-volume[85740]: DEBUG cinder.volume.manager [None req-8248754a-3dc2-4793-927d-0c11b0fdf46f tempest-GroupSnapshotsTest-1691268170 None] Task 'cinder.volume.flows.manager.create_volume.ExtractVolumeSpecTask;volume:create' (4e30ea41-b9e2-48d3-a7aa-345e8dd2d45c) transitioned into state 'RUNNING' from state 'PENDING' {{(pid=85740) _task_receiver /opt/stack/data/venv/lib/python3.12/site-packages/taskflow/listeners/logging.py:242}}
Aug 27 22:01:22 devstack cinder-volume[85740]: DEBUG cinder.volume.manager [None req-8248754a-3dc2-4793-927d-0c11b0fdf46f tempest-GroupSnapshotsTest-1691268170 None] Task 'cinder.volume.flows.manager.create_volume.ExtractVolumeSpecTask;volume:create' (4e30ea41-b9e2-48d3-a7aa-345e8dd2d45c) transitioned into state 'SUCCESS' from state 'RUNNING' with result '{'status': 'creating', 'type': 'raw', 'volume_id': '8fa67ff6-647b-4bd9-8393-b8abd30f2677', 'volume_name': 'volume-8fa67ff6-647b-4bd9-8393-b8abd30f2677', 'volume_size': 1}' {{(pid=85740) _task_receiver /opt/stack/data/venv/lib/python3.12/site-packages/taskflow/listeners/logging.py:218}}
Aug 27 22:01:22 devstack cinder-volume[85740]: DEBUG cinder.volume.manager [None req-8248754a-3dc2-4793-927d-0c11b0fdf46f tempest-GroupSnapshotsTest-1691268170 None] Task 'cinder.volume.flows.manager.create_volume.NotifyVolumeActionTask;volume:create, create.start' (e764f73a-5079-4abf-8561-126f3fe2c00b) transitioned into state 'RUNNING' from state 'PENDING' {{(pid=85740) _task_receiver /opt/stack/data/venv/lib/python3.12/site-packages/taskflow/listeners/logging.py:242}}
Aug 27 22:01:22 devstack cinder-volume[85740]: DEBUG cinder.volume.manager [None req-8248754a-3dc2-4793-927d-0c11b0fdf46f tempest-GroupSnapshotsTest-1691268170 None] Task 'cinder.volume.flows.manager.create_volume.NotifyVolumeActionTask;volume:create, create.start' (e764f73a-5079-4abf-8561-126f3fe2c00b) transitioned into state 'SUCCESS' from state 'RUNNING' with result 'None' {{(pid=85740) _task_receiver /opt/stack/data/venv/lib/python3.12/site-packages/taskflow/listeners/logging.py:218}}
Aug 27 22:01:22 devstack cinder-volume[85740]: DEBUG cinder.volume.manager [None req-8248754a-3dc2-4793-927d-0c11b0fdf46f tempest-GroupSnapshotsTest-1691268170 None] Task 'cinder.volume.flows.manager.create_volume.CreateVolumeFromSpecTask;volume:create' (f79cf89f-132e-4262-8971-e6adc019895a) transitioned into state 'RUNNING' from state 'PENDING' {{(pid=85740) _task_receiver /opt/stack/data/venv/lib/python3.12/site-packages/taskflow/listeners/logging.py:242}}
Aug 27 22:01:22 devstack cinder-volume[85740]: INFO cinder.volume.flows.manager.create_volume [None req-8248754a-3dc2-4793-927d-0c11b0fdf46f tempest-GroupSnapshotsTest-1691268170 None] Volume 8fa67ff6-647b-4bd9-8393-b8abd30f2677: being created as raw with specification: {'status': 'creating', 'volume_name': 'volume-8fa67ff6-647b-4bd9-8393-b8abd30f2677', 'volume_size': 1}
Aug 27 22:01:22 devstack cinder-volume[85740]: DEBUG oslo_concurrency.lockutils [None req-8248754a-3dc2-4793-927d-0c11b0fdf46f tempest-GroupSnapshotsTest-1691268170 None] Acquiring lock "quobyte" by "cinder.volume.drivers.quobyte.QuobyteDriver.create_volume" {{(pid=85740) inner /opt/stack/data/venv/lib/python3.12/site-packages/oslo_concurrency/lockutils.py:512}}
Aug 27 22:01:22 devstack cinder-volume[85740]: DEBUG oslo_concurrency.lockutils [None req-8248754a-3dc2-4793-927d-0c11b0fdf46f tempest-GroupSnapshotsTest-1691268170 None] Lock "quobyte" acquired by "cinder.volume.drivers.quobyte.QuobyteDriver.create_volume" :: waited 0.005s {{(pid=85740) inner /opt/stack/data/venv/lib/python3.12/site-packages/oslo_concurrency/lockutils.py:525}}
