Nov 03 19:05:01 devstack sudo[88499]: pam_unix(sudo:session): session opened for user root(uid=0) by (uid=1000)
Nov 03 19:05:02 devstack sudo[88499]: pam_unix(sudo:session): session closed for user root
Nov 03 19:05:02 devstack cinder-volume[80730]: DEBUG oslo_concurrency.processutils [None req-6ad89c25-568a-4805-8080-f8318359effd tempest-GroupSnapshotsTest-1997568989 None] CMD "sudo cinder-rootwrap /etc/cinder/rootwrap.conf qemu-img rebase -u -b volume-6ea8bc8b-6c18-4a76-8d7b-218e60906a38 -F qcow2 /opt/stack/data/cinder/mnt/1bed032d433031bda5adcb03927bf03f/volume-6ea8bc8b-6c18-4a76-8d7b-218e60906a38.19720a6f-97e1-428d-9bef-d7274b764b4b" returned: 0 in 0.924s {{(pid=80730) execute /opt/stack/data/venv/lib/python3.10/site-packages/oslo_concurrency/processutils.py:372}}
Nov 03 19:05:02 devstack cinder-volume[80730]: WARNING cinder.volume.drivers.remotefs [None req-6ad89c25-568a-4805-8080-f8318359effd tempest-GroupSnapshotsTest-1997568989 None] /opt/stack/data/cinder/mnt/1bed032d433031bda5adcb03927bf03f/volume-6ea8bc8b-6c18-4a76-8d7b-218e60906a38.19720a6f-97e1-428d-9bef-d7274b764b4b is being set with open permissions: ugo+rw: NotImplementedError
Nov 03 19:05:02 devstack cinder-volume[80730]: DEBUG oslo_concurrency.processutils [None req-6ad89c25-568a-4805-8080-f8318359effd tempest-GroupSnapshotsTest-1997568989 None] Running cmd (subprocess): sudo cinder-rootwrap /etc/cinder/rootwrap.conf chmod ugo+rw /opt/stack/data/cinder/mnt/1bed032d433031bda5adcb03927bf03f/volume-6ea8bc8b-6c18-4a76-8d7b-218e60906a38.19720a6f-97e1-428d-9bef-d7274b764b4b {{(pid=80730) execute /opt/stack/data/venv/lib/python3.10/site-packages/oslo_concurrency/processutils.py:349}}
Nov 03 19:05:02 devstack sudo[88504]: quobyte : PWD=/ ; USER=root ; COMMAND=/opt/stack/data/venv/bin/cinder-rootwrap /etc/cinder/rootwrap.conf chmod ugo+rw /opt/stack/data/cinder/mnt/1bed032d433031bda5adcb03927bf03f/volume-6ea8bc8b-6c18-4a76-8d7b-218e60906a38.19720a6f-97e1-428d-9bef-d7274b764b4b
Nov 03 19:05:02 devstack sudo[88504]: pam_unix(sudo:session): session opened for user root(uid=0) by (uid=1000)
Nov 03 19:05:03 devstack sudo[88504]: pam_unix(sudo:session): session closed for user root
Nov 03 19:05:03 devstack cinder-volume[80730]: DEBUG oslo_concurrency.processutils [None req-6ad89c25-568a-4805-8080-f8318359effd tempest-GroupSnapshotsTest-1997568989 None] CMD "sudo cinder-rootwrap /etc/cinder/rootwrap.conf chmod ugo+rw /opt/stack/data/cinder/mnt/1bed032d433031bda5adcb03927bf03f/volume-6ea8bc8b-6c18-4a76-8d7b-218e60906a38.19720a6f-97e1-428d-9bef-d7274b764b4b" returned: 0 in 0.901s {{(pid=80730) execute /opt/stack/data/venv/lib/python3.10/site-packages/oslo_concurrency/processutils.py:372}}
Nov 03 19:05:03 devstack cinder-volume[80730]: DEBUG oslo_concurrency.processutils [None req-6ad89c25-568a-4805-8080-f8318359effd tempest-GroupSnapshotsTest-1997568989 None] Running cmd (subprocess): sudo cinder-rootwrap /etc/cinder/rootwrap.conf truncate -s0 /opt/stack/data/cinder/mnt/1bed032d433031bda5adcb03927bf03f/volume-6ea8bc8b-6c18-4a76-8d7b-218e60906a38.info {{(pid=80730) execute /opt/stack/data/venv/lib/python3.10/site-packages/oslo_concurrency/processutils.py:349}}
Nov 03 19:05:03 devstack sudo[88509]: quobyte : PWD=/ ; USER=root ; COMMAND=/opt/stack/data/venv/bin/cinder-rootwrap /etc/cinder/rootwrap.conf truncate -s0 /opt/stack/data/cinder/mnt/1bed032d433031bda5adcb03927bf03f/volume-6ea8bc8b-6c18-4a76-8d7b-218e60906a38.info
Nov 03 19:05:03 devstack sudo[88509]: pam_unix(sudo:session): session opened for user root(uid=0) by (uid=1000)
Nov 03 19:05:04 devstack sudo[88509]: pam_unix(sudo:session): session closed for user root
Nov 03 19:05:04 devstack cinder-volume[80730]: DEBUG oslo_concurrency.processutils [None req-6ad89c25-568a-4805-8080-f8318359effd tempest-GroupSnapshotsTest-1997568989 None] CMD "sudo cinder-rootwrap /etc/cinder/rootwrap.conf truncate -s0 /opt/stack/data/cinder/mnt/1bed032d433031bda5adcb03927bf03f/volume-6ea8bc8b-6c18-4a76-8d7b-218e60906a38.info" returned: 0 in 0.658s {{(pid=80730) execute /opt/stack/data/venv/lib/python3.10/site-packages/oslo_concurrency/processutils.py:372}}
Nov 03 19:05:04 devstack cinder-volume[80730]: WARNING cinder.volume.drivers.remotefs [None req-6ad89c25-568a-4805-8080-f8318359effd tempest-GroupSnapshotsTest-1997568989 None] /opt/stack/data/cinder/mnt/1bed032d433031bda5adcb03927bf03f/volume-6ea8bc8b-6c18-4a76-8d7b-218e60906a38.info is being set with open permissions: ugo+rw: NotImplementedError
Nov 03 19:05:04 devstack cinder-volume[80730]: DEBUG oslo_concurrency.processutils [None req-6ad89c25-568a-4805-8080-f8318359effd tempest-GroupSnapshotsTest-1997568989 None] Running cmd (subprocess): sudo cinder-rootwrap /etc/cinder/rootwrap.conf chmod ugo+rw /opt/stack/data/cinder/mnt/1bed032d433031bda5adcb03927bf03f/volume-6ea8bc8b-6c18-4a76-8d7b-218e60906a38.info {{(pid=80730) execute /opt/stack/data/venv/lib/python3.10/site-packages/oslo_concurrency/processutils.py:349}}
Nov 03 19:05:04 devstack sudo[88512]: quobyte : PWD=/ ; USER=root ; COMMAND=/opt/stack/data/venv/bin/cinder-rootwrap /etc/cinder/rootwrap.conf chmod ugo+rw /opt/stack/data/cinder/mnt/1bed032d433031bda5adcb03927bf03f/volume-6ea8bc8b-6c18-4a76-8d7b-218e60906a38.info
Nov 03 19:05:04 devstack sudo[88512]: pam_unix(sudo:session): session opened for user root(uid=0) by (uid=1000)
Nov 03 19:05:04 devstack sudo[88512]: pam_unix(sudo:session): session closed for user root
Nov 03 19:05:04 devstack cinder-volume[80730]: DEBUG oslo_concurrency.processutils [None req-6ad89c25-568a-4805-8080-f8318359effd tempest-GroupSnapshotsTest-1997568989 None] CMD "sudo cinder-rootwrap /etc/cinder/rootwrap.conf chmod ugo+rw /opt/stack/data/cinder/mnt/1bed032d433031bda5adcb03927bf03f/volume-6ea8bc8b-6c18-4a76-8d7b-218e60906a38.info" returned: 0 in 0.643s {{(pid=80730) execute /opt/stack/data/venv/lib/python3.10/site-packages/oslo_concurrency/processutils.py:372}}
Nov 03 19:05:04 devstack cinder-volume[80730]: DEBUG oslo_concurrency.lockutils [None req-6ad89c25-568a-4805-8080-f8318359effd tempest-GroupSnapshotsTest-1997568989 None] Lock "quobyte" "released" by "cinder.volume.drivers.quobyte.QuobyteDriver.create_snapshot" :: held 6.079s {{(pid=80730) inner /opt/stack/data/venv/lib/python3.10/site-packages/oslo_concurrency/lockutils.py:424}}
Nov 03 19:05:04 devstack cinder-volume[80730]: DEBUG oslo_concurrency.lockutils [None req-6ad89c25-568a-4805-8080-f8318359effd tempest-GroupSnapshotsTest-1997568989 None] Acquiring lock "quobyte" by "cinder.volume.drivers.quobyte.QuobyteDriver.create_snapshot" {{(pid=80730) inner /opt/stack/data/venv/lib/python3.10/site-packages/oslo_concurrency/lockutils.py:405}}
Nov 03 19:05:04 devstack cinder-volume[80730]: DEBUG oslo_concurrency.lockutils [None req-6ad89c25-568a-4805-8080-f8318359effd tempest-GroupSnapshotsTest-1997568989 None] Lock "quobyte" acquired by "cinder.volume.drivers.quobyte.QuobyteDriver.create_snapshot" :: waited 0.001s {{(pid=80730) inner /opt/stack/data/venv/lib/python3.10/site-packages/oslo_concurrency/lockutils.py:410}}
Nov 03 19:05:04 devstack cinder-volume[80730]: DEBUG cinder.volume.drivers.remotefs [None req-6ad89c25-568a-4805-8080-f8318359effd tempest-GroupSnapshotsTest-1997568989 None] Creating offline snapshot 90cb3953-7ce9-476a-aa00-3f0f86e48d7f of volume f46d28c4-731b-4c91-8ead-1e9889d58521 {{(pid=80730) _create_snapshot /opt/stack/cinder/cinder/volume/drivers/remotefs.py:1694}}
Nov 03 19:05:04 devstack cinder-volume[80730]: DEBUG oslo.privsep.daemon [-] privsep: reply[81d8bb9a-3ee2-44e5-afce-f3b576a53cf0]: (4, 'qcow2') {{(pid=81531) _call_back /opt/stack/data/venv/lib/python3.10/site-packages/oslo_privsep/daemon.py:515}}
Nov 03 19:05:04 devstack cinder-volume[80730]: DEBUG oslo_concurrency.processutils [None req-6ad89c25-568a-4805-8080-f8318359effd tempest-GroupSnapshotsTest-1997568989 None] Running cmd (subprocess): /opt/stack/data/venv/bin/python3.10 -m oslo_concurrency.prlimit --as=1073741824 --cpu=60 -- sudo cinder-rootwrap /etc/cinder/rootwrap.conf env LC_ALL=C qemu-img info -f qcow2 --output=json --force-share /opt/stack/data/cinder/mnt/1bed032d433031bda5adcb03927bf03f/volume-f46d28c4-731b-4c91-8ead-1e9889d58521 {{(pid=80730) execute /opt/stack/data/venv/lib/python3.10/site-packages/oslo_concurrency/processutils.py:349}}
Nov 03 19:05:05 devstack sudo[88515]: quobyte : PWD=/ ; USER=root ; COMMAND=/opt/stack/data/venv/bin/cinder-rootwrap /etc/cinder/rootwrap.conf env LC_ALL=C qemu-img info -f qcow2 --output=json --force-share /opt/stack/data/cinder/mnt/1bed032d433031bda5adcb03927bf03f/volume-f46d28c4-731b-4c91-8ead-1e9889d58521
Nov 03 19:05:05 devstack sudo[88515]: pam_unix(sudo:session): session opened for user root(uid=0) by (uid=1000)
Nov 03 19:05:05 devstack sudo[88515]: pam_unix(sudo:session): session closed for user root
Nov 03 19:05:05 devstack cinder-volume[80730]: DEBUG oslo_concurrency.processutils [None req-6ad89c25-568a-4805-8080-f8318359effd tempest-GroupSnapshotsTest-1997568989 None] CMD "/opt/stack/data/venv/bin/python3.10 -m oslo_concurrency.prlimit --as=1073741824 --cpu=60 -- sudo cinder-rootwrap /etc/cinder/rootwrap.conf env LC_ALL=C qemu-img info -f qcow2 --output=json --force-share /opt/stack/data/cinder/mnt/1bed032d433031bda5adcb03927bf03f/volume-f46d28c4-731b-4c91-8ead-1e9889d58521" returned: 0 in 0.600s {{(pid=80730) execute /opt/stack/data/venv/lib/python3.10/site-packages/oslo_concurrency/processutils.py:372}}
Nov 03 19:05:05 devstack cinder-volume[80730]: DEBUG oslo_concurrency.processutils [None req-6ad89c25-568a-4805-8080-f8318359effd tempest-GroupSnapshotsTest-1997568989 None] Running cmd (subprocess): sudo cinder-rootwrap /etc/cinder/rootwrap.conf qemu-img create -f qcow2 -o backing_file=/opt/stack/data/cinder/mnt/1bed032d433031bda5adcb03927bf03f/volume-f46d28c4-731b-4c91-8ead-1e9889d58521,backing_fmt=qcow2 /opt/stack/data/cinder/mnt/1bed032d433031bda5adcb03927bf03f/volume-f46d28c4-731b-4c91-8ead-1e9889d58521.90cb3953-7ce9-476a-aa00-3f0f86e48d7f 1G {{(pid=80730) execute /opt/stack/data/venv/lib/python3.10/site-packages/oslo_concurrency/processutils.py:349}}
Nov 03 19:05:05 devstack sudo[88520]: quobyte : PWD=/ ; USER=root ; COMMAND=/opt/stack/data/venv/bin/cinder-rootwrap /etc/cinder/rootwrap.conf qemu-img create -f qcow2 -o backing_file=/opt/stack/data/cinder/mnt/1bed032d433031bda5adcb03927bf03f/volume-f46d28c4-731b-4c91-8ead-1e9889d58521,backing_fmt=qcow2 /opt/stack/data/cinder/mnt/1bed032d433031bda5adcb03927bf03f/volume-f46d28c4-731b-4c91-8ead-1e9889d58521.90cb3953-7ce9-476a-aa00-3f0f86e48d7f 1G
Nov 03 19:05:05 devstack sudo[88520]: pam_unix(sudo:session): session opened for user root(uid=0) by (uid=1000)
Nov 03 19:05:06 devstack sudo[88520]: pam_unix(sudo:session): session closed for user root
Nov 03 19:05:06 devstack cinder-volume[80730]: DEBUG oslo_concurrency.processutils [None req-6ad89c25-568a-4805-8080-f8318359effd tempest-GroupSnapshotsTest-1997568989 None] CMD "sudo cinder-rootwrap /etc/cinder/rootwrap.conf qemu-img create -f qcow2 -o backing_file=/opt/stack/data/cinder/mnt/1bed032d433031bda5adcb03927bf03f/volume-f46d28c4-731b-4c91-8ead-1e9889d58521,backing_fmt=qcow2 /opt/stack/data/cinder/mnt/1bed032d433031bda5adcb03927bf03f/volume-f46d28c4-731b-4c91-8ead-1e9889d58521.90cb3953-7ce9-476a-aa00-3f0f86e48d7f 1G" returned: 0 in 0.698s {{(pid=80730) execute /opt/stack/data/venv/lib/python3.10/site-packages/oslo_concurrency/processutils.py:372}}
Nov 03 19:05:06 devstack cinder-volume[80730]: DEBUG oslo_concurrency.processutils [None req-6ad89c25-568a-4805-8080-f8318359effd tempest-GroupSnapshotsTest-1997568989 None] Running cmd (subprocess): sudo cinder-rootwrap /etc/cinder/rootwrap.conf qemu-img rebase -u -b volume-f46d28c4-731b-4c91-8ead-1e9889d58521 -F qcow2 /opt/stack/data/cinder/mnt/1bed032d433031bda5adcb03927bf03f/volume-f46d28c4-731b-4c91-8ead-1e9889d58521.90cb3953-7ce9-476a-aa00-3f0f86e48d7f {{(pid=80730) execute /opt/stack/data/venv/lib/python3.10/site-packages/oslo_concurrency/processutils.py:349}}
Nov 03 19:05:06 devstack sudo[88525]: quobyte : PWD=/ ; USER=root ; COMMAND=/opt/stack/data/venv/bin/cinder-rootwrap /etc/cinder/rootwrap.conf qemu-img rebase -u -b volume-f46d28c4-731b-4c91-8ead-1e9889d58521 -F qcow2 /opt/stack/data/cinder/mnt/1bed032d433031bda5adcb03927bf03f/volume-f46d28c4-731b-4c91-8ead-1e9889d58521.90cb3953-7ce9-476a-aa00-3f0f86e48d7f
Nov 03 19:05:06 devstack sudo[88525]: pam_unix(sudo:session): session opened for user root(uid=0) by (uid=1000)
Nov 03 19:05:06 devstack sudo[88525]: pam_unix(sudo:session): session closed for user root
Nov 03 19:05:06 devstack cinder-volume[80730]: DEBUG oslo_concurrency.processutils [None req-6ad89c25-568a-4805-8080-f8318359effd tempest-GroupSnapshotsTest-1997568989 None] CMD "sudo cinder-rootwrap /etc/cinder/rootwrap.conf qemu-img rebase -u -b volume-f46d28c4-731b-4c91-8ead-1e9889d58521 -F qcow2 /opt/stack/data/cinder/mnt/1bed032d433031bda5adcb03927bf03f/volume-f46d28c4-731b-4c91-8ead-1e9889d58521.90cb3953-7ce9-476a-aa00-3f0f86e48d7f" returned: 0 in 0.621s {{(pid=80730) execute /opt/stack/data/venv/lib/python3.10/site-packages/oslo_concurrency/processutils.py:372}}
Nov 03 19:05:06 devstack cinder-volume[80730]: WARNING cinder.volume.drivers.remotefs [None req-6ad89c25-568a-4805-8080-f8318359effd tempest-GroupSnapshotsTest-1997568989 None] /opt/stack/data/cinder/mnt/1bed032d433031bda5adcb03927bf03f/volume-f46d28c4-731b-4c91-8ead-1e9889d58521.90cb3953-7ce9-476a-aa00-3f0f86e48d7f is being set with open permissions: ugo+rw: NotImplementedError
Nov 03 19:05:06 devstack cinder-volume[80730]: DEBUG oslo_concurrency.processutils [None req-6ad89c25-568a-4805-8080-f8318359effd tempest-GroupSnapshotsTest-1997568989 None] Running cmd (subprocess): sudo cinder-rootwrap /etc/cinder/rootwrap.conf chmod ugo+rw /opt/stack/data/cinder/mnt/1bed032d433031bda5adcb03927bf03f/volume-f46d28c4-731b-4c91-8ead-1e9889d58521.90cb3953-7ce9-476a-aa00-3f0f86e48d7f {{(pid=80730) execute /opt/stack/data/venv/lib/python3.10/site-packages/oslo_concurrency/processutils.py:349}}
Nov 03 19:05:06 devstack sudo[88530]: quobyte : PWD=/ ; USER=root ; COMMAND=/opt/stack/data/venv/bin/cinder-rootwrap /etc/cinder/rootwrap.conf chmod ugo+rw /opt/stack/data/cinder/mnt/1bed032d433031bda5adcb03927bf03f/volume-f46d28c4-731b-4c91-8ead-1e9889d58521.90cb3953-7ce9-476a-aa00-3f0f86e48d7f
Nov 03 19:05:06 devstack sudo[88530]: pam_unix(sudo:session): session opened for user root(uid=0) by (uid=1000)
Nov 03 19:05:07 devstack cinder-volume[80730]: DEBUG cinder.coordination [None req-8e63f207-d9ed-4b2b-9543-ba30613ab4b1 tempest-TaggedAttachmentsTest-2018906724 None] Acquiring lock "cinder-c29dda06-3e07-40dc-8cb9-7d482a6fd7ea-delete_volume" by "delete_volume" {{(pid=80730) __acquire /opt/stack/cinder/cinder/coordination.py:143}}
Nov 03 19:05:07 devstack cinder-volume[80730]: DEBUG cinder.coordination [None req-8e63f207-d9ed-4b2b-9543-ba30613ab4b1 tempest-TaggedAttachmentsTest-2018906724 None] Lock "cinder-c29dda06-3e07-40dc-8cb9-7d482a6fd7ea-delete_volume" acquired by "delete_volume" :: waited 0.022s {{(pid=80730) __acquire /opt/stack/cinder/cinder/coordination.py:146}}
Nov 03 19:05:07 devstack cinder-volume[80730]: WARNING cinder.volume.volume_utils [None req-8e63f207-d9ed-4b2b-9543-ba30613ab4b1 tempest-TaggedAttachmentsTest-2018906724 None] Volume driver (QuobyteDriver 1.1.13) is currently unsupported and may be removed in the next release of OpenStack. Use at your own risk.
Nov 03 19:05:07 devstack cinder-volume[80730]: DEBUG cinder.coordination [None req-8e63f207-d9ed-4b2b-9543-ba30613ab4b1 tempest-TaggedAttachmentsTest-2018906724 None] Acquiring lock "cinder-quobyte-c29dda06-3e07-40dc-8cb9-7d482a6fd7ea" by "delete_volume" {{(pid=80730) __acquire /opt/stack/cinder/cinder/coordination.py:143}}
Nov 03 19:05:07 devstack cinder-volume[80730]: DEBUG cinder.coordination [None req-8e63f207-d9ed-4b2b-9543-ba30613ab4b1 tempest-TaggedAttachmentsTest-2018906724 None] Lock "cinder-quobyte-c29dda06-3e07-40dc-8cb9-7d482a6fd7ea" acquired by "delete_volume" :: waited 0.008s {{(pid=80730) __acquire /opt/stack/cinder/cinder/coordination.py:146}}
Nov 03 19:05:07 devstack cinder-volume[80730]: DEBUG oslo.privsep.daemon [-] privsep: reply[a94726f2-106d-4400-85e1-eb2ea54c8684]: (4, 'qcow2') {{(pid=81531) _call_back /opt/stack/data/venv/lib/python3.10/site-packages/oslo_privsep/daemon.py:515}}
Nov 03 19:05:07 devstack cinder-volume[80730]: DEBUG oslo_concurrency.processutils [None req-8e63f207-d9ed-4b2b-9543-ba30613ab4b1 tempest-TaggedAttachmentsTest-2018906724 None] Running cmd (subprocess): /opt/stack/data/venv/bin/python3.10 -m oslo_concurrency.prlimit --as=1073741824 --cpu=60 -- sudo cinder-rootwrap /etc/cinder/rootwrap.conf env LC_ALL=C qemu-img info -f qcow2 --output=json --force-share /opt/stack/data/cinder/mnt/1bed032d433031bda5adcb03927bf03f/volume-c29dda06-3e07-40dc-8cb9-7d482a6fd7ea {{(pid=80730) execute /opt/stack/data/venv/lib/python3.10/site-packages/oslo_concurrency/processutils.py:349}}
Nov 03 19:05:07 devstack sudo[88533]: quobyte : PWD=/ ; USER=root ; COMMAND=/opt/stack/data/venv/bin/cinder-rootwrap /etc/cinder/rootwrap.conf env LC_ALL=C qemu-img info -f qcow2 --output=json --force-share /opt/stack/data/cinder/mnt/1bed032d433031bda5adcb03927bf03f/volume-c29dda06-3e07-40dc-8cb9-7d482a6fd7ea
Nov 03 19:05:07 devstack sudo[88533]: pam_unix(sudo:session): session opened for user root(uid=0) by (uid=1000)
Nov 03 19:05:07 devstack sudo[88530]: pam_unix(sudo:session): session closed for user root
Nov 03 19:05:07 devstack cinder-volume[80730]: DEBUG oslo_concurrency.processutils [None req-6ad89c25-568a-4805-8080-f8318359effd tempest-GroupSnapshotsTest-1997568989 None] CMD "sudo cinder-rootwrap /etc/cinder/rootwrap.conf chmod ugo+rw /opt/stack/data/cinder/mnt/1bed032d433031bda5adcb03927bf03f/volume-f46d28c4-731b-4c91-8ead-1e9889d58521.90cb3953-7ce9-476a-aa00-3f0f86e48d7f" returned: 0 in 0.591s {{(pid=80730) execute /opt/stack/data/venv/lib/python3.10/site-packages/oslo_concurrency/processutils.py:372}}
Nov 03 19:05:07 devstack cinder-volume[80730]: DEBUG oslo_concurrency.processutils [None req-6ad89c25-568a-4805-8080-f8318359effd tempest-GroupSnapshotsTest-1997568989 None] Running cmd (subprocess): sudo cinder-rootwrap /etc/cinder/rootwrap.conf truncate -s0 /opt/stack/data/cinder/mnt/1bed032d433031bda5adcb03927bf03f/volume-f46d28c4-731b-4c91-8ead-1e9889d58521.info {{(pid=80730) execute /opt/stack/data/venv/lib/python3.10/site-packages/oslo_concurrency/processutils.py:349}}
Nov 03 19:05:07 devstack sudo[88536]: quobyte : PWD=/ ; USER=root ; COMMAND=/opt/stack/data/venv/bin/cinder-rootwrap /etc/cinder/rootwrap.conf truncate -s0 /opt/stack/data/cinder/mnt/1bed032d433031bda5adcb03927bf03f/volume-f46d28c4-731b-4c91-8ead-1e9889d58521.info
Nov 03 19:05:07 devstack sudo[88536]: pam_unix(sudo:session): session opened for user root(uid=0) by (uid=1000)
Nov 03 19:05:07 devstack sudo[88533]: pam_unix(sudo:session): session closed for user root
Nov 03 19:05:07 devstack cinder-volume[80730]: DEBUG oslo_concurrency.processutils [None req-8e63f207-d9ed-4b2b-9543-ba30613ab4b1 tempest-TaggedAttachmentsTest-2018906724 None] CMD "/opt/stack/data/venv/bin/python3.10 -m oslo_concurrency.prlimit --as=1073741824 --cpu=60 -- sudo cinder-rootwrap /etc/cinder/rootwrap.conf env LC_ALL=C qemu-img info -f qcow2 --output=json --force-share /opt/stack/data/cinder/mnt/1bed032d433031bda5adcb03927bf03f/volume-c29dda06-3e07-40dc-8cb9-7d482a6fd7ea" returned: 0 in 0.584s {{(pid=80730) execute /opt/stack/data/venv/lib/python3.10/site-packages/oslo_concurrency/processutils.py:372}}
Nov 03 19:05:07 devstack cinder-volume[80730]: DEBUG oslo_concurrency.processutils [None req-8e63f207-d9ed-4b2b-9543-ba30613ab4b1 tempest-TaggedAttachmentsTest-2018906724 None] Running cmd (subprocess): sudo cinder-rootwrap /etc/cinder/rootwrap.conf rm -f /opt/stack/data/cinder/mnt/1bed032d433031bda5adcb03927bf03f/volume-c29dda06-3e07-40dc-8cb9-7d482a6fd7ea {{(pid=80730) execute /opt/stack/data/venv/lib/python3.10/site-packages/oslo_concurrency/processutils.py:349}}
Nov 03 19:05:07 devstack sudo[88542]: quobyte : PWD=/ ; USER=root ; COMMAND=/opt/stack/data/venv/bin/cinder-rootwrap /etc/cinder/rootwrap.conf rm -f /opt/stack/data/cinder/mnt/1bed032d433031bda5adcb03927bf03f/volume-c29dda06-3e07-40dc-8cb9-7d482a6fd7ea
Nov 03 19:05:07 devstack sudo[88542]: pam_unix(sudo:session): session opened for user root(uid=0) by (uid=1000)
Nov 03 19:05:08 devstack sudo[88536]: pam_unix(sudo:session): session closed for user root
Nov 03 19:05:08 devstack cinder-volume[80730]: DEBUG oslo_concurrency.processutils [None req-6ad89c25-568a-4805-8080-f8318359effd tempest-GroupSnapshotsTest-1997568989 None] CMD "sudo cinder-rootwrap /etc/cinder/rootwrap.conf truncate -s0 /opt/stack/data/cinder/mnt/1bed032d433031bda5adcb03927bf03f/volume-f46d28c4-731b-4c91-8ead-1e9889d58521.info" returned: 0 in 0.508s {{(pid=80730) execute /opt/stack/data/venv/lib/python3.10/site-packages/oslo_concurrency/processutils.py:372}}
Nov 03 19:05:08 devstack cinder-volume[80730]: WARNING cinder.volume.drivers.remotefs [None req-6ad89c25-568a-4805-8080-f8318359effd tempest-GroupSnapshotsTest-1997568989 None] /opt/stack/data/cinder/mnt/1bed032d433031bda5adcb03927bf03f/volume-f46d28c4-731b-4c91-8ead-1e9889d58521.info is being set with open permissions: ugo+rw: NotImplementedError
Nov 03 19:05:08 devstack cinder-volume[80730]: DEBUG oslo_concurrency.processutils [None req-6ad89c25-568a-4805-8080-f8318359effd tempest-GroupSnapshotsTest-1997568989 None] Running cmd (subprocess): sudo cinder-rootwrap /etc/cinder/rootwrap.conf chmod ugo+rw /opt/stack/data/cinder/mnt/1bed032d433031bda5adcb03927bf03f/volume-f46d28c4-731b-4c91-8ead-1e9889d58521.info {{(pid=80730) execute /opt/stack/data/venv/lib/python3.10/site-packages/oslo_concurrency/processutils.py:349}}
Nov 03 19:05:08 devstack sudo[88544]: quobyte : PWD=/ ; USER=root ; COMMAND=/opt/stack/data/venv/bin/cinder-rootwrap /etc/cinder/rootwrap.conf chmod ugo+rw /opt/stack/data/cinder/mnt/1bed032d433031bda5adcb03927bf03f/volume-f46d28c4-731b-4c91-8ead-1e9889d58521.info
Nov 03 19:05:08 devstack sudo[88544]: pam_unix(sudo:session): session opened for user root(uid=0) by (uid=1000)
Nov 03 19:05:08 devstack sudo[88542]: pam_unix(sudo:session): session closed for user root
Nov 03 19:05:08 devstack cinder-volume[80730]: DEBUG oslo_concurrency.processutils [None req-8e63f207-d9ed-4b2b-9543-ba30613ab4b1 tempest-TaggedAttachmentsTest-2018906724 None] CMD "sudo cinder-rootwrap /etc/cinder/rootwrap.conf rm -f /opt/stack/data/cinder/mnt/1bed032d433031bda5adcb03927bf03f/volume-c29dda06-3e07-40dc-8cb9-7d482a6fd7ea" returned: 0 in 0.509s {{(pid=80730) execute /opt/stack/data/venv/lib/python3.10/site-packages/oslo_concurrency/processutils.py:372}}
Nov 03 19:05:08 devstack cinder-volume[80730]: DEBUG cinder.coordination [None req-8e63f207-d9ed-4b2b-9543-ba30613ab4b1 tempest-TaggedAttachmentsTest-2018906724 None] Lock "cinder-quobyte-c29dda06-3e07-40dc-8cb9-7d482a6fd7ea" released by "delete_volume" :: held 1.157s {{(pid=80730) __release /opt/stack/cinder/cinder/coordination.py:157}}
Nov 03 19:05:08 devstack cinder-volume[80730]: DEBUG cinder.quota [None req-8e63f207-d9ed-4b2b-9543-ba30613ab4b1 tempest-TaggedAttachmentsTest-2018906724 None] Created reservations ['e39321a6-3f45-42ed-a83f-2a59f562450e', '1eb6daca-0326-4c03-93a7-b026b6f91570', '3fbdf869-48f5-47a5-a848-c8c62805f65c', '0651d62f-c4d3-4070-88d6-b0ef3b720fc9'] {{(pid=80730) reserve /opt/stack/cinder/cinder/quota.py:752}}
Nov 03 19:05:08 devstack cinder-volume[80730]: DEBUG oslo_concurrency.lockutils [None req-8e63f207-d9ed-4b2b-9543-ba30613ab4b1 tempest-TaggedAttachmentsTest-2018906724 None] Acquiring lock "quobyte_ensure" by "cinder.volume.drivers.quobyte.QuobyteDriver._ensure_shares_mounted" {{(pid=80730) inner /opt/stack/data/venv/lib/python3.10/site-packages/oslo_concurrency/lockutils.py:405}}
Nov 03 19:05:08 devstack cinder-volume[80730]: DEBUG oslo_concurrency.lockutils [None req-8e63f207-d9ed-4b2b-9543-ba30613ab4b1 tempest-TaggedAttachmentsTest-2018906724 None] Lock "quobyte_ensure" acquired by "cinder.volume.drivers.quobyte.QuobyteDriver._ensure_shares_mounted" :: waited 0.001s {{(pid=80730) inner /opt/stack/data/venv/lib/python3.10/site-packages/oslo_concurrency/lockutils.py:410}}
Nov 03 19:05:08 devstack cinder-volume[80730]: DEBUG cinder.volume.drivers.quobyte [None req-8e63f207-d9ed-4b2b-9543-ba30613ab4b1 tempest-TaggedAttachmentsTest-2018906724 None] Quobyte Volume URL set to: {'osci02.corp.quobyte.com/cinder-vol-0c35f9e7-bbd8-4b78-8020-2f1400c1e30c': None} {{(pid=80730) _load_shares_config /opt/stack/cinder/cinder/volume/drivers/quobyte.py:604}}
Nov 03 19:05:08 devstack cinder-volume[80730]: DEBUG cinder.volume.drivers.quobyte [None req-8e63f207-d9ed-4b2b-9543-ba30613ab4b1 tempest-TaggedAttachmentsTest-2018906724 None] Available shares ['osci02.corp.quobyte.com/cinder-vol-0c35f9e7-bbd8-4b78-8020-2f1400c1e30c'] {{(pid=80730) _ensure_shares_mounted /opt/stack/cinder/cinder/volume/drivers/quobyte.py:634}}
Nov 03 19:05:08 devstack cinder-volume[80730]: DEBUG oslo_concurrency.lockutils [None req-8e63f207-d9ed-4b2b-9543-ba30613ab4b1 tempest-TaggedAttachmentsTest-2018906724 None] Lock "quobyte_ensure" "released" by "cinder.volume.drivers.quobyte.QuobyteDriver._ensure_shares_mounted" :: held 0.005s {{(pid=80730) inner /opt/stack/data/venv/lib/python3.10/site-packages/oslo_concurrency/lockutils.py:424}}
Nov 03 19:05:08 devstack cinder-volume[80730]: DEBUG oslo_concurrency.processutils [None req-8e63f207-d9ed-4b2b-9543-ba30613ab4b1 tempest-TaggedAttachmentsTest-2018906724 None] Running cmd (subprocess): sudo cinder-rootwrap /etc/cinder/rootwrap.conf df --portability --block-size 1 /opt/stack/data/cinder/mnt/1bed032d433031bda5adcb03927bf03f {{(pid=80730) execute /opt/stack/data/venv/lib/python3.10/site-packages/oslo_concurrency/processutils.py:349}}
Nov 03 19:05:08 devstack sudo[88548]: quobyte : PWD=/ ; USER=root ; COMMAND=/opt/stack/data/venv/bin/cinder-rootwrap /etc/cinder/rootwrap.conf df --portability --block-size 1 /opt/stack/data/cinder/mnt/1bed032d433031bda5adcb03927bf03f
Nov 03 19:05:08 devstack sudo[88548]: pam_unix(sudo:session): session opened for user root(uid=0) by (uid=1000)
Nov 03 19:05:08 devstack sudo[88544]: pam_unix(sudo:session): session closed for user root
Nov 03 19:05:08 devstack cinder-volume[80730]: DEBUG oslo_concurrency.processutils [None req-6ad89c25-568a-4805-8080-f8318359effd tempest-GroupSnapshotsTest-1997568989 None] CMD "sudo cinder-rootwrap /etc/cinder/rootwrap.conf chmod ugo+rw /opt/stack/data/cinder/mnt/1bed032d433031bda5adcb03927bf03f/volume-f46d28c4-731b-4c91-8ead-1e9889d58521.info" returned: 0 in 0.541s {{(pid=80730) execute /opt/stack/data/venv/lib/python3.10/site-packages/oslo_concurrency/processutils.py:372}}
Nov 03 19:05:08 devstack cinder-volume[80730]: DEBUG oslo_concurrency.lockutils [None req-6ad89c25-568a-4805-8080-f8318359effd tempest-GroupSnapshotsTest-1997568989 None] Lock "quobyte" "released" by "cinder.volume.drivers.quobyte.QuobyteDriver.create_snapshot" :: held 3.613s {{(pid=80730) inner /opt/stack/data/venv/lib/python3.10/site-packages/oslo_concurrency/lockutils.py:424}}
Nov 03 19:05:08 devstack cinder-volume[80730]: INFO cinder.volume.manager [None req-6ad89c25-568a-4805-8080-f8318359effd tempest-GroupSnapshotsTest-1997568989 None] group_snapshot efba9f26-cf1a-4a73-a271-343a453ef088: created successfully
Nov 03 19:05:09 devstack sudo[88548]: pam_unix(sudo:session): session closed for user root
Nov 03 19:05:09 devstack cinder-volume[80730]: DEBUG oslo_concurrency.processutils [None req-8e63f207-d9ed-4b2b-9543-ba30613ab4b1 tempest-TaggedAttachmentsTest-2018906724 None] CMD "sudo cinder-rootwrap /etc/cinder/rootwrap.conf df --portability --block-size 1 /opt/stack/data/cinder/mnt/1bed032d433031bda5adcb03927bf03f" returned: 0 in 0.481s {{(pid=80730) execute /opt/stack/data/venv/lib/python3.10/site-packages/oslo_concurrency/processutils.py:372}}
Nov 03 19:05:09 devstack cinder-volume[80730]: DEBUG cinder.manager [None req-8e63f207-d9ed-4b2b-9543-ba30613ab4b1 tempest-TaggedAttachmentsTest-2018906724 None] Notifying Schedulers of capabilities ... {{(pid=80730) _publish_service_capabilities /opt/stack/cinder/cinder/manager.py:202}}
Nov 03 19:05:09 devstack cinder-volume[80730]: INFO cinder.volume.manager [None req-8e63f207-d9ed-4b2b-9543-ba30613ab4b1 tempest-TaggedAttachmentsTest-2018906724 None] Deleted volume successfully.
Nov 03 19:05:09 devstack cinder-volume[80730]: DEBUG cinder.coordination [None req-8e63f207-d9ed-4b2b-9543-ba30613ab4b1 tempest-TaggedAttachmentsTest-2018906724 None] Lock "cinder-c29dda06-3e07-40dc-8cb9-7d482a6fd7ea-delete_volume" released by "delete_volume" :: held 1.779s {{(pid=80730) __release /opt/stack/cinder/cinder/coordination.py:157}}
Nov 03 19:05:09 devstack cinder-volume[80730]: INFO cinder.volume.manager [None req-c33c6415-0563-4bda-838f-23f69eea6006 tempest-GroupSnapshotsTest-1997568989 None] group_snapshot efba9f26-cf1a-4a73-a271-343a453ef088: deleting
Nov 03 19:05:09 devstack cinder-volume[80730]: WARNING cinder.volume.volume_utils [None req-c33c6415-0563-4bda-838f-23f69eea6006 tempest-GroupSnapshotsTest-1997568989 None] Volume driver (QuobyteDriver 1.1.13) is currently unsupported and may be removed in the next release of OpenStack. Use at your own risk.
Nov 03 19:05:09 devstack cinder-volume[80730]: DEBUG cinder.volume.manager [None req-c33c6415-0563-4bda-838f-23f69eea6006 tempest-GroupSnapshotsTest-1997568989 None] group_snapshot efba9f26-cf1a-4a73-a271-343a453ef088: deleting {{(pid=80730) delete_group_snapshot /opt/stack/cinder/cinder/volume/manager.py:4317}}
Nov 03 19:05:09 devstack cinder-volume[80730]: DEBUG cinder.coordination [None req-c33c6415-0563-4bda-838f-23f69eea6006 tempest-GroupSnapshotsTest-1997568989 None] Acquiring lock "cinder-quobyte-6ea8bc8b-6c18-4a76-8d7b-218e60906a38" by "delete_snapshot" {{(pid=80730) __acquire /opt/stack/cinder/cinder/coordination.py:143}}
Nov 03 19:05:09 devstack cinder-volume[80730]: DEBUG cinder.coordination [None req-c33c6415-0563-4bda-838f-23f69eea6006 tempest-GroupSnapshotsTest-1997568989 None] Lock "cinder-quobyte-6ea8bc8b-6c18-4a76-8d7b-218e60906a38" acquired by "delete_snapshot" :: waited 0.016s {{(pid=80730) __acquire /opt/stack/cinder/cinder/coordination.py:146}}
Nov 03 19:05:09 devstack cinder-volume[80730]: DEBUG cinder.coordination [None req-c33c6415-0563-4bda-838f-23f69eea6006 tempest-GroupSnapshotsTest-1997568989 None] Acquiring lock "cinder-quobyte-19720a6f-97e1-428d-9bef-d7274b764b4b" by "_delete_snapshot" {{(pid=80730) __acquire /opt/stack/cinder/cinder/coordination.py:143}}
Nov 03 19:05:09 devstack cinder-volume[80730]: DEBUG cinder.coordination [None req-c33c6415-0563-4bda-838f-23f69eea6006 tempest-GroupSnapshotsTest-1997568989 None] Lock "cinder-quobyte-19720a6f-97e1-428d-9bef-d7274b764b4b" acquired by "_delete_snapshot" :: waited 0.015s {{(pid=80730) __acquire /opt/stack/cinder/cinder/coordination.py:146}}
Nov 03 19:05:09 devstack cinder-volume[80730]: DEBUG cinder.volume.drivers.remotefs [None req-c33c6415-0563-4bda-838f-23f69eea6006 tempest-GroupSnapshotsTest-1997568989 None] Deleting offline snapshot 19720a6f-97e1-428d-9bef-d7274b764b4b of volume 6ea8bc8b-6c18-4a76-8d7b-218e60906a38 {{(pid=80730) _delete_snapshot /opt/stack/cinder/cinder/volume/drivers/remotefs.py:1278}}
Nov 03 19:05:09 devstack cinder-volume[80730]: DEBUG cinder.volume.drivers.remotefs [None req-c33c6415-0563-4bda-838f-23f69eea6006 tempest-GroupSnapshotsTest-1997568989 None] snapshot_file for this snap is: volume-6ea8bc8b-6c18-4a76-8d7b-218e60906a38.19720a6f-97e1-428d-9bef-d7274b764b4b {{(pid=80730) _delete_snapshot /opt/stack/cinder/cinder/volume/drivers/remotefs.py:1307}}
Nov 03 19:05:09 devstack cinder-volume[80730]: DEBUG oslo.privsep.daemon [-] privsep: reply[3d532433-2f35-4dfd-a44e-42da91b0db5e]: (4, 'qcow2') {{(pid=81531) _call_back /opt/stack/data/venv/lib/python3.10/site-packages/oslo_privsep/daemon.py:515}}
Nov 03 19:05:09 devstack cinder-volume[80730]: DEBUG oslo_concurrency.processutils [None req-c33c6415-0563-4bda-838f-23f69eea6006 tempest-GroupSnapshotsTest-1997568989 None] Running cmd (subprocess): /opt/stack/data/venv/bin/python3.10 -m oslo_concurrency.prlimit --as=1073741824 --cpu=60 -- sudo cinder-rootwrap /etc/cinder/rootwrap.conf env LC_ALL=C qemu-img info -f qcow2 --output=json --force-share /opt/stack/data/cinder/mnt/1bed032d433031bda5adcb03927bf03f/volume-6ea8bc8b-6c18-4a76-8d7b-218e60906a38.19720a6f-97e1-428d-9bef-d7274b764b4b {{(pid=80730) execute /opt/stack/data/venv/lib/python3.10/site-packages/oslo_concurrency/processutils.py:349}}
Nov 03 19:05:09 devstack sudo[88551]: quobyte : PWD=/ ; USER=root ; COMMAND=/opt/stack/data/venv/bin/cinder-rootwrap /etc/cinder/rootwrap.conf env LC_ALL=C qemu-img info -f qcow2 --output=json --force-share /opt/stack/data/cinder/mnt/1bed032d433031bda5adcb03927bf03f/volume-6ea8bc8b-6c18-4a76-8d7b-218e60906a38.19720a6f-97e1-428d-9bef-d7274b764b4b
Nov 03 19:05:09 devstack sudo[88551]: pam_unix(sudo:session): session opened for user root(uid=0) by (uid=1000)
Nov 03 19:05:10 devstack sudo[88551]: pam_unix(sudo:session): session closed for user root
Nov 03 19:05:10 devstack cinder-volume[80730]: DEBUG oslo_concurrency.processutils [None req-c33c6415-0563-4bda-838f-23f69eea6006 tempest-GroupSnapshotsTest-1997568989 None] CMD "/opt/stack/data/venv/bin/python3.10 -m oslo_concurrency.prlimit --as=1073741824 --cpu=60 -- sudo cinder-rootwrap /etc/cinder/rootwrap.conf env LC_ALL=C qemu-img info -f qcow2 --output=json --force-share /opt/stack/data/cinder/mnt/1bed032d433031bda5adcb03927bf03f/volume-6ea8bc8b-6c18-4a76-8d7b-218e60906a38.19720a6f-97e1-428d-9bef-d7274b764b4b" returned: 0 in 0.596s {{(pid=80730) execute /opt/stack/data/venv/lib/python3.10/site-packages/oslo_concurrency/processutils.py:372}}
Nov 03 19:05:10 devstack cinder-volume[80730]: DEBUG cinder.volume.drivers.remotefs [None req-c33c6415-0563-4bda-838f-23f69eea6006 tempest-GroupSnapshotsTest-1997568989 None] Fetching qemu-img info with special backing_file_template: (/opt/stack/data/cinder/mnt/[0-9a-f]+/)?(volume-6ea8bc8b-6c18-4a76-8d7b-218e60906a38(.(tmp-snap-)?[0-9a-f-]+)?|volume_from_snapshot_cache/(tmp-snap-)?[0-9a-f-]+(.(child-|parent-)[0-9a-f-]+)?)$ {{(pid=80730) _qemu_img_info_base /opt/stack/cinder/cinder/volume/drivers/remotefs.py:886}}
Nov 03 19:05:10 devstack cinder-volume[80730]: DEBUG oslo.privsep.daemon [-] privsep: reply[7a5ccde1-36e2-49a7-92c8-796be516641c]: (4, 'qcow2') {{(pid=81531) _call_back /opt/stack/data/venv/lib/python3.10/site-packages/oslo_privsep/daemon.py:515}}
Nov 03 19:05:10 devstack cinder-volume[80730]: DEBUG oslo_concurrency.processutils [None req-c33c6415-0563-4bda-838f-23f69eea6006 tempest-GroupSnapshotsTest-1997568989 None] Running cmd (subprocess): /opt/stack/data/venv/bin/python3.10 -m oslo_concurrency.prlimit --as=1073741824 --cpu=60 -- sudo cinder-rootwrap /etc/cinder/rootwrap.conf env LC_ALL=C qemu-img info -f qcow2 --output=json --force-share /opt/stack/data/cinder/mnt/1bed032d433031bda5adcb03927bf03f/volume-6ea8bc8b-6c18-4a76-8d7b-218e60906a38 {{(pid=80730) execute /opt/stack/data/venv/lib/python3.10/site-packages/oslo_concurrency/processutils.py:349}}
Nov 03 19:05:10 devstack sudo[88556]: quobyte : PWD=/ ; USER=root ; COMMAND=/opt/stack/data/venv/bin/cinder-rootwrap /etc/cinder/rootwrap.conf env LC_ALL=C qemu-img info -f qcow2 --output=json --force-share /opt/stack/data/cinder/mnt/1bed032d433031bda5adcb03927bf03f/volume-6ea8bc8b-6c18-4a76-8d7b-218e60906a38
Nov 03 19:05:10 devstack sudo[88556]: pam_unix(sudo:session): session opened for user root(uid=0) by (uid=1000)
Nov 03 19:05:11 devstack sudo[88556]: pam_unix(sudo:session): session closed for user root
Nov 03 19:05:11 devstack cinder-volume[80730]: DEBUG oslo_concurrency.processutils [None req-c33c6415-0563-4bda-838f-23f69eea6006 tempest-GroupSnapshotsTest-1997568989 None] CMD "/opt/stack/data/venv/bin/python3.10 -m oslo_concurrency.prlimit --as=1073741824 --cpu=60 -- sudo cinder-rootwrap /etc/cinder/rootwrap.conf env LC_ALL=C qemu-img info -f qcow2 --output=json --force-share /opt/stack/data/cinder/mnt/1bed032d433031bda5adcb03927bf03f/volume-6ea8bc8b-6c18-4a76-8d7b-218e60906a38" returned: 0 in 0.707s {{(pid=80730) execute /opt/stack/data/venv/lib/python3.10/site-packages/oslo_concurrency/processutils.py:372}}
Nov 03 19:05:11 devstack cinder-volume[80730]: DEBUG oslo_concurrency.processutils [None req-c33c6415-0563-4bda-838f-23f69eea6006 tempest-GroupSnapshotsTest-1997568989 None] Running cmd (subprocess): sudo cinder-rootwrap /etc/cinder/rootwrap.conf qemu-img commit -d /opt/stack/data/cinder/mnt/1bed032d433031bda5adcb03927bf03f/volume-6ea8bc8b-6c18-4a76-8d7b-218e60906a38.19720a6f-97e1-428d-9bef-d7274b764b4b {{(pid=80730) execute /opt/stack/data/venv/lib/python3.10/site-packages/oslo_concurrency/processutils.py:349}}
Nov 03 19:05:11 devstack sudo[88562]: quobyte : PWD=/ ; USER=root ; COMMAND=/opt/stack/data/venv/bin/cinder-rootwrap /etc/cinder/rootwrap.conf qemu-img commit -d /opt/stack/data/cinder/mnt/1bed032d433031bda5adcb03927bf03f/volume-6ea8bc8b-6c18-4a76-8d7b-218e60906a38.19720a6f-97e1-428d-9bef-d7274b764b4b
Nov 03 19:05:11 devstack sudo[88562]: pam_unix(sudo:session): session opened for user root(uid=0) by (uid=1000)
Nov 03 19:05:11 devstack sudo[88562]: pam_unix(sudo:session): session closed for user root
Nov 03 19:05:11 devstack cinder-volume[80730]: DEBUG oslo_concurrency.processutils [None req-c33c6415-0563-4bda-838f-23f69eea6006 tempest-GroupSnapshotsTest-1997568989 None] CMD "sudo cinder-rootwrap /etc/cinder/rootwrap.conf qemu-img commit -d /opt/stack/data/cinder/mnt/1bed032d433031bda5adcb03927bf03f/volume-6ea8bc8b-6c18-4a76-8d7b-218e60906a38.19720a6f-97e1-428d-9bef-d7274b764b4b" returned: 0 in 0.607s {{(pid=80730) execute /opt/stack/data/venv/lib/python3.10/site-packages/oslo_concurrency/processutils.py:372}}
Nov 03 19:05:11 devstack cinder-volume[80730]: DEBUG oslo_concurrency.processutils [None req-c33c6415-0563-4bda-838f-23f69eea6006 tempest-GroupSnapshotsTest-1997568989 None] Running cmd (subprocess): sudo cinder-rootwrap /etc/cinder/rootwrap.conf rm -f /opt/stack/data/cinder/mnt/1bed032d433031bda5adcb03927bf03f/volume-6ea8bc8b-6c18-4a76-8d7b-218e60906a38.19720a6f-97e1-428d-9bef-d7274b764b4b {{(pid=80730) execute /opt/stack/data/venv/lib/python3.10/site-packages/oslo_concurrency/processutils.py:349}}
Nov 03 19:05:11 devstack sudo[88568]: quobyte : PWD=/ ; USER=root ; COMMAND=/opt/stack/data/venv/bin/cinder-rootwrap /etc/cinder/rootwrap.conf rm -f /opt/stack/data/cinder/mnt/1bed032d433031bda5adcb03927bf03f/volume-6ea8bc8b-6c18-4a76-8d7b-218e60906a38.19720a6f-97e1-428d-9bef-d7274b764b4b
Nov 03 19:05:11 devstack sudo[88568]: pam_unix(sudo:session): session opened for user root(uid=0) by (uid=1000)
Nov 03 19:05:12 devstack sudo[88568]: pam_unix(sudo:session): session closed for user root
Nov 03 19:05:12 devstack cinder-volume[80730]: DEBUG oslo_concurrency.processutils [None req-c33c6415-0563-4bda-838f-23f69eea6006 tempest-GroupSnapshotsTest-1997568989 None] CMD "sudo cinder-rootwrap /etc/cinder/rootwrap.conf rm -f /opt/stack/data/cinder/mnt/1bed032d433031bda5adcb03927bf03f/volume-6ea8bc8b-6c18-4a76-8d7b-218e60906a38.19720a6f-97e1-428d-9bef-d7274b764b4b" returned: 0 in 0.650s {{(pid=80730) execute /opt/stack/data/venv/lib/python3.10/site-packages/oslo_concurrency/processutils.py:372}}
Nov 03 19:05:12 devstack cinder-volume[80730]: DEBUG cinder.coordination [None req-c33c6415-0563-4bda-838f-23f69eea6006 tempest-GroupSnapshotsTest-1997568989 None] Lock "cinder-quobyte-19720a6f-97e1-428d-9bef-d7274b764b4b" released by "_delete_snapshot" :: held 2.640s {{(pid=80730) __release /opt/stack/cinder/cinder/coordination.py:157}}
Nov 03 19:05:12 devstack cinder-volume[80730]: DEBUG cinder.coordination [None req-c33c6415-0563-4bda-838f-23f69eea6006 tempest-GroupSnapshotsTest-1997568989 None] Lock "cinder-quobyte-6ea8bc8b-6c18-4a76-8d7b-218e60906a38" released by "delete_snapshot" :: held 2.664s {{(pid=80730) __release /opt/stack/cinder/cinder/coordination.py:157}}
Nov 03 19:05:12 devstack cinder-volume[80730]: DEBUG cinder.coordination [None req-c33c6415-0563-4bda-838f-23f69eea6006 tempest-GroupSnapshotsTest-1997568989 None] Acquiring lock "cinder-quobyte-f46d28c4-731b-4c91-8ead-1e9889d58521" by "delete_snapshot" {{(pid=80730) __acquire /opt/stack/cinder/cinder/coordination.py:143}}
Nov 03 19:05:12 devstack cinder-volume[80730]: DEBUG cinder.coordination [None req-c33c6415-0563-4bda-838f-23f69eea6006 tempest-GroupSnapshotsTest-1997568989 None] Lock "cinder-quobyte-f46d28c4-731b-4c91-8ead-1e9889d58521" acquired by "delete_snapshot" :: waited 0.014s {{(pid=80730) __acquire /opt/stack/cinder/cinder/coordination.py:146}}
Nov 03 19:05:12 devstack cinder-volume[80730]: DEBUG cinder.coordination [None req-c33c6415-0563-4bda-838f-23f69eea6006 tempest-GroupSnapshotsTest-1997568989 None] Acquiring lock "cinder-quobyte-90cb3953-7ce9-476a-aa00-3f0f86e48d7f" by "_delete_snapshot" {{(pid=80730) __acquire /opt/stack/cinder/cinder/coordination.py:143}}
Nov 03 19:05:12 devstack cinder-volume[80730]: DEBUG cinder.coordination [None req-c33c6415-0563-4bda-838f-23f69eea6006 tempest-GroupSnapshotsTest-1997568989 None] Lock "cinder-quobyte-90cb3953-7ce9-476a-aa00-3f0f86e48d7f" acquired by "_delete_snapshot" :: waited 0.011s {{(pid=80730) __acquire /opt/stack/cinder/cinder/coordination.py:146}}
Nov 03 19:05:12 devstack cinder-volume[80730]: DEBUG cinder.volume.drivers.remotefs [None req-c33c6415-0563-4bda-838f-23f69eea6006 tempest-GroupSnapshotsTest-1997568989 None] Deleting offline snapshot 90cb3953-7ce9-476a-aa00-3f0f86e48d7f of volume f46d28c4-731b-4c91-8ead-1e9889d58521 {{(pid=80730) _delete_snapshot /opt/stack/cinder/cinder/volume/drivers/remotefs.py:1278}}
Nov 03 19:05:12 devstack cinder-volume[80730]: DEBUG cinder.volume.drivers.remotefs [None req-c33c6415-0563-4bda-838f-23f69eea6006 tempest-GroupSnapshotsTest-1997568989 None] snapshot_file for this snap is: volume-f46d28c4-731b-4c91-8ead-1e9889d58521.90cb3953-7ce9-476a-aa00-3f0f86e48d7f {{(pid=80730) _delete_snapshot /opt/stack/cinder/cinder/volume/drivers/remotefs.py:1307}}
Nov 03 19:05:12 devstack cinder-volume[80730]: DEBUG oslo.privsep.daemon [-] privsep: reply[4bf2f201-0186-4b26-bd17-bce5fe4853f2]: (4, 'qcow2') {{(pid=81531) _call_back /opt/stack/data/venv/lib/python3.10/site-packages/oslo_privsep/daemon.py:515}}
Nov 03 19:05:12 devstack cinder-volume[80730]: DEBUG oslo_concurrency.processutils [None req-c33c6415-0563-4bda-838f-23f69eea6006 tempest-GroupSnapshotsTest-1997568989 None] Running cmd (subprocess): /opt/stack/data/venv/bin/python3.10 -m oslo_concurrency.prlimit --as=1073741824 --cpu=60 -- sudo cinder-rootwrap /etc/cinder/rootwrap.conf env LC_ALL=C qemu-img info -f qcow2 --output=json --force-share /opt/stack/data/cinder/mnt/1bed032d433031bda5adcb03927bf03f/volume-f46d28c4-731b-4c91-8ead-1e9889d58521.90cb3953-7ce9-476a-aa00-3f0f86e48d7f {{(pid=80730) execute /opt/stack/data/venv/lib/python3.10/site-packages/oslo_concurrency/processutils.py:349}}
Nov 03 19:05:12 devstack sudo[88571]: quobyte : PWD=/ ; USER=root ; COMMAND=/opt/stack/data/venv/bin/cinder-rootwrap /etc/cinder/rootwrap.conf env LC_ALL=C qemu-img info -f qcow2 --output=json --force-share /opt/stack/data/cinder/mnt/1bed032d433031bda5adcb03927bf03f/volume-f46d28c4-731b-4c91-8ead-1e9889d58521.90cb3953-7ce9-476a-aa00-3f0f86e48d7f
Nov 03 19:05:12 devstack sudo[88571]: pam_unix(sudo:session): session opened for user root(uid=0) by (uid=1000)
Nov 03 19:05:13 devstack sudo[88571]: pam_unix(sudo:session): session closed for user root
Nov 03 19:05:13 devstack cinder-volume[80730]: DEBUG oslo_concurrency.processutils [None req-c33c6415-0563-4bda-838f-23f69eea6006 tempest-GroupSnapshotsTest-1997568989 None] CMD "/opt/stack/data/venv/bin/python3.10 -m oslo_concurrency.prlimit --as=1073741824 --cpu=60 -- sudo cinder-rootwrap /etc/cinder/rootwrap.conf env LC_ALL=C qemu-img info -f qcow2 --output=json --force-share /opt/stack/data/cinder/mnt/1bed032d433031bda5adcb03927bf03f/volume-f46d28c4-731b-4c91-8ead-1e9889d58521.90cb3953-7ce9-476a-aa00-3f0f86e48d7f" returned: 0 in 0.689s {{(pid=80730) execute /opt/stack/data/venv/lib/python3.10/site-packages/oslo_concurrency/processutils.py:372}}
Nov 03 19:05:13 devstack cinder-volume[80730]: DEBUG cinder.volume.drivers.remotefs [None req-c33c6415-0563-4bda-838f-23f69eea6006 tempest-GroupSnapshotsTest-1997568989 None] Fetching qemu-img info with special backing_file_template: (/opt/stack/data/cinder/mnt/[0-9a-f]+/)?(volume-f46d28c4-731b-4c91-8ead-1e9889d58521(.(tmp-snap-)?[0-9a-f-]+)?|volume_from_snapshot_cache/(tmp-snap-)?[0-9a-f-]+(.(child-|parent-)[0-9a-f-]+)?)$ {{(pid=80730) _qemu_img_info_base /opt/stack/cinder/cinder/volume/drivers/remotefs.py:886}}
Nov 03 19:05:13 devstack cinder-volume[80730]: DEBUG oslo.privsep.daemon [-] privsep: reply[c6151b31-0e9f-4b79-8d56-37219a56d67c]: (4, 'qcow2') {{(pid=81531) _call_back /opt/stack/data/venv/lib/python3.10/site-packages/oslo_privsep/daemon.py:515}}
Nov 03 19:05:13 devstack cinder-volume[80730]: DEBUG oslo_concurrency.processutils [None req-c33c6415-0563-4bda-838f-23f69eea6006 tempest-GroupSnapshotsTest-1997568989 None] Running cmd (subprocess): /opt/stack/data/venv/bin/python3.10 -m oslo_concurrency.prlimit --as=1073741824 --cpu=60 -- sudo cinder-rootwrap /etc/cinder/rootwrap.conf env LC_ALL=C qemu-img info -f qcow2 --output=json --force-share /opt/stack/data/cinder/mnt/1bed032d433031bda5adcb03927bf03f/volume-f46d28c4-731b-4c91-8ead-1e9889d58521 {{(pid=80730) execute /opt/stack/data/venv/lib/python3.10/site-packages/oslo_concurrency/processutils.py:349}}
Nov 03 19:05:13 devstack sudo[88577]: quobyte : PWD=/ ; USER=root ; COMMAND=/opt/stack/data/venv/bin/cinder-rootwrap /etc/cinder/rootwrap.conf env LC_ALL=C qemu-img info -f qcow2 --output=json --force-share /opt/stack/data/cinder/mnt/1bed032d433031bda5adcb03927bf03f/volume-f46d28c4-731b-4c91-8ead-1e9889d58521
Nov 03 19:05:13 devstack sudo[88577]: pam_unix(sudo:session): session opened for user root(uid=0) by (uid=1000)
Nov 03 19:05:13 devstack sudo[88577]: pam_unix(sudo:session): session closed for user root
Nov 03 19:05:13 devstack cinder-volume[80730]: DEBUG oslo_concurrency.processutils [None req-c33c6415-0563-4bda-838f-23f69eea6006 tempest-GroupSnapshotsTest-1997568989 None] CMD "/opt/stack/data/venv/bin/python3.10 -m oslo_concurrency.prlimit --as=1073741824 --cpu=60 -- sudo cinder-rootwrap /etc/cinder/rootwrap.conf env LC_ALL=C qemu-img info -f qcow2 --output=json --force-share /opt/stack/data/cinder/mnt/1bed032d433031bda5adcb03927bf03f/volume-f46d28c4-731b-4c91-8ead-1e9889d58521" returned: 0 in 0.682s {{(pid=80730) execute /opt/stack/data/venv/lib/python3.10/site-packages/oslo_concurrency/processutils.py:372}}
Nov 03 19:05:13 devstack cinder-volume[80730]: DEBUG oslo_concurrency.processutils [None req-c33c6415-0563-4bda-838f-23f69eea6006 tempest-GroupSnapshotsTest-1997568989 None] Running cmd (subprocess): sudo cinder-rootwrap /etc/cinder/rootwrap.conf qemu-img commit -d /opt/stack/data/cinder/mnt/1bed032d433031bda5adcb03927bf03f/volume-f46d28c4-731b-4c91-8ead-1e9889d58521.90cb3953-7ce9-476a-aa00-3f0f86e48d7f {{(pid=80730) execute /opt/stack/data/venv/lib/python3.10/site-packages/oslo_concurrency/processutils.py:349}}
Nov 03 19:05:13 devstack sudo[88582]: quobyte : PWD=/ ; USER=root ; COMMAND=/opt/stack/data/venv/bin/cinder-rootwrap /etc/cinder/rootwrap.conf qemu-img commit -d /opt/stack/data/cinder/mnt/1bed032d433031bda5adcb03927bf03f/volume-f46d28c4-731b-4c91-8ead-1e9889d58521.90cb3953-7ce9-476a-aa00-3f0f86e48d7f
Nov 03 19:05:13 devstack sudo[88582]: pam_unix(sudo:session): session opened for user root(uid=0) by (uid=1000)
Nov 03 19:05:14 devstack sudo[88582]: pam_unix(sudo:session): session closed for user root
Nov 03 19:05:14 devstack cinder-volume[80730]: DEBUG oslo_concurrency.processutils [None req-c33c6415-0563-4bda-838f-23f69eea6006 tempest-GroupSnapshotsTest-1997568989 None] CMD "sudo cinder-rootwrap /etc/cinder/rootwrap.conf qemu-img commit -d /opt/stack/data/cinder/mnt/1bed032d433031bda5adcb03927bf03f/volume-f46d28c4-731b-4c91-8ead-1e9889d58521.90cb3953-7ce9-476a-aa00-3f0f86e48d7f" returned: 0 in 0.762s {{(pid=80730) execute /opt/stack/data/venv/lib/python3.10/site-packages/oslo_concurrency/processutils.py:372}}
Nov 03 19:05:14 devstack cinder-volume[80730]: DEBUG oslo_concurrency.processutils [None req-c33c6415-0563-4bda-838f-23f69eea6006 tempest-GroupSnapshotsTest-1997568989 None] Running cmd (subprocess): sudo cinder-rootwrap /etc/cinder/rootwrap.conf rm -f /opt/stack/data/cinder/mnt/1bed032d433031bda5adcb03927bf03f/volume-f46d28c4-731b-4c91-8ead-1e9889d58521.90cb3953-7ce9-476a-aa00-3f0f86e48d7f {{(pid=80730) execute /opt/stack/data/venv/lib/python3.10/site-packages/oslo_concurrency/processutils.py:349}}
Nov 03 19:05:14 devstack sudo[88588]: quobyte : PWD=/ ; USER=root ; COMMAND=/opt/stack/data/venv/bin/cinder-rootwrap /etc/cinder/rootwrap.conf rm -f /opt/stack/data/cinder/mnt/1bed032d433031bda5adcb03927bf03f/volume-f46d28c4-731b-4c91-8ead-1e9889d58521.90cb3953-7ce9-476a-aa00-3f0f86e48d7f
Nov 03 19:05:14 devstack sudo[88588]: pam_unix(sudo:session): session opened for user root(uid=0) by (uid=1000)
Nov 03 19:05:15 devstack sudo[88588]: pam_unix(sudo:session): session closed for user root
Nov 03 19:05:15 devstack cinder-volume[80730]: DEBUG oslo_concurrency.processutils [None req-c33c6415-0563-4bda-838f-23f69eea6006 tempest-GroupSnapshotsTest-1997568989 None] CMD "sudo cinder-rootwrap /etc/cinder/rootwrap.conf rm -f /opt/stack/data/cinder/mnt/1bed032d433031bda5adcb03927bf03f/volume-f46d28c4-731b-4c91-8ead-1e9889d58521.90cb3953-7ce9-476a-aa00-3f0f86e48d7f" returned: 0 in 0.627s {{(pid=80730) execute /opt/stack/data/venv/lib/python3.10/site-packages/oslo_concurrency/processutils.py:372}}
