Aug 05 15:36:20 devstack cinder-volume[88999]: DEBUG cinder.volume.drivers.quobyte [None req-5846cd7d-a56a-4968-ac37-9cec9921dcc5 tempest-SnapshotsActionsTest-1189108944 None] Available shares ['osci02.corp.quobyte.com/cinder-vol-54c25567-4f49-49ae-8800-d576dc604b60'] {{(pid=88999) _ensure_shares_mounted /opt/stack/cinder/cinder/volume/drivers/quobyte.py:695}}
Aug 05 15:36:20 devstack cinder-volume[88999]: DEBUG oslo_concurrency.lockutils [None req-5846cd7d-a56a-4968-ac37-9cec9921dcc5 tempest-SnapshotsActionsTest-1189108944 None] Lock "quobyte_ensure" "released" by "cinder.volume.drivers.quobyte.QuobyteDriver._ensure_shares_mounted" :: held 0.016s {{(pid=88999) inner /opt/stack/data/venv/lib/python3.12/site-packages/oslo_concurrency/lockutils.py:544}}
Aug 05 15:36:20 devstack cinder-volume[88999]: DEBUG cinder.volume.drivers.quobyte [None req-5846cd7d-a56a-4968-ac37-9cec9921dcc5 tempest-SnapshotsActionsTest-1189108944 None] Selected osci02.corp.quobyte.com/cinder-vol-54c25567-4f49-49ae-8800-d576dc604b60 as target Quobyte volume. {{(pid=88999) _find_share /opt/stack/cinder/cinder/volume/drivers/quobyte.py:716}}
Aug 05 15:36:20 devstack cinder-volume[88999]: INFO cinder.volume.drivers.remotefs [None req-5846cd7d-a56a-4968-ac37-9cec9921dcc5 tempest-SnapshotsActionsTest-1189108944 None] casted to osci02.corp.quobyte.com/cinder-vol-54c25567-4f49-49ae-8800-d576dc604b60
Aug 05 15:36:20 devstack cinder-volume[88999]: DEBUG oslo_concurrency.processutils [None req-5846cd7d-a56a-4968-ac37-9cec9921dcc5 tempest-SnapshotsActionsTest-1189108944 None] Running cmd (subprocess): sudo cinder-rootwrap /etc/cinder/rootwrap.conf qemu-img create -f qcow2 -o preallocation=metadata /opt/stack/data/cinder/mnt/ee8c9746ff95b352acae806d9ed512ad/volume-e7b3877d-38d7-4810-a724-b6495ba983b5 1073741824 {{(pid=88999) execute /opt/stack/data/venv/lib/python3.12/site-packages/oslo_concurrency/processutils.py:440}}
Aug 05 15:36:20 devstack sudo[93159]: quobyte : PWD=/ ; USER=root ; COMMAND=/opt/stack/data/venv/bin/cinder-rootwrap /etc/cinder/rootwrap.conf qemu-img create -f qcow2 -o preallocation=metadata /opt/stack/data/cinder/mnt/ee8c9746ff95b352acae806d9ed512ad/volume-e7b3877d-38d7-4810-a724-b6495ba983b5 1073741824
Aug 05 15:36:20 devstack sudo[93159]: pam_unix(sudo:session): session opened for user root(uid=0) by (uid=1000)
Aug 05 15:36:20 devstack cinder-volume[88999]: DEBUG oslo_concurrency.lockutils [req-85ca3b6d-9699-42be-9626-7d347f416eae req-a9b8e55b-f910-4a20-80a0-4f4f98c2568f tempest-AttachVolumeTestJSON-1204103944 None] Acquiring lock "quobyte" by "cinder.volume.drivers.quobyte.QuobyteDriver.initialize_connection" {{(pid=88999) inner /opt/stack/data/venv/lib/python3.12/site-packages/oslo_concurrency/lockutils.py:512}}
Aug 05 15:36:20 devstack sudo[93159]: pam_unix(sudo:session): session closed for user root
Aug 05 15:36:20 devstack cinder-volume[88999]: DEBUG oslo_concurrency.processutils [None req-5846cd7d-a56a-4968-ac37-9cec9921dcc5 tempest-SnapshotsActionsTest-1189108944 None] CMD "sudo cinder-rootwrap /etc/cinder/rootwrap.conf qemu-img create -f qcow2 -o preallocation=metadata /opt/stack/data/cinder/mnt/ee8c9746ff95b352acae806d9ed512ad/volume-e7b3877d-38d7-4810-a724-b6495ba983b5 1073741824" returned: 0 in 0.606s {{(pid=88999) execute /opt/stack/data/venv/lib/python3.12/site-packages/oslo_concurrency/processutils.py:468}}
Aug 05 15:36:20 devstack cinder-volume[88999]: DEBUG oslo_concurrency.processutils [None req-5846cd7d-a56a-4968-ac37-9cec9921dcc5 tempest-SnapshotsActionsTest-1189108944 None] Running cmd (subprocess): sudo cinder-rootwrap /etc/cinder/rootwrap.conf chmod ugo+rw /opt/stack/data/cinder/mnt/ee8c9746ff95b352acae806d9ed512ad/volume-e7b3877d-38d7-4810-a724-b6495ba983b5 {{(pid=88999) execute /opt/stack/data/venv/lib/python3.12/site-packages/oslo_concurrency/processutils.py:440}}
Aug 05 15:36:20 devstack sudo[93173]: quobyte : PWD=/ ; USER=root ; COMMAND=/opt/stack/data/venv/bin/cinder-rootwrap /etc/cinder/rootwrap.conf chmod ugo+rw /opt/stack/data/cinder/mnt/ee8c9746ff95b352acae806d9ed512ad/volume-e7b3877d-38d7-4810-a724-b6495ba983b5
Aug 05 15:36:20 devstack sudo[93173]: pam_unix(sudo:session): session opened for user root(uid=0) by (uid=1000)
Aug 05 15:36:21 devstack sudo[93173]: pam_unix(sudo:session): session closed for user root
Aug 05 15:36:21 devstack cinder-volume[88999]: DEBUG oslo_concurrency.processutils [None req-5846cd7d-a56a-4968-ac37-9cec9921dcc5 tempest-SnapshotsActionsTest-1189108944 None] CMD "sudo cinder-rootwrap /etc/cinder/rootwrap.conf chmod ugo+rw /opt/stack/data/cinder/mnt/ee8c9746ff95b352acae806d9ed512ad/volume-e7b3877d-38d7-4810-a724-b6495ba983b5" returned: 0 in 0.314s {{(pid=88999) execute /opt/stack/data/venv/lib/python3.12/site-packages/oslo_concurrency/processutils.py:468}}
Aug 05 15:36:21 devstack cinder-volume[88999]: DEBUG cinder.volume.drivers.quobyte [None req-5846cd7d-a56a-4968-ac37-9cec9921dcc5 tempest-SnapshotsActionsTest-1189108944 None] <== create_volume: return (975ms) {'provider_location': 'osci02.corp.quobyte.com/cinder-vol-54c25567-4f49-49ae-8800-d576dc604b60'} {{(pid=88999) trace_logging_wrapper /opt/stack/cinder/cinder/volume/volume_utils.py:1522}}
Aug 05 15:36:21 devstack cinder-volume[88999]: DEBUG oslo_concurrency.lockutils [None req-5846cd7d-a56a-4968-ac37-9cec9921dcc5 tempest-SnapshotsActionsTest-1189108944 None] Lock "quobyte" "released" by "cinder.volume.drivers.quobyte.QuobyteDriver.create_volume" :: held 0.979s {{(pid=88999) inner /opt/stack/data/venv/lib/python3.12/site-packages/oslo_concurrency/lockutils.py:544}}
Aug 05 15:36:21 devstack cinder-volume[88999]: DEBUG oslo_concurrency.lockutils [req-85ca3b6d-9699-42be-9626-7d347f416eae req-a9b8e55b-f910-4a20-80a0-4f4f98c2568f tempest-AttachVolumeTestJSON-1204103944 None] Lock "quobyte" acquired by "cinder.volume.drivers.quobyte.QuobyteDriver.initialize_connection" :: waited 0.670s {{(pid=88999) inner /opt/stack/data/venv/lib/python3.12/site-packages/oslo_concurrency/lockutils.py:525}}
Aug 05 15:36:21 devstack cinder-volume[88999]: DEBUG oslo_concurrency.lockutils [req-85ca3b6d-9699-42be-9626-7d347f416eae req-a9b8e55b-f910-4a20-80a0-4f4f98c2568f tempest-AttachVolumeTestJSON-1204103944 None] Lock "quobyte" "released" by "cinder.volume.drivers.quobyte.QuobyteDriver.initialize_connection" :: held 0.015s {{(pid=88999) inner /opt/stack/data/venv/lib/python3.12/site-packages/oslo_concurrency/lockutils.py:544}}
Aug 05 15:36:21 devstack cinder-volume[88999]: DEBUG cinder.volume.manager [None req-5846cd7d-a56a-4968-ac37-9cec9921dcc5 tempest-SnapshotsActionsTest-1189108944 None] Task 'cinder.volume.flows.manager.create_volume.CreateVolumeFromSpecTask;volume:create' (5587da07-a306-4d9f-bb3b-adc5d1e2cf79) transitioned into state 'SUCCESS' from state 'RUNNING' with result '{'status': 'creating', 'volume_name': 'volume-e7b3877d-38d7-4810-a724-b6495ba983b5', 'volume_size': 1}' {{(pid=88999) _task_receiver /opt/stack/data/venv/lib/python3.12/site-packages/taskflow/listeners/logging.py:218}}
Aug 05 15:36:21 devstack cinder-volume[88999]: DEBUG cinder.volume.manager [None req-5846cd7d-a56a-4968-ac37-9cec9921dcc5 tempest-SnapshotsActionsTest-1189108944 None] Task 'cinder.volume.flows.manager.create_volume.CreateVolumeOnFinishTask;volume:create, create.end' (ddc99e0c-b5bf-4f61-aaac-f00e2afd283e) transitioned into state 'RUNNING' from state 'PENDING' {{(pid=88999) _task_receiver /opt/stack/data/venv/lib/python3.12/site-packages/taskflow/listeners/logging.py:242}}
Aug 05 15:36:21 devstack cinder-volume[88999]: INFO cinder.volume.flows.manager.create_volume [None req-5846cd7d-a56a-4968-ac37-9cec9921dcc5 tempest-SnapshotsActionsTest-1189108944 None] Volume volume-e7b3877d-38d7-4810-a724-b6495ba983b5 (e7b3877d-38d7-4810-a724-b6495ba983b5): created successfully
Aug 05 15:36:21 devstack cinder-volume[88999]: DEBUG cinder.volume.manager [None req-5846cd7d-a56a-4968-ac37-9cec9921dcc5 tempest-SnapshotsActionsTest-1189108944 None] Task 'cinder.volume.flows.manager.create_volume.CreateVolumeOnFinishTask;volume:create, create.end' (ddc99e0c-b5bf-4f61-aaac-f00e2afd283e) transitioned into state 'SUCCESS' from state 'RUNNING' with result 'None' {{(pid=88999) _task_receiver /opt/stack/data/venv/lib/python3.12/site-packages/taskflow/listeners/logging.py:218}}
Aug 05 15:36:21 devstack cinder-volume[88999]: DEBUG cinder.volume.manager [None req-5846cd7d-a56a-4968-ac37-9cec9921dcc5 tempest-SnapshotsActionsTest-1189108944 None] Flow 'volume_create_manager' (e737d796-43c0-4c72-a93d-d465a86548a4) transitioned into state 'SUCCESS' from state 'RUNNING' {{(pid=88999) _flow_receiver /opt/stack/data/venv/lib/python3.12/site-packages/taskflow/listeners/logging.py:160}}
Aug 05 15:36:21 devstack cinder-volume[88999]: INFO cinder.volume.manager [None req-5846cd7d-a56a-4968-ac37-9cec9921dcc5 tempest-SnapshotsActionsTest-1189108944 None] Created volume successfully.
Aug 05 15:36:21 devstack cinder-volume[88999]: DEBUG cinder.volume.manager [req-85ca3b6d-9699-42be-9626-7d347f416eae req-a9b8e55b-f910-4a20-80a0-4f4f98c2568f tempest-AttachVolumeTestJSON-1204103944 None] Connection info returned from driver {'export': 'osci02.corp.quobyte.com/cinder-vol-54c25567-4f49-49ae-8800-d576dc604b60', 'name': 'volume-e17721d9-440a-4365-a609-7221e7f426d7', 'options': None, 'format': 'qcow2', 'qos_specs': None, 'access_mode': 'rw', 'encrypted': False, 'cacheable': False, 'driver_volume_type': 'quobyte', 'mount_point_base': '/opt/stack/data/cinder/mnt', 'attachment_id': '36e54267-8d19-4caa-a02d-c68d83386eba', 'enforce_multipath': True} {{(pid=88999) _connection_create /opt/stack/cinder/cinder/volume/manager.py:4924}}
Aug 05 15:36:21 devstack cinder-volume[88999]: INFO cinder.volume.manager [req-85ca3b6d-9699-42be-9626-7d347f416eae req-a9b8e55b-f910-4a20-80a0-4f4f98c2568f tempest-AttachVolumeTestJSON-1204103944 None] attachment_update completed successfully.
Aug 05 15:36:22 devstack cinder-volume[88999]: DEBUG oslo_concurrency.lockutils [None req-08ca5a22-0d30-435f-bb32-cb9ce13b8bff tempest-SnapshotsActionsTest-1189108944 None] Acquiring lock "quobyte" by "cinder.volume.drivers.quobyte.QuobyteDriver.create_snapshot" {{(pid=88999) inner /opt/stack/data/venv/lib/python3.12/site-packages/oslo_concurrency/lockutils.py:512}}
Aug 05 15:36:22 devstack cinder-volume[88999]: DEBUG oslo_concurrency.lockutils [None req-08ca5a22-0d30-435f-bb32-cb9ce13b8bff tempest-SnapshotsActionsTest-1189108944 None] Lock "quobyte" acquired by "cinder.volume.drivers.quobyte.QuobyteDriver.create_snapshot" :: waited 0.001s {{(pid=88999) inner /opt/stack/data/venv/lib/python3.12/site-packages/oslo_concurrency/lockutils.py:525}}
Aug 05 15:36:22 devstack cinder-volume[88999]: DEBUG cinder.volume.drivers.remotefs [None req-08ca5a22-0d30-435f-bb32-cb9ce13b8bff tempest-SnapshotsActionsTest-1189108944 None] Creating offline snapshot 197851be-11b8-4a20-b90a-40b9e606662a of volume e7b3877d-38d7-4810-a724-b6495ba983b5 {{(pid=88999) _create_snapshot /opt/stack/cinder/cinder/volume/drivers/remotefs.py:1816}}
Aug 05 15:36:22 devstack cinder-volume[88999]: DEBUG oslo.privsep.daemon [-] privsep: reply[bf6a9416-47db-40ed-bf30-d42e0ce7affd]: (4, 'qcow2') {{(pid=90342) _call_back /opt/stack/data/venv/lib/python3.12/site-packages/oslo_privsep/daemon.py:580}}
Aug 05 15:36:22 devstack cinder-volume[88999]: DEBUG oslo_concurrency.processutils [None req-08ca5a22-0d30-435f-bb32-cb9ce13b8bff tempest-SnapshotsActionsTest-1189108944 None] Running cmd (subprocess): /opt/stack/data/venv/bin/python3.12 -m oslo_concurrency.prlimit --as=1073741824 --cpu=60 -- sudo cinder-rootwrap /etc/cinder/rootwrap.conf env LC_ALL=C qemu-img info -f qcow2 --output=json --force-share /opt/stack/data/cinder/mnt/ee8c9746ff95b352acae806d9ed512ad/volume-e7b3877d-38d7-4810-a724-b6495ba983b5 {{(pid=88999) execute /opt/stack/data/venv/lib/python3.12/site-packages/oslo_concurrency/processutils.py:440}}
Aug 05 15:36:22 devstack sudo[93186]: quobyte : PWD=/ ; USER=root ; COMMAND=/opt/stack/data/venv/bin/cinder-rootwrap /etc/cinder/rootwrap.conf env LC_ALL=C qemu-img info -f qcow2 --output=json --force-share /opt/stack/data/cinder/mnt/ee8c9746ff95b352acae806d9ed512ad/volume-e7b3877d-38d7-4810-a724-b6495ba983b5
Aug 05 15:36:22 devstack sudo[93186]: pam_unix(sudo:session): session opened for user root(uid=0) by (uid=1000)
Aug 05 15:36:22 devstack sudo[93186]: pam_unix(sudo:session): session closed for user root
Aug 05 15:36:22 devstack cinder-volume[88999]: DEBUG oslo_concurrency.processutils [None req-08ca5a22-0d30-435f-bb32-cb9ce13b8bff tempest-SnapshotsActionsTest-1189108944 None] CMD "/opt/stack/data/venv/bin/python3.12 -m oslo_concurrency.prlimit --as=1073741824 --cpu=60 -- sudo cinder-rootwrap /etc/cinder/rootwrap.conf env LC_ALL=C qemu-img info -f qcow2 --output=json --force-share /opt/stack/data/cinder/mnt/ee8c9746ff95b352acae806d9ed512ad/volume-e7b3877d-38d7-4810-a724-b6495ba983b5" returned: 0 in 0.579s {{(pid=88999) execute /opt/stack/data/venv/lib/python3.12/site-packages/oslo_concurrency/processutils.py:468}}
Aug 05 15:36:22 devstack cinder-volume[88999]: DEBUG oslo_concurrency.processutils [None req-08ca5a22-0d30-435f-bb32-cb9ce13b8bff tempest-SnapshotsActionsTest-1189108944 None] Running cmd (subprocess): sudo cinder-rootwrap /etc/cinder/rootwrap.conf qemu-img create -f qcow2 -o backing_file=/opt/stack/data/cinder/mnt/ee8c9746ff95b352acae806d9ed512ad/volume-e7b3877d-38d7-4810-a724-b6495ba983b5,backing_fmt=qcow2 /opt/stack/data/cinder/mnt/ee8c9746ff95b352acae806d9ed512ad/volume-e7b3877d-38d7-4810-a724-b6495ba983b5.197851be-11b8-4a20-b90a-40b9e606662a 1G {{(pid=88999) execute /opt/stack/data/venv/lib/python3.12/site-packages/oslo_concurrency/processutils.py:440}}
Aug 05 15:36:22 devstack sudo[93202]: quobyte : PWD=/ ; USER=root ; COMMAND=/opt/stack/data/venv/bin/cinder-rootwrap /etc/cinder/rootwrap.conf qemu-img create -f qcow2 -o backing_file=/opt/stack/data/cinder/mnt/ee8c9746ff95b352acae806d9ed512ad/volume-e7b3877d-38d7-4810-a724-b6495ba983b5,backing_fmt=qcow2 /opt/stack/data/cinder/mnt/ee8c9746ff95b352acae806d9ed512ad/volume-e7b3877d-38d7-4810-a724-b6495ba983b5.197851be-11b8-4a20-b90a-40b9e606662a 1G
Aug 05 15:36:22 devstack sudo[93202]: pam_unix(sudo:session): session opened for user root(uid=0) by (uid=1000)
Aug 05 15:36:23 devstack cinder-volume[88999]: INFO cinder.volume.manager [req-e87b41a8-9fac-45ae-9a25-6be15366e784 req-d9c119e3-45d1-4a9a-8b13-a3253056199c tempest-ServerActionsTestOtherA-6679622 None] Terminate volume connection completed successfully.
Aug 05 15:36:23 devstack cinder-volume[88999]: DEBUG cinder.volume.manager [req-e87b41a8-9fac-45ae-9a25-6be15366e784 req-d9c119e3-45d1-4a9a-8b13-a3253056199c tempest-ServerActionsTestOtherA-6679622 None] Deleting attachment c078edd6-b48b-4ac3-8a24-79239c54f24b. {{(pid=88999) attachment_delete /opt/stack/cinder/cinder/volume/manager.py:5055}}
Aug 05 15:36:23 devstack sudo[93202]: pam_unix(sudo:session): session closed for user root
Aug 05 15:36:23 devstack cinder-volume[88999]: DEBUG oslo_concurrency.processutils [None req-08ca5a22-0d30-435f-bb32-cb9ce13b8bff tempest-SnapshotsActionsTest-1189108944 None] CMD "sudo cinder-rootwrap /etc/cinder/rootwrap.conf qemu-img create -f qcow2 -o backing_file=/opt/stack/data/cinder/mnt/ee8c9746ff95b352acae806d9ed512ad/volume-e7b3877d-38d7-4810-a724-b6495ba983b5,backing_fmt=qcow2 /opt/stack/data/cinder/mnt/ee8c9746ff95b352acae806d9ed512ad/volume-e7b3877d-38d7-4810-a724-b6495ba983b5.197851be-11b8-4a20-b90a-40b9e606662a 1G" returned: 0 in 0.659s {{(pid=88999) execute /opt/stack/data/venv/lib/python3.12/site-packages/oslo_concurrency/processutils.py:468}}
Aug 05 15:36:23 devstack cinder-volume[88999]: DEBUG oslo_concurrency.processutils [None req-08ca5a22-0d30-435f-bb32-cb9ce13b8bff tempest-SnapshotsActionsTest-1189108944 None] Running cmd (subprocess): sudo cinder-rootwrap /etc/cinder/rootwrap.conf qemu-img rebase -u -b volume-e7b3877d-38d7-4810-a724-b6495ba983b5 -F qcow2 /opt/stack/data/cinder/mnt/ee8c9746ff95b352acae806d9ed512ad/volume-e7b3877d-38d7-4810-a724-b6495ba983b5.197851be-11b8-4a20-b90a-40b9e606662a {{(pid=88999) execute /opt/stack/data/venv/lib/python3.12/site-packages/oslo_concurrency/processutils.py:440}}
Aug 05 15:36:23 devstack sudo[93243]: quobyte : PWD=/ ; USER=root ; COMMAND=/opt/stack/data/venv/bin/cinder-rootwrap /etc/cinder/rootwrap.conf qemu-img rebase -u -b volume-e7b3877d-38d7-4810-a724-b6495ba983b5 -F qcow2 /opt/stack/data/cinder/mnt/ee8c9746ff95b352acae806d9ed512ad/volume-e7b3877d-38d7-4810-a724-b6495ba983b5.197851be-11b8-4a20-b90a-40b9e606662a
Aug 05 15:36:23 devstack sudo[93243]: pam_unix(sudo:session): session opened for user root(uid=0) by (uid=1000)
Aug 05 15:36:24 devstack sudo[93243]: pam_unix(sudo:session): session closed for user root
Aug 05 15:36:24 devstack cinder-volume[88999]: DEBUG oslo_concurrency.processutils [None req-08ca5a22-0d30-435f-bb32-cb9ce13b8bff tempest-SnapshotsActionsTest-1189108944 None] CMD "sudo cinder-rootwrap /etc/cinder/rootwrap.conf qemu-img rebase -u -b volume-e7b3877d-38d7-4810-a724-b6495ba983b5 -F qcow2 /opt/stack/data/cinder/mnt/ee8c9746ff95b352acae806d9ed512ad/volume-e7b3877d-38d7-4810-a724-b6495ba983b5.197851be-11b8-4a20-b90a-40b9e606662a" returned: 0 in 0.626s {{(pid=88999) execute /opt/stack/data/venv/lib/python3.12/site-packages/oslo_concurrency/processutils.py:468}}
Aug 05 15:36:24 devstack cinder-volume[88999]: WARNING cinder.volume.drivers.remotefs [None req-08ca5a22-0d30-435f-bb32-cb9ce13b8bff tempest-SnapshotsActionsTest-1189108944 None] /opt/stack/data/cinder/mnt/ee8c9746ff95b352acae806d9ed512ad/volume-e7b3877d-38d7-4810-a724-b6495ba983b5.197851be-11b8-4a20-b90a-40b9e606662a is being set with open permissions: ugo+rw
Aug 05 15:36:24 devstack cinder-volume[88999]: DEBUG oslo_concurrency.processutils [None req-08ca5a22-0d30-435f-bb32-cb9ce13b8bff tempest-SnapshotsActionsTest-1189108944 None] Running cmd (subprocess): sudo cinder-rootwrap /etc/cinder/rootwrap.conf chmod ugo+rw /opt/stack/data/cinder/mnt/ee8c9746ff95b352acae806d9ed512ad/volume-e7b3877d-38d7-4810-a724-b6495ba983b5.197851be-11b8-4a20-b90a-40b9e606662a {{(pid=88999) execute /opt/stack/data/venv/lib/python3.12/site-packages/oslo_concurrency/processutils.py:440}}
Aug 05 15:36:24 devstack sudo[93267]: quobyte : PWD=/ ; USER=root ; COMMAND=/opt/stack/data/venv/bin/cinder-rootwrap /etc/cinder/rootwrap.conf chmod ugo+rw /opt/stack/data/cinder/mnt/ee8c9746ff95b352acae806d9ed512ad/volume-e7b3877d-38d7-4810-a724-b6495ba983b5.197851be-11b8-4a20-b90a-40b9e606662a
Aug 05 15:36:24 devstack sudo[93267]: pam_unix(sudo:session): session opened for user root(uid=0) by (uid=1000)
Aug 05 15:36:24 devstack cinder-volume[88999]: DEBUG cinder.coordination [None req-049fefb4-afd1-49f4-9662-38eead917123 tempest-TaggedAttachmentsTest-1327224326 None] Acquiring lock "cinder-c8a0e89d-e7de-429c-aa95-c89e70d104a4-delete_volume" by "delete_volume" {{(pid=88999) __acquire /opt/stack/cinder/cinder/coordination.py:138}}
Aug 05 15:36:24 devstack cinder-volume[88999]: DEBUG cinder.coordination [None req-049fefb4-afd1-49f4-9662-38eead917123 tempest-TaggedAttachmentsTest-1327224326 None] Lock "cinder-c8a0e89d-e7de-429c-aa95-c89e70d104a4-delete_volume" acquired by "delete_volume" :: waited 0.041s {{(pid=88999) __acquire /opt/stack/cinder/cinder/coordination.py:141}}
Aug 05 15:36:24 devstack cinder-volume[88999]: DEBUG cinder.coordination [None req-049fefb4-afd1-49f4-9662-38eead917123 tempest-TaggedAttachmentsTest-1327224326 None] Acquiring lock "cinder-quobyte-c8a0e89d-e7de-429c-aa95-c89e70d104a4" by "delete_volume" {{(pid=88999) __acquire /opt/stack/cinder/cinder/coordination.py:138}}
Aug 05 15:36:24 devstack cinder-volume[88999]: DEBUG cinder.coordination [None req-049fefb4-afd1-49f4-9662-38eead917123 tempest-TaggedAttachmentsTest-1327224326 None] Lock "cinder-quobyte-c8a0e89d-e7de-429c-aa95-c89e70d104a4" acquired by "delete_volume" :: waited 0.032s {{(pid=88999) __acquire /opt/stack/cinder/cinder/coordination.py:141}}
Aug 05 15:36:24 devstack cinder-volume[88999]: DEBUG oslo.privsep.daemon [-] privsep: reply[7f14737d-e597-4164-8cce-458427d25ed8]: (4, 'qcow2') {{(pid=90342) _call_back /opt/stack/data/venv/lib/python3.12/site-packages/oslo_privsep/daemon.py:580}}
Aug 05 15:36:24 devstack cinder-volume[88999]: DEBUG oslo_concurrency.processutils [None req-049fefb4-afd1-49f4-9662-38eead917123 tempest-TaggedAttachmentsTest-1327224326 None] Running cmd (subprocess): /opt/stack/data/venv/bin/python3.12 -m oslo_concurrency.prlimit --as=1073741824 --cpu=60 -- sudo cinder-rootwrap /etc/cinder/rootwrap.conf env LC_ALL=C qemu-img info -f qcow2 --output=json --force-share /opt/stack/data/cinder/mnt/ee8c9746ff95b352acae806d9ed512ad/volume-c8a0e89d-e7de-429c-aa95-c89e70d104a4 {{(pid=88999) execute /opt/stack/data/venv/lib/python3.12/site-packages/oslo_concurrency/processutils.py:440}}
Aug 05 15:36:24 devstack sudo[93267]: pam_unix(sudo:session): session closed for user root
Aug 05 15:36:24 devstack cinder-volume[88999]: DEBUG oslo_concurrency.processutils [None req-08ca5a22-0d30-435f-bb32-cb9ce13b8bff tempest-SnapshotsActionsTest-1189108944 None] CMD "sudo cinder-rootwrap /etc/cinder/rootwrap.conf chmod ugo+rw /opt/stack/data/cinder/mnt/ee8c9746ff95b352acae806d9ed512ad/volume-e7b3877d-38d7-4810-a724-b6495ba983b5.197851be-11b8-4a20-b90a-40b9e606662a" returned: 0 in 0.397s {{(pid=88999) execute /opt/stack/data/venv/lib/python3.12/site-packages/oslo_concurrency/processutils.py:468}}
Aug 05 15:36:24 devstack cinder-volume[88999]: DEBUG oslo_concurrency.lockutils [req-e87b41a8-9fac-45ae-9a25-6be15366e784 req-fe300e5f-f867-413f-9e73-e722231bd349 tempest-ServerActionsTestOtherA-6679622 None] Acquiring lock "quobyte" by "cinder.volume.drivers.quobyte.QuobyteDriver.initialize_connection" {{(pid=88999) inner /opt/stack/data/venv/lib/python3.12/site-packages/oslo_concurrency/lockutils.py:512}}
Aug 05 15:36:24 devstack cinder-volume[88999]: DEBUG oslo_concurrency.processutils [None req-08ca5a22-0d30-435f-bb32-cb9ce13b8bff tempest-SnapshotsActionsTest-1189108944 None] Running cmd (subprocess): sudo cinder-rootwrap /etc/cinder/rootwrap.conf truncate -s0 /opt/stack/data/cinder/mnt/ee8c9746ff95b352acae806d9ed512ad/volume-e7b3877d-38d7-4810-a724-b6495ba983b5.info {{(pid=88999) execute /opt/stack/data/venv/lib/python3.12/site-packages/oslo_concurrency/processutils.py:440}}
Aug 05 15:36:24 devstack sudo[93279]: quobyte : PWD=/ ; USER=root ; COMMAND=/opt/stack/data/venv/bin/cinder-rootwrap /etc/cinder/rootwrap.conf env LC_ALL=C qemu-img info -f qcow2 --output=json --force-share /opt/stack/data/cinder/mnt/ee8c9746ff95b352acae806d9ed512ad/volume-c8a0e89d-e7de-429c-aa95-c89e70d104a4
Aug 05 15:36:24 devstack sudo[93279]: pam_unix(sudo:session): session opened for user root(uid=0) by (uid=1000)
Aug 05 15:36:24 devstack sudo[93280]: quobyte : PWD=/ ; USER=root ; COMMAND=/opt/stack/data/venv/bin/cinder-rootwrap /etc/cinder/rootwrap.conf truncate -s0 /opt/stack/data/cinder/mnt/ee8c9746ff95b352acae806d9ed512ad/volume-e7b3877d-38d7-4810-a724-b6495ba983b5.info
Aug 05 15:36:24 devstack sudo[93280]: pam_unix(sudo:session): session opened for user root(uid=0) by (uid=1000)
Aug 05 15:36:24 devstack sudo[93280]: pam_unix(sudo:session): session closed for user root
Aug 05 15:36:24 devstack cinder-volume[88999]: DEBUG oslo_concurrency.processutils [None req-08ca5a22-0d30-435f-bb32-cb9ce13b8bff tempest-SnapshotsActionsTest-1189108944 None] CMD "sudo cinder-rootwrap /etc/cinder/rootwrap.conf truncate -s0 /opt/stack/data/cinder/mnt/ee8c9746ff95b352acae806d9ed512ad/volume-e7b3877d-38d7-4810-a724-b6495ba983b5.info" returned: 0 in 0.321s {{(pid=88999) execute /opt/stack/data/venv/lib/python3.12/site-packages/oslo_concurrency/processutils.py:468}}
Aug 05 15:36:24 devstack cinder-volume[88999]: WARNING cinder.volume.drivers.remotefs [None req-08ca5a22-0d30-435f-bb32-cb9ce13b8bff tempest-SnapshotsActionsTest-1189108944 None] /opt/stack/data/cinder/mnt/ee8c9746ff95b352acae806d9ed512ad/volume-e7b3877d-38d7-4810-a724-b6495ba983b5.info is being set with open permissions: ugo+rw
Aug 05 15:36:24 devstack sudo[93279]: pam_unix(sudo:session): session closed for user root
Aug 05 15:36:24 devstack cinder-volume[88999]: DEBUG oslo_concurrency.processutils [None req-08ca5a22-0d30-435f-bb32-cb9ce13b8bff tempest-SnapshotsActionsTest-1189108944 None] Running cmd (subprocess): sudo cinder-rootwrap /etc/cinder/rootwrap.conf chmod ugo+rw /opt/stack/data/cinder/mnt/ee8c9746ff95b352acae806d9ed512ad/volume-e7b3877d-38d7-4810-a724-b6495ba983b5.info {{(pid=88999) execute /opt/stack/data/venv/lib/python3.12/site-packages/oslo_concurrency/processutils.py:440}}
Aug 05 15:36:25 devstack cinder-volume[88999]: DEBUG oslo_concurrency.processutils [None req-049fefb4-afd1-49f4-9662-38eead917123 tempest-TaggedAttachmentsTest-1327224326 None] CMD "/opt/stack/data/venv/bin/python3.12 -m oslo_concurrency.prlimit --as=1073741824 --cpu=60 -- sudo cinder-rootwrap /etc/cinder/rootwrap.conf env LC_ALL=C qemu-img info -f qcow2 --output=json --force-share /opt/stack/data/cinder/mnt/ee8c9746ff95b352acae806d9ed512ad/volume-c8a0e89d-e7de-429c-aa95-c89e70d104a4" returned: 0 in 0.461s {{(pid=88999) execute /opt/stack/data/venv/lib/python3.12/site-packages/oslo_concurrency/processutils.py:468}}
Aug 05 15:36:25 devstack cinder-volume[88999]: DEBUG oslo_concurrency.processutils [None req-049fefb4-afd1-49f4-9662-38eead917123 tempest-TaggedAttachmentsTest-1327224326 None] Running cmd (subprocess): sudo cinder-rootwrap /etc/cinder/rootwrap.conf rm -f /opt/stack/data/cinder/mnt/ee8c9746ff95b352acae806d9ed512ad/volume-c8a0e89d-e7de-429c-aa95-c89e70d104a4 {{(pid=88999) execute /opt/stack/data/venv/lib/python3.12/site-packages/oslo_concurrency/processutils.py:440}}
Aug 05 15:36:25 devstack sudo[93288]: quobyte : PWD=/ ; USER=root ; COMMAND=/opt/stack/data/venv/bin/cinder-rootwrap /etc/cinder/rootwrap.conf chmod ugo+rw /opt/stack/data/cinder/mnt/ee8c9746ff95b352acae806d9ed512ad/volume-e7b3877d-38d7-4810-a724-b6495ba983b5.info
Aug 05 15:36:25 devstack sudo[93288]: pam_unix(sudo:session): session opened for user root(uid=0) by (uid=1000)
Aug 05 15:36:25 devstack sudo[93289]: quobyte : PWD=/ ; USER=root ; COMMAND=/opt/stack/data/venv/bin/cinder-rootwrap /etc/cinder/rootwrap.conf rm -f /opt/stack/data/cinder/mnt/ee8c9746ff95b352acae806d9ed512ad/volume-c8a0e89d-e7de-429c-aa95-c89e70d104a4
Aug 05 15:36:25 devstack sudo[93289]: pam_unix(sudo:session): session opened for user root(uid=0) by (uid=1000)
Aug 05 15:36:25 devstack sudo[93289]: pam_unix(sudo:session): session closed for user root
Aug 05 15:36:25 devstack cinder-volume[88999]: DEBUG oslo_concurrency.processutils [None req-049fefb4-afd1-49f4-9662-38eead917123 tempest-TaggedAttachmentsTest-1327224326 None] CMD "sudo cinder-rootwrap /etc/cinder/rootwrap.conf rm -f /opt/stack/data/cinder/mnt/ee8c9746ff95b352acae806d9ed512ad/volume-c8a0e89d-e7de-429c-aa95-c89e70d104a4" returned: 0 in 0.300s {{(pid=88999) execute /opt/stack/data/venv/lib/python3.12/site-packages/oslo_concurrency/processutils.py:468}}
Aug 05 15:36:25 devstack sudo[93288]: pam_unix(sudo:session): session closed for user root
Aug 05 15:36:25 devstack cinder-volume[88999]: DEBUG oslo_concurrency.processutils [None req-08ca5a22-0d30-435f-bb32-cb9ce13b8bff tempest-SnapshotsActionsTest-1189108944 None] CMD "sudo cinder-rootwrap /etc/cinder/rootwrap.conf chmod ugo+rw /opt/stack/data/cinder/mnt/ee8c9746ff95b352acae806d9ed512ad/volume-e7b3877d-38d7-4810-a724-b6495ba983b5.info" returned: 0 in 0.335s {{(pid=88999) execute /opt/stack/data/venv/lib/python3.12/site-packages/oslo_concurrency/processutils.py:468}}
Aug 05 15:36:25 devstack cinder-volume[88999]: DEBUG oslo_concurrency.lockutils [None req-08ca5a22-0d30-435f-bb32-cb9ce13b8bff tempest-SnapshotsActionsTest-1189108944 None] Lock "quobyte" "released" by "cinder.volume.drivers.quobyte.QuobyteDriver.create_snapshot" :: held 3.086s {{(pid=88999) inner /opt/stack/data/venv/lib/python3.12/site-packages/oslo_concurrency/lockutils.py:544}}
Aug 05 15:36:25 devstack cinder-volume[88999]: DEBUG cinder.coordination [None req-049fefb4-afd1-49f4-9662-38eead917123 tempest-TaggedAttachmentsTest-1327224326 None] Lock "cinder-quobyte-c8a0e89d-e7de-429c-aa95-c89e70d104a4" released by "delete_volume" :: held 0.853s {{(pid=88999) __release /opt/stack/cinder/cinder/coordination.py:152}}
Aug 05 15:36:25 devstack cinder-volume[88999]: DEBUG oslo_concurrency.lockutils [req-e87b41a8-9fac-45ae-9a25-6be15366e784 req-fe300e5f-f867-413f-9e73-e722231bd349 tempest-ServerActionsTestOtherA-6679622 None] Lock "quobyte" acquired by "cinder.volume.drivers.quobyte.QuobyteDriver.initialize_connection" :: waited 0.719s {{(pid=88999) inner /opt/stack/data/venv/lib/python3.12/site-packages/oslo_concurrency/lockutils.py:525}}
Aug 05 15:36:25 devstack cinder-volume[88999]: DEBUG oslo_concurrency.lockutils [req-e87b41a8-9fac-45ae-9a25-6be15366e784 req-fe300e5f-f867-413f-9e73-e722231bd349 tempest-ServerActionsTestOtherA-6679622 None] Lock "quobyte" "released" by "cinder.volume.drivers.quobyte.QuobyteDriver.initialize_connection" :: held 0.096s {{(pid=88999) inner /opt/stack/data/venv/lib/python3.12/site-packages/oslo_concurrency/lockutils.py:544}}
Aug 05 15:36:25 devstack cinder-volume[88999]: INFO cinder.volume.manager [None req-08ca5a22-0d30-435f-bb32-cb9ce13b8bff tempest-SnapshotsActionsTest-1189108944 None] Create snapshot completed successfully
Aug 05 15:36:25 devstack cinder-volume[88999]: DEBUG cinder.volume.manager [req-e87b41a8-9fac-45ae-9a25-6be15366e784 req-fe300e5f-f867-413f-9e73-e722231bd349 tempest-ServerActionsTestOtherA-6679622 None] Connection info returned from driver {'export': 'osci02.corp.quobyte.com/cinder-vol-54c25567-4f49-49ae-8800-d576dc604b60', 'name': 'volume-29c86d4e-c470-4d0d-be97-bc390a92dc72', 'options': None, 'format': 'qcow2', 'qos_specs': None, 'access_mode': 'rw', 'encrypted': False, 'cacheable': False, 'driver_volume_type': 'quobyte', 'mount_point_base': '/opt/stack/data/cinder/mnt', 'attachment_id': '76b5c833-c588-497f-ba47-59b84c283aa8', 'enforce_multipath': True} {{(pid=88999) _connection_create /opt/stack/cinder/cinder/volume/manager.py:4924}}
Aug 05 15:36:25 devstack cinder-volume[88999]: DEBUG cinder.quota [None req-049fefb4-afd1-49f4-9662-38eead917123 tempest-TaggedAttachmentsTest-1327224326 None] Created reservations ['a88f6e8f-c9d7-469f-a0dc-08dad890f5f7', '51830746-865d-4c6f-aaa6-4687ee887e72', '9605e20e-5e3b-45c0-a0d5-df084683289a', 'ce0b08ba-cc91-40db-a6fd-510589ddc901'] {{(pid=88999) reserve /opt/stack/cinder/cinder/quota.py:752}}
Aug 05 15:36:25 devstack cinder-volume[88999]: INFO cinder.volume.manager [req-e87b41a8-9fac-45ae-9a25-6be15366e784 req-fe300e5f-f867-413f-9e73-e722231bd349 tempest-ServerActionsTestOtherA-6679622 None] attachment_update completed successfully.
Aug 05 15:36:25 devstack cinder-volume[88999]: DEBUG oslo_concurrency.lockutils [None req-049fefb4-afd1-49f4-9662-38eead917123 tempest-TaggedAttachmentsTest-1327224326 None] Acquiring lock "quobyte_ensure" by "cinder.volume.drivers.quobyte.QuobyteDriver._ensure_shares_mounted" {{(pid=88999) inner /opt/stack/data/venv/lib/python3.12/site-packages/oslo_concurrency/lockutils.py:512}}
Aug 05 15:36:25 devstack cinder-volume[88999]: DEBUG oslo_concurrency.lockutils [None req-049fefb4-afd1-49f4-9662-38eead917123 tempest-TaggedAttachmentsTest-1327224326 None] Lock "quobyte_ensure" acquired by "cinder.volume.drivers.quobyte.QuobyteDriver._ensure_shares_mounted" :: waited 0.001s {{(pid=88999) inner /opt/stack/data/venv/lib/python3.12/site-packages/oslo_concurrency/lockutils.py:525}}
Aug 05 15:36:25 devstack cinder-volume[88999]: DEBUG cinder.volume.drivers.quobyte [None req-049fefb4-afd1-49f4-9662-38eead917123 tempest-TaggedAttachmentsTest-1327224326 None] Quobyte Volume URL set to: {'osci02.corp.quobyte.com/cinder-vol-54c25567-4f49-49ae-8800-d576dc604b60': None} {{(pid=88999) _load_shares_config /opt/stack/cinder/cinder/volume/drivers/quobyte.py:665}}
Aug 05 15:36:25 devstack cinder-volume[88999]: DEBUG cinder.volume.drivers.quobyte [None req-049fefb4-afd1-49f4-9662-38eead917123 tempest-TaggedAttachmentsTest-1327224326 None] Available shares ['osci02.corp.quobyte.com/cinder-vol-54c25567-4f49-49ae-8800-d576dc604b60'] {{(pid=88999) _ensure_shares_mounted /opt/stack/cinder/cinder/volume/drivers/quobyte.py:695}}
Aug 05 15:36:25 devstack cinder-volume[88999]: DEBUG oslo_concurrency.lockutils [None req-049fefb4-afd1-49f4-9662-38eead917123 tempest-TaggedAttachmentsTest-1327224326 None] Lock "quobyte_ensure" "released" by "cinder.volume.drivers.quobyte.QuobyteDriver._ensure_shares_mounted" :: held 0.006s {{(pid=88999) inner /opt/stack/data/venv/lib/python3.12/site-packages/oslo_concurrency/lockutils.py:544}}
Aug 05 15:36:25 devstack cinder-volume[88999]: DEBUG oslo_concurrency.processutils [None req-049fefb4-afd1-49f4-9662-38eead917123 tempest-TaggedAttachmentsTest-1327224326 None] Running cmd (subprocess): sudo cinder-rootwrap /etc/cinder/rootwrap.conf df --portability --block-size 1 /opt/stack/data/cinder/mnt/ee8c9746ff95b352acae806d9ed512ad {{(pid=88999) execute /opt/stack/data/venv/lib/python3.12/site-packages/oslo_concurrency/processutils.py:440}}
Aug 05 15:36:25 devstack sudo[93298]: quobyte : PWD=/ ; USER=root ; COMMAND=/opt/stack/data/venv/bin/cinder-rootwrap /etc/cinder/rootwrap.conf df --portability --block-size 1 /opt/stack/data/cinder/mnt/ee8c9746ff95b352acae806d9ed512ad
Aug 05 15:36:25 devstack sudo[93298]: pam_unix(sudo:session): session opened for user root(uid=0) by (uid=1000)
Aug 05 15:36:25 devstack sudo[93298]: pam_unix(sudo:session): session closed for user root
Aug 05 15:36:25 devstack cinder-volume[88999]: DEBUG oslo_concurrency.processutils [None req-049fefb4-afd1-49f4-9662-38eead917123 tempest-TaggedAttachmentsTest-1327224326 None] CMD "sudo cinder-rootwrap /etc/cinder/rootwrap.conf df --portability --block-size 1 /opt/stack/data/cinder/mnt/ee8c9746ff95b352acae806d9ed512ad" returned: 0 in 0.264s {{(pid=88999) execute /opt/stack/data/venv/lib/python3.12/site-packages/oslo_concurrency/processutils.py:468}}
Aug 05 15:36:25 devstack cinder-volume[88999]: DEBUG cinder.manager [None req-049fefb4-afd1-49f4-9662-38eead917123 tempest-TaggedAttachmentsTest-1327224326 None] Notifying Schedulers of capabilities ... {{(pid=88999) _publish_service_capabilities /opt/stack/cinder/cinder/manager.py:219}}
Aug 05 15:36:25 devstack cinder-volume[88999]: INFO cinder.volume.manager [None req-049fefb4-afd1-49f4-9662-38eead917123 tempest-TaggedAttachmentsTest-1327224326 None] Deleted volume successfully.
Aug 05 15:36:25 devstack cinder-volume[88999]: DEBUG cinder.coordination [None req-049fefb4-afd1-49f4-9662-38eead917123 tempest-TaggedAttachmentsTest-1327224326 None] Lock "cinder-c8a0e89d-e7de-429c-aa95-c89e70d104a4-delete_volume" released by "delete_volume" :: held 1.520s {{(pid=88999) __release /opt/stack/cinder/cinder/coordination.py:152}}
Aug 05 15:36:27 devstack cinder-volume[88999]: DEBUG oslo_concurrency.lockutils [None req-dce39e5b-fca4-4cee-947b-38a4b20aab55 tempest-SnapshotsActionsTest-1189108944 None] Acquiring lock "quobyte" by "cinder.volume.drivers.quobyte.QuobyteDriver.create_snapshot" {{(pid=88999) inner /opt/stack/data/venv/lib/python3.12/site-packages/oslo_concurrency/lockutils.py:512}}
Aug 05 15:36:27 devstack cinder-volume[88999]: DEBUG oslo_concurrency.lockutils [None req-dce39e5b-fca4-4cee-947b-38a4b20aab55 tempest-SnapshotsActionsTest-1189108944 None] Lock "quobyte" acquired by "cinder.volume.drivers.quobyte.QuobyteDriver.create_snapshot" :: waited 0.001s {{(pid=88999) inner /opt/stack/data/venv/lib/python3.12/site-packages/oslo_concurrency/lockutils.py:525}}
Aug 05 15:36:27 devstack cinder-volume[88999]: DEBUG cinder.volume.drivers.remotefs [None req-dce39e5b-fca4-4cee-947b-38a4b20aab55 tempest-SnapshotsActionsTest-1189108944 None] Creating offline snapshot a25a565c-0b8f-4e74-bd95-0aae922154b1 of volume e7b3877d-38d7-4810-a724-b6495ba983b5 {{(pid=88999) _create_snapshot /opt/stack/cinder/cinder/volume/drivers/remotefs.py:1816}}
Aug 05 15:36:27 devstack cinder-volume[88999]: DEBUG oslo.privsep.daemon [-] privsep: reply[0f593669-b9d4-48f4-8f77-6b2a23a15bf5]: (4, 'qcow2') {{(pid=90342) _call_back /opt/stack/data/venv/lib/python3.12/site-packages/oslo_privsep/daemon.py:580}}
Aug 05 15:36:27 devstack cinder-volume[88999]: DEBUG oslo_concurrency.processutils [None req-dce39e5b-fca4-4cee-947b-38a4b20aab55 tempest-SnapshotsActionsTest-1189108944 None] Running cmd (subprocess): /opt/stack/data/venv/bin/python3.12 -m oslo_concurrency.prlimit --as=1073741824 --cpu=60 -- sudo cinder-rootwrap /etc/cinder/rootwrap.conf env LC_ALL=C qemu-img info -f qcow2 --output=json --force-share /opt/stack/data/cinder/mnt/ee8c9746ff95b352acae806d9ed512ad/volume-e7b3877d-38d7-4810-a724-b6495ba983b5.197851be-11b8-4a20-b90a-40b9e606662a {{(pid=88999) execute /opt/stack/data/venv/lib/python3.12/site-packages/oslo_concurrency/processutils.py:440}}
Aug 05 15:36:27 devstack sudo[93428]: quobyte : PWD=/ ; USER=root ; COMMAND=/opt/stack/data/venv/bin/cinder-rootwrap /etc/cinder/rootwrap.conf env LC_ALL=C qemu-img info -f qcow2 --output=json --force-share /opt/stack/data/cinder/mnt/ee8c9746ff95b352acae806d9ed512ad/volume-e7b3877d-38d7-4810-a724-b6495ba983b5.197851be-11b8-4a20-b90a-40b9e606662a
Aug 05 15:36:27 devstack sudo[93428]: pam_unix(sudo:session): session opened for user root(uid=0) by (uid=1000)
Aug 05 15:36:28 devstack sudo[93428]: pam_unix(sudo:session): session closed for user root
Aug 05 15:36:28 devstack cinder-volume[88999]: DEBUG oslo_concurrency.processutils [None req-dce39e5b-fca4-4cee-947b-38a4b20aab55 tempest-SnapshotsActionsTest-1189108944 None] CMD "/opt/stack/data/venv/bin/python3.12 -m oslo_concurrency.prlimit --as=1073741824 --cpu=60 -- sudo cinder-rootwrap /etc/cinder/rootwrap.conf env LC_ALL=C qemu-img info -f qcow2 --output=json --force-share /opt/stack/data/cinder/mnt/ee8c9746ff95b352acae806d9ed512ad/volume-e7b3877d-38d7-4810-a724-b6495ba983b5.197851be-11b8-4a20-b90a-40b9e606662a" returned: 0 in 0.628s {{(pid=88999) execute /opt/stack/data/venv/lib/python3.12/site-packages/oslo_concurrency/processutils.py:468}}
Aug 05 15:36:28 devstack cinder-volume[88999]: DEBUG cinder.volume.drivers.remotefs [None req-dce39e5b-fca4-4cee-947b-38a4b20aab55 tempest-SnapshotsActionsTest-1189108944 None] Fetching qemu-img info with special backing_file_template: (/opt/stack/data/cinder/mnt/[0-9a-f]+/)?(volume-e7b3877d-38d7-4810-a724-b6495ba983b5(.(tmp-snap-)?[0-9a-f-]+)?|volume_from_snapshot_cache/(tmp-snap-)?[0-9a-f-]+(.(child-|parent-)[0-9a-f-]+)?)$ {{(pid=88999) _qemu_img_info_base /opt/stack/cinder/cinder/volume/drivers/remotefs.py:896}}
Aug 05 15:36:28 devstack cinder-volume[88999]: DEBUG oslo_concurrency.processutils [None req-dce39e5b-fca4-4cee-947b-38a4b20aab55 tempest-SnapshotsActionsTest-1189108944 None] Running cmd (subprocess): sudo cinder-rootwrap /etc/cinder/rootwrap.conf qemu-img create -f qcow2 -o backing_file=/opt/stack/data/cinder/mnt/ee8c9746ff95b352acae806d9ed512ad/volume-e7b3877d-38d7-4810-a724-b6495ba983b5.197851be-11b8-4a20-b90a-40b9e606662a,backing_fmt=qcow2 /opt/stack/data/cinder/mnt/ee8c9746ff95b352acae806d9ed512ad/volume-e7b3877d-38d7-4810-a724-b6495ba983b5.a25a565c-0b8f-4e74-bd95-0aae922154b1 1G {{(pid=88999) execute /opt/stack/data/venv/lib/python3.12/site-packages/oslo_concurrency/processutils.py:440}}
Aug 05 15:36:28 devstack sudo[93785]: quobyte : PWD=/ ; USER=root ; COMMAND=/opt/stack/data/venv/bin/cinder-rootwrap /etc/cinder/rootwrap.conf qemu-img create -f qcow2 -o backing_file=/opt/stack/data/cinder/mnt/ee8c9746ff95b352acae806d9ed512ad/volume-e7b3877d-38d7-4810-a724-b6495ba983b5.197851be-11b8-4a20-b90a-40b9e606662a,backing_fmt=qcow2 /opt/stack/data/cinder/mnt/ee8c9746ff95b352acae806d9ed512ad/volume-e7b3877d-38d7-4810-a724-b6495ba983b5.a25a565c-0b8f-4e74-bd95-0aae922154b1 1G
Aug 05 15:36:28 devstack sudo[93785]: pam_unix(sudo:session): session opened for user root(uid=0) by (uid=1000)
Aug 05 15:36:28 devstack sudo[93785]: pam_unix(sudo:session): session closed for user root
Aug 05 15:36:28 devstack cinder-volume[88999]: DEBUG oslo_concurrency.processutils [None req-dce39e5b-fca4-4cee-947b-38a4b20aab55 tempest-SnapshotsActionsTest-1189108944 None] CMD "sudo cinder-rootwrap /etc/cinder/rootwrap.conf qemu-img create -f qcow2 -o backing_file=/opt/stack/data/cinder/mnt/ee8c9746ff95b352acae806d9ed512ad/volume-e7b3877d-38d7-4810-a724-b6495ba983b5.197851be-11b8-4a20-b90a-40b9e606662a,backing_fmt=qcow2 /opt/stack/data/cinder/mnt/ee8c9746ff95b352acae806d9ed512ad/volume-e7b3877d-38d7-4810-a724-b6495ba983b5.a25a565c-0b8f-4e74-bd95-0aae922154b1 1G" returned: 0 in 0.625s {{(pid=88999) execute /opt/stack/data/venv/lib/python3.12/site-packages/oslo_concurrency/processutils.py:468}}
Aug 05 15:36:28 devstack cinder-volume[88999]: DEBUG oslo_concurrency.processutils [None req-dce39e5b-fca4-4cee-947b-38a4b20aab55 tempest-SnapshotsActionsTest-1189108944 None] Running cmd (subprocess): sudo cinder-rootwrap /etc/cinder/rootwrap.conf qemu-img rebase -u -b volume-e7b3877d-38d7-4810-a724-b6495ba983b5.197851be-11b8-4a20-b90a-40b9e606662a -F qcow2 /opt/stack/data/cinder/mnt/ee8c9746ff95b352acae806d9ed512ad/volume-e7b3877d-38d7-4810-a724-b6495ba983b5.a25a565c-0b8f-4e74-bd95-0aae922154b1 {{(pid=88999) execute /opt/stack/data/venv/lib/python3.12/site-packages/oslo_concurrency/processutils.py:440}}
Aug 05 15:36:28 devstack sudo[93814]: quobyte : PWD=/ ; USER=root ; COMMAND=/opt/stack/data/venv/bin/cinder-rootwrap /etc/cinder/rootwrap.conf qemu-img rebase -u -b volume-e7b3877d-38d7-4810-a724-b6495ba983b5.197851be-11b8-4a20-b90a-40b9e606662a -F qcow2 /opt/stack/data/cinder/mnt/ee8c9746ff95b352acae806d9ed512ad/volume-e7b3877d-38d7-4810-a724-b6495ba983b5.a25a565c-0b8f-4e74-bd95-0aae922154b1
Aug 05 15:36:28 devstack sudo[93814]: pam_unix(sudo:session): session opened for user root(uid=0) by (uid=1000)
Aug 05 15:36:29 devstack sudo[93814]: pam_unix(sudo:session): session closed for user root
Aug 05 15:36:29 devstack cinder-volume[88999]: DEBUG oslo_concurrency.processutils [None req-dce39e5b-fca4-4cee-947b-38a4b20aab55 tempest-SnapshotsActionsTest-1189108944 None] CMD "sudo cinder-rootwrap /etc/cinder/rootwrap.conf qemu-img rebase -u -b volume-e7b3877d-38d7-4810-a724-b6495ba983b5.197851be-11b8-4a20-b90a-40b9e606662a -F qcow2 /opt/stack/data/cinder/mnt/ee8c9746ff95b352acae806d9ed512ad/volume-e7b3877d-38d7-4810-a724-b6495ba983b5.a25a565c-0b8f-4e74-bd95-0aae922154b1" returned: 0 in 0.339s {{(pid=88999) execute /opt/stack/data/venv/lib/python3.12/site-packages/oslo_concurrency/processutils.py:468}}
Aug 05 15:36:29 devstack cinder-volume[88999]: WARNING cinder.volume.drivers.remotefs [None req-dce39e5b-fca4-4cee-947b-38a4b20aab55 tempest-SnapshotsActionsTest-1189108944 None] /opt/stack/data/cinder/mnt/ee8c9746ff95b352acae806d9ed512ad/volume-e7b3877d-38d7-4810-a724-b6495ba983b5.a25a565c-0b8f-4e74-bd95-0aae922154b1 is being set with open permissions: ugo+rw
Aug 05 15:36:29 devstack cinder-volume[88999]: DEBUG oslo_concurrency.processutils [None req-dce39e5b-fca4-4cee-947b-38a4b20aab55 tempest-SnapshotsActionsTest-1189108944 None] Running cmd (subprocess): sudo cinder-rootwrap /etc/cinder/rootwrap.conf chmod ugo+rw /opt/stack/data/cinder/mnt/ee8c9746ff95b352acae806d9ed512ad/volume-e7b3877d-38d7-4810-a724-b6495ba983b5.a25a565c-0b8f-4e74-bd95-0aae922154b1 {{(pid=88999) execute /opt/stack/data/venv/lib/python3.12/site-packages/oslo_concurrency/processutils.py:440}}
Aug 05 15:36:29 devstack sudo[93828]: quobyte : PWD=/ ; USER=root ; COMMAND=/opt/stack/data/venv/bin/cinder-rootwrap /etc/cinder/rootwrap.conf chmod ugo+rw /opt/stack/data/cinder/mnt/ee8c9746ff95b352acae806d9ed512ad/volume-e7b3877d-38d7-4810-a724-b6495ba983b5.a25a565c-0b8f-4e74-bd95-0aae922154b1
Aug 05 15:36:29 devstack sudo[93828]: pam_unix(sudo:session): session opened for user root(uid=0) by (uid=1000)
Aug 05 15:36:29 devstack sudo[93828]: pam_unix(sudo:session): session closed for user root
Aug 05 15:36:29 devstack cinder-volume[88999]: DEBUG oslo_concurrency.processutils [None req-dce39e5b-fca4-4cee-947b-38a4b20aab55 tempest-SnapshotsActionsTest-1189108944 None] CMD "sudo cinder-rootwrap /etc/cinder/rootwrap.conf chmod ugo+rw /opt/stack/data/cinder/mnt/ee8c9746ff95b352acae806d9ed512ad/volume-e7b3877d-38d7-4810-a724-b6495ba983b5.a25a565c-0b8f-4e74-bd95-0aae922154b1" returned: 0 in 0.275s {{(pid=88999) execute /opt/stack/data/venv/lib/python3.12/site-packages/oslo_concurrency/processutils.py:468}}
Aug 05 15:36:29 devstack cinder-volume[88999]: DEBUG oslo_concurrency.lockutils [None req-dce39e5b-fca4-4cee-947b-38a4b20aab55 tempest-SnapshotsActionsTest-1189108944 None] Lock "quobyte" "released" by "cinder.volume.drivers.quobyte.QuobyteDriver.create_snapshot" :: held 2.254s {{(pid=88999) inner /opt/stack/data/venv/lib/python3.12/site-packages/oslo_concurrency/lockutils.py:544}}
Aug 05 15:36:30 devstack cinder-volume[88999]: INFO cinder.volume.manager [None req-dce39e5b-fca4-4cee-947b-38a4b20aab55 tempest-SnapshotsActionsTest-1189108944 None] Create snapshot completed successfully
Aug 05 15:36:33 devstack cinder-volume[88999]: DEBUG cinder.coordination [None req-77e77e9e-98e9-4e23-9f28-d868587dacda tempest-SnapshotsActionsTest-1443571885 None] Acquiring lock "cinder-a25a565c-0b8f-4e74-bd95-0aae922154b1-delete_snapshot" by "delete_snapshot" {{(pid=88999) __acquire /opt/stack/cinder/cinder/coordination.py:138}}
Aug 05 15:36:33 devstack cinder-volume[88999]: DEBUG cinder.coordination [None req-77e77e9e-98e9-4e23-9f28-d868587dacda tempest-SnapshotsActionsTest-1443571885 None] Lock "cinder-a25a565c-0b8f-4e74-bd95-0aae922154b1-delete_snapshot" acquired by "delete_snapshot" :: waited 0.045s {{(pid=88999) __acquire /opt/stack/cinder/cinder/coordination.py:141}}
Aug 05 15:36:33 devstack cinder-volume[88999]: DEBUG cinder.coordination [None req-77e77e9e-98e9-4e23-9f28-d868587dacda tempest-SnapshotsActionsTest-1443571885 None] Acquiring lock "cinder-quobyte-e7b3877d-38d7-4810-a724-b6495ba983b5" by "delete_snapshot" {{(pid=88999) __acquire /opt/stack/cinder/cinder/coordination.py:138}}
Aug 05 15:36:33 devstack cinder-volume[88999]: DEBUG cinder.coordination [None req-77e77e9e-98e9-4e23-9f28-d868587dacda tempest-SnapshotsActionsTest-1443571885 None] Lock "cinder-quobyte-e7b3877d-38d7-4810-a724-b6495ba983b5" acquired by "delete_snapshot" :: waited 0.047s {{(pid=88999) __acquire /opt/stack/cinder/cinder/coordination.py:141}}
Aug 05 15:36:33 devstack cinder-volume[88999]: DEBUG cinder.coordination [None req-77e77e9e-98e9-4e23-9f28-d868587dacda tempest-SnapshotsActionsTest-1443571885 None] Acquiring lock "cinder-quobyte-a25a565c-0b8f-4e74-bd95-0aae922154b1" by "_delete_snapshot" {{(pid=88999) __acquire /opt/stack/cinder/cinder/coordination.py:138}}
Aug 05 15:36:33 devstack cinder-volume[88999]: DEBUG cinder.coordination [None req-77e77e9e-98e9-4e23-9f28-d868587dacda tempest-SnapshotsActionsTest-1443571885 None] Lock "cinder-quobyte-a25a565c-0b8f-4e74-bd95-0aae922154b1" acquired by "_delete_snapshot" :: waited 0.022s {{(pid=88999) __acquire /opt/stack/cinder/cinder/coordination.py:141}}
Aug 05 15:36:33 devstack cinder-volume[88999]: DEBUG cinder.volume.drivers.remotefs [None req-77e77e9e-98e9-4e23-9f28-d868587dacda tempest-SnapshotsActionsTest-1443571885 None] Deleting offline snapshot a25a565c-0b8f-4e74-bd95-0aae922154b1 of volume e7b3877d-38d7-4810-a724-b6495ba983b5 {{(pid=88999) _delete_snapshot /opt/stack/cinder/cinder/volume/drivers/remotefs.py:1288}}
Aug 05 15:36:34 devstack cinder-volume[88999]: DEBUG cinder.volume.drivers.remotefs [None req-77e77e9e-98e9-4e23-9f28-d868587dacda tempest-SnapshotsActionsTest-1443571885 None] snapshot_file for this snap is: volume-e7b3877d-38d7-4810-a724-b6495ba983b5.a25a565c-0b8f-4e74-bd95-0aae922154b1 {{(pid=88999) _delete_snapshot /opt/stack/cinder/cinder/volume/drivers/remotefs.py:1317}}
Aug 05 15:36:34 devstack cinder-volume[88999]: DEBUG oslo.privsep.daemon [-] privsep: reply[c373412d-ac83-4a30-accc-f2c54ce027bd]: (4, 'qcow2') {{(pid=90342) _call_back /opt/stack/data/venv/lib/python3.12/site-packages/oslo_privsep/daemon.py:580}}
Aug 05 15:36:34 devstack cinder-volume[88999]: DEBUG oslo_concurrency.processutils [None req-77e77e9e-98e9-4e23-9f28-d868587dacda tempest-SnapshotsActionsTest-1443571885 None] Running cmd (subprocess): /opt/stack/data/venv/bin/python3.12 -m oslo_concurrency.prlimit --as=1073741824 --cpu=60 -- sudo cinder-rootwrap /etc/cinder/rootwrap.conf env LC_ALL=C qemu-img info -f qcow2 --output=json --force-share /opt/stack/data/cinder/mnt/ee8c9746ff95b352acae806d9ed512ad/volume-e7b3877d-38d7-4810-a724-b6495ba983b5.a25a565c-0b8f-4e74-bd95-0aae922154b1 {{(pid=88999) execute /opt/stack/data/venv/lib/python3.12/site-packages/oslo_concurrency/processutils.py:440}}
Aug 05 15:36:34 devstack sudo[93908]: quobyte : PWD=/ ; USER=root ; COMMAND=/opt/stack/data/venv/bin/cinder-rootwrap /etc/cinder/rootwrap.conf env LC_ALL=C qemu-img info -f qcow2 --output=json --force-share /opt/stack/data/cinder/mnt/ee8c9746ff95b352acae806d9ed512ad/volume-e7b3877d-38d7-4810-a724-b6495ba983b5.a25a565c-0b8f-4e74-bd95-0aae922154b1
Aug 05 15:36:34 devstack sudo[93908]: pam_unix(sudo:session): session opened for user root(uid=0) by (uid=1000)
Aug 05 15:36:34 devstack sudo[93908]: pam_unix(sudo:session): session closed for user root
Aug 05 15:36:34 devstack cinder-volume[88999]: DEBUG oslo_concurrency.processutils [None req-77e77e9e-98e9-4e23-9f28-d868587dacda tempest-SnapshotsActionsTest-1443571885 None] CMD "/opt/stack/data/venv/bin/python3.12 -m oslo_concurrency.prlimit --as=1073741824 --cpu=60 -- sudo cinder-rootwrap /etc/cinder/rootwrap.conf env LC_ALL=C qemu-img info -f qcow2 --output=json --force-share /opt/stack/data/cinder/mnt/ee8c9746ff95b352acae806d9ed512ad/volume-e7b3877d-38d7-4810-a724-b6495ba983b5.a25a565c-0b8f-4e74-bd95-0aae922154b1" returned: 0 in 0.685s {{(pid=88999) execute /opt/stack/data/venv/lib/python3.12/site-packages/oslo_concurrency/processutils.py:468}}
