Aug 14 17:29:39 devstack devstack@g-api.service[84335]: DEBUG glance.common.config [None req-945d8c9c-6ce2-4c17-ad95-a33219fe4a5b None None] barbican_service_user.collect_timing = False {{(pid=84335) log_opt_values /opt/stack/data/venv/lib/python3.12/site-packages/oslo_config/cfg.py:3560}}
Aug 14 17:29:39 devstack devstack@g-api.service[84335]: DEBUG glance.common.config [None req-945d8c9c-6ce2-4c17-ad95-a33219fe4a5b None None] barbican_service_user.insecure = False {{(pid=84335) log_opt_values /opt/stack/data/venv/lib/python3.12/site-packages/oslo_config/cfg.py:3560}}
Aug 14 17:29:39 devstack devstack@g-api.service[84335]: DEBUG glance.common.config [None req-945d8c9c-6ce2-4c17-ad95-a33219fe4a5b None None] barbican_service_user.keyfile = None {{(pid=84335) log_opt_values /opt/stack/data/venv/lib/python3.12/site-packages/oslo_config/cfg.py:3560}}
Aug 14 17:29:39 devstack devstack@g-api.service[84335]: DEBUG glance.common.config [None req-945d8c9c-6ce2-4c17-ad95-a33219fe4a5b None None] barbican_service_user.split_loggers = False {{(pid=84335) log_opt_values /opt/stack/data/venv/lib/python3.12/site-packages/oslo_config/cfg.py:3560}}
Aug 14 17:29:39 devstack devstack@g-api.service[84335]: DEBUG glance.common.config [None req-945d8c9c-6ce2-4c17-ad95-a33219fe4a5b None None] barbican_service_user.timeout = None {{(pid=84335) log_opt_values /opt/stack/data/venv/lib/python3.12/site-packages/oslo_config/cfg.py:3560}}
Aug 14 17:29:39 devstack devstack@g-api.service[84335]: DEBUG glance.common.config [None req-945d8c9c-6ce2-4c17-ad95-a33219fe4a5b None None] database.asyncio_connection = **** {{(pid=84335) log_opt_values /opt/stack/data/venv/lib/python3.12/site-packages/oslo_config/cfg.py:3560}}
Aug 14 17:29:39 devstack devstack@g-api.service[84335]: DEBUG glance.common.config [None req-945d8c9c-6ce2-4c17-ad95-a33219fe4a5b None None] database.asyncio_slave_connection = **** {{(pid=84335) log_opt_values /opt/stack/data/venv/lib/python3.12/site-packages/oslo_config/cfg.py:3560}}
Aug 14 17:29:39 devstack devstack@g-api.service[84335]: DEBUG glance.common.config [None req-945d8c9c-6ce2-4c17-ad95-a33219fe4a5b None None] database.backend = sqlalchemy {{(pid=84335) log_opt_values /opt/stack/data/venv/lib/python3.12/site-packages/oslo_config/cfg.py:3560}}
Aug 14 17:29:39 devstack devstack@g-api.service[84335]: DEBUG glance.common.config [None req-945d8c9c-6ce2-4c17-ad95-a33219fe4a5b None None] database.connection = **** {{(pid=84335) log_opt_values /opt/stack/data/venv/lib/python3.12/site-packages/oslo_config/cfg.py:3560}}
Aug 14 17:29:39 devstack devstack@g-api.service[84335]: DEBUG glance.common.config [None req-945d8c9c-6ce2-4c17-ad95-a33219fe4a5b None None] database.connection_debug = 0 {{(pid=84335) log_opt_values /opt/stack/data/venv/lib/python3.12/site-packages/oslo_config/cfg.py:3560}}
Aug 14 17:29:39 devstack devstack@g-api.service[84335]: DEBUG glance.common.config [None req-945d8c9c-6ce2-4c17-ad95-a33219fe4a5b None None] database.connection_parameters = {{(pid=84335) log_opt_values /opt/stack/data/venv/lib/python3.12/site-packages/oslo_config/cfg.py:3560}}
Aug 14 17:29:39 devstack devstack@g-api.service[84335]: DEBUG glance.common.config [None req-945d8c9c-6ce2-4c17-ad95-a33219fe4a5b None None] database.connection_recycle_time = 3600 {{(pid=84335) log_opt_values /opt/stack/data/venv/lib/python3.12/site-packages/oslo_config/cfg.py:3560}}
Aug 14 17:29:39 devstack devstack@g-api.service[84335]: DEBUG glance.common.config [None req-945d8c9c-6ce2-4c17-ad95-a33219fe4a5b None None] database.connection_trace = False {{(pid=84335) log_opt_values /opt/stack/data/venv/lib/python3.12/site-packages/oslo_config/cfg.py:3560}}
Aug 14 17:29:39 devstack devstack@g-api.service[84335]: DEBUG glance.common.config [None req-945d8c9c-6ce2-4c17-ad95-a33219fe4a5b None None] database.db_inc_retry_interval = True {{(pid=84335) log_opt_values /opt/stack/data/venv/lib/python3.12/site-packages/oslo_config/cfg.py:3560}}
Aug 14 17:29:39 devstack devstack@g-api.service[84335]: DEBUG glance.common.config [None req-945d8c9c-6ce2-4c17-ad95-a33219fe4a5b None None] database.db_max_retries = 20 {{(pid=84335) log_opt_values /opt/stack/data/venv/lib/python3.12/site-packages/oslo_config/cfg.py:3560}}
Aug 14 17:29:39 devstack devstack@g-api.service[84335]: DEBUG glance.common.config [None req-945d8c9c-6ce2-4c17-ad95-a33219fe4a5b None None] database.db_max_retry_interval = 10 {{(pid=84335) log_opt_values /opt/stack/data/venv/lib/python3.12/site-packages/oslo_config/cfg.py:3560}}
Aug 14 17:29:39 devstack devstack@g-api.service[84335]: DEBUG glance.common.config [None req-945d8c9c-6ce2-4c17-ad95-a33219fe4a5b None None] database.db_retry_interval = 1 {{(pid=84335) log_opt_values /opt/stack/data/venv/lib/python3.12/site-packages/oslo_config/cfg.py:3560}}
Aug 14 17:29:39 devstack devstack@g-api.service[84335]: DEBUG glance.common.config [None req-945d8c9c-6ce2-4c17-ad95-a33219fe4a5b None None] database.max_overflow = 50 {{(pid=84335) log_opt_values /opt/stack/data/venv/lib/python3.12/site-packages/oslo_config/cfg.py:3560}}
Aug 14 17:29:39 devstack devstack@g-api.service[84335]: DEBUG glance.common.config [None req-945d8c9c-6ce2-4c17-ad95-a33219fe4a5b None None] database.max_pool_size = 5 {{(pid=84335) log_opt_values /opt/stack/data/venv/lib/python3.12/site-packages/oslo_config/cfg.py:3560}}
Aug 14 17:29:39 devstack devstack@g-api.service[84335]: DEBUG glance.common.config [None req-945d8c9c-6ce2-4c17-ad95-a33219fe4a5b None None] database.max_retries = 10 {{(pid=84335) log_opt_values /opt/stack/data/venv/lib/python3.12/site-packages/oslo_config/cfg.py:3560}}
Aug 14 17:29:39 devstack devstack@g-api.service[84335]: DEBUG glance.common.config [None req-945d8c9c-6ce2-4c17-ad95-a33219fe4a5b None None] database.mysql_sql_mode = TRADITIONAL {{(pid=84335) log_opt_values /opt/stack/data/venv/lib/python3.12/site-packages/oslo_config/cfg.py:3560}}
Aug 14 17:29:39 devstack devstack@g-api.service[84335]: DEBUG glance.common.config [None req-945d8c9c-6ce2-4c17-ad95-a33219fe4a5b None None] database.mysql_wsrep_sync_wait = None {{(pid=84335) log_opt_values /opt/stack/data/venv/lib/python3.12/site-packages/oslo_config/cfg.py:3560}}
Aug 14 17:29:39 devstack devstack@g-api.service[84335]: DEBUG glance.common.config [None req-945d8c9c-6ce2-4c17-ad95-a33219fe4a5b None None] database.pool_timeout = None {{(pid=84335) log_opt_values /opt/stack/data/venv/lib/python3.12/site-packages/oslo_config/cfg.py:3560}}
Aug 14 17:29:39 devstack devstack@g-api.service[84335]: DEBUG glance.common.config [None req-945d8c9c-6ce2-4c17-ad95-a33219fe4a5b None None] database.retry_interval = 10 {{(pid=84335) log_opt_values /opt/stack/data/venv/lib/python3.12/site-packages/oslo_config/cfg.py:3560}}
Aug 14 17:29:39 devstack devstack@g-api.service[84335]: DEBUG glance.common.config [None req-945d8c9c-6ce2-4c17-ad95-a33219fe4a5b None None] database.slave_connection = **** {{(pid=84335) log_opt_values /opt/stack/data/venv/lib/python3.12/site-packages/oslo_config/cfg.py:3560}}
Aug 14 17:29:39 devstack devstack@g-api.service[84335]: DEBUG glance.common.config [None req-945d8c9c-6ce2-4c17-ad95-a33219fe4a5b None None] database.sqlite_synchronous = True {{(pid=84335) log_opt_values /opt/stack/data/venv/lib/python3.12/site-packages/oslo_config/cfg.py:3560}}
Aug 14 17:29:39 devstack devstack@g-api.service[84335]: DEBUG glance.common.config [None req-945d8c9c-6ce2-4c17-ad95-a33219fe4a5b None None] database.synchronous_reader = True {{(pid=84335) log_opt_values /opt/stack/data/venv/lib/python3.12/site-packages/oslo_config/cfg.py:3560}}
Aug 14 17:29:39 devstack devstack@g-api.service[84335]: DEBUG glance.common.config [None req-945d8c9c-6ce2-4c17-ad95-a33219fe4a5b None None] database.use_db_reconnect = False {{(pid=84335) log_opt_values /opt/stack/data/venv/lib/python3.12/site-packages/oslo_config/cfg.py:3560}}
Aug 14 17:29:39 devstack devstack@g-api.service[84335]: DEBUG glance.common.config [None req-945d8c9c-6ce2-4c17-ad95-a33219fe4a5b None None] healthcheck.allowed_source_ranges = [] {{(pid=84335) log_opt_values /opt/stack/data/venv/lib/python3.12/site-packages/oslo_config/cfg.py:3560}}
Aug 14 17:29:39 devstack devstack@g-api.service[84335]: DEBUG glance.common.config [None req-945d8c9c-6ce2-4c17-ad95-a33219fe4a5b None None] healthcheck.backends = ['disable_by_file'] {{(pid=84335) log_opt_values /opt/stack/data/venv/lib/python3.12/site-packages/oslo_config/cfg.py:3560}}
Aug 14 17:29:39 devstack devstack@g-api.service[84335]: DEBUG glance.common.config [None req-945d8c9c-6ce2-4c17-ad95-a33219fe4a5b None None] healthcheck.detailed = False {{(pid=84335) log_opt_values /opt/stack/data/venv/lib/python3.12/site-packages/oslo_config/cfg.py:3560}}
Aug 14 17:29:39 devstack devstack@g-api.service[84335]: DEBUG glance.common.config [None req-945d8c9c-6ce2-4c17-ad95-a33219fe4a5b None None] healthcheck.disable_by_file_path = None {{(pid=84335) log_opt_values /opt/stack/data/venv/lib/python3.12/site-packages/oslo_config/cfg.py:3560}}
Aug 14 17:29:39 devstack devstack@g-api.service[84335]: DEBUG glance.common.config [None req-945d8c9c-6ce2-4c17-ad95-a33219fe4a5b None None] healthcheck.ignore_proxied_requests = False {{(pid=84335) log_opt_values /opt/stack/data/venv/lib/python3.12/site-packages/oslo_config/cfg.py:3560}}
Aug 14 17:29:39 devstack devstack@g-api.service[84335]: DEBUG glance.common.config [None req-945d8c9c-6ce2-4c17-ad95-a33219fe4a5b None None] ******************************************************************************** {{(pid=84335) log_opt_values /opt/stack/data/venv/lib/python3.12/site-packages/oslo_config/cfg.py:3567}}
Aug 14 17:29:39 devstack devstack@g-api.service[84335]: WSGI app 0 (mountpoint='') ready in 5 seconds on interpreter 0x7d388a8a4668 pid: 84335 (default app)
Aug 14 17:29:43 devstack devstack@g-api.service[84334]: DEBUG glance.api.middleware.version_negotiation [None req-dbdc5b78-d81e-4d07-9fe5-af1da888c610 None None] Determining version of request: GET / Accept: application/json {{(pid=84334) process_request /opt/stack/glance/glance/api/middleware/version_negotiation.py:44}}
Aug 14 17:29:43 devstack devstack@g-api.service[84334]: DEBUG glance.api.middleware.version_negotiation [None req-dbdc5b78-d81e-4d07-9fe5-af1da888c610 None None] Using url versioning {{(pid=84334) process_request /opt/stack/glance/glance/api/middleware/version_negotiation.py:57}}
Aug 14 17:29:43 devstack devstack@g-api.service[84334]: DEBUG glance.api.middleware.version_negotiation [None req-dbdc5b78-d81e-4d07-9fe5-af1da888c610 None None] Unknown version. Returning version choices. {{(pid=84334) process_request /opt/stack/glance/glance/api/middleware/version_negotiation.py:64}}
Aug 14 17:29:43 devstack devstack@g-api.service[84334]: [pid: 84334|app: 0|req: 2/2] 127.0.0.1 () {34 vars in 516 bytes} [Fri Aug 14 17:29:43 2026] GET / => generated 1557 bytes in 3 msecs (HTTP/1.1 300) 3 headers in 106 bytes (1 switches on core 0)
Aug 14 17:29:43 devstack devstack@g-api.service[84335]: DEBUG glance.api.middleware.version_negotiation [None req-945d8c9c-6ce2-4c17-ad95-a33219fe4a5b None None] Determining version of request: POST /v2/images Accept: */* {{(pid=84335) process_request /opt/stack/glance/glance/api/middleware/version_negotiation.py:44}}
Aug 14 17:29:43 devstack devstack@g-api.service[84335]: DEBUG glance.api.middleware.version_negotiation [None req-945d8c9c-6ce2-4c17-ad95-a33219fe4a5b None None] Using url versioning {{(pid=84335) process_request /opt/stack/glance/glance/api/middleware/version_negotiation.py:57}}
Aug 14 17:29:43 devstack devstack@g-api.service[84335]: DEBUG glance.api.middleware.version_negotiation [None req-945d8c9c-6ce2-4c17-ad95-a33219fe4a5b None None] Matched version: v2 {{(pid=84335) process_request /opt/stack/glance/glance/api/middleware/version_negotiation.py:69}}
Aug 14 17:29:43 devstack devstack@g-api.service[84335]: DEBUG glance.api.middleware.version_negotiation [None req-945d8c9c-6ce2-4c17-ad95-a33219fe4a5b None None] new path /v2/images {{(pid=84335) process_request /opt/stack/glance/glance/api/middleware/version_negotiation.py:70}}
Aug 14 17:29:44 devstack devstack@g-api.service[84335]: [pid: 84335|app: 0|req: 1/3] 127.0.0.1 () {40 vars in 779 bytes} [Fri Aug 14 17:29:43 2026] POST /v2/images => generated 807 bytes in 1153 msecs (HTTP/1.1 201) 6 headers in 314 bytes (1 switches on core 0)
Aug 14 17:29:44 devstack devstack@g-api.service[84334]: DEBUG glance.api.middleware.version_negotiation [None req-dbdc5b78-d81e-4d07-9fe5-af1da888c610 None None] Determining version of request: PUT /v2/images/55754535-2aca-4826-a3e2-2446f04a538f/file Accept: {{(pid=84334) process_request /opt/stack/glance/glance/api/middleware/version_negotiation.py:44}}
Aug 14 17:29:44 devstack devstack@g-api.service[84334]: DEBUG glance.api.middleware.version_negotiation [None req-dbdc5b78-d81e-4d07-9fe5-af1da888c610 None None] Using url versioning {{(pid=84334) process_request /opt/stack/glance/glance/api/middleware/version_negotiation.py:57}}
Aug 14 17:29:44 devstack devstack@g-api.service[84334]: DEBUG glance.api.middleware.version_negotiation [None req-dbdc5b78-d81e-4d07-9fe5-af1da888c610 None None] Matched version: v2 {{(pid=84334) process_request /opt/stack/glance/glance/api/middleware/version_negotiation.py:69}}
Aug 14 17:29:44 devstack devstack@g-api.service[84334]: DEBUG glance.api.middleware.version_negotiation [None req-dbdc5b78-d81e-4d07-9fe5-af1da888c610 None None] new path /v2/images/55754535-2aca-4826-a3e2-2446f04a538f/file {{(pid=84334) process_request /opt/stack/glance/glance/api/middleware/version_negotiation.py:70}}
Aug 14 17:29:45 devstack devstack@g-api.service[84334]: INFO glance.api.v2.image_data [None req-beb6c2c7-0d58-4d79-adc1-eccbb88f6df6 admin admin] Unable to create trust: no such option collect_timing in group [keystone_authtoken] Use the existing user token.
Aug 14 17:29:45 devstack devstack@g-api.service[84334]: DEBUG glance.location [None req-beb6c2c7-0d58-4d79-adc1-eccbb88f6df6 admin admin] Enabling in-flight format inspection for qcow2 {{(pid=84334) set_data /opt/stack/glance/glance/location.py:596}}
Aug 14 17:29:45 devstack devstack@g-api.service[84334]: DEBUG oslo_utils.imageutils.format_inspector [None req-beb6c2c7-0d58-4d79-adc1-eccbb88f6df6 admin admin] Format inspector for vmdk does not match, excluding from consideration (Signature KDMV not found: b'QFI\xfb') {{(pid=84334) _process_chunk /opt/stack/data/venv/lib/python3.12/site-packages/oslo_utils/imageutils/format_inspector.py:1758}}
Aug 14 17:29:45 devstack devstack@g-api.service[84334]: DEBUG oslo_utils.imageutils.format_inspector [None req-beb6c2c7-0d58-4d79-adc1-eccbb88f6df6 admin admin] Format inspector for vhdx does not match, excluding from consideration (Region signature not found at 30000) {{(pid=84334) _process_chunk /opt/stack/data/venv/lib/python3.12/site-packages/oslo_utils/imageutils/format_inspector.py:1758}}
Aug 14 17:29:46 devstack devstack@g-api.service[84334]: DEBUG glance_store._drivers.filesystem [None req-beb6c2c7-0d58-4d79-adc1-eccbb88f6df6 admin admin] Wrote 21692416 bytes to /opt/stack/data/glance/images/55754535-2aca-4826-a3e2-2446f04a538f with checksum 87617e24a5e30cb3b87fda8c0764838f and multihash 9a9bce0083a00939ec17c11febbfc767aa211aaa54f51e75c5a8b271a9b5637c77205a518b7a2007cb391d23cceb01e0e4e8d64832317151bc85b734b92a7be0 {{(pid=84334) add /opt/stack/data/venv/lib/python3.12/site-packages/glance_store/_drivers/filesystem.py:899}}
Aug 14 17:29:46 devstack devstack@g-api.service[84334]: INFO glance.location [None req-beb6c2c7-0d58-4d79-adc1-eccbb88f6df6 admin admin] Image format matched and virtual size computed: 117440512
Aug 14 17:29:46 devstack devstack@g-api.service[84334]: DEBUG glance_store.backend [None req-beb6c2c7-0d58-4d79-adc1-eccbb88f6df6 admin admin] Skipping store.set_acls... not implemented. {{(pid=84334) set_acls /opt/stack/data/venv/lib/python3.12/site-packages/glance_store/backend.py:507}}
Aug 14 17:29:46 devstack devstack@g-api.service[84334]: [pid: 84334|app: 0|req: 3/4] 127.0.0.1 () {42 vars in 911 bytes} [Fri Aug 14 17:29:44 2026] PUT /v2/images/55754535-2aca-4826-a3e2-2446f04a538f/file => generated 0 bytes in 1798 msecs (HTTP/1.1 204) 4 headers in 171 bytes (1 switches on core 0)
Aug 14 17:29:46 devstack devstack@g-api.service[84335]: DEBUG glance.api.middleware.version_negotiation [None req-5b247bc2-4701-41ab-90c2-be4a06e03a50 admin admin] Determining version of request: GET /v2/images/55754535-2aca-4826-a3e2-2446f04a538f Accept: */* {{(pid=84335) process_request /opt/stack/glance/glance/api/middleware/version_negotiation.py:44}}
Aug 14 17:29:46 devstack devstack@g-api.service[84335]: DEBUG glance.api.middleware.version_negotiation [None req-5b247bc2-4701-41ab-90c2-be4a06e03a50 admin admin] Using url versioning {{(pid=84335) process_request /opt/stack/glance/glance/api/middleware/version_negotiation.py:57}}
Aug 14 17:29:46 devstack devstack@g-api.service[84335]: DEBUG glance.api.middleware.version_negotiation [None req-5b247bc2-4701-41ab-90c2-be4a06e03a50 admin admin] Matched version: v2 {{(pid=84335) process_request /opt/stack/glance/glance/api/middleware/version_negotiation.py:69}}
Aug 14 17:29:46 devstack devstack@g-api.service[84335]: DEBUG glance.api.middleware.version_negotiation [None req-5b247bc2-4701-41ab-90c2-be4a06e03a50 admin admin] new path /v2/images/55754535-2aca-4826-a3e2-2446f04a538f {{(pid=84335) process_request /opt/stack/glance/glance/api/middleware/version_negotiation.py:70}}
Aug 14 17:29:46 devstack devstack@g-api.service[84335]: [pid: 84335|app: 0|req: 2/5] 127.0.0.1 () {36 vars in 799 bytes} [Fri Aug 14 17:29:46 2026] GET /v2/images/55754535-2aca-4826-a3e2-2446f04a538f => generated 976 bytes in 21 msecs (HTTP/1.1 200) 4 headers in 157 bytes (1 switches on core 0)
Aug 14 17:29:56 devstack devstack@g-api.service[84334]: DEBUG dbcounter [-] [84334] Writing DB stats glance:INSERT=5,glance:SELECT=16,glance:UPDATE=2 {{(pid=84334) stat_writer /opt/stack/data/venv/lib/python3.12/site-packages/dbcounter.py:115}}
Aug 14 17:29:56 devstack devstack@g-api.service[84335]: DEBUG dbcounter [-] [84335] Writing DB stats glance:INSERT=9,glance:SELECT=6 {{(pid=84335) stat_writer /opt/stack/data/venv/lib/python3.12/site-packages/dbcounter.py:115}}
Aug 14 17:30:30 devstack devstack@g-api.service[84334]: DEBUG glance.api.middleware.version_negotiation [None req-beb6c2c7-0d58-4d79-adc1-eccbb88f6df6 admin admin] Determining version of request: GET / Accept: application/json {{(pid=84334) process_request /opt/stack/glance/glance/api/middleware/version_negotiation.py:44}}
Aug 14 17:30:30 devstack devstack@g-api.service[84334]: DEBUG glance.api.middleware.version_negotiation [None req-beb6c2c7-0d58-4d79-adc1-eccbb88f6df6 admin admin] Using url versioning {{(pid=84334) process_request /opt/stack/glance/glance/api/middleware/version_negotiation.py:57}}
Aug 14 17:30:30 devstack devstack@g-api.service[84334]: DEBUG glance.api.middleware.version_negotiation [None req-beb6c2c7-0d58-4d79-adc1-eccbb88f6df6 admin admin] Unknown version. Returning version choices. {{(pid=84334) process_request /opt/stack/glance/glance/api/middleware/version_negotiation.py:64}}
Aug 14 17:30:30 devstack devstack@g-api.service[84334]: [pid: 84334|app: 0|req: 4/6] 127.0.0.1 () {34 vars in 516 bytes} [Fri Aug 14 17:30:30 2026] GET / => generated 1557 bytes in 4 msecs (HTTP/1.1 300) 3 headers in 106 bytes (1 switches on core 0)
Aug 14 17:30:30 devstack devstack@g-api.service[84335]: DEBUG glance.api.middleware.version_negotiation [None req-046b9ea5-db67-4607-ba47-13d6dc4f1269 admin admin] Determining version of request: GET /v2/images Accept: application/json {{(pid=84335) process_request /opt/stack/glance/glance/api/middleware/version_negotiation.py:44}}
Aug 14 17:30:30 devstack devstack@g-api.service[84335]: DEBUG glance.api.middleware.version_negotiation [None req-046b9ea5-db67-4607-ba47-13d6dc4f1269 admin admin] Using url versioning {{(pid=84335) process_request /opt/stack/glance/glance/api/middleware/version_negotiation.py:57}}
Aug 14 17:30:30 devstack devstack@g-api.service[84335]: DEBUG glance.api.middleware.version_negotiation [None req-046b9ea5-db67-4607-ba47-13d6dc4f1269 admin admin] Matched version: v2 {{(pid=84335) process_request /opt/stack/glance/glance/api/middleware/version_negotiation.py:69}}
Aug 14 17:30:30 devstack devstack@g-api.service[84335]: DEBUG glance.api.middleware.version_negotiation [None req-046b9ea5-db67-4607-ba47-13d6dc4f1269 admin admin] new path /v2/images {{(pid=84335) process_request /opt/stack/glance/glance/api/middleware/version_negotiation.py:70}}
Aug 14 17:30:30 devstack devstack@g-api.service[84335]: [pid: 84335|app: 0|req: 3/7] 127.0.0.1 () {36 vars in 738 bytes} [Fri Aug 14 17:30:30 2026] GET /v2/images => generated 1045 bytes in 101 msecs (HTTP/1.1 200) 4 headers in 158 bytes (1 switches on core 0)
Aug 14 17:30:39 devstack devstack@g-api.service[84334]: DEBUG glance.api.middleware.version_negotiation [None req-beb6c2c7-0d58-4d79-adc1-eccbb88f6df6 admin admin] Determining version of request: GET / Accept: application/json {{(pid=84334) process_request /opt/stack/glance/glance/api/middleware/version_negotiation.py:44}}
Aug 14 17:30:39 devstack devstack@g-api.service[84334]: DEBUG glance.api.middleware.version_negotiation [None req-beb6c2c7-0d58-4d79-adc1-eccbb88f6df6 admin admin] Using url versioning {{(pid=84334) process_request /opt/stack/glance/glance/api/middleware/version_negotiation.py:57}}
Aug 14 17:30:39 devstack devstack@g-api.service[84334]: DEBUG glance.api.middleware.version_negotiation [None req-beb6c2c7-0d58-4d79-adc1-eccbb88f6df6 admin admin] Unknown version. Returning version choices. {{(pid=84334) process_request /opt/stack/glance/glance/api/middleware/version_negotiation.py:64}}
Aug 14 17:30:39 devstack devstack@g-api.service[84334]: [pid: 84334|app: 0|req: 5/8] 127.0.0.1 () {34 vars in 516 bytes} [Fri Aug 14 17:30:39 2026] GET / => generated 1557 bytes in 2 msecs (HTTP/1.1 300) 3 headers in 106 bytes (1 switches on core 0)
Aug 14 17:30:39 devstack devstack@g-api.service[84335]: DEBUG glance.api.middleware.version_negotiation [None req-196f7322-2a3f-4ad2-8160-2fdf5dca4db9 admin admin] Determining version of request: GET /v2/images/55754535-2aca-4826-a3e2-2446f04a538f Accept: */* {{(pid=84335) process_request /opt/stack/glance/glance/api/middleware/version_negotiation.py:44}}
Aug 14 17:30:39 devstack devstack@g-api.service[84335]: DEBUG glance.api.middleware.version_negotiation [None req-196f7322-2a3f-4ad2-8160-2fdf5dca4db9 admin admin] Using url versioning {{(pid=84335) process_request /opt/stack/glance/glance/api/middleware/version_negotiation.py:57}}
Aug 14 17:30:39 devstack devstack@g-api.service[84335]: DEBUG glance.api.middleware.version_negotiation [None req-196f7322-2a3f-4ad2-8160-2fdf5dca4db9 admin admin] Matched version: v2 {{(pid=84335) process_request /opt/stack/glance/glance/api/middleware/version_negotiation.py:69}}
Aug 14 17:30:39 devstack devstack@g-api.service[84335]: DEBUG glance.api.middleware.version_negotiation [None req-196f7322-2a3f-4ad2-8160-2fdf5dca4db9 admin admin] new path /v2/images/55754535-2aca-4826-a3e2-2446f04a538f {{(pid=84335) process_request /opt/stack/glance/glance/api/middleware/version_negotiation.py:70}}
Aug 14 17:30:40 devstack devstack@g-api.service[84335]: [pid: 84335|app: 0|req: 4/9] 127.0.0.1 () {36 vars in 799 bytes} [Fri Aug 14 17:30:39 2026] GET /v2/images/55754535-2aca-4826-a3e2-2446f04a538f => generated 976 bytes in 80 msecs (HTTP/1.1 200) 4 headers in 157 bytes (1 switches on core 0)
Aug 14 17:30:46 devstack devstack@g-api.service[84334]: DEBUG glance.api.middleware.version_negotiation [None req-beb6c2c7-0d58-4d79-adc1-eccbb88f6df6 admin admin] Determining version of request: GET / Accept: application/json {{(pid=84334) process_request /opt/stack/glance/glance/api/middleware/version_negotiation.py:44}}
Aug 14 17:30:46 devstack devstack@g-api.service[84334]: DEBUG glance.api.middleware.version_negotiation [None req-beb6c2c7-0d58-4d79-adc1-eccbb88f6df6 admin admin] Using url versioning {{(pid=84334) process_request /opt/stack/glance/glance/api/middleware/version_negotiation.py:57}}
Aug 14 17:30:46 devstack devstack@g-api.service[84334]: DEBUG glance.api.middleware.version_negotiation [None req-beb6c2c7-0d58-4d79-adc1-eccbb88f6df6 admin admin] Unknown version. Returning version choices. {{(pid=84334) process_request /opt/stack/glance/glance/api/middleware/version_negotiation.py:64}}
Aug 14 17:30:46 devstack devstack@g-api.service[84334]: [pid: 84334|app: 0|req: 6/10] 127.0.0.1 () {34 vars in 516 bytes} [Fri Aug 14 17:30:46 2026] GET / => generated 1557 bytes in 2 msecs (HTTP/1.1 300) 3 headers in 106 bytes (1 switches on core 0)
Aug 14 17:30:46 devstack devstack@g-api.service[84335]: DEBUG glance.api.middleware.version_negotiation [None req-0d91516e-1346-493d-a166-6d95da86370a admin admin] Determining version of request: GET /v2/images/55754535-2aca-4826-a3e2-2446f04a538f Accept: */* {{(pid=84335) process_request /opt/stack/glance/glance/api/middleware/version_negotiation.py:44}}
Aug 14 17:30:46 devstack devstack@g-api.service[84335]: DEBUG glance.api.middleware.version_negotiation [None req-0d91516e-1346-493d-a166-6d95da86370a admin admin] Using url versioning {{(pid=84335) process_request /opt/stack/glance/glance/api/middleware/version_negotiation.py:57}}
Aug 14 17:30:46 devstack devstack@g-api.service[84335]: DEBUG glance.api.middleware.version_negotiation [None req-0d91516e-1346-493d-a166-6d95da86370a admin admin] Matched version: v2 {{(pid=84335) process_request /opt/stack/glance/glance/api/middleware/version_negotiation.py:69}}
Aug 14 17:30:46 devstack devstack@g-api.service[84335]: DEBUG glance.api.middleware.version_negotiation [None req-0d91516e-1346-493d-a166-6d95da86370a admin admin] new path /v2/images/55754535-2aca-4826-a3e2-2446f04a538f {{(pid=84335) process_request /opt/stack/glance/glance/api/middleware/version_negotiation.py:70}}
Aug 14 17:30:46 devstack devstack@g-api.service[84335]: [pid: 84335|app: 0|req: 5/11] 127.0.0.1 () {36 vars in 799 bytes} [Fri Aug 14 17:30:46 2026] GET /v2/images/55754535-2aca-4826-a3e2-2446f04a538f => generated 976 bytes in 82 msecs (HTTP/1.1 200) 4 headers in 157 bytes (1 switches on core 0)
Aug 14 17:30:56 devstack devstack@g-api.service[84335]: DEBUG dbcounter [-] [84335] Writing DB stats glance:SELECT=5 {{(pid=84335) stat_writer /opt/stack/data/venv/lib/python3.12/site-packages/dbcounter.py:115}}
Aug 14 17:32:03 devstack devstack@g-api.service[84334]: DEBUG glance.api.middleware.version_negotiation [None req-beb6c2c7-0d58-4d79-adc1-eccbb88f6df6 admin admin] Determining version of request: GET / Accept: application/json {{(pid=84334) process_request /opt/stack/glance/glance/api/middleware/version_negotiation.py:44}}
Aug 14 17:32:03 devstack devstack@g-api.service[84334]: DEBUG glance.api.middleware.version_negotiation [None req-beb6c2c7-0d58-4d79-adc1-eccbb88f6df6 admin admin] Using url versioning {{(pid=84334) process_request /opt/stack/glance/glance/api/middleware/version_negotiation.py:57}}
Aug 14 17:32:03 devstack devstack@g-api.service[84334]: DEBUG glance.api.middleware.version_negotiation [None req-beb6c2c7-0d58-4d79-adc1-eccbb88f6df6 admin admin] Unknown version. Returning version choices. {{(pid=84334) process_request /opt/stack/glance/glance/api/middleware/version_negotiation.py:64}}
Aug 14 17:32:03 devstack devstack@g-api.service[84334]: [pid: 84334|app: 0|req: 7/12] 127.0.0.1 () {36 vars in 485 bytes} [Fri Aug 14 17:32:03 2026] GET / => generated 1557 bytes in 3 msecs (HTTP/1.1 300) 3 headers in 106 bytes (1 switches on core 0)
Aug 14 17:34:55 devstack devstack@g-api.service[84335]: DEBUG glance.api.middleware.version_negotiation [None req-b6364294-73e9-4369-84eb-2b912813eace admin admin] Determining version of request: GET / Accept: application/json {{(pid=84335) process_request /opt/stack/glance/glance/api/middleware/version_negotiation.py:44}}
Aug 14 17:34:55 devstack devstack@g-api.service[84335]: DEBUG glance.api.middleware.version_negotiation [None req-b6364294-73e9-4369-84eb-2b912813eace admin admin] Using url versioning {{(pid=84335) process_request /opt/stack/glance/glance/api/middleware/version_negotiation.py:57}}
Aug 14 17:34:55 devstack devstack@g-api.service[84335]: DEBUG glance.api.middleware.version_negotiation [None req-b6364294-73e9-4369-84eb-2b912813eace admin admin] Unknown version. Returning version choices. {{(pid=84335) process_request /opt/stack/glance/glance/api/middleware/version_negotiation.py:64}}
Aug 14 17:34:55 devstack devstack@g-api.service[84335]: [pid: 84335|app: 0|req: 6/13] 127.0.0.1 () {34 vars in 502 bytes} [Fri Aug 14 17:34:55 2026] GET / => generated 1557 bytes in 3 msecs (HTTP/1.1 300) 3 headers in 106 bytes (1 switches on core 0)
Aug 14 17:34:55 devstack devstack@g-api.service[84334]: DEBUG glance.api.middleware.version_negotiation [None req-beb6c2c7-0d58-4d79-adc1-eccbb88f6df6 admin admin] Determining version of request: GET /v2/images/55754535-2aca-4826-a3e2-2446f04a538f Accept: */* {{(pid=84334) process_request /opt/stack/glance/glance/api/middleware/version_negotiation.py:44}}
Aug 14 17:34:55 devstack devstack@g-api.service[84334]: DEBUG glance.api.middleware.version_negotiation [None req-beb6c2c7-0d58-4d79-adc1-eccbb88f6df6 admin admin] Using url versioning {{(pid=84334) process_request /opt/stack/glance/glance/api/middleware/version_negotiation.py:57}}
Aug 14 17:34:55 devstack devstack@g-api.service[84334]: DEBUG glance.api.middleware.version_negotiation [None req-beb6c2c7-0d58-4d79-adc1-eccbb88f6df6 admin admin] Matched version: v2 {{(pid=84334) process_request /opt/stack/glance/glance/api/middleware/version_negotiation.py:69}}
Aug 14 17:34:55 devstack devstack@g-api.service[84334]: DEBUG glance.api.middleware.version_negotiation [None req-beb6c2c7-0d58-4d79-adc1-eccbb88f6df6 admin admin] new path /v2/images/55754535-2aca-4826-a3e2-2446f04a538f {{(pid=84334) process_request /opt/stack/glance/glance/api/middleware/version_negotiation.py:70}}
Aug 14 17:34:55 devstack devstack@g-api.service[84334]: [pid: 84334|app: 0|req: 8/14] 127.0.0.1 () {42 vars in 1058 bytes} [Fri Aug 14 17:34:55 2026] GET /v2/images/55754535-2aca-4826-a3e2-2446f04a538f => generated 976 bytes in 55 msecs (HTTP/1.1 200) 4 headers in 157 bytes (1 switches on core 0)
Aug 14 17:34:55 devstack devstack@g-api.service[84335]: DEBUG glance.api.middleware.version_negotiation [None req-b6364294-73e9-4369-84eb-2b912813eace admin admin] Determining version of request: GET /v2/schemas/image Accept: */* {{(pid=84335) process_request /opt/stack/glance/glance/api/middleware/version_negotiation.py:44}}
Aug 14 17:34:55 devstack devstack@g-api.service[84335]: DEBUG glance.api.middleware.version_negotiation [None req-b6364294-73e9-4369-84eb-2b912813eace admin admin] Using url versioning {{(pid=84335) process_request /opt/stack/glance/glance/api/middleware/version_negotiation.py:57}}
Aug 14 17:34:55 devstack devstack@g-api.service[84335]: DEBUG glance.api.middleware.version_negotiation [None req-b6364294-73e9-4369-84eb-2b912813eace admin admin] Matched version: v2 {{(pid=84335) process_request /opt/stack/glance/glance/api/middleware/version_negotiation.py:69}}
Aug 14 17:34:55 devstack devstack@g-api.service[84335]: DEBUG glance.api.middleware.version_negotiation [None req-b6364294-73e9-4369-84eb-2b912813eace admin admin] new path /v2/schemas/image {{(pid=84335) process_request /opt/stack/glance/glance/api/middleware/version_negotiation.py:70}}
Aug 14 17:34:55 devstack devstack@g-api.service[84335]: [pid: 84335|app: 0|req: 7/15] 127.0.0.1 () {42 vars in 998 bytes} [Fri Aug 14 17:34:55 2026] GET /v2/schemas/image => generated 6083 bytes in 19 msecs (HTTP/1.1 200) 4 headers in 158 bytes (1 switches on core 0)
Aug 14 17:35:03 devstack devstack@g-api.service[84334]: DEBUG glance.api.middleware.version_negotiation [None req-37d42f27-3595-4af8-8b6b-1303e19bbfdf tempest-ServerRescueNegativeTestJSON-1420697932 tempest-ServerRescueNegativeTestJSON-1420697932-project-member] Determining version of request: GET / Accept: application/json {{(pid=84334) process_request /opt/stack/glance/glance/api/middleware/version_negotiation.py:44}}
Aug 14 17:35:03 devstack devstack@g-api.service[84334]: DEBUG glance.api.middleware.version_negotiation [None req-37d42f27-3595-4af8-8b6b-1303e19bbfdf tempest-ServerRescueNegativeTestJSON-1420697932 tempest-ServerRescueNegativeTestJSON-1420697932-project-member] Using url versioning {{(pid=84334) process_request /opt/stack/glance/glance/api/middleware/version_negotiation.py:57}}
Aug 14 17:35:03 devstack devstack@g-api.service[84334]: DEBUG glance.api.middleware.version_negotiation [None req-37d42f27-3595-4af8-8b6b-1303e19bbfdf tempest-ServerRescueNegativeTestJSON-1420697932 tempest-ServerRescueNegativeTestJSON-1420697932-project-member] Unknown version. Returning version choices. {{(pid=84334) process_request /opt/stack/glance/glance/api/middleware/version_negotiation.py:64}}
Aug 14 17:35:03 devstack devstack@g-api.service[84334]: [pid: 84334|app: 0|req: 9/16] 127.0.0.1 () {34 vars in 502 bytes} [Fri Aug 14 17:35:03 2026] GET / => generated 1557 bytes in 7 msecs (HTTP/1.1 300) 3 headers in 106 bytes (1 switches on core 0)
Aug 14 17:35:03 devstack devstack@g-api.service[84335]: DEBUG glance.api.middleware.version_negotiation [None req-37d42f27-3595-4af8-8b6b-1303e19bbfdf tempest-ServerRescueNegativeTestJSON-1420697932 tempest-ServerRescueNegativeTestJSON-1420697932-project-member] Determining version of request: GET /v2/images/55754535-2aca-4826-a3e2-2446f04a538f Accept: */* {{(pid=84335) process_request /opt/stack/glance/glance/api/middleware/version_negotiation.py:44}}
Aug 14 17:35:03 devstack devstack@g-api.service[84335]: DEBUG glance.api.middleware.version_negotiation [None req-37d42f27-3595-4af8-8b6b-1303e19bbfdf tempest-ServerRescueNegativeTestJSON-1420697932 tempest-ServerRescueNegativeTestJSON-1420697932-project-member] Using url versioning {{(pid=84335) process_request /opt/stack/glance/glance/api/middleware/version_negotiation.py:57}}
Aug 14 17:35:03 devstack devstack@g-api.service[84335]: DEBUG glance.api.middleware.version_negotiation [None req-37d42f27-3595-4af8-8b6b-1303e19bbfdf tempest-ServerRescueNegativeTestJSON-1420697932 tempest-ServerRescueNegativeTestJSON-1420697932-project-member] Matched version: v2 {{(pid=84335) process_request /opt/stack/glance/glance/api/middleware/version_negotiation.py:69}}
Aug 14 17:35:03 devstack devstack@g-api.service[84335]: DEBUG glance.api.middleware.version_negotiation [None req-37d42f27-3595-4af8-8b6b-1303e19bbfdf tempest-ServerRescueNegativeTestJSON-1420697932 tempest-ServerRescueNegativeTestJSON-1420697932-project-member] new path /v2/images/55754535-2aca-4826-a3e2-2446f04a538f {{(pid=84335) process_request /opt/stack/glance/glance/api/middleware/version_negotiation.py:70}}
Aug 14 17:35:03 devstack devstack@g-api.service[84335]: [pid: 84335|app: 0|req: 8/17] 127.0.0.1 () {42 vars in 1058 bytes} [Fri Aug 14 17:35:03 2026] GET /v2/images/55754535-2aca-4826-a3e2-2446f04a538f => generated 976 bytes in 64 msecs (HTTP/1.1 200) 4 headers in 157 bytes (1 switches on core 0)
Aug 14 17:35:03 devstack devstack@g-api.service[84334]: DEBUG glance.api.middleware.version_negotiation [None req-37d42f27-3595-4af8-8b6b-1303e19bbfdf tempest-ServerRescueNegativeTestJSON-1420697932 tempest-ServerRescueNegativeTestJSON-1420697932-project-member] Determining version of request: GET /v2/schemas/image Accept: */* {{(pid=84334) process_request /opt/stack/glance/glance/api/middleware/version_negotiation.py:44}}
Aug 14 17:35:03 devstack devstack@g-api.service[84334]: DEBUG glance.api.middleware.version_negotiation [None req-37d42f27-3595-4af8-8b6b-1303e19bbfdf tempest-ServerRescueNegativeTestJSON-1420697932 tempest-ServerRescueNegativeTestJSON-1420697932-project-member] Using url versioning {{(pid=84334) process_request /opt/stack/glance/glance/api/middleware/version_negotiation.py:57}}
Aug 14 17:35:03 devstack devstack@g-api.service[84334]: DEBUG glance.api.middleware.version_negotiation [None req-37d42f27-3595-4af8-8b6b-1303e19bbfdf tempest-ServerRescueNegativeTestJSON-1420697932 tempest-ServerRescueNegativeTestJSON-1420697932-project-member] Matched version: v2 {{(pid=84334) process_request /opt/stack/glance/glance/api/middleware/version_negotiation.py:69}}
Aug 14 17:35:03 devstack devstack@g-api.service[84334]: DEBUG glance.api.middleware.version_negotiation [None req-37d42f27-3595-4af8-8b6b-1303e19bbfdf tempest-ServerRescueNegativeTestJSON-1420697932 tempest-ServerRescueNegativeTestJSON-1420697932-project-member] new path /v2/schemas/image {{(pid=84334) process_request /opt/stack/glance/glance/api/middleware/version_negotiation.py:70}}
Aug 14 17:35:03 devstack devstack@g-api.service[84334]: [pid: 84334|app: 0|req: 10/18] 127.0.0.1 () {42 vars in 998 bytes} [Fri Aug 14 17:35:03 2026] GET /v2/schemas/image => generated 6083 bytes in 16 msecs (HTTP/1.1 200) 4 headers in 158 bytes (1 switches on core 0)
Aug 14 17:35:05 devstack devstack@g-api.service[84334]: DEBUG dbcounter [-] [84334] Writing DB stats glance:SELECT=2 {{(pid=84334) stat_writer /opt/stack/data/venv/lib/python3.12/site-packages/dbcounter.py:115}}
Aug 14 17:35:05 devstack devstack@g-api.service[84335]: DEBUG glance.api.middleware.version_negotiation [None req-edf9751b-23fc-4309-a752-5e9596b64214 tempest-ServerRescueNegativeTestJSON-1420697932 tempest-ServerRescueNegativeTestJSON-1420697932-project-member] Determining version of request: GET /v2/images/55754535-2aca-4826-a3e2-2446f04a538f Accept: */* {{(pid=84335) process_request /opt/stack/glance/glance/api/middleware/version_negotiation.py:44}}
Aug 14 17:35:05 devstack devstack@g-api.service[84335]: DEBUG glance.api.middleware.version_negotiation [None req-edf9751b-23fc-4309-a752-5e9596b64214 tempest-ServerRescueNegativeTestJSON-1420697932 tempest-ServerRescueNegativeTestJSON-1420697932-project-member] Using url versioning {{(pid=84335) process_request /opt/stack/glance/glance/api/middleware/version_negotiation.py:57}}
Aug 14 17:35:05 devstack devstack@g-api.service[84335]: DEBUG glance.api.middleware.version_negotiation [None req-edf9751b-23fc-4309-a752-5e9596b64214 tempest-ServerRescueNegativeTestJSON-1420697932 tempest-ServerRescueNegativeTestJSON-1420697932-project-member] Matched version: v2 {{(pid=84335) process_request /opt/stack/glance/glance/api/middleware/version_negotiation.py:69}}
Aug 14 17:35:05 devstack devstack@g-api.service[84335]: DEBUG glance.api.middleware.version_negotiation [None req-edf9751b-23fc-4309-a752-5e9596b64214 tempest-ServerRescueNegativeTestJSON-1420697932 tempest-ServerRescueNegativeTestJSON-1420697932-project-member] new path /v2/images/55754535-2aca-4826-a3e2-2446f04a538f {{(pid=84335) process_request /opt/stack/glance/glance/api/middleware/version_negotiation.py:70}}
Aug 14 17:35:06 devstack devstack@g-api.service[84335]: [pid: 84335|app: 0|req: 9/19] 127.0.0.1 () {42 vars in 1058 bytes} [Fri Aug 14 17:35:05 2026] GET /v2/images/55754535-2aca-4826-a3e2-2446f04a538f => generated 976 bytes in 322 msecs (HTTP/1.1 200) 4 headers in 157 bytes (1 switches on core 0)
Aug 14 17:35:06 devstack devstack@g-api.service[84334]: DEBUG glance.api.middleware.version_negotiation [None req-edf9751b-23fc-4309-a752-5e9596b64214 tempest-ServerRescueNegativeTestJSON-1420697932 tempest-ServerRescueNegativeTestJSON-1420697932-project-member] Determining version of request: GET /v2/images/55754535-2aca-4826-a3e2-2446f04a538f/file Accept: */* {{(pid=84334) process_request /opt/stack/glance/glance/api/middleware/version_negotiation.py:44}}
Aug 14 17:35:06 devstack devstack@g-api.service[84334]: DEBUG glance.api.middleware.version_negotiation [None req-edf9751b-23fc-4309-a752-5e9596b64214 tempest-ServerRescueNegativeTestJSON-1420697932 tempest-ServerRescueNegativeTestJSON-1420697932-project-member] Using url versioning {{(pid=84334) process_request /opt/stack/glance/glance/api/middleware/version_negotiation.py:57}}
Aug 14 17:35:06 devstack devstack@g-api.service[84334]: DEBUG glance.api.middleware.version_negotiation [None req-edf9751b-23fc-4309-a752-5e9596b64214 tempest-ServerRescueNegativeTestJSON-1420697932 tempest-ServerRescueNegativeTestJSON-1420697932-project-member] Matched version: v2 {{(pid=84334) process_request /opt/stack/glance/glance/api/middleware/version_negotiation.py:69}}
Aug 14 17:35:06 devstack devstack@g-api.service[84334]: DEBUG glance.api.middleware.version_negotiation [None req-edf9751b-23fc-4309-a752-5e9596b64214 tempest-ServerRescueNegativeTestJSON-1420697932 tempest-ServerRescueNegativeTestJSON-1420697932-project-member] new path /v2/images/55754535-2aca-4826-a3e2-2446f04a538f/file {{(pid=84334) process_request /opt/stack/glance/glance/api/middleware/version_negotiation.py:70}}
Aug 14 17:35:06 devstack devstack@g-api.service[84334]: DEBUG glance_store._drivers.filesystem [None req-37d42f27-3595-4af8-8b6b-1303e19bbfdf tempest-ServerRescueNegativeTestJSON-1420697932 tempest-ServerRescueNegativeTestJSON-1420697932-project-member] Found image at /opt/stack/data/glance/images/55754535-2aca-4826-a3e2-2446f04a538f. Returning in ChunkedFile. {{(pid=84334) get /opt/stack/data/venv/lib/python3.12/site-packages/glance_store/_drivers/filesystem.py:724}}
Aug 14 17:35:06 devstack devstack@g-api.service[84334]: DEBUG glance.image_cache [None req-37d42f27-3595-4af8-8b6b-1303e19bbfdf tempest-ServerRescueNegativeTestJSON-1420697932 tempest-ServerRescueNegativeTestJSON-1420697932-project-member] Tee'ing image '55754535-2aca-4826-a3e2-2446f04a538f' into cache {{(pid=84334) get_caching_iter /opt/stack/glance/glance/image_cache/__init__.py:356}}
Aug 14 17:35:06 devstack devstack@g-api.service[84334]: DEBUG glance.image_cache.drivers.centralized_db [None req-37d42f27-3595-4af8-8b6b-1303e19bbfdf tempest-ServerRescueNegativeTestJSON-1420697932 tempest-ServerRescueNegativeTestJSON-1420697932-project-member] Fetch finished, moving '/opt/stack/data/glance/cache/incomplete/55754535-2aca-4826-a3e2-2446f04a538f' to '/opt/stack/data/glance/cache/55754535-2aca-4826-a3e2-2446f04a538f' {{(pid=84334) commit /opt/stack/glance/glance/image_cache/drivers/centralized_db.py:243}}
Aug 14 17:35:06 devstack devstack@g-api.service[84334]: DEBUG glance.image_cache.drivers.centralized_db [None req-37d42f27-3595-4af8-8b6b-1303e19bbfdf tempest-ServerRescueNegativeTestJSON-1420697932 tempest-ServerRescueNegativeTestJSON-1420697932-project-member] Image cached successfully. {{(pid=84334) commit /opt/stack/glance/glance/image_cache/drivers/centralized_db.py:258}}
Aug 14 17:35:06 devstack devstack@g-api.service[84334]: [pid: 84334|app: 0|req: 11/20] 127.0.0.1 () {42 vars in 1068 bytes} [Fri Aug 14 17:35:06 2026] GET /v2/images/55754535-2aca-4826-a3e2-2446f04a538f/file => generated 21692416 bytes in 588 msecs (HTTP/1.1 200) 4 headers in 191 bytes (336 switches on core 0)
Aug 14 17:35:07 devstack devstack@g-api.service[84335]: DEBUG glance.api.middleware.version_negotiation [None req-37d42f27-3595-4af8-8b6b-1303e19bbfdf tempest-ServerRescueNegativeTestJSON-1420697932 tempest-ServerRescueNegativeTestJSON-1420697932-project-member] Determining version of request: GET /v2/images/55754535-2aca-4826-a3e2-2446f04a538f Accept: */* {{(pid=84335) process_request /opt/stack/glance/glance/api/middleware/version_negotiation.py:44}}
Aug 14 17:35:07 devstack devstack@g-api.service[84335]: DEBUG glance.api.middleware.version_negotiation [None req-37d42f27-3595-4af8-8b6b-1303e19bbfdf tempest-ServerRescueNegativeTestJSON-1420697932 tempest-ServerRescueNegativeTestJSON-1420697932-project-member] Using url versioning {{(pid=84335) process_request /opt/stack/glance/glance/api/middleware/version_negotiation.py:57}}
Aug 14 17:35:07 devstack devstack@g-api.service[84335]: DEBUG glance.api.middleware.version_negotiation [None req-37d42f27-3595-4af8-8b6b-1303e19bbfdf tempest-ServerRescueNegativeTestJSON-1420697932 tempest-ServerRescueNegativeTestJSON-1420697932-project-member] Matched version: v2 {{(pid=84335) process_request /opt/stack/glance/glance/api/middleware/version_negotiation.py:69}}
Aug 14 17:35:07 devstack devstack@g-api.service[84335]: DEBUG glance.api.middleware.version_negotiation [None req-37d42f27-3595-4af8-8b6b-1303e19bbfdf tempest-ServerRescueNegativeTestJSON-1420697932 tempest-ServerRescueNegativeTestJSON-1420697932-project-member] new path /v2/images/55754535-2aca-4826-a3e2-2446f04a538f {{(pid=84335) process_request /opt/stack/glance/glance/api/middleware/version_negotiation.py:70}}
Aug 14 17:35:07 devstack devstack@g-api.service[84335]: [pid: 84335|app: 0|req: 10/21] 127.0.0.1 () {42 vars in 1058 bytes} [Fri Aug 14 17:35:07 2026] GET /v2/images/55754535-2aca-4826-a3e2-2446f04a538f => generated 976 bytes in 34 msecs (HTTP/1.1 200) 4 headers in 157 bytes (1 switches on core 0)
Aug 14 17:35:07 devstack devstack@g-api.service[84334]: DEBUG glance.api.middleware.version_negotiation [None req-37d42f27-3595-4af8-8b6b-1303e19bbfdf tempest-ServerRescueNegativeTestJSON-1420697932 tempest-ServerRescueNegativeTestJSON-1420697932-project-member] Determining version of request: GET /v2/schemas/image Accept: */* {{(pid=84334) process_request /opt/stack/glance/glance/api/middleware/version_negotiation.py:44}}
Aug 14 17:35:07 devstack devstack@g-api.service[84334]: DEBUG glance.api.middleware.version_negotiation [None req-37d42f27-3595-4af8-8b6b-1303e19bbfdf tempest-ServerRescueNegativeTestJSON-1420697932 tempest-ServerRescueNegativeTestJSON-1420697932-project-member] Using url versioning {{(pid=84334) process_request /opt/stack/glance/glance/api/middleware/version_negotiation.py:57}}
Aug 14 17:35:07 devstack devstack@g-api.service[84334]: DEBUG glance.api.middleware.version_negotiation [None req-37d42f27-3595-4af8-8b6b-1303e19bbfdf tempest-ServerRescueNegativeTestJSON-1420697932 tempest-ServerRescueNegativeTestJSON-1420697932-project-member] Matched version: v2 {{(pid=84334) process_request /opt/stack/glance/glance/api/middleware/version_negotiation.py:69}}
Aug 14 17:35:07 devstack devstack@g-api.service[84334]: DEBUG glance.api.middleware.version_negotiation [None req-37d42f27-3595-4af8-8b6b-1303e19bbfdf tempest-ServerRescueNegativeTestJSON-1420697932 tempest-ServerRescueNegativeTestJSON-1420697932-project-member] new path /v2/schemas/image {{(pid=84334) process_request /opt/stack/glance/glance/api/middleware/version_negotiation.py:70}}
Aug 14 17:35:07 devstack devstack@g-api.service[84334]: [pid: 84334|app: 0|req: 12/22] 127.0.0.1 () {42 vars in 998 bytes} [Fri Aug 14 17:35:07 2026] GET /v2/schemas/image => generated 6083 bytes in 9 msecs (HTTP/1.1 200) 4 headers in 158 bytes (1 switches on core 0)
Aug 14 17:35:16 devstack devstack@g-api.service[84334]: DEBUG dbcounter [-] [84334] Writing DB stats glance:SELECT=5,glance:INSERT=1 {{(pid=84334) stat_writer /opt/stack/data/venv/lib/python3.12/site-packages/dbcounter.py:115}}
Aug 14 17:35:17 devstack devstack@g-api.service[84335]: DEBUG dbcounter [-] [84335] Writing DB stats glance:SELECT=6 {{(pid=84335) stat_writer /opt/stack/data/venv/lib/python3.12/site-packages/dbcounter.py:115}}
Aug 14 17:35:29 devstack devstack@g-api.service[84335]: DEBUG glance.api.middleware.version_negotiation [None req-37d42f27-3595-4af8-8b6b-1303e19bbfdf tempest-ServerRescueNegativeTestJSON-1420697932 tempest-ServerRescueNegativeTestJSON-1420697932-project-member] Determining version of request: GET /v2/images/55754535-2aca-4826-a3e2-2446f04a538f Accept: */* {{(pid=84335) process_request /opt/stack/glance/glance/api/middleware/version_negotiation.py:44}}
Aug 14 17:35:29 devstack devstack@g-api.service[84335]: DEBUG glance.api.middleware.version_negotiation [None req-37d42f27-3595-4af8-8b6b-1303e19bbfdf tempest-ServerRescueNegativeTestJSON-1420697932 tempest-ServerRescueNegativeTestJSON-1420697932-project-member] Using url versioning {{(pid=84335) process_request /opt/stack/glance/glance/api/middleware/version_negotiation.py:57}}
Aug 14 17:35:29 devstack devstack@g-api.service[84335]: DEBUG glance.api.middleware.version_negotiation [None req-37d42f27-3595-4af8-8b6b-1303e19bbfdf tempest-ServerRescueNegativeTestJSON-1420697932 tempest-ServerRescueNegativeTestJSON-1420697932-project-member] Matched version: v2 {{(pid=84335) process_request /opt/stack/glance/glance/api/middleware/version_negotiation.py:69}}
Aug 14 17:35:29 devstack devstack@g-api.service[84335]: DEBUG glance.api.middleware.version_negotiation [None req-37d42f27-3595-4af8-8b6b-1303e19bbfdf tempest-ServerRescueNegativeTestJSON-1420697932 tempest-ServerRescueNegativeTestJSON-1420697932-project-member] new path /v2/images/55754535-2aca-4826-a3e2-2446f04a538f {{(pid=84335) process_request /opt/stack/glance/glance/api/middleware/version_negotiation.py:70}}
Aug 14 17:35:29 devstack devstack@g-api.service[84335]: [pid: 84335|app: 0|req: 11/23] 127.0.0.1 () {42 vars in 1058 bytes} [Fri Aug 14 17:35:29 2026] GET /v2/images/55754535-2aca-4826-a3e2-2446f04a538f => generated 976 bytes in 46 msecs (HTTP/1.1 200) 4 headers in 157 bytes (1 switches on core 0)
Aug 14 17:35:29 devstack devstack@g-api.service[84334]: DEBUG glance.api.middleware.version_negotiation [None req-37d42f27-3595-4af8-8b6b-1303e19bbfdf tempest-ServerRescueNegativeTestJSON-1420697932 tempest-ServerRescueNegativeTestJSON-1420697932-project-member] Determining version of request: GET /v2/schemas/image Accept: */* {{(pid=84334) process_request /opt/stack/glance/glance/api/middleware/version_negotiation.py:44}}
Aug 14 17:35:29 devstack devstack@g-api.service[84334]: DEBUG glance.api.middleware.version_negotiation [None req-37d42f27-3595-4af8-8b6b-1303e19bbfdf tempest-ServerRescueNegativeTestJSON-1420697932 tempest-ServerRescueNegativeTestJSON-1420697932-project-member] Using url versioning {{(pid=84334) process_request /opt/stack/glance/glance/api/middleware/version_negotiation.py:57}}
