Apr 29 16:08:53 devstack devstack@c-api.service[84260]: DEBUG cinder.volume.api [req-eba05658-72c5-41ca-848b-2d688a5c85a1 req-d31d57e8-84ae-4590-a1c1-9dee39c53644 tempest-ServerBootFromVolumeStableRescueTest-1402894104 tempest-ServerBootFromVolumeStableRescueTest-1402894104-project-member] Task 'cinder.volume.flows.api.create_volume.QuotaCommitTask;volume:create' (295a585b-5f51-4a7c-909b-c9e370c3b9a8) transitioned into state 'SUCCESS' from state 'RUNNING' with result '{'volume_properties': VolumeProperties(attach_status='detached',availability_zone='nova',cgsnapshot_id=None,consistencygroup_id=None,display_description='',display_name='',encryption_key_id=None,group_id=None,group_type_id=,metadata={},multiattach=False,project_id='a4322aa2afcd49a094940864f60b0401',qos_specs=None,replication_status=,reservations=['562288d7-0f3a-4401-a531-b5d1a11ee1e9','3074c7fc-7b5b-4130-b474-fae9d173d803','1eeaea0f-2843-48fe-9368-42b9136a684d','f4b75ecc-3ba8-4438-8bc8-f55da372e500'],size=1,snapshot_id=None,source_replicaid=,source_volid=None,status='creating',user_id='8891056d64294e9a81b23b38e46f5819',volume_type_id=bb3bfb43-44e0-415b-a7e4-18e373d316d0)}' {{(pid=84260) _task_receiver /opt/stack/data/venv/lib/python3.12/site-packages/taskflow/listeners/logging.py:182}}
Apr 29 16:08:53 devstack devstack@c-api.service[84260]: DEBUG cinder.volume.api [req-eba05658-72c5-41ca-848b-2d688a5c85a1 req-d31d57e8-84ae-4590-a1c1-9dee39c53644 tempest-ServerBootFromVolumeStableRescueTest-1402894104 tempest-ServerBootFromVolumeStableRescueTest-1402894104-project-member] Task 'cinder.volume.flows.api.create_volume.VolumeCastTask;volume:create' (1bf34c21-808e-4152-a196-c7d34c1f7a77) transitioned into state 'RUNNING' from state 'PENDING' {{(pid=84260) _task_receiver /opt/stack/data/venv/lib/python3.12/site-packages/taskflow/listeners/logging.py:194}}
Apr 29 16:08:53 devstack devstack@c-api.service[84261]: INFO cinder.api.openstack.wsgi [None req-ea4b14c6-e6f0-46d9-92b6-b4bafdcef26a tempest-GroupsTest-70023131 tempest-GroupsTest-70023131-project-member] http://192.168.122.228/volume/v3/groups/c8de2c5d-c84a-4547-bdbc-e60bb509f284 returned with HTTP 200
Apr 29 16:08:53 devstack devstack@c-api.service[84261]: [pid: 84261|app: 0|req: 131/257] 192.168.122.228 () {60 vars in 1270 bytes} [Wed Apr 29 16:08:53 2026] GET /volume/v3/groups/c8de2c5d-c84a-4547-bdbc-e60bb509f284 => generated 323 bytes in 122 msecs (HTTP/1.1 200) 7 headers in 286 bytes (1 switches on core 0)
Apr 29 16:08:53 devstack devstack@c-api.service[84261]: DEBUG cinder.api.middleware.request_id [None req-86c1b4d6-f5f6-40f8-84ea-e19fbbddb6f7 None None] RequestId filter calling following filter/app {{(pid=84261) _context_setter /opt/stack/cinder/cinder/api/middleware/request_id.py:62}}
Apr 29 16:08:53 devstack devstack@c-api.service[84261]: INFO cinder.api.openstack.wsgi [None req-86c1b4d6-f5f6-40f8-84ea-e19fbbddb6f7 tempest-VolumesAdminNegativeTest-1051294763 tempest-VolumesAdminNegativeTest-1051294763-project-member] GET http://192.168.122.228/volume/v3/volumes/0e79cbba-9ecb-4376-b6bf-7562aa502da6
Apr 29 16:08:53 devstack devstack@c-api.service[84261]: DEBUG cinder.api.openstack.wsgi [None req-86c1b4d6-f5f6-40f8-84ea-e19fbbddb6f7 tempest-VolumesAdminNegativeTest-1051294763 tempest-VolumesAdminNegativeTest-1051294763-project-member] Empty body provided in request {{(pid=84261) get_body /opt/stack/cinder/cinder/api/openstack/wsgi.py:725}}
Apr 29 16:08:53 devstack devstack@c-api.service[84261]: DEBUG cinder.api.openstack.wsgi [None req-86c1b4d6-f5f6-40f8-84ea-e19fbbddb6f7 tempest-VolumesAdminNegativeTest-1051294763 tempest-VolumesAdminNegativeTest-1051294763-project-member] Calling method 'show' {{(pid=84261) _process_stack /opt/stack/cinder/cinder/api/openstack/wsgi.py:878}}
Apr 29 16:08:53 devstack devstack@c-api.service[84261]: /opt/stack/data/venv/lib/python3.12/site-packages/oslo_context/context.py:101: DeprecationWarning: Policy enforcement is depending on the value of is_admin. This key is deprecated. Please update your policy file to use the standard policy values.
Apr 29 16:08:53 devstack devstack@c-api.service[84261]: warnings.warn(
Apr 29 16:08:53 devstack devstack@c-api.service[84260]: DEBUG cinder.volume.api [req-eba05658-72c5-41ca-848b-2d688a5c85a1 req-d31d57e8-84ae-4590-a1c1-9dee39c53644 tempest-ServerBootFromVolumeStableRescueTest-1402894104 tempest-ServerBootFromVolumeStableRescueTest-1402894104-project-member] Task 'cinder.volume.flows.api.create_volume.VolumeCastTask;volume:create' (1bf34c21-808e-4152-a196-c7d34c1f7a77) transitioned into state 'SUCCESS' from state 'RUNNING' with result 'None' {{(pid=84260) _task_receiver /opt/stack/data/venv/lib/python3.12/site-packages/taskflow/listeners/logging.py:182}}
Apr 29 16:08:53 devstack devstack@c-api.service[84260]: DEBUG cinder.volume.api [req-eba05658-72c5-41ca-848b-2d688a5c85a1 req-d31d57e8-84ae-4590-a1c1-9dee39c53644 tempest-ServerBootFromVolumeStableRescueTest-1402894104 tempest-ServerBootFromVolumeStableRescueTest-1402894104-project-member] Flow 'volume_create_api' (0b46a856-14ae-4df0-b1ce-c6882271ec2e) transitioned into state 'SUCCESS' from state 'RUNNING' {{(pid=84260) _flow_receiver /opt/stack/data/venv/lib/python3.12/site-packages/taskflow/listeners/logging.py:145}}
Apr 29 16:08:53 devstack devstack@c-api.service[84260]: INFO cinder.volume.api [req-eba05658-72c5-41ca-848b-2d688a5c85a1 req-d31d57e8-84ae-4590-a1c1-9dee39c53644 tempest-ServerBootFromVolumeStableRescueTest-1402894104 tempest-ServerBootFromVolumeStableRescueTest-1402894104-project-member] Create volume request issued successfully.
Apr 29 16:08:53 devstack devstack@c-api.service[84260]: INFO cinder.api.openstack.wsgi [req-eba05658-72c5-41ca-848b-2d688a5c85a1 req-d31d57e8-84ae-4590-a1c1-9dee39c53644 tempest-ServerBootFromVolumeStableRescueTest-1402894104 tempest-ServerBootFromVolumeStableRescueTest-1402894104-project-member] http://192.168.122.228/volume/v3/volumes returned with HTTP 202
Apr 29 16:08:53 devstack devstack@c-api.service[84260]: [pid: 84260|app: 0|req: 127/258] 192.168.122.228 () {64 vars in 1430 bytes} [Wed Apr 29 16:08:51 2026] POST /volume/v3/volumes => generated 712 bytes in 2229 msecs (HTTP/1.1 202) 7 headers in 291 bytes (1 switches on core 0)
Apr 29 16:08:53 devstack devstack@c-api.service[84261]: INFO cinder.volume.api [None req-86c1b4d6-f5f6-40f8-84ea-e19fbbddb6f7 tempest-VolumesAdminNegativeTest-1051294763 tempest-VolumesAdminNegativeTest-1051294763-project-member] Volume info retrieved successfully.
Apr 29 16:08:53 devstack devstack@c-api.service[84260]: DEBUG cinder.api.middleware.request_id [req-eba05658-72c5-41ca-848b-2d688a5c85a1 req-8b60d5a1-6b67-4ce6-9604-d8dee83ec87b None None] RequestId filter calling following filter/app {{(pid=84260) _context_setter /opt/stack/cinder/cinder/api/middleware/request_id.py:62}}
Apr 29 16:08:53 devstack devstack@c-api.service[84261]: INFO cinder.api.openstack.wsgi [None req-86c1b4d6-f5f6-40f8-84ea-e19fbbddb6f7 tempest-VolumesAdminNegativeTest-1051294763 tempest-VolumesAdminNegativeTest-1051294763-project-member] http://192.168.122.228/volume/v3/volumes/0e79cbba-9ecb-4376-b6bf-7562aa502da6 returned with HTTP 200
Apr 29 16:08:53 devstack devstack@c-api.service[84261]: [pid: 84261|app: 0|req: 132/259] 192.168.122.228 () {58 vars in 1232 bytes} [Wed Apr 29 16:08:53 2026] GET /volume/v3/volumes/0e79cbba-9ecb-4376-b6bf-7562aa502da6 => generated 856 bytes in 120 msecs (HTTP/1.1 200) 7 headers in 285 bytes (1 switches on core 0)
Apr 29 16:08:53 devstack devstack@c-api.service[84260]: INFO cinder.api.openstack.wsgi [req-eba05658-72c5-41ca-848b-2d688a5c85a1 req-8b60d5a1-6b67-4ce6-9604-d8dee83ec87b tempest-ServerBootFromVolumeStableRescueTest-1402894104 tempest-ServerBootFromVolumeStableRescueTest-1402894104-project-member] GET http://192.168.122.228/volume/v3/volumes/cd02cb3e-b174-4aec-a419-b32d06b8fc2f
Apr 29 16:08:53 devstack devstack@c-api.service[84260]: DEBUG cinder.api.openstack.wsgi [req-eba05658-72c5-41ca-848b-2d688a5c85a1 req-8b60d5a1-6b67-4ce6-9604-d8dee83ec87b tempest-ServerBootFromVolumeStableRescueTest-1402894104 tempest-ServerBootFromVolumeStableRescueTest-1402894104-project-member] Empty body provided in request {{(pid=84260) get_body /opt/stack/cinder/cinder/api/openstack/wsgi.py:725}}
Apr 29 16:08:53 devstack devstack@c-api.service[84260]: DEBUG cinder.api.openstack.wsgi [req-eba05658-72c5-41ca-848b-2d688a5c85a1 req-8b60d5a1-6b67-4ce6-9604-d8dee83ec87b tempest-ServerBootFromVolumeStableRescueTest-1402894104 tempest-ServerBootFromVolumeStableRescueTest-1402894104-project-member] Calling method 'show' {{(pid=84260) _process_stack /opt/stack/cinder/cinder/api/openstack/wsgi.py:878}}
Apr 29 16:08:53 devstack devstack@c-api.service[84260]: /opt/stack/data/venv/lib/python3.12/site-packages/oslo_context/context.py:101: DeprecationWarning: Policy enforcement is depending on the value of is_admin. This key is deprecated. Please update your policy file to use the standard policy values.
Apr 29 16:08:53 devstack devstack@c-api.service[84260]: warnings.warn(
Apr 29 16:08:53 devstack devstack@c-api.service[84260]: INFO cinder.volume.api [req-eba05658-72c5-41ca-848b-2d688a5c85a1 req-8b60d5a1-6b67-4ce6-9604-d8dee83ec87b tempest-ServerBootFromVolumeStableRescueTest-1402894104 tempest-ServerBootFromVolumeStableRescueTest-1402894104-project-member] Volume info retrieved successfully.
Apr 29 16:08:53 devstack devstack@c-api.service[84260]: INFO cinder.api.openstack.wsgi [req-eba05658-72c5-41ca-848b-2d688a5c85a1 req-8b60d5a1-6b67-4ce6-9604-d8dee83ec87b tempest-ServerBootFromVolumeStableRescueTest-1402894104 tempest-ServerBootFromVolumeStableRescueTest-1402894104-project-member] http://192.168.122.228/volume/v3/volumes/cd02cb3e-b174-4aec-a419-b32d06b8fc2f returned with HTTP 200
Apr 29 16:08:53 devstack devstack@c-api.service[84260]: [pid: 84260|app: 0|req: 128/260] 192.168.122.228 () {60 vars in 1487 bytes} [Wed Apr 29 16:08:53 2026] GET /volume/v3/volumes/cd02cb3e-b174-4aec-a419-b32d06b8fc2f => generated 780 bytes in 94 msecs (HTTP/1.1 200) 7 headers in 285 bytes (1 switches on core 0)
Apr 29 16:08:53 devstack devstack@c-api.service[84261]: DEBUG cinder.api.middleware.request_id [req-eba05658-72c5-41ca-848b-2d688a5c85a1 req-4a2efb26-a316-4767-8423-95178b9df962 None None] RequestId filter calling following filter/app {{(pid=84261) _context_setter /opt/stack/cinder/cinder/api/middleware/request_id.py:62}}
Apr 29 16:08:54 devstack devstack@c-api.service[84261]: INFO cinder.api.openstack.wsgi [req-eba05658-72c5-41ca-848b-2d688a5c85a1 req-4a2efb26-a316-4767-8423-95178b9df962 tempest-ServerBootFromVolumeStableRescueTest-1402894104 tempest-ServerBootFromVolumeStableRescueTest-1402894104-project-member] GET http://192.168.122.228/volume/v3/volumes/cd02cb3e-b174-4aec-a419-b32d06b8fc2f
Apr 29 16:08:54 devstack devstack@c-api.service[84261]: DEBUG cinder.api.openstack.wsgi [req-eba05658-72c5-41ca-848b-2d688a5c85a1 req-4a2efb26-a316-4767-8423-95178b9df962 tempest-ServerBootFromVolumeStableRescueTest-1402894104 tempest-ServerBootFromVolumeStableRescueTest-1402894104-project-member] Empty body provided in request {{(pid=84261) get_body /opt/stack/cinder/cinder/api/openstack/wsgi.py:725}}
Apr 29 16:08:54 devstack devstack@c-api.service[84261]: DEBUG cinder.api.openstack.wsgi [req-eba05658-72c5-41ca-848b-2d688a5c85a1 req-4a2efb26-a316-4767-8423-95178b9df962 tempest-ServerBootFromVolumeStableRescueTest-1402894104 tempest-ServerBootFromVolumeStableRescueTest-1402894104-project-member] Calling method 'show' {{(pid=84261) _process_stack /opt/stack/cinder/cinder/api/openstack/wsgi.py:878}}
Apr 29 16:08:54 devstack devstack@c-api.service[84261]: /opt/stack/data/venv/lib/python3.12/site-packages/oslo_context/context.py:101: DeprecationWarning: Policy enforcement is depending on the value of is_admin. This key is deprecated. Please update your policy file to use the standard policy values.
Apr 29 16:08:54 devstack devstack@c-api.service[84261]: warnings.warn(
Apr 29 16:08:54 devstack devstack@c-api.service[84261]: INFO cinder.volume.api [req-eba05658-72c5-41ca-848b-2d688a5c85a1 req-4a2efb26-a316-4767-8423-95178b9df962 tempest-ServerBootFromVolumeStableRescueTest-1402894104 tempest-ServerBootFromVolumeStableRescueTest-1402894104-project-member] Volume info retrieved successfully.
Apr 29 16:08:54 devstack devstack@c-api.service[84261]: INFO cinder.api.openstack.wsgi [req-eba05658-72c5-41ca-848b-2d688a5c85a1 req-4a2efb26-a316-4767-8423-95178b9df962 tempest-ServerBootFromVolumeStableRescueTest-1402894104 tempest-ServerBootFromVolumeStableRescueTest-1402894104-project-member] http://192.168.122.228/volume/v3/volumes/cd02cb3e-b174-4aec-a419-b32d06b8fc2f returned with HTTP 200
Apr 29 16:08:54 devstack devstack@c-api.service[84261]: [pid: 84261|app: 0|req: 133/261] 192.168.122.228 () {60 vars in 1487 bytes} [Wed Apr 29 16:08:53 2026] GET /volume/v3/volumes/cd02cb3e-b174-4aec-a419-b32d06b8fc2f => generated 780 bytes in 99 msecs (HTTP/1.1 200) 7 headers in 285 bytes (1 switches on core 0)
Apr 29 16:08:54 devstack devstack@c-api.service[84260]: DEBUG cinder.api.middleware.request_id [None req-32e03074-c45e-4c3d-b4cd-dac7e507f8ab None None] RequestId filter calling following filter/app {{(pid=84260) _context_setter /opt/stack/cinder/cinder/api/middleware/request_id.py:62}}
Apr 29 16:08:54 devstack devstack@c-api.service[84260]: INFO cinder.api.openstack.wsgi [None req-32e03074-c45e-4c3d-b4cd-dac7e507f8ab tempest-GroupsTest-70023131 tempest-GroupsTest-70023131-project-member] GET http://192.168.122.228/volume/v3/groups/c8de2c5d-c84a-4547-bdbc-e60bb509f284
Apr 29 16:08:54 devstack devstack@c-api.service[84260]: DEBUG cinder.api.openstack.wsgi [None req-32e03074-c45e-4c3d-b4cd-dac7e507f8ab tempest-GroupsTest-70023131 tempest-GroupsTest-70023131-project-member] Empty body provided in request {{(pid=84260) get_body /opt/stack/cinder/cinder/api/openstack/wsgi.py:725}}
Apr 29 16:08:54 devstack devstack@c-api.service[84260]: DEBUG cinder.api.openstack.wsgi [None req-32e03074-c45e-4c3d-b4cd-dac7e507f8ab tempest-GroupsTest-70023131 tempest-GroupsTest-70023131-project-member] Calling method 'version_select' {{(pid=84260) _process_stack /opt/stack/cinder/cinder/api/openstack/wsgi.py:878}}
Apr 29 16:08:54 devstack devstack@c-api.service[84260]: DEBUG cinder.api.v3.groups [None req-32e03074-c45e-4c3d-b4cd-dac7e507f8ab tempest-GroupsTest-70023131 tempest-GroupsTest-70023131-project-member] show called for member c8de2c5d-c84a-4547-bdbc-e60bb509f284 {{(pid=84260) show /opt/stack/cinder/cinder/api/v3/groups.py:58}}
Apr 29 16:08:54 devstack devstack@c-api.service[84260]: /opt/stack/data/venv/lib/python3.12/site-packages/oslo_context/context.py:101: DeprecationWarning: Policy enforcement is depending on the value of is_admin. This key is deprecated. Please update your policy file to use the standard policy values.
Apr 29 16:08:54 devstack devstack@c-api.service[84260]: warnings.warn(
Apr 29 16:08:54 devstack devstack@c-api.service[84261]: DEBUG cinder.api.middleware.request_id [None req-f7c77d57-88fd-4b44-9b68-219a8556ac10 None None] RequestId filter calling following filter/app {{(pid=84261) _context_setter /opt/stack/cinder/cinder/api/middleware/request_id.py:62}}
Apr 29 16:08:54 devstack devstack@c-api.service[84261]: INFO cinder.api.openstack.wsgi [None req-f7c77d57-88fd-4b44-9b68-219a8556ac10 tempest-VolumesAdminNegativeTest-1051294763 tempest-VolumesAdminNegativeTest-1051294763-project-member] GET http://192.168.122.228/volume/v3/volumes/0e79cbba-9ecb-4376-b6bf-7562aa502da6
Apr 29 16:08:54 devstack devstack@c-api.service[84261]: DEBUG cinder.api.openstack.wsgi [None req-f7c77d57-88fd-4b44-9b68-219a8556ac10 tempest-VolumesAdminNegativeTest-1051294763 tempest-VolumesAdminNegativeTest-1051294763-project-member] Empty body provided in request {{(pid=84261) get_body /opt/stack/cinder/cinder/api/openstack/wsgi.py:725}}
Apr 29 16:08:54 devstack devstack@c-api.service[84261]: DEBUG cinder.api.openstack.wsgi [None req-f7c77d57-88fd-4b44-9b68-219a8556ac10 tempest-VolumesAdminNegativeTest-1051294763 tempest-VolumesAdminNegativeTest-1051294763-project-member] Calling method 'show' {{(pid=84261) _process_stack /opt/stack/cinder/cinder/api/openstack/wsgi.py:878}}
Apr 29 16:08:54 devstack devstack@c-api.service[84260]: INFO cinder.api.openstack.wsgi [None req-32e03074-c45e-4c3d-b4cd-dac7e507f8ab tempest-GroupsTest-70023131 tempest-GroupsTest-70023131-project-member] http://192.168.122.228/volume/v3/groups/c8de2c5d-c84a-4547-bdbc-e60bb509f284 returned with HTTP 200
Apr 29 16:08:54 devstack devstack@c-api.service[84260]: [pid: 84260|app: 0|req: 129/262] 192.168.122.228 () {60 vars in 1270 bytes} [Wed Apr 29 16:08:54 2026] GET /volume/v3/groups/c8de2c5d-c84a-4547-bdbc-e60bb509f284 => generated 324 bytes in 196 msecs (HTTP/1.1 200) 7 headers in 286 bytes (1 switches on core 0)
Apr 29 16:08:55 devstack devstack@c-api.service[84260]: DEBUG cinder.api.middleware.request_id [None req-0e28b7f9-c6d7-4527-912e-0c46f636fa65 None None] RequestId filter calling following filter/app {{(pid=84260) _context_setter /opt/stack/cinder/cinder/api/middleware/request_id.py:62}}
Apr 29 16:08:55 devstack devstack@c-api.service[84261]: INFO cinder.api.openstack.wsgi [None req-f7c77d57-88fd-4b44-9b68-219a8556ac10 tempest-VolumesAdminNegativeTest-1051294763 tempest-VolumesAdminNegativeTest-1051294763-project-member] http://192.168.122.228/volume/v3/volumes/0e79cbba-9ecb-4376-b6bf-7562aa502da6 returned with HTTP 404
Apr 29 16:08:55 devstack devstack@c-api.service[84261]: [pid: 84261|app: 0|req: 134/263] 192.168.122.228 () {58 vars in 1232 bytes} [Wed Apr 29 16:08:54 2026] GET /volume/v3/volumes/0e79cbba-9ecb-4376-b6bf-7562aa502da6 => generated 109 bytes in 112 msecs (HTTP/1.1 404) 7 headers in 292 bytes (1 switches on core 0)
Apr 29 16:08:55 devstack devstack@c-api.service[84260]: INFO cinder.api.openstack.wsgi [None req-0e28b7f9-c6d7-4527-912e-0c46f636fa65 tempest-GroupsTest-70023131 tempest-GroupsTest-70023131-project-member] GET http://192.168.122.228/volume/v3/groups/c8de2c5d-c84a-4547-bdbc-e60bb509f284
Apr 29 16:08:55 devstack devstack@c-api.service[84260]: DEBUG cinder.api.openstack.wsgi [None req-0e28b7f9-c6d7-4527-912e-0c46f636fa65 tempest-GroupsTest-70023131 tempest-GroupsTest-70023131-project-member] Empty body provided in request {{(pid=84260) get_body /opt/stack/cinder/cinder/api/openstack/wsgi.py:725}}
Apr 29 16:08:55 devstack devstack@c-api.service[84260]: DEBUG cinder.api.openstack.wsgi [None req-0e28b7f9-c6d7-4527-912e-0c46f636fa65 tempest-GroupsTest-70023131 tempest-GroupsTest-70023131-project-member] Calling method 'version_select' {{(pid=84260) _process_stack /opt/stack/cinder/cinder/api/openstack/wsgi.py:878}}
Apr 29 16:08:55 devstack devstack@c-api.service[84260]: DEBUG cinder.api.v3.groups [None req-0e28b7f9-c6d7-4527-912e-0c46f636fa65 tempest-GroupsTest-70023131 tempest-GroupsTest-70023131-project-member] show called for member c8de2c5d-c84a-4547-bdbc-e60bb509f284 {{(pid=84260) show /opt/stack/cinder/cinder/api/v3/groups.py:58}}
Apr 29 16:08:55 devstack devstack@c-api.service[84260]: /opt/stack/data/venv/lib/python3.12/site-packages/oslo_context/context.py:101: DeprecationWarning: Policy enforcement is depending on the value of is_admin. This key is deprecated. Please update your policy file to use the standard policy values.
Apr 29 16:08:55 devstack devstack@c-api.service[84260]: warnings.warn(
Apr 29 16:08:55 devstack devstack@c-api.service[84260]: INFO cinder.api.openstack.wsgi [None req-0e28b7f9-c6d7-4527-912e-0c46f636fa65 tempest-GroupsTest-70023131 tempest-GroupsTest-70023131-project-member] http://192.168.122.228/volume/v3/groups/c8de2c5d-c84a-4547-bdbc-e60bb509f284 returned with HTTP 200
Apr 29 16:08:55 devstack devstack@c-api.service[84260]: [pid: 84260|app: 0|req: 130/264] 192.168.122.228 () {60 vars in 1270 bytes} [Wed Apr 29 16:08:55 2026] GET /volume/v3/groups/c8de2c5d-c84a-4547-bdbc-e60bb509f284 => generated 324 bytes in 127 msecs (HTTP/1.1 200) 7 headers in 286 bytes (1 switches on core 0)
Apr 29 16:08:55 devstack devstack@c-api.service[84261]: DEBUG cinder.api.middleware.request_id [None req-87662ad2-6390-4b05-a790-b436df653ff7 None None] RequestId filter calling following filter/app {{(pid=84261) _context_setter /opt/stack/cinder/cinder/api/middleware/request_id.py:62}}
Apr 29 16:08:55 devstack devstack@c-api.service[84261]: INFO cinder.api.openstack.wsgi [None req-87662ad2-6390-4b05-a790-b436df653ff7 tempest-GroupsTest-70023131 tempest-GroupsTest-70023131-project-member] GET http://192.168.122.228/volume/v3/volumes/detail
Apr 29 16:08:55 devstack devstack@c-api.service[84261]: DEBUG cinder.api.openstack.wsgi [None req-87662ad2-6390-4b05-a790-b436df653ff7 tempest-GroupsTest-70023131 tempest-GroupsTest-70023131-project-member] Empty body provided in request {{(pid=84261) get_body /opt/stack/cinder/cinder/api/openstack/wsgi.py:725}}
Apr 29 16:08:55 devstack devstack@c-api.service[84261]: DEBUG cinder.api.openstack.wsgi [None req-87662ad2-6390-4b05-a790-b436df653ff7 tempest-GroupsTest-70023131 tempest-GroupsTest-70023131-project-member] Calling method 'detail' {{(pid=84261) _process_stack /opt/stack/cinder/cinder/api/openstack/wsgi.py:878}}
Apr 29 16:08:55 devstack devstack@c-api.service[84261]: DEBUG cinder.api.api_utils [None req-87662ad2-6390-4b05-a790-b436df653ff7 tempest-GroupsTest-70023131 tempest-GroupsTest-70023131-project-member] Removing options '' from query. {{(pid=84261) remove_invalid_filter_options /opt/stack/cinder/cinder/api/api_utils.py:81}}
Apr 29 16:08:55 devstack devstack@c-api.service[84261]: DEBUG cinder.volume.api [None req-87662ad2-6390-4b05-a790-b436df653ff7 tempest-GroupsTest-70023131 tempest-GroupsTest-70023131-project-member] Searching by: MultiDict([('no_migration_targets', True)]). {{(pid=84261) get_all /opt/stack/cinder/cinder/volume/api.py:663}}
Apr 29 16:08:55 devstack devstack@c-api.service[84261]: INFO cinder.volume.api [None req-87662ad2-6390-4b05-a790-b436df653ff7 tempest-GroupsTest-70023131 tempest-GroupsTest-70023131-project-member] Get all volumes completed successfully.
Apr 29 16:08:55 devstack devstack@c-api.service[84261]: WARNING stevedore.named [None req-87662ad2-6390-4b05-a790-b436df653ff7 tempest-GroupsTest-70023131 tempest-GroupsTest-70023131-project-member] Could not load cinder.keymgr.conf_key_mgr.ConfKeyManager
Apr 29 16:08:55 devstack devstack@c-api.service[84261]: WARNING castellan.key_manager [None req-87662ad2-6390-4b05-a790-b436df653ff7 tempest-GroupsTest-70023131 tempest-GroupsTest-70023131-project-member] Deprecation Warning : cinder.keymgr.conf_key_mgr.ConfKeyManager is not a stevedore based driver, trying to load it as a class: stevedore.exception.NoMatches: No 'castellan.drivers' driver found, looking for 'cinder.keymgr.conf_key_mgr.ConfKeyManager'
Apr 29 16:08:55 devstack devstack@c-api.service[84261]: DEBUG oslo_db.sqlalchemy.engines [None req-87662ad2-6390-4b05-a790-b436df653ff7 tempest-GroupsTest-70023131 tempest-GroupsTest-70023131-project-member] MySQL server mode set to STRICT_TRANS_TABLES,STRICT_ALL_TABLES,NO_ZERO_IN_DATE,NO_ZERO_DATE,ERROR_FOR_DIVISION_BY_ZERO,TRADITIONAL,NO_ENGINE_SUBSTITUTION {{(pid=84261) _check_effective_sql_mode /opt/stack/data/venv/lib/python3.12/site-packages/oslo_db/sqlalchemy/engines.py:325}}
Apr 29 16:08:55 devstack devstack@c-api.service[84261]: /opt/stack/data/venv/lib/python3.12/site-packages/oslo_context/context.py:101: DeprecationWarning: Policy enforcement is depending on the value of is_admin. This key is deprecated. Please update your policy file to use the standard policy values.
Apr 29 16:08:55 devstack devstack@c-api.service[84261]: warnings.warn(
Apr 29 16:08:55 devstack devstack@c-api.service[84261]: INFO cinder.api.openstack.wsgi [None req-87662ad2-6390-4b05-a790-b436df653ff7 tempest-GroupsTest-70023131 tempest-GroupsTest-70023131-project-member] http://192.168.122.228/volume/v3/volumes/detail returned with HTTP 200
Apr 29 16:08:55 devstack devstack@c-api.service[84261]: [pid: 84261|app: 0|req: 135/265] 192.168.122.228 () {60 vars in 1183 bytes} [Wed Apr 29 16:08:55 2026] GET /volume/v3/volumes/detail => generated 1791 bytes in 275 msecs (HTTP/1.1 200) 7 headers in 287 bytes (1 switches on core 0)
Apr 29 16:08:55 devstack devstack@c-api.service[84260]: DEBUG cinder.api.middleware.request_id [None req-61c9edc3-8d24-4e0f-beee-99fe1418f053 None None] RequestId filter calling following filter/app {{(pid=84260) _context_setter /opt/stack/cinder/cinder/api/middleware/request_id.py:62}}
Apr 29 16:08:55 devstack devstack@c-api.service[84260]: INFO cinder.api.openstack.wsgi [None req-61c9edc3-8d24-4e0f-beee-99fe1418f053 tempest-GroupsTest-70023131 tempest-GroupsTest-70023131-project-member] PUT http://192.168.122.228/volume/v3/groups/c8de2c5d-c84a-4547-bdbc-e60bb509f284
Apr 29 16:08:55 devstack devstack@c-api.service[84260]: DEBUG cinder.api.openstack.wsgi [None req-61c9edc3-8d24-4e0f-beee-99fe1418f053 tempest-GroupsTest-70023131 tempest-GroupsTest-70023131-project-member] Action: 'update', calling method: version_select, body: {"group": {"add_volumes": "f4e50a06-1966-492c-990b-6fd07eb6a429"}} {{(pid=84260) _process_stack /opt/stack/cinder/cinder/api/openstack/wsgi.py:876}}
Apr 29 16:08:55 devstack devstack@c-api.service[84260]: DEBUG cinder.api.v3.groups [None req-61c9edc3-8d24-4e0f-beee-99fe1418f053 tempest-GroupsTest-70023131 tempest-GroupsTest-70023131-project-member] Update called for group c8de2c5d-c84a-4547-bdbc-e60bb509f284. {{(pid=84260) update /opt/stack/cinder/cinder/api/v3/groups.py:302}}
Apr 29 16:08:55 devstack devstack@c-api.service[84260]: INFO cinder.api.v3.groups [None req-61c9edc3-8d24-4e0f-beee-99fe1418f053 tempest-GroupsTest-70023131 tempest-GroupsTest-70023131-project-member] Updating group c8de2c5d-c84a-4547-bdbc-e60bb509f284 with name None description: None add_volumes: f4e50a06-1966-492c-990b-6fd07eb6a429 remove_volumes: None.
Apr 29 16:08:55 devstack devstack@c-api.service[84260]: /opt/stack/data/venv/lib/python3.12/site-packages/oslo_context/context.py:101: DeprecationWarning: Policy enforcement is depending on the value of is_admin. This key is deprecated. Please update your policy file to use the standard policy values.
Apr 29 16:08:55 devstack devstack@c-api.service[84260]: warnings.warn(
Apr 29 16:08:55 devstack devstack@c-api.service[84260]: INFO cinder.api.openstack.wsgi [None req-61c9edc3-8d24-4e0f-beee-99fe1418f053 tempest-GroupsTest-70023131 tempest-GroupsTest-70023131-project-member] http://192.168.122.228/volume/v3/groups/c8de2c5d-c84a-4547-bdbc-e60bb509f284 returned with HTTP 202
Apr 29 16:08:55 devstack devstack@c-api.service[84260]: [pid: 84260|app: 0|req: 131/266] 192.168.122.228 () {62 vars in 1290 bytes} [Wed Apr 29 16:08:55 2026] PUT /volume/v3/groups/c8de2c5d-c84a-4547-bdbc-e60bb509f284 => generated 0 bytes in 269 msecs (HTTP/1.1 202) 6 headers in 234 bytes (1 switches on core 0)
Apr 29 16:08:55 devstack devstack@c-api.service[84261]: DEBUG cinder.api.middleware.request_id [None req-ce6a4adb-59f9-4614-9b02-e932e56bc41a None None] RequestId filter calling following filter/app {{(pid=84261) _context_setter /opt/stack/cinder/cinder/api/middleware/request_id.py:62}}
Apr 29 16:08:55 devstack devstack@c-api.service[84261]: INFO cinder.api.openstack.wsgi [None req-ce6a4adb-59f9-4614-9b02-e932e56bc41a tempest-GroupsTest-70023131 tempest-GroupsTest-70023131-project-member] GET http://192.168.122.228/volume/v3/groups/c8de2c5d-c84a-4547-bdbc-e60bb509f284
Apr 29 16:08:55 devstack devstack@c-api.service[84261]: DEBUG cinder.api.openstack.wsgi [None req-ce6a4adb-59f9-4614-9b02-e932e56bc41a tempest-GroupsTest-70023131 tempest-GroupsTest-70023131-project-member] Empty body provided in request {{(pid=84261) get_body /opt/stack/cinder/cinder/api/openstack/wsgi.py:725}}
Apr 29 16:08:55 devstack devstack@c-api.service[84261]: DEBUG cinder.api.openstack.wsgi [None req-ce6a4adb-59f9-4614-9b02-e932e56bc41a tempest-GroupsTest-70023131 tempest-GroupsTest-70023131-project-member] Calling method 'version_select' {{(pid=84261) _process_stack /opt/stack/cinder/cinder/api/openstack/wsgi.py:878}}
Apr 29 16:08:55 devstack devstack@c-api.service[84261]: DEBUG cinder.api.v3.groups [None req-ce6a4adb-59f9-4614-9b02-e932e56bc41a tempest-GroupsTest-70023131 tempest-GroupsTest-70023131-project-member] show called for member c8de2c5d-c84a-4547-bdbc-e60bb509f284 {{(pid=84261) show /opt/stack/cinder/cinder/api/v3/groups.py:58}}
Apr 29 16:08:55 devstack devstack@c-api.service[84261]: /opt/stack/data/venv/lib/python3.12/site-packages/oslo_context/context.py:101: DeprecationWarning: Policy enforcement is depending on the value of is_admin. This key is deprecated. Please update your policy file to use the standard policy values.
Apr 29 16:08:55 devstack devstack@c-api.service[84261]: warnings.warn(
Apr 29 16:08:55 devstack devstack@c-api.service[84261]: INFO cinder.api.openstack.wsgi [None req-ce6a4adb-59f9-4614-9b02-e932e56bc41a tempest-GroupsTest-70023131 tempest-GroupsTest-70023131-project-member] http://192.168.122.228/volume/v3/groups/c8de2c5d-c84a-4547-bdbc-e60bb509f284 returned with HTTP 200
Apr 29 16:08:55 devstack devstack@c-api.service[84261]: [pid: 84261|app: 0|req: 136/267] 192.168.122.228 () {60 vars in 1270 bytes} [Wed Apr 29 16:08:55 2026] GET /volume/v3/groups/c8de2c5d-c84a-4547-bdbc-e60bb509f284 => generated 323 bytes in 137 msecs (HTTP/1.1 200) 7 headers in 286 bytes (1 switches on core 0)
Apr 29 16:08:56 devstack devstack@c-api.service[84260]: DEBUG cinder.api.middleware.request_id [None req-7c4e580d-916b-4b01-ac8c-c2da323fd985 None None] RequestId filter calling following filter/app {{(pid=84260) _context_setter /opt/stack/cinder/cinder/api/middleware/request_id.py:62}}
Apr 29 16:08:56 devstack devstack@c-api.service[84260]: INFO cinder.api.openstack.wsgi [None req-7c4e580d-916b-4b01-ac8c-c2da323fd985 tempest-GroupsTest-70023131 tempest-GroupsTest-70023131-project-member] GET http://192.168.122.228/volume/v3/groups/c8de2c5d-c84a-4547-bdbc-e60bb509f284
Apr 29 16:08:56 devstack devstack@c-api.service[84260]: DEBUG cinder.api.openstack.wsgi [None req-7c4e580d-916b-4b01-ac8c-c2da323fd985 tempest-GroupsTest-70023131 tempest-GroupsTest-70023131-project-member] Empty body provided in request {{(pid=84260) get_body /opt/stack/cinder/cinder/api/openstack/wsgi.py:725}}
Apr 29 16:08:56 devstack devstack@c-api.service[84260]: DEBUG cinder.api.openstack.wsgi [None req-7c4e580d-916b-4b01-ac8c-c2da323fd985 tempest-GroupsTest-70023131 tempest-GroupsTest-70023131-project-member] Calling method 'version_select' {{(pid=84260) _process_stack /opt/stack/cinder/cinder/api/openstack/wsgi.py:878}}
Apr 29 16:08:56 devstack devstack@c-api.service[84260]: DEBUG cinder.api.v3.groups [None req-7c4e580d-916b-4b01-ac8c-c2da323fd985 tempest-GroupsTest-70023131 tempest-GroupsTest-70023131-project-member] show called for member c8de2c5d-c84a-4547-bdbc-e60bb509f284 {{(pid=84260) show /opt/stack/cinder/cinder/api/v3/groups.py:58}}
Apr 29 16:08:56 devstack devstack@c-api.service[84260]: /opt/stack/data/venv/lib/python3.12/site-packages/oslo_context/context.py:101: DeprecationWarning: Policy enforcement is depending on the value of is_admin. This key is deprecated. Please update your policy file to use the standard policy values.
Apr 29 16:08:56 devstack devstack@c-api.service[84260]: warnings.warn(
Apr 29 16:08:56 devstack devstack@c-api.service[84260]: INFO cinder.api.openstack.wsgi [None req-7c4e580d-916b-4b01-ac8c-c2da323fd985 tempest-GroupsTest-70023131 tempest-GroupsTest-70023131-project-member] http://192.168.122.228/volume/v3/groups/c8de2c5d-c84a-4547-bdbc-e60bb509f284 returned with HTTP 200
Apr 29 16:08:56 devstack devstack@c-api.service[84260]: [pid: 84260|app: 0|req: 132/268] 192.168.122.228 () {60 vars in 1270 bytes} [Wed Apr 29 16:08:56 2026] GET /volume/v3/groups/c8de2c5d-c84a-4547-bdbc-e60bb509f284 => generated 324 bytes in 49 msecs (HTTP/1.1 200) 7 headers in 286 bytes (1 switches on core 0)
Apr 29 16:08:56 devstack devstack@c-api.service[84261]: DEBUG cinder.api.middleware.request_id [None req-dead5d7c-3edd-4b16-a635-1e85108f68ce None None] RequestId filter calling following filter/app {{(pid=84261) _context_setter /opt/stack/cinder/cinder/api/middleware/request_id.py:62}}
Apr 29 16:08:56 devstack devstack@c-api.service[84261]: INFO cinder.api.openstack.wsgi [None req-dead5d7c-3edd-4b16-a635-1e85108f68ce tempest-GroupsTest-70023131 tempest-GroupsTest-70023131-project-member] GET http://192.168.122.228/volume/v3/volumes/detail
Apr 29 16:08:56 devstack devstack@c-api.service[84261]: DEBUG cinder.api.openstack.wsgi [None req-dead5d7c-3edd-4b16-a635-1e85108f68ce tempest-GroupsTest-70023131 tempest-GroupsTest-70023131-project-member] Empty body provided in request {{(pid=84261) get_body /opt/stack/cinder/cinder/api/openstack/wsgi.py:725}}
Apr 29 16:08:56 devstack devstack@c-api.service[84261]: DEBUG cinder.api.openstack.wsgi [None req-dead5d7c-3edd-4b16-a635-1e85108f68ce tempest-GroupsTest-70023131 tempest-GroupsTest-70023131-project-member] Calling method 'detail' {{(pid=84261) _process_stack /opt/stack/cinder/cinder/api/openstack/wsgi.py:878}}
Apr 29 16:08:56 devstack devstack@c-api.service[84261]: DEBUG cinder.api.api_utils [None req-dead5d7c-3edd-4b16-a635-1e85108f68ce tempest-GroupsTest-70023131 tempest-GroupsTest-70023131-project-member] Removing options '' from query. {{(pid=84261) remove_invalid_filter_options /opt/stack/cinder/cinder/api/api_utils.py:81}}
Apr 29 16:08:56 devstack devstack@c-api.service[84261]: /opt/stack/data/venv/lib/python3.12/site-packages/oslo_context/context.py:101: DeprecationWarning: Policy enforcement is depending on the value of is_admin. This key is deprecated. Please update your policy file to use the standard policy values.
Apr 29 16:08:56 devstack devstack@c-api.service[84261]: warnings.warn(
Apr 29 16:08:56 devstack devstack@c-api.service[84261]: DEBUG cinder.volume.api [None req-dead5d7c-3edd-4b16-a635-1e85108f68ce tempest-GroupsTest-70023131 tempest-GroupsTest-70023131-project-member] Searching by: MultiDict([('no_migration_targets', True)]). {{(pid=84261) get_all /opt/stack/cinder/cinder/volume/api.py:663}}
Apr 29 16:08:56 devstack devstack@c-api.service[84261]: INFO cinder.volume.api [None req-dead5d7c-3edd-4b16-a635-1e85108f68ce tempest-GroupsTest-70023131 tempest-GroupsTest-70023131-project-member] Get all volumes completed successfully.
Apr 29 16:08:56 devstack devstack@c-api.service[84261]: WARNING stevedore.named [None req-dead5d7c-3edd-4b16-a635-1e85108f68ce tempest-GroupsTest-70023131 tempest-GroupsTest-70023131-project-member] Could not load cinder.keymgr.conf_key_mgr.ConfKeyManager
Apr 29 16:08:56 devstack devstack@c-api.service[84261]: WARNING castellan.key_manager [None req-dead5d7c-3edd-4b16-a635-1e85108f68ce tempest-GroupsTest-70023131 tempest-GroupsTest-70023131-project-member] Deprecation Warning : cinder.keymgr.conf_key_mgr.ConfKeyManager is not a stevedore based driver, trying to load it as a class: stevedore.exception.NoMatches: No 'castellan.drivers' driver found, looking for 'cinder.keymgr.conf_key_mgr.ConfKeyManager'
Apr 29 16:08:57 devstack devstack@c-api.service[84261]: DEBUG oslo_db.sqlalchemy.engines [None req-dead5d7c-3edd-4b16-a635-1e85108f68ce tempest-GroupsTest-70023131 tempest-GroupsTest-70023131-project-member] MySQL server mode set to STRICT_TRANS_TABLES,STRICT_ALL_TABLES,NO_ZERO_IN_DATE,NO_ZERO_DATE,ERROR_FOR_DIVISION_BY_ZERO,TRADITIONAL,NO_ENGINE_SUBSTITUTION {{(pid=84261) _check_effective_sql_mode /opt/stack/data/venv/lib/python3.12/site-packages/oslo_db/sqlalchemy/engines.py:325}}
Apr 29 16:08:57 devstack devstack@c-api.service[84261]: /opt/stack/data/venv/lib/python3.12/site-packages/oslo_context/context.py:101: DeprecationWarning: Policy enforcement is depending on the value of is_admin. This key is deprecated. Please update your policy file to use the standard policy values.
Apr 29 16:08:57 devstack devstack@c-api.service[84261]: warnings.warn(
Apr 29 16:08:57 devstack devstack@c-api.service[84261]: WARNING stevedore.named [None req-dead5d7c-3edd-4b16-a635-1e85108f68ce tempest-GroupsTest-70023131 tempest-GroupsTest-70023131-project-member] Could not load cinder.keymgr.conf_key_mgr.ConfKeyManager
Apr 29 16:08:57 devstack devstack@c-api.service[84261]: WARNING castellan.key_manager [None req-dead5d7c-3edd-4b16-a635-1e85108f68ce tempest-GroupsTest-70023131 tempest-GroupsTest-70023131-project-member] Deprecation Warning : cinder.keymgr.conf_key_mgr.ConfKeyManager is not a stevedore based driver, trying to load it as a class: stevedore.exception.NoMatches: No 'castellan.drivers' driver found, looking for 'cinder.keymgr.conf_key_mgr.ConfKeyManager'
Apr 29 16:08:57 devstack devstack@c-api.service[84261]: DEBUG oslo_db.sqlalchemy.engines [None req-dead5d7c-3edd-4b16-a635-1e85108f68ce tempest-GroupsTest-70023131 tempest-GroupsTest-70023131-project-member] MySQL server mode set to STRICT_TRANS_TABLES,STRICT_ALL_TABLES,NO_ZERO_IN_DATE,NO_ZERO_DATE,ERROR_FOR_DIVISION_BY_ZERO,TRADITIONAL,NO_ENGINE_SUBSTITUTION {{(pid=84261) _check_effective_sql_mode /opt/stack/data/venv/lib/python3.12/site-packages/oslo_db/sqlalchemy/engines.py:325}}
Apr 29 16:08:57 devstack devstack@c-api.service[84261]: /opt/stack/data/venv/lib/python3.12/site-packages/oslo_context/context.py:101: DeprecationWarning: Policy enforcement is depending on the value of is_admin. This key is deprecated. Please update your policy file to use the standard policy values.
Apr 29 16:08:57 devstack devstack@c-api.service[84261]: warnings.warn(
Apr 29 16:08:57 devstack devstack@c-api.service[84261]: INFO cinder.api.openstack.wsgi [None req-dead5d7c-3edd-4b16-a635-1e85108f68ce tempest-GroupsTest-70023131 tempest-GroupsTest-70023131-project-member] http://192.168.122.228/volume/v3/volumes/detail returned with HTTP 200
Apr 29 16:08:57 devstack devstack@c-api.service[84261]: [pid: 84261|app: 0|req: 137/269] 192.168.122.228 () {60 vars in 1183 bytes} [Wed Apr 29 16:08:56 2026] GET /volume/v3/volumes/detail => generated 1825 bytes in 133 msecs (HTTP/1.1 200) 7 headers in 287 bytes (1 switches on core 0)
Apr 29 16:08:57 devstack devstack@c-api.service[84260]: DEBUG cinder.api.middleware.request_id [req-eba05658-72c5-41ca-848b-2d688a5c85a1 req-feecc8e5-a5cd-41f7-ad08-0cf5c66cdecb None None] RequestId filter calling following filter/app {{(pid=84260) _context_setter /opt/stack/cinder/cinder/api/middleware/request_id.py:62}}
Apr 29 16:08:57 devstack devstack@c-api.service[84261]: DEBUG cinder.api.middleware.request_id [None req-6fb1b0f9-f252-4400-852f-5fa21495f66a None None] RequestId filter calling following filter/app {{(pid=84261) _context_setter /opt/stack/cinder/cinder/api/middleware/request_id.py:62}}
Apr 29 16:08:57 devstack devstack@c-api.service[84260]: INFO cinder.api.openstack.wsgi [req-eba05658-72c5-41ca-848b-2d688a5c85a1 req-feecc8e5-a5cd-41f7-ad08-0cf5c66cdecb tempest-ServerBootFromVolumeStableRescueTest-1402894104 tempest-ServerBootFromVolumeStableRescueTest-1402894104-project-member] GET http://192.168.122.228/volume/v3/volumes/cd02cb3e-b174-4aec-a419-b32d06b8fc2f
Apr 29 16:08:57 devstack devstack@c-api.service[84260]: DEBUG cinder.api.openstack.wsgi [req-eba05658-72c5-41ca-848b-2d688a5c85a1 req-feecc8e5-a5cd-41f7-ad08-0cf5c66cdecb tempest-ServerBootFromVolumeStableRescueTest-1402894104 tempest-ServerBootFromVolumeStableRescueTest-1402894104-project-member] Empty body provided in request {{(pid=84260) get_body /opt/stack/cinder/cinder/api/openstack/wsgi.py:725}}
Apr 29 16:08:57 devstack devstack@c-api.service[84260]: DEBUG cinder.api.openstack.wsgi [req-eba05658-72c5-41ca-848b-2d688a5c85a1 req-feecc8e5-a5cd-41f7-ad08-0cf5c66cdecb tempest-ServerBootFromVolumeStableRescueTest-1402894104 tempest-ServerBootFromVolumeStableRescueTest-1402894104-project-member] Calling method 'show' {{(pid=84260) _process_stack /opt/stack/cinder/cinder/api/openstack/wsgi.py:878}}
Apr 29 16:08:57 devstack devstack@c-api.service[84261]: INFO cinder.api.openstack.wsgi [None req-6fb1b0f9-f252-4400-852f-5fa21495f66a tempest-GroupsTest-70023131 tempest-GroupsTest-70023131-project-member] GET http://192.168.122.228/volume/v3/volumes/detail
Apr 29 16:08:57 devstack devstack@c-api.service[84261]: DEBUG cinder.api.openstack.wsgi [None req-6fb1b0f9-f252-4400-852f-5fa21495f66a tempest-GroupsTest-70023131 tempest-GroupsTest-70023131-project-member] Empty body provided in request {{(pid=84261) get_body /opt/stack/cinder/cinder/api/openstack/wsgi.py:725}}
Apr 29 16:08:57 devstack devstack@c-api.service[84261]: DEBUG cinder.api.openstack.wsgi [None req-6fb1b0f9-f252-4400-852f-5fa21495f66a tempest-GroupsTest-70023131 tempest-GroupsTest-70023131-project-member] Calling method 'detail' {{(pid=84261) _process_stack /opt/stack/cinder/cinder/api/openstack/wsgi.py:878}}
Apr 29 16:08:57 devstack devstack@c-api.service[84261]: DEBUG cinder.api.api_utils [None req-6fb1b0f9-f252-4400-852f-5fa21495f66a tempest-GroupsTest-70023131 tempest-GroupsTest-70023131-project-member] Removing options '' from query. {{(pid=84261) remove_invalid_filter_options /opt/stack/cinder/cinder/api/api_utils.py:81}}
Apr 29 16:08:57 devstack devstack@c-api.service[84261]: DEBUG cinder.volume.api [None req-6fb1b0f9-f252-4400-852f-5fa21495f66a tempest-GroupsTest-70023131 tempest-GroupsTest-70023131-project-member] Searching by: MultiDict([('no_migration_targets', True)]). {{(pid=84261) get_all /opt/stack/cinder/cinder/volume/api.py:663}}
Apr 29 16:08:57 devstack devstack@c-api.service[84260]: /opt/stack/data/venv/lib/python3.12/site-packages/oslo_context/context.py:101: DeprecationWarning: Policy enforcement is depending on the value of is_admin. This key is deprecated. Please update your policy file to use the standard policy values.
Apr 29 16:08:57 devstack devstack@c-api.service[84260]: warnings.warn(
Apr 29 16:08:57 devstack devstack@c-api.service[84261]: INFO cinder.volume.api [None req-6fb1b0f9-f252-4400-852f-5fa21495f66a tempest-GroupsTest-70023131 tempest-GroupsTest-70023131-project-member] Get all volumes completed successfully.
Apr 29 16:08:57 devstack devstack@c-api.service[84260]: INFO cinder.volume.api [req-eba05658-72c5-41ca-848b-2d688a5c85a1 req-feecc8e5-a5cd-41f7-ad08-0cf5c66cdecb tempest-ServerBootFromVolumeStableRescueTest-1402894104 tempest-ServerBootFromVolumeStableRescueTest-1402894104-project-member] Volume info retrieved successfully.
Apr 29 16:08:57 devstack devstack@c-api.service[84261]: WARNING stevedore.named [None req-6fb1b0f9-f252-4400-852f-5fa21495f66a tempest-GroupsTest-70023131 tempest-GroupsTest-70023131-project-member] Could not load cinder.keymgr.conf_key_mgr.ConfKeyManager
Apr 29 16:08:57 devstack devstack@c-api.service[84261]: WARNING castellan.key_manager [None req-6fb1b0f9-f252-4400-852f-5fa21495f66a tempest-GroupsTest-70023131 tempest-GroupsTest-70023131-project-member] Deprecation Warning : cinder.keymgr.conf_key_mgr.ConfKeyManager is not a stevedore based driver, trying to load it as a class: stevedore.exception.NoMatches: No 'castellan.drivers' driver found, looking for 'cinder.keymgr.conf_key_mgr.ConfKeyManager'
Apr 29 16:08:57 devstack devstack@c-api.service[84260]: INFO cinder.api.openstack.wsgi [req-eba05658-72c5-41ca-848b-2d688a5c85a1 req-feecc8e5-a5cd-41f7-ad08-0cf5c66cdecb tempest-ServerBootFromVolumeStableRescueTest-1402894104 tempest-ServerBootFromVolumeStableRescueTest-1402894104-project-member] http://192.168.122.228/volume/v3/volumes/cd02cb3e-b174-4aec-a419-b32d06b8fc2f returned with HTTP 200
Apr 29 16:08:57 devstack devstack@c-api.service[84260]: [pid: 84260|app: 0|req: 133/270] 192.168.122.228 () {60 vars in 1487 bytes} [Wed Apr 29 16:08:57 2026] GET /volume/v3/volumes/cd02cb3e-b174-4aec-a419-b32d06b8fc2f => generated 804 bytes in 112 msecs (HTTP/1.1 200) 7 headers in 285 bytes (1 switches on core 0)
Apr 29 16:08:57 devstack devstack@c-api.service[84261]: DEBUG oslo_db.sqlalchemy.engines [None req-6fb1b0f9-f252-4400-852f-5fa21495f66a tempest-GroupsTest-70023131 tempest-GroupsTest-70023131-project-member] MySQL server mode set to STRICT_TRANS_TABLES,STRICT_ALL_TABLES,NO_ZERO_IN_DATE,NO_ZERO_DATE,ERROR_FOR_DIVISION_BY_ZERO,TRADITIONAL,NO_ENGINE_SUBSTITUTION {{(pid=84261) _check_effective_sql_mode /opt/stack/data/venv/lib/python3.12/site-packages/oslo_db/sqlalchemy/engines.py:325}}
Apr 29 16:08:57 devstack devstack@c-api.service[84261]: /opt/stack/data/venv/lib/python3.12/site-packages/oslo_context/context.py:101: DeprecationWarning: Policy enforcement is depending on the value of is_admin. This key is deprecated. Please update your policy file to use the standard policy values.
Apr 29 16:08:57 devstack devstack@c-api.service[84261]: warnings.warn(
Apr 29 16:08:57 devstack devstack@c-api.service[84261]: WARNING stevedore.named [None req-6fb1b0f9-f252-4400-852f-5fa21495f66a tempest-GroupsTest-70023131 tempest-GroupsTest-70023131-project-member] Could not load cinder.keymgr.conf_key_mgr.ConfKeyManager
Apr 29 16:08:57 devstack devstack@c-api.service[84261]: WARNING castellan.key_manager [None req-6fb1b0f9-f252-4400-852f-5fa21495f66a tempest-GroupsTest-70023131 tempest-GroupsTest-70023131-project-member] Deprecation Warning : cinder.keymgr.conf_key_mgr.ConfKeyManager is not a stevedore based driver, trying to load it as a class: stevedore.exception.NoMatches: No 'castellan.drivers' driver found, looking for 'cinder.keymgr.conf_key_mgr.ConfKeyManager'
Apr 29 16:08:57 devstack devstack@c-api.service[84261]: DEBUG oslo_db.sqlalchemy.engines [None req-6fb1b0f9-f252-4400-852f-5fa21495f66a tempest-GroupsTest-70023131 tempest-GroupsTest-70023131-project-member] MySQL server mode set to STRICT_TRANS_TABLES,STRICT_ALL_TABLES,NO_ZERO_IN_DATE,NO_ZERO_DATE,ERROR_FOR_DIVISION_BY_ZERO,TRADITIONAL,NO_ENGINE_SUBSTITUTION {{(pid=84261) _check_effective_sql_mode /opt/stack/data/venv/lib/python3.12/site-packages/oslo_db/sqlalchemy/engines.py:325}}
Apr 29 16:08:57 devstack devstack@c-api.service[84261]: /opt/stack/data/venv/lib/python3.12/site-packages/oslo_context/context.py:101: DeprecationWarning: Policy enforcement is depending on the value of is_admin. This key is deprecated. Please update your policy file to use the standard policy values.
Apr 29 16:08:57 devstack devstack@c-api.service[84261]: warnings.warn(
Apr 29 16:08:57 devstack devstack@c-api.service[84261]: INFO cinder.api.openstack.wsgi [None req-6fb1b0f9-f252-4400-852f-5fa21495f66a tempest-GroupsTest-70023131 tempest-GroupsTest-70023131-project-member] http://192.168.122.228/volume/v3/volumes/detail returned with HTTP 200
Apr 29 16:08:57 devstack devstack@c-api.service[84261]: [pid: 84261|app: 0|req: 138/271] 192.168.122.228 () {60 vars in 1183 bytes} [Wed Apr 29 16:08:57 2026] GET /volume/v3/volumes/detail => generated 1825 bytes in 244 msecs (HTTP/1.1 200) 7 headers in 287 bytes (1 switches on core 0)
Apr 29 16:08:57 devstack devstack@c-api.service[84260]: DEBUG cinder.api.middleware.request_id [None req-717aa52e-fdad-4ba1-a598-a648195647ef None None] RequestId filter calling following filter/app {{(pid=84260) _context_setter /opt/stack/cinder/cinder/api/middleware/request_id.py:62}}
Apr 29 16:08:57 devstack devstack@c-api.service[84260]: INFO cinder.api.openstack.wsgi [None req-717aa52e-fdad-4ba1-a598-a648195647ef tempest-GroupsTest-70023131 tempest-GroupsTest-70023131-project-member] POST http://192.168.122.228/volume/v3/groups/c8de2c5d-c84a-4547-bdbc-e60bb509f284/action
Apr 29 16:08:57 devstack devstack@c-api.service[84260]: DEBUG cinder.api.openstack.wsgi [None req-717aa52e-fdad-4ba1-a598-a648195647ef tempest-GroupsTest-70023131 tempest-GroupsTest-70023131-project-member] Action body: b'{"delete": {"delete-volumes": true}}' {{(pid=84260) get_method /opt/stack/cinder/cinder/api/openstack/wsgi.py:993}}
Apr 29 16:08:57 devstack devstack@c-api.service[84260]: DEBUG cinder.api.openstack.wsgi [None req-717aa52e-fdad-4ba1-a598-a648195647ef tempest-GroupsTest-70023131 tempest-GroupsTest-70023131-project-member] Action: 'action', calling method: delete_group, body: {"delete": {"delete-volumes": true}} {{(pid=84260) _process_stack /opt/stack/cinder/cinder/api/openstack/wsgi.py:876}}
Apr 29 16:08:57 devstack devstack@c-api.service[84260]: DEBUG cinder.api.v3.groups [None req-717aa52e-fdad-4ba1-a598-a648195647ef tempest-GroupsTest-70023131 tempest-GroupsTest-70023131-project-member] delete called for group c8de2c5d-c84a-4547-bdbc-e60bb509f284 {{(pid=84260) _delete /opt/stack/cinder/cinder/api/v3/groups.py:117}}
Apr 29 16:08:57 devstack devstack@c-api.service[84260]: INFO cinder.api.v3.groups [None req-717aa52e-fdad-4ba1-a598-a648195647ef tempest-GroupsTest-70023131 tempest-GroupsTest-70023131-project-member] Delete group with id: c8de2c5d-c84a-4547-bdbc-e60bb509f284
Apr 29 16:08:57 devstack devstack@c-api.service[84260]: /opt/stack/data/venv/lib/python3.12/site-packages/oslo_context/context.py:101: DeprecationWarning: Policy enforcement is depending on the value of is_admin. This key is deprecated. Please update your policy file to use the standard policy values.
Apr 29 16:08:57 devstack devstack@c-api.service[84260]: warnings.warn(
Apr 29 16:08:57 devstack devstack@c-api.service[84260]: INFO cinder.api.openstack.wsgi [None req-717aa52e-fdad-4ba1-a598-a648195647ef tempest-GroupsTest-70023131 tempest-GroupsTest-70023131-project-member] http://192.168.122.228/volume/v3/groups/c8de2c5d-c84a-4547-bdbc-e60bb509f284/action returned with HTTP 202
Apr 29 16:08:57 devstack devstack@c-api.service[84260]: [pid: 84260|app: 0|req: 134/272] 192.168.122.228 () {62 vars in 1312 bytes} [Wed Apr 29 16:08:57 2026] POST /volume/v3/groups/c8de2c5d-c84a-4547-bdbc-e60bb509f284/action => generated 0 bytes in 147 msecs (HTTP/1.1 202) 6 headers in 234 bytes (1 switches on core 0)
Apr 29 16:08:57 devstack devstack@c-api.service[84261]: DEBUG cinder.api.middleware.request_id [None req-d600187a-423e-4d60-a140-e4c249aabf21 None None] RequestId filter calling following filter/app {{(pid=84261) _context_setter /opt/stack/cinder/cinder/api/middleware/request_id.py:62}}
