Apr 29 09:06:09 devstack sudo[86300]: pam_unix(sudo:session): session opened for user root(uid=0) by (uid=1000)
Apr 29 09:06:10 devstack sudo[86295]: pam_unix(sudo:session): session closed for user root
Apr 29 09:06:10 devstack cinder-volume[84004]: DEBUG oslo_concurrency.processutils [req-7d522864-c08c-4ffd-896a-9415ced39b34 req-d853c592-cc62-49ce-969e-f34d924f5c72 tempest-VolumesSnapshotsTestJSON-541949225 None] CMD "/opt/stack/data/venv/bin/python3.12 -m oslo_concurrency.prlimit --as=1073741824 --cpu=60 -- sudo cinder-rootwrap /etc/cinder/rootwrap.conf env LC_ALL=C qemu-img info -f qcow2 --output=json --force-share /opt/stack/data/cinder/mnt/17a605da42a702c36b934ebd3ea673c4/volume-14c2ad9b-0399-49bf-b52a-0996b95df023" returned: 0 in 0.904s {{(pid=84004) execute /opt/stack/data/venv/lib/python3.12/site-packages/oslo_concurrency/processutils.py:468}}
Apr 29 09:06:10 devstack cinder-volume[84004]: DEBUG oslo_concurrency.processutils [req-7d522864-c08c-4ffd-896a-9415ced39b34 req-d853c592-cc62-49ce-969e-f34d924f5c72 tempest-VolumesSnapshotsTestJSON-541949225 None] Running cmd (subprocess): sudo cinder-rootwrap /etc/cinder/rootwrap.conf qemu-img create -f qcow2 -o backing_file=/opt/stack/data/cinder/mnt/17a605da42a702c36b934ebd3ea673c4/volume-14c2ad9b-0399-49bf-b52a-0996b95df023,backing_fmt=qcow2 /opt/stack/data/cinder/mnt/17a605da42a702c36b934ebd3ea673c4/volume-14c2ad9b-0399-49bf-b52a-0996b95df023.45b1f89b-a253-4f16-bcb0-f52c2894b3ad 1G {{(pid=84004) execute /opt/stack/data/venv/lib/python3.12/site-packages/oslo_concurrency/processutils.py:440}}
Apr 29 09:06:10 devstack sudo[86307]: quobyte : PWD=/ ; USER=root ; COMMAND=/opt/stack/data/venv/bin/cinder-rootwrap /etc/cinder/rootwrap.conf qemu-img create -f qcow2 -o backing_file=/opt/stack/data/cinder/mnt/17a605da42a702c36b934ebd3ea673c4/volume-14c2ad9b-0399-49bf-b52a-0996b95df023,backing_fmt=qcow2 /opt/stack/data/cinder/mnt/17a605da42a702c36b934ebd3ea673c4/volume-14c2ad9b-0399-49bf-b52a-0996b95df023.45b1f89b-a253-4f16-bcb0-f52c2894b3ad 1G
Apr 29 09:06:10 devstack sudo[86307]: pam_unix(sudo:session): session opened for user root(uid=0) by (uid=1000)
Apr 29 09:06:10 devstack sudo[86300]: pam_unix(sudo:session): session closed for user root
Apr 29 09:06:10 devstack cinder-volume[84004]: DEBUG oslo_concurrency.processutils [None req-4d0366a9-cc4e-4d00-8043-4c3343114f23 tempest-GroupsV314Test-78619260 None] CMD "sudo cinder-rootwrap /etc/cinder/rootwrap.conf rm -f /opt/stack/data/cinder/mnt/17a605da42a702c36b934ebd3ea673c4/volume-64720732-9c30-439f-8235-532a29038fc5" returned: 0 in 0.684s {{(pid=84004) execute /opt/stack/data/venv/lib/python3.12/site-packages/oslo_concurrency/processutils.py:468}}
Apr 29 09:06:10 devstack cinder-volume[84004]: DEBUG cinder.coordination [None req-4d0366a9-cc4e-4d00-8043-4c3343114f23 tempest-GroupsV314Test-78619260 None] Lock "cinder-quobyte-64720732-9c30-439f-8235-532a29038fc5" released by "delete_volume" :: held 1.708s {{(pid=84004) __release /opt/stack/cinder/cinder/coordination.py:152}}
Apr 29 09:06:10 devstack cinder-volume[84004]: DEBUG cinder.quota [None req-4d0366a9-cc4e-4d00-8043-4c3343114f23 tempest-GroupsV314Test-78619260 None] Created reservations ['6be77f7e-64e3-4e0f-953e-800927ebb28c'] {{(pid=84004) reserve /opt/stack/cinder/cinder/quota.py:752}}
Apr 29 09:06:10 devstack cinder-volume[84004]: DEBUG cinder.quota [None req-4d0366a9-cc4e-4d00-8043-4c3343114f23 tempest-GroupsV314Test-78619260 None] Created reservations ['b5d6c3d3-6156-4436-bc3f-4a1c33640ced', 'cf789a7f-3f8d-4448-b094-ab77420451a4', 'e38bd05c-31fb-4ac7-9bfc-c3a6f5f9facb', 'bf5c5ca8-84cb-4740-aa72-a80a52b41556'] {{(pid=84004) reserve /opt/stack/cinder/cinder/quota.py:752}}
Apr 29 09:06:11 devstack cinder-volume[84004]: DEBUG oslo_concurrency.lockutils [None req-4d0366a9-cc4e-4d00-8043-4c3343114f23 tempest-GroupsV314Test-78619260 None] Acquiring lock "quobyte_ensure" by "cinder.volume.drivers.quobyte.QuobyteDriver._ensure_shares_mounted" {{(pid=84004) inner /opt/stack/data/venv/lib/python3.12/site-packages/oslo_concurrency/lockutils.py:506}}
Apr 29 09:06:11 devstack cinder-volume[84004]: DEBUG oslo_concurrency.lockutils [None req-4d0366a9-cc4e-4d00-8043-4c3343114f23 tempest-GroupsV314Test-78619260 None] Lock "quobyte_ensure" acquired by "cinder.volume.drivers.quobyte.QuobyteDriver._ensure_shares_mounted" :: waited 0.002s {{(pid=84004) inner /opt/stack/data/venv/lib/python3.12/site-packages/oslo_concurrency/lockutils.py:519}}
Apr 29 09:06:11 devstack cinder-volume[84004]: DEBUG cinder.volume.drivers.quobyte [None req-4d0366a9-cc4e-4d00-8043-4c3343114f23 tempest-GroupsV314Test-78619260 None] Quobyte Volume URL set to: {'osci02.corp.quobyte.com/cinder-vol-ad176eb0-a049-4f77-9156-07408f8950ce': None} {{(pid=84004) _load_shares_config /opt/stack/cinder/cinder/volume/drivers/quobyte.py:617}}
Apr 29 09:06:11 devstack cinder-volume[84004]: DEBUG cinder.volume.drivers.quobyte [None req-4d0366a9-cc4e-4d00-8043-4c3343114f23 tempest-GroupsV314Test-78619260 None] Available shares ['osci02.corp.quobyte.com/cinder-vol-ad176eb0-a049-4f77-9156-07408f8950ce'] {{(pid=84004) _ensure_shares_mounted /opt/stack/cinder/cinder/volume/drivers/quobyte.py:647}}
Apr 29 09:06:11 devstack cinder-volume[84004]: DEBUG oslo_concurrency.lockutils [None req-4d0366a9-cc4e-4d00-8043-4c3343114f23 tempest-GroupsV314Test-78619260 None] Lock "quobyte_ensure" "released" by "cinder.volume.drivers.quobyte.QuobyteDriver._ensure_shares_mounted" :: held 0.014s {{(pid=84004) inner /opt/stack/data/venv/lib/python3.12/site-packages/oslo_concurrency/lockutils.py:538}}
Apr 29 09:06:11 devstack cinder-volume[84004]: DEBUG oslo_concurrency.processutils [None req-4d0366a9-cc4e-4d00-8043-4c3343114f23 tempest-GroupsV314Test-78619260 None] Running cmd (subprocess): sudo cinder-rootwrap /etc/cinder/rootwrap.conf df --portability --block-size 1 /opt/stack/data/cinder/mnt/17a605da42a702c36b934ebd3ea673c4 {{(pid=84004) execute /opt/stack/data/venv/lib/python3.12/site-packages/oslo_concurrency/processutils.py:440}}
Apr 29 09:06:11 devstack sudo[86339]: quobyte : PWD=/ ; USER=root ; COMMAND=/opt/stack/data/venv/bin/cinder-rootwrap /etc/cinder/rootwrap.conf df --portability --block-size 1 /opt/stack/data/cinder/mnt/17a605da42a702c36b934ebd3ea673c4
Apr 29 09:06:11 devstack sudo[86339]: pam_unix(sudo:session): session opened for user root(uid=0) by (uid=1000)
Apr 29 09:06:11 devstack sudo[86339]: pam_unix(sudo:session): session closed for user root
Apr 29 09:06:11 devstack cinder-volume[84004]: DEBUG oslo_concurrency.processutils [None req-4d0366a9-cc4e-4d00-8043-4c3343114f23 tempest-GroupsV314Test-78619260 None] CMD "sudo cinder-rootwrap /etc/cinder/rootwrap.conf df --portability --block-size 1 /opt/stack/data/cinder/mnt/17a605da42a702c36b934ebd3ea673c4" returned: 0 in 0.980s {{(pid=84004) execute /opt/stack/data/venv/lib/python3.12/site-packages/oslo_concurrency/processutils.py:468}}
Apr 29 09:06:11 devstack cinder-volume[84004]: DEBUG cinder.manager [None req-4d0366a9-cc4e-4d00-8043-4c3343114f23 tempest-GroupsV314Test-78619260 None] Notifying Schedulers of capabilities ... {{(pid=84004) _publish_service_capabilities /opt/stack/cinder/cinder/manager.py:202}}
Apr 29 09:06:12 devstack cinder-volume[84004]: INFO cinder.volume.manager [None req-4d0366a9-cc4e-4d00-8043-4c3343114f23 tempest-GroupsV314Test-78619260 None] Delete group completed successfully.
Apr 29 09:06:12 devstack sudo[86307]: pam_unix(sudo:session): session closed for user root
Apr 29 09:06:12 devstack cinder-volume[84004]: DEBUG oslo_concurrency.processutils [req-7d522864-c08c-4ffd-896a-9415ced39b34 req-d853c592-cc62-49ce-969e-f34d924f5c72 tempest-VolumesSnapshotsTestJSON-541949225 None] CMD "sudo cinder-rootwrap /etc/cinder/rootwrap.conf qemu-img create -f qcow2 -o backing_file=/opt/stack/data/cinder/mnt/17a605da42a702c36b934ebd3ea673c4/volume-14c2ad9b-0399-49bf-b52a-0996b95df023,backing_fmt=qcow2 /opt/stack/data/cinder/mnt/17a605da42a702c36b934ebd3ea673c4/volume-14c2ad9b-0399-49bf-b52a-0996b95df023.45b1f89b-a253-4f16-bcb0-f52c2894b3ad 1G" returned: 0 in 1.657s {{(pid=84004) execute /opt/stack/data/venv/lib/python3.12/site-packages/oslo_concurrency/processutils.py:468}}
Apr 29 09:06:12 devstack cinder-volume[84004]: DEBUG oslo_concurrency.processutils [req-7d522864-c08c-4ffd-896a-9415ced39b34 req-d853c592-cc62-49ce-969e-f34d924f5c72 tempest-VolumesSnapshotsTestJSON-541949225 None] Running cmd (subprocess): sudo cinder-rootwrap /etc/cinder/rootwrap.conf qemu-img rebase -u -b volume-14c2ad9b-0399-49bf-b52a-0996b95df023 -F qcow2 /opt/stack/data/cinder/mnt/17a605da42a702c36b934ebd3ea673c4/volume-14c2ad9b-0399-49bf-b52a-0996b95df023.45b1f89b-a253-4f16-bcb0-f52c2894b3ad {{(pid=84004) execute /opt/stack/data/venv/lib/python3.12/site-packages/oslo_concurrency/processutils.py:440}}
Apr 29 09:06:12 devstack sudo[86349]: quobyte : PWD=/ ; USER=root ; COMMAND=/opt/stack/data/venv/bin/cinder-rootwrap /etc/cinder/rootwrap.conf qemu-img rebase -u -b volume-14c2ad9b-0399-49bf-b52a-0996b95df023 -F qcow2 /opt/stack/data/cinder/mnt/17a605da42a702c36b934ebd3ea673c4/volume-14c2ad9b-0399-49bf-b52a-0996b95df023.45b1f89b-a253-4f16-bcb0-f52c2894b3ad
Apr 29 09:06:12 devstack sudo[86349]: pam_unix(sudo:session): session opened for user root(uid=0) by (uid=1000)
Apr 29 09:06:12 devstack sudo[86349]: pam_unix(sudo:session): session closed for user root
Apr 29 09:06:12 devstack cinder-volume[84004]: DEBUG oslo_concurrency.processutils [req-7d522864-c08c-4ffd-896a-9415ced39b34 req-d853c592-cc62-49ce-969e-f34d924f5c72 tempest-VolumesSnapshotsTestJSON-541949225 None] CMD "sudo cinder-rootwrap /etc/cinder/rootwrap.conf qemu-img rebase -u -b volume-14c2ad9b-0399-49bf-b52a-0996b95df023 -F qcow2 /opt/stack/data/cinder/mnt/17a605da42a702c36b934ebd3ea673c4/volume-14c2ad9b-0399-49bf-b52a-0996b95df023.45b1f89b-a253-4f16-bcb0-f52c2894b3ad" returned: 0 in 0.769s {{(pid=84004) execute /opt/stack/data/venv/lib/python3.12/site-packages/oslo_concurrency/processutils.py:468}}
Apr 29 09:06:12 devstack cinder-volume[84004]: WARNING cinder.volume.drivers.remotefs [req-7d522864-c08c-4ffd-896a-9415ced39b34 req-d853c592-cc62-49ce-969e-f34d924f5c72 tempest-VolumesSnapshotsTestJSON-541949225 None] /opt/stack/data/cinder/mnt/17a605da42a702c36b934ebd3ea673c4/volume-14c2ad9b-0399-49bf-b52a-0996b95df023.45b1f89b-a253-4f16-bcb0-f52c2894b3ad is being set with open permissions: ugo+rw
Apr 29 09:06:12 devstack cinder-volume[84004]: DEBUG oslo_concurrency.processutils [req-7d522864-c08c-4ffd-896a-9415ced39b34 req-d853c592-cc62-49ce-969e-f34d924f5c72 tempest-VolumesSnapshotsTestJSON-541949225 None] Running cmd (subprocess): sudo cinder-rootwrap /etc/cinder/rootwrap.conf chmod ugo+rw /opt/stack/data/cinder/mnt/17a605da42a702c36b934ebd3ea673c4/volume-14c2ad9b-0399-49bf-b52a-0996b95df023.45b1f89b-a253-4f16-bcb0-f52c2894b3ad {{(pid=84004) execute /opt/stack/data/venv/lib/python3.12/site-packages/oslo_concurrency/processutils.py:440}}
Apr 29 09:06:12 devstack sudo[86370]: quobyte : PWD=/ ; USER=root ; COMMAND=/opt/stack/data/venv/bin/cinder-rootwrap /etc/cinder/rootwrap.conf chmod ugo+rw /opt/stack/data/cinder/mnt/17a605da42a702c36b934ebd3ea673c4/volume-14c2ad9b-0399-49bf-b52a-0996b95df023.45b1f89b-a253-4f16-bcb0-f52c2894b3ad
Apr 29 09:06:12 devstack sudo[86370]: pam_unix(sudo:session): session opened for user root(uid=0) by (uid=1000)
Apr 29 09:06:13 devstack sudo[86370]: pam_unix(sudo:session): session closed for user root
Apr 29 09:06:13 devstack cinder-volume[84004]: DEBUG oslo_concurrency.processutils [req-7d522864-c08c-4ffd-896a-9415ced39b34 req-d853c592-cc62-49ce-969e-f34d924f5c72 tempest-VolumesSnapshotsTestJSON-541949225 None] CMD "sudo cinder-rootwrap /etc/cinder/rootwrap.conf chmod ugo+rw /opt/stack/data/cinder/mnt/17a605da42a702c36b934ebd3ea673c4/volume-14c2ad9b-0399-49bf-b52a-0996b95df023.45b1f89b-a253-4f16-bcb0-f52c2894b3ad" returned: 0 in 0.961s {{(pid=84004) execute /opt/stack/data/venv/lib/python3.12/site-packages/oslo_concurrency/processutils.py:468}}
Apr 29 09:06:13 devstack cinder-volume[84004]: DEBUG oslo_concurrency.processutils [req-7d522864-c08c-4ffd-896a-9415ced39b34 req-d853c592-cc62-49ce-969e-f34d924f5c72 tempest-VolumesSnapshotsTestJSON-541949225 None] Running cmd (subprocess): sudo cinder-rootwrap /etc/cinder/rootwrap.conf truncate -s0 /opt/stack/data/cinder/mnt/17a605da42a702c36b934ebd3ea673c4/volume-14c2ad9b-0399-49bf-b52a-0996b95df023.info {{(pid=84004) execute /opt/stack/data/venv/lib/python3.12/site-packages/oslo_concurrency/processutils.py:440}}
Apr 29 09:06:13 devstack sudo[86393]: quobyte : PWD=/ ; USER=root ; COMMAND=/opt/stack/data/venv/bin/cinder-rootwrap /etc/cinder/rootwrap.conf truncate -s0 /opt/stack/data/cinder/mnt/17a605da42a702c36b934ebd3ea673c4/volume-14c2ad9b-0399-49bf-b52a-0996b95df023.info
Apr 29 09:06:13 devstack sudo[86393]: pam_unix(sudo:session): session opened for user root(uid=0) by (uid=1000)
Apr 29 09:06:14 devstack sudo[86393]: pam_unix(sudo:session): session closed for user root
Apr 29 09:06:14 devstack cinder-volume[84004]: DEBUG oslo_concurrency.processutils [req-7d522864-c08c-4ffd-896a-9415ced39b34 req-d853c592-cc62-49ce-969e-f34d924f5c72 tempest-VolumesSnapshotsTestJSON-541949225 None] CMD "sudo cinder-rootwrap /etc/cinder/rootwrap.conf truncate -s0 /opt/stack/data/cinder/mnt/17a605da42a702c36b934ebd3ea673c4/volume-14c2ad9b-0399-49bf-b52a-0996b95df023.info" returned: 0 in 0.856s {{(pid=84004) execute /opt/stack/data/venv/lib/python3.12/site-packages/oslo_concurrency/processutils.py:468}}
Apr 29 09:06:14 devstack cinder-volume[84004]: WARNING cinder.volume.drivers.remotefs [req-7d522864-c08c-4ffd-896a-9415ced39b34 req-d853c592-cc62-49ce-969e-f34d924f5c72 tempest-VolumesSnapshotsTestJSON-541949225 None] /opt/stack/data/cinder/mnt/17a605da42a702c36b934ebd3ea673c4/volume-14c2ad9b-0399-49bf-b52a-0996b95df023.info is being set with open permissions: ugo+rw
Apr 29 09:06:14 devstack cinder-volume[84004]: DEBUG oslo_concurrency.processutils [req-7d522864-c08c-4ffd-896a-9415ced39b34 req-d853c592-cc62-49ce-969e-f34d924f5c72 tempest-VolumesSnapshotsTestJSON-541949225 None] Running cmd (subprocess): sudo cinder-rootwrap /etc/cinder/rootwrap.conf chmod ugo+rw /opt/stack/data/cinder/mnt/17a605da42a702c36b934ebd3ea673c4/volume-14c2ad9b-0399-49bf-b52a-0996b95df023.info {{(pid=84004) execute /opt/stack/data/venv/lib/python3.12/site-packages/oslo_concurrency/processutils.py:440}}
Apr 29 09:06:14 devstack sudo[86396]: quobyte : PWD=/ ; USER=root ; COMMAND=/opt/stack/data/venv/bin/cinder-rootwrap /etc/cinder/rootwrap.conf chmod ugo+rw /opt/stack/data/cinder/mnt/17a605da42a702c36b934ebd3ea673c4/volume-14c2ad9b-0399-49bf-b52a-0996b95df023.info
Apr 29 09:06:14 devstack sudo[86396]: pam_unix(sudo:session): session opened for user root(uid=0) by (uid=1000)
Apr 29 09:06:15 devstack sudo[86396]: pam_unix(sudo:session): session closed for user root
Apr 29 09:06:15 devstack cinder-volume[84004]: DEBUG oslo_concurrency.processutils [req-7d522864-c08c-4ffd-896a-9415ced39b34 req-d853c592-cc62-49ce-969e-f34d924f5c72 tempest-VolumesSnapshotsTestJSON-541949225 None] CMD "sudo cinder-rootwrap /etc/cinder/rootwrap.conf chmod ugo+rw /opt/stack/data/cinder/mnt/17a605da42a702c36b934ebd3ea673c4/volume-14c2ad9b-0399-49bf-b52a-0996b95df023.info" returned: 0 in 1.235s {{(pid=84004) execute /opt/stack/data/venv/lib/python3.12/site-packages/oslo_concurrency/processutils.py:468}}
Apr 29 09:06:15 devstack cinder-volume[84004]: DEBUG oslo_concurrency.lockutils [req-7d522864-c08c-4ffd-896a-9415ced39b34 req-d853c592-cc62-49ce-969e-f34d924f5c72 tempest-VolumesSnapshotsTestJSON-541949225 None] Lock "quobyte" "released" by "cinder.volume.drivers.quobyte.QuobyteDriver.create_snapshot" :: held 6.512s {{(pid=84004) inner /opt/stack/data/venv/lib/python3.12/site-packages/oslo_concurrency/lockutils.py:538}}
Apr 29 09:06:16 devstack cinder-volume[84004]: INFO cinder.volume.manager [req-7d522864-c08c-4ffd-896a-9415ced39b34 req-d853c592-cc62-49ce-969e-f34d924f5c72 tempest-VolumesSnapshotsTestJSON-541949225 None] Create snapshot completed successfully
Apr 29 09:06:16 devstack cinder-volume[84004]: DEBUG cinder.coordination [req-ff1dc0b3-9d6f-4244-9dfb-4175bbcda48e req-6d818502-815a-4cc0-bfa7-23f010685e91 tempest-VolumesSnapshotsTestJSON-541949225 None] Acquiring lock "cinder-45b1f89b-a253-4f16-bcb0-f52c2894b3ad-delete_snapshot" by "delete_snapshot" {{(pid=84004) __acquire /opt/stack/cinder/cinder/coordination.py:138}}
Apr 29 09:06:16 devstack cinder-volume[84004]: DEBUG cinder.coordination [req-ff1dc0b3-9d6f-4244-9dfb-4175bbcda48e req-6d818502-815a-4cc0-bfa7-23f010685e91 tempest-VolumesSnapshotsTestJSON-541949225 None] Lock "cinder-45b1f89b-a253-4f16-bcb0-f52c2894b3ad-delete_snapshot" acquired by "delete_snapshot" :: waited 0.058s {{(pid=84004) __acquire /opt/stack/cinder/cinder/coordination.py:141}}
Apr 29 09:06:16 devstack cinder-volume[84004]: DEBUG cinder.coordination [req-ff1dc0b3-9d6f-4244-9dfb-4175bbcda48e req-6d818502-815a-4cc0-bfa7-23f010685e91 tempest-VolumesSnapshotsTestJSON-541949225 None] Acquiring lock "cinder-quobyte-14c2ad9b-0399-49bf-b52a-0996b95df023" by "delete_snapshot" {{(pid=84004) __acquire /opt/stack/cinder/cinder/coordination.py:138}}
Apr 29 09:06:16 devstack cinder-volume[84004]: DEBUG cinder.coordination [req-ff1dc0b3-9d6f-4244-9dfb-4175bbcda48e req-6d818502-815a-4cc0-bfa7-23f010685e91 tempest-VolumesSnapshotsTestJSON-541949225 None] Lock "cinder-quobyte-14c2ad9b-0399-49bf-b52a-0996b95df023" acquired by "delete_snapshot" :: waited 0.057s {{(pid=84004) __acquire /opt/stack/cinder/cinder/coordination.py:141}}
Apr 29 09:06:16 devstack cinder-volume[84004]: DEBUG cinder.coordination [req-ff1dc0b3-9d6f-4244-9dfb-4175bbcda48e req-6d818502-815a-4cc0-bfa7-23f010685e91 tempest-VolumesSnapshotsTestJSON-541949225 None] Acquiring lock "cinder-quobyte-45b1f89b-a253-4f16-bcb0-f52c2894b3ad" by "_delete_snapshot" {{(pid=84004) __acquire /opt/stack/cinder/cinder/coordination.py:138}}
Apr 29 09:06:16 devstack cinder-volume[84004]: DEBUG cinder.coordination [req-ff1dc0b3-9d6f-4244-9dfb-4175bbcda48e req-6d818502-815a-4cc0-bfa7-23f010685e91 tempest-VolumesSnapshotsTestJSON-541949225 None] Lock "cinder-quobyte-45b1f89b-a253-4f16-bcb0-f52c2894b3ad" acquired by "_delete_snapshot" :: waited 0.068s {{(pid=84004) __acquire /opt/stack/cinder/cinder/coordination.py:141}}
Apr 29 09:06:16 devstack cinder-volume[84004]: DEBUG cinder.volume.drivers.remotefs [req-ff1dc0b3-9d6f-4244-9dfb-4175bbcda48e req-6d818502-815a-4cc0-bfa7-23f010685e91 tempest-VolumesSnapshotsTestJSON-541949225 None] Deleting offline snapshot 45b1f89b-a253-4f16-bcb0-f52c2894b3ad of volume 14c2ad9b-0399-49bf-b52a-0996b95df023 {{(pid=84004) _delete_snapshot /opt/stack/cinder/cinder/volume/drivers/remotefs.py:1288}}
Apr 29 09:06:16 devstack cinder-volume[84004]: DEBUG cinder.volume.drivers.remotefs [req-ff1dc0b3-9d6f-4244-9dfb-4175bbcda48e req-6d818502-815a-4cc0-bfa7-23f010685e91 tempest-VolumesSnapshotsTestJSON-541949225 None] snapshot_file for this snap is: volume-14c2ad9b-0399-49bf-b52a-0996b95df023.45b1f89b-a253-4f16-bcb0-f52c2894b3ad {{(pid=84004) _delete_snapshot /opt/stack/cinder/cinder/volume/drivers/remotefs.py:1317}}
Apr 29 09:06:16 devstack cinder-volume[84004]: DEBUG oslo.privsep.daemon [-] privsep: reply[8dce88f8-2398-454d-b4a9-be61d2dc44aa]: (4, 'qcow2') {{(pid=84972) _call_back /opt/stack/data/venv/lib/python3.12/site-packages/oslo_privsep/daemon.py:573}}
Apr 29 09:06:16 devstack cinder-volume[84004]: DEBUG oslo_concurrency.processutils [req-ff1dc0b3-9d6f-4244-9dfb-4175bbcda48e req-6d818502-815a-4cc0-bfa7-23f010685e91 tempest-VolumesSnapshotsTestJSON-541949225 None] Running cmd (subprocess): /opt/stack/data/venv/bin/python3.12 -m oslo_concurrency.prlimit --as=1073741824 --cpu=60 -- sudo cinder-rootwrap /etc/cinder/rootwrap.conf env LC_ALL=C qemu-img info -f qcow2 --output=json --force-share /opt/stack/data/cinder/mnt/17a605da42a702c36b934ebd3ea673c4/volume-14c2ad9b-0399-49bf-b52a-0996b95df023.45b1f89b-a253-4f16-bcb0-f52c2894b3ad {{(pid=84004) execute /opt/stack/data/venv/lib/python3.12/site-packages/oslo_concurrency/processutils.py:440}}
Apr 29 09:06:17 devstack sudo[86436]: quobyte : PWD=/ ; USER=root ; COMMAND=/opt/stack/data/venv/bin/cinder-rootwrap /etc/cinder/rootwrap.conf env LC_ALL=C qemu-img info -f qcow2 --output=json --force-share /opt/stack/data/cinder/mnt/17a605da42a702c36b934ebd3ea673c4/volume-14c2ad9b-0399-49bf-b52a-0996b95df023.45b1f89b-a253-4f16-bcb0-f52c2894b3ad
Apr 29 09:06:17 devstack sudo[86436]: pam_unix(sudo:session): session opened for user root(uid=0) by (uid=1000)
Apr 29 09:06:18 devstack sudo[86436]: pam_unix(sudo:session): session closed for user root
Apr 29 09:06:18 devstack cinder-volume[84004]: DEBUG oslo_concurrency.processutils [req-ff1dc0b3-9d6f-4244-9dfb-4175bbcda48e req-6d818502-815a-4cc0-bfa7-23f010685e91 tempest-VolumesSnapshotsTestJSON-541949225 None] CMD "/opt/stack/data/venv/bin/python3.12 -m oslo_concurrency.prlimit --as=1073741824 --cpu=60 -- sudo cinder-rootwrap /etc/cinder/rootwrap.conf env LC_ALL=C qemu-img info -f qcow2 --output=json --force-share /opt/stack/data/cinder/mnt/17a605da42a702c36b934ebd3ea673c4/volume-14c2ad9b-0399-49bf-b52a-0996b95df023.45b1f89b-a253-4f16-bcb0-f52c2894b3ad" returned: 0 in 1.813s {{(pid=84004) execute /opt/stack/data/venv/lib/python3.12/site-packages/oslo_concurrency/processutils.py:468}}
Apr 29 09:06:18 devstack cinder-volume[84004]: DEBUG cinder.volume.drivers.remotefs [req-ff1dc0b3-9d6f-4244-9dfb-4175bbcda48e req-6d818502-815a-4cc0-bfa7-23f010685e91 tempest-VolumesSnapshotsTestJSON-541949225 None] Fetching qemu-img info with special backing_file_template: (/opt/stack/data/cinder/mnt/[0-9a-f]+/)?(volume-14c2ad9b-0399-49bf-b52a-0996b95df023(.(tmp-snap-)?[0-9a-f-]+)?|volume_from_snapshot_cache/(tmp-snap-)?[0-9a-f-]+(.(child-|parent-)[0-9a-f-]+)?)$ {{(pid=84004) _qemu_img_info_base /opt/stack/cinder/cinder/volume/drivers/remotefs.py:896}}
Apr 29 09:06:18 devstack cinder-volume[84004]: DEBUG oslo.privsep.daemon [-] privsep: reply[32ff6126-414f-4618-93d7-51487c213b10]: (4, 'qcow2') {{(pid=84972) _call_back /opt/stack/data/venv/lib/python3.12/site-packages/oslo_privsep/daemon.py:573}}
Apr 29 09:06:18 devstack cinder-volume[84004]: DEBUG oslo_concurrency.processutils [req-ff1dc0b3-9d6f-4244-9dfb-4175bbcda48e req-6d818502-815a-4cc0-bfa7-23f010685e91 tempest-VolumesSnapshotsTestJSON-541949225 None] Running cmd (subprocess): /opt/stack/data/venv/bin/python3.12 -m oslo_concurrency.prlimit --as=1073741824 --cpu=60 -- sudo cinder-rootwrap /etc/cinder/rootwrap.conf env LC_ALL=C qemu-img info -f qcow2 --output=json --force-share /opt/stack/data/cinder/mnt/17a605da42a702c36b934ebd3ea673c4/volume-14c2ad9b-0399-49bf-b52a-0996b95df023 {{(pid=84004) execute /opt/stack/data/venv/lib/python3.12/site-packages/oslo_concurrency/processutils.py:440}}
Apr 29 09:06:19 devstack sudo[86462]: quobyte : PWD=/ ; USER=root ; COMMAND=/opt/stack/data/venv/bin/cinder-rootwrap /etc/cinder/rootwrap.conf env LC_ALL=C qemu-img info -f qcow2 --output=json --force-share /opt/stack/data/cinder/mnt/17a605da42a702c36b934ebd3ea673c4/volume-14c2ad9b-0399-49bf-b52a-0996b95df023
Apr 29 09:06:19 devstack sudo[86462]: pam_unix(sudo:session): session opened for user root(uid=0) by (uid=1000)
Apr 29 09:06:20 devstack sudo[86462]: pam_unix(sudo:session): session closed for user root
Apr 29 09:06:20 devstack cinder-volume[84004]: DEBUG oslo_concurrency.processutils [req-ff1dc0b3-9d6f-4244-9dfb-4175bbcda48e req-6d818502-815a-4cc0-bfa7-23f010685e91 tempest-VolumesSnapshotsTestJSON-541949225 None] CMD "/opt/stack/data/venv/bin/python3.12 -m oslo_concurrency.prlimit --as=1073741824 --cpu=60 -- sudo cinder-rootwrap /etc/cinder/rootwrap.conf env LC_ALL=C qemu-img info -f qcow2 --output=json --force-share /opt/stack/data/cinder/mnt/17a605da42a702c36b934ebd3ea673c4/volume-14c2ad9b-0399-49bf-b52a-0996b95df023" returned: 0 in 1.182s {{(pid=84004) execute /opt/stack/data/venv/lib/python3.12/site-packages/oslo_concurrency/processutils.py:468}}
Apr 29 09:06:20 devstack cinder-volume[84004]: DEBUG oslo_concurrency.processutils [req-ff1dc0b3-9d6f-4244-9dfb-4175bbcda48e req-6d818502-815a-4cc0-bfa7-23f010685e91 tempest-VolumesSnapshotsTestJSON-541949225 None] Running cmd (subprocess): sudo cinder-rootwrap /etc/cinder/rootwrap.conf qemu-img commit -d /opt/stack/data/cinder/mnt/17a605da42a702c36b934ebd3ea673c4/volume-14c2ad9b-0399-49bf-b52a-0996b95df023.45b1f89b-a253-4f16-bcb0-f52c2894b3ad {{(pid=84004) execute /opt/stack/data/venv/lib/python3.12/site-packages/oslo_concurrency/processutils.py:440}}
Apr 29 09:06:20 devstack sudo[86467]: quobyte : PWD=/ ; USER=root ; COMMAND=/opt/stack/data/venv/bin/cinder-rootwrap /etc/cinder/rootwrap.conf qemu-img commit -d /opt/stack/data/cinder/mnt/17a605da42a702c36b934ebd3ea673c4/volume-14c2ad9b-0399-49bf-b52a-0996b95df023.45b1f89b-a253-4f16-bcb0-f52c2894b3ad
Apr 29 09:06:20 devstack sudo[86467]: pam_unix(sudo:session): session opened for user root(uid=0) by (uid=1000)
Apr 29 09:06:20 devstack cinder-volume[84004]: INFO cinder.volume.manager [None req-7c067679-2dea-4dcf-b1fd-84776c348c1e tempest-GroupsV320Test-265425219 None] Group tempest-GroupsV320Test-Group-1966358683: creating
Apr 29 09:06:20 devstack cinder-volume[84004]: INFO cinder.volume.manager [None req-7c067679-2dea-4dcf-b1fd-84776c348c1e tempest-GroupsV320Test-265425219 None] Group tempest-GroupsV320Test-Group-1966358683: created successfully
Apr 29 09:06:20 devstack cinder-volume[84004]: INFO cinder.volume.manager [None req-7c067679-2dea-4dcf-b1fd-84776c348c1e tempest-GroupsV320Test-265425219 None] Create group completed successfully.
Apr 29 09:06:21 devstack sudo[86467]: pam_unix(sudo:session): session closed for user root
Apr 29 09:06:21 devstack cinder-volume[84004]: DEBUG oslo_concurrency.processutils [req-ff1dc0b3-9d6f-4244-9dfb-4175bbcda48e req-6d818502-815a-4cc0-bfa7-23f010685e91 tempest-VolumesSnapshotsTestJSON-541949225 None] CMD "sudo cinder-rootwrap /etc/cinder/rootwrap.conf qemu-img commit -d /opt/stack/data/cinder/mnt/17a605da42a702c36b934ebd3ea673c4/volume-14c2ad9b-0399-49bf-b52a-0996b95df023.45b1f89b-a253-4f16-bcb0-f52c2894b3ad" returned: 0 in 1.000s {{(pid=84004) execute /opt/stack/data/venv/lib/python3.12/site-packages/oslo_concurrency/processutils.py:468}}
Apr 29 09:06:21 devstack cinder-volume[84004]: DEBUG oslo_concurrency.processutils [req-ff1dc0b3-9d6f-4244-9dfb-4175bbcda48e req-6d818502-815a-4cc0-bfa7-23f010685e91 tempest-VolumesSnapshotsTestJSON-541949225 None] Running cmd (subprocess): sudo cinder-rootwrap /etc/cinder/rootwrap.conf rm -f /opt/stack/data/cinder/mnt/17a605da42a702c36b934ebd3ea673c4/volume-14c2ad9b-0399-49bf-b52a-0996b95df023.45b1f89b-a253-4f16-bcb0-f52c2894b3ad {{(pid=84004) execute /opt/stack/data/venv/lib/python3.12/site-packages/oslo_concurrency/processutils.py:440}}
Apr 29 09:06:21 devstack sudo[86473]: quobyte : PWD=/ ; USER=root ; COMMAND=/opt/stack/data/venv/bin/cinder-rootwrap /etc/cinder/rootwrap.conf rm -f /opt/stack/data/cinder/mnt/17a605da42a702c36b934ebd3ea673c4/volume-14c2ad9b-0399-49bf-b52a-0996b95df023.45b1f89b-a253-4f16-bcb0-f52c2894b3ad
Apr 29 09:06:21 devstack sudo[86473]: pam_unix(sudo:session): session opened for user root(uid=0) by (uid=1000)
Apr 29 09:06:21 devstack sudo[86473]: pam_unix(sudo:session): session closed for user root
Apr 29 09:06:21 devstack cinder-volume[84004]: DEBUG oslo_concurrency.processutils [req-ff1dc0b3-9d6f-4244-9dfb-4175bbcda48e req-6d818502-815a-4cc0-bfa7-23f010685e91 tempest-VolumesSnapshotsTestJSON-541949225 None] CMD "sudo cinder-rootwrap /etc/cinder/rootwrap.conf rm -f /opt/stack/data/cinder/mnt/17a605da42a702c36b934ebd3ea673c4/volume-14c2ad9b-0399-49bf-b52a-0996b95df023.45b1f89b-a253-4f16-bcb0-f52c2894b3ad" returned: 0 in 0.902s {{(pid=84004) execute /opt/stack/data/venv/lib/python3.12/site-packages/oslo_concurrency/processutils.py:468}}
Apr 29 09:06:22 devstack cinder-volume[84004]: DEBUG cinder.coordination [req-ff1dc0b3-9d6f-4244-9dfb-4175bbcda48e req-6d818502-815a-4cc0-bfa7-23f010685e91 tempest-VolumesSnapshotsTestJSON-541949225 None] Lock "cinder-quobyte-45b1f89b-a253-4f16-bcb0-f52c2894b3ad" released by "_delete_snapshot" :: held 5.125s {{(pid=84004) __release /opt/stack/cinder/cinder/coordination.py:152}}
Apr 29 09:06:22 devstack cinder-volume[84004]: DEBUG cinder.coordination [req-ff1dc0b3-9d6f-4244-9dfb-4175bbcda48e req-6d818502-815a-4cc0-bfa7-23f010685e91 tempest-VolumesSnapshotsTestJSON-541949225 None] Lock "cinder-quobyte-14c2ad9b-0399-49bf-b52a-0996b95df023" released by "delete_snapshot" :: held 5.209s {{(pid=84004) __release /opt/stack/cinder/cinder/coordination.py:152}}
Apr 29 09:06:22 devstack cinder-volume[84004]: WARNING cinder.quota [req-ff1dc0b3-9d6f-4244-9dfb-4175bbcda48e req-6d818502-815a-4cc0-bfa7-23f010685e91 tempest-VolumesSnapshotsTestJSON-541949225 None] Deprecated: Default quota for resource: snapshots_QuobyteHD is set by the default quota flag: quota_snapshots_QuobyteHD, it is now deprecated. Please use the default quota class for default quota.
Apr 29 09:06:22 devstack cinder-volume[84004]: DEBUG cinder.quota [req-ff1dc0b3-9d6f-4244-9dfb-4175bbcda48e req-6d818502-815a-4cc0-bfa7-23f010685e91 tempest-VolumesSnapshotsTestJSON-541949225 None] Created reservations ['48046574-7492-405b-9248-ea5563ab4b5b', '16fe1f2b-631a-4561-9e66-f1eb43e4d3b6', 'ca83146a-56d9-4114-963a-f627fdb24b77', 'a1958bc6-fd5a-44e7-9f28-84e942bb9b57'] {{(pid=84004) reserve /opt/stack/cinder/cinder/quota.py:752}}
Apr 29 09:06:22 devstack cinder-volume[84004]: INFO cinder.volume.manager [req-ff1dc0b3-9d6f-4244-9dfb-4175bbcda48e req-6d818502-815a-4cc0-bfa7-23f010685e91 tempest-VolumesSnapshotsTestJSON-541949225 None] Delete snapshot completed successfully.
Apr 29 09:06:22 devstack cinder-volume[84004]: DEBUG cinder.coordination [req-ff1dc0b3-9d6f-4244-9dfb-4175bbcda48e req-6d818502-815a-4cc0-bfa7-23f010685e91 tempest-VolumesSnapshotsTestJSON-541949225 None] Lock "cinder-45b1f89b-a253-4f16-bcb0-f52c2894b3ad-delete_snapshot" released by "delete_snapshot" :: held 5.406s {{(pid=84004) __release /opt/stack/cinder/cinder/coordination.py:152}}
Apr 29 09:06:22 devstack cinder-volume[84004]: DEBUG cinder.quota [None req-d7401a98-6b6b-4aa6-81aa-3a995d75f6e7 tempest-GroupsV320Test-265425219 None] Created reservations ['4f59225b-34fc-4e01-9e93-b634a28aa6a1'] {{(pid=84004) reserve /opt/stack/cinder/cinder/quota.py:752}}
Apr 29 09:06:22 devstack cinder-volume[84004]: DEBUG oslo_concurrency.lockutils [None req-d7401a98-6b6b-4aa6-81aa-3a995d75f6e7 tempest-GroupsV320Test-265425219 None] Acquiring lock "quobyte_ensure" by "cinder.volume.drivers.quobyte.QuobyteDriver._ensure_shares_mounted" {{(pid=84004) inner /opt/stack/data/venv/lib/python3.12/site-packages/oslo_concurrency/lockutils.py:506}}
Apr 29 09:06:22 devstack cinder-volume[84004]: DEBUG oslo_concurrency.lockutils [None req-d7401a98-6b6b-4aa6-81aa-3a995d75f6e7 tempest-GroupsV320Test-265425219 None] Lock "quobyte_ensure" acquired by "cinder.volume.drivers.quobyte.QuobyteDriver._ensure_shares_mounted" :: waited 0.001s {{(pid=84004) inner /opt/stack/data/venv/lib/python3.12/site-packages/oslo_concurrency/lockutils.py:519}}
Apr 29 09:06:22 devstack cinder-volume[84004]: DEBUG cinder.volume.drivers.quobyte [None req-d7401a98-6b6b-4aa6-81aa-3a995d75f6e7 tempest-GroupsV320Test-265425219 None] Quobyte Volume URL set to: {'osci02.corp.quobyte.com/cinder-vol-ad176eb0-a049-4f77-9156-07408f8950ce': None} {{(pid=84004) _load_shares_config /opt/stack/cinder/cinder/volume/drivers/quobyte.py:617}}
Apr 29 09:06:22 devstack cinder-volume[84004]: DEBUG cinder.volume.drivers.quobyte [None req-d7401a98-6b6b-4aa6-81aa-3a995d75f6e7 tempest-GroupsV320Test-265425219 None] Available shares ['osci02.corp.quobyte.com/cinder-vol-ad176eb0-a049-4f77-9156-07408f8950ce'] {{(pid=84004) _ensure_shares_mounted /opt/stack/cinder/cinder/volume/drivers/quobyte.py:647}}
Apr 29 09:06:22 devstack cinder-volume[84004]: DEBUG oslo_concurrency.lockutils [None req-d7401a98-6b6b-4aa6-81aa-3a995d75f6e7 tempest-GroupsV320Test-265425219 None] Lock "quobyte_ensure" "released" by "cinder.volume.drivers.quobyte.QuobyteDriver._ensure_shares_mounted" :: held 0.006s {{(pid=84004) inner /opt/stack/data/venv/lib/python3.12/site-packages/oslo_concurrency/lockutils.py:538}}
Apr 29 09:06:22 devstack cinder-volume[84004]: DEBUG oslo_concurrency.processutils [None req-d7401a98-6b6b-4aa6-81aa-3a995d75f6e7 tempest-GroupsV320Test-265425219 None] Running cmd (subprocess): sudo cinder-rootwrap /etc/cinder/rootwrap.conf df --portability --block-size 1 /opt/stack/data/cinder/mnt/17a605da42a702c36b934ebd3ea673c4 {{(pid=84004) execute /opt/stack/data/venv/lib/python3.12/site-packages/oslo_concurrency/processutils.py:440}}
Apr 29 09:06:22 devstack sudo[86480]: quobyte : PWD=/ ; USER=root ; COMMAND=/opt/stack/data/venv/bin/cinder-rootwrap /etc/cinder/rootwrap.conf df --portability --block-size 1 /opt/stack/data/cinder/mnt/17a605da42a702c36b934ebd3ea673c4
Apr 29 09:06:22 devstack sudo[86480]: pam_unix(sudo:session): session opened for user root(uid=0) by (uid=1000)
Apr 29 09:06:22 devstack cinder-volume[84004]: DEBUG cinder.coordination [req-4af86ed7-55da-4378-948f-bea55bbe90a8 req-4f4b6883-4749-4d05-a120-8588468a2639 tempest-VolumesSnapshotsTestJSON-541949225 None] Acquiring lock "cinder-14c2ad9b-0399-49bf-b52a-0996b95df023-delete_volume" by "delete_volume" {{(pid=84004) __acquire /opt/stack/cinder/cinder/coordination.py:138}}
Apr 29 09:06:22 devstack cinder-volume[84004]: DEBUG cinder.coordination [req-4af86ed7-55da-4378-948f-bea55bbe90a8 req-4f4b6883-4749-4d05-a120-8588468a2639 tempest-VolumesSnapshotsTestJSON-541949225 None] Lock "cinder-14c2ad9b-0399-49bf-b52a-0996b95df023-delete_volume" acquired by "delete_volume" :: waited 0.043s {{(pid=84004) __acquire /opt/stack/cinder/cinder/coordination.py:141}}
Apr 29 09:06:23 devstack cinder-volume[84004]: DEBUG cinder.coordination [req-4af86ed7-55da-4378-948f-bea55bbe90a8 req-4f4b6883-4749-4d05-a120-8588468a2639 tempest-VolumesSnapshotsTestJSON-541949225 None] Acquiring lock "cinder-quobyte-14c2ad9b-0399-49bf-b52a-0996b95df023" by "delete_volume" {{(pid=84004) __acquire /opt/stack/cinder/cinder/coordination.py:138}}
Apr 29 09:06:23 devstack cinder-volume[84004]: DEBUG cinder.coordination [req-4af86ed7-55da-4378-948f-bea55bbe90a8 req-4f4b6883-4749-4d05-a120-8588468a2639 tempest-VolumesSnapshotsTestJSON-541949225 None] Lock "cinder-quobyte-14c2ad9b-0399-49bf-b52a-0996b95df023" acquired by "delete_volume" :: waited 0.031s {{(pid=84004) __acquire /opt/stack/cinder/cinder/coordination.py:141}}
Apr 29 09:06:23 devstack cinder-volume[84004]: DEBUG oslo.privsep.daemon [-] privsep: reply[7f916dd0-8c85-4fad-80f8-96512417b810]: (4, 'qcow2') {{(pid=84972) _call_back /opt/stack/data/venv/lib/python3.12/site-packages/oslo_privsep/daemon.py:573}}
Apr 29 09:06:23 devstack cinder-volume[84004]: DEBUG oslo_concurrency.processutils [req-4af86ed7-55da-4378-948f-bea55bbe90a8 req-4f4b6883-4749-4d05-a120-8588468a2639 tempest-VolumesSnapshotsTestJSON-541949225 None] Running cmd (subprocess): /opt/stack/data/venv/bin/python3.12 -m oslo_concurrency.prlimit --as=1073741824 --cpu=60 -- sudo cinder-rootwrap /etc/cinder/rootwrap.conf env LC_ALL=C qemu-img info -f qcow2 --output=json --force-share /opt/stack/data/cinder/mnt/17a605da42a702c36b934ebd3ea673c4/volume-14c2ad9b-0399-49bf-b52a-0996b95df023 {{(pid=84004) execute /opt/stack/data/venv/lib/python3.12/site-packages/oslo_concurrency/processutils.py:440}}
Apr 29 09:06:23 devstack sudo[86480]: pam_unix(sudo:session): session closed for user root
Apr 29 09:06:23 devstack cinder-volume[84004]: DEBUG oslo_concurrency.processutils [None req-d7401a98-6b6b-4aa6-81aa-3a995d75f6e7 tempest-GroupsV320Test-265425219 None] CMD "sudo cinder-rootwrap /etc/cinder/rootwrap.conf df --portability --block-size 1 /opt/stack/data/cinder/mnt/17a605da42a702c36b934ebd3ea673c4" returned: 0 in 0.879s {{(pid=84004) execute /opt/stack/data/venv/lib/python3.12/site-packages/oslo_concurrency/processutils.py:468}}
Apr 29 09:06:23 devstack cinder-volume[84004]: DEBUG cinder.manager [None req-d7401a98-6b6b-4aa6-81aa-3a995d75f6e7 tempest-GroupsV320Test-265425219 None] Notifying Schedulers of capabilities ... {{(pid=84004) _publish_service_capabilities /opt/stack/cinder/cinder/manager.py:202}}
Apr 29 09:06:23 devstack cinder-volume[84004]: INFO cinder.volume.manager [None req-d7401a98-6b6b-4aa6-81aa-3a995d75f6e7 tempest-GroupsV320Test-265425219 None] Delete group completed successfully.
Apr 29 09:06:23 devstack sudo[86513]: quobyte : PWD=/ ; USER=root ; COMMAND=/opt/stack/data/venv/bin/cinder-rootwrap /etc/cinder/rootwrap.conf env LC_ALL=C qemu-img info -f qcow2 --output=json --force-share /opt/stack/data/cinder/mnt/17a605da42a702c36b934ebd3ea673c4/volume-14c2ad9b-0399-49bf-b52a-0996b95df023
Apr 29 09:06:23 devstack sudo[86513]: pam_unix(sudo:session): session opened for user root(uid=0) by (uid=1000)
Apr 29 09:06:24 devstack sudo[86513]: pam_unix(sudo:session): session closed for user root
Apr 29 09:06:24 devstack cinder-volume[84004]: DEBUG oslo_concurrency.processutils [req-4af86ed7-55da-4378-948f-bea55bbe90a8 req-4f4b6883-4749-4d05-a120-8588468a2639 tempest-VolumesSnapshotsTestJSON-541949225 None] CMD "/opt/stack/data/venv/bin/python3.12 -m oslo_concurrency.prlimit --as=1073741824 --cpu=60 -- sudo cinder-rootwrap /etc/cinder/rootwrap.conf env LC_ALL=C qemu-img info -f qcow2 --output=json --force-share /opt/stack/data/cinder/mnt/17a605da42a702c36b934ebd3ea673c4/volume-14c2ad9b-0399-49bf-b52a-0996b95df023" returned: 0 in 1.178s {{(pid=84004) execute /opt/stack/data/venv/lib/python3.12/site-packages/oslo_concurrency/processutils.py:468}}
Apr 29 09:06:24 devstack cinder-volume[84004]: DEBUG oslo_concurrency.processutils [req-4af86ed7-55da-4378-948f-bea55bbe90a8 req-4f4b6883-4749-4d05-a120-8588468a2639 tempest-VolumesSnapshotsTestJSON-541949225 None] Running cmd (subprocess): sudo cinder-rootwrap /etc/cinder/rootwrap.conf rm -f /opt/stack/data/cinder/mnt/17a605da42a702c36b934ebd3ea673c4/volume-14c2ad9b-0399-49bf-b52a-0996b95df023 {{(pid=84004) execute /opt/stack/data/venv/lib/python3.12/site-packages/oslo_concurrency/processutils.py:440}}
Apr 29 09:06:24 devstack sudo[86559]: quobyte : PWD=/ ; USER=root ; COMMAND=/opt/stack/data/venv/bin/cinder-rootwrap /etc/cinder/rootwrap.conf rm -f /opt/stack/data/cinder/mnt/17a605da42a702c36b934ebd3ea673c4/volume-14c2ad9b-0399-49bf-b52a-0996b95df023
Apr 29 09:06:24 devstack sudo[86559]: pam_unix(sudo:session): session opened for user root(uid=0) by (uid=1000)
Apr 29 09:06:25 devstack sudo[86559]: pam_unix(sudo:session): session closed for user root
Apr 29 09:06:25 devstack cinder-volume[84004]: DEBUG oslo_concurrency.processutils [req-4af86ed7-55da-4378-948f-bea55bbe90a8 req-4f4b6883-4749-4d05-a120-8588468a2639 tempest-VolumesSnapshotsTestJSON-541949225 None] CMD "sudo cinder-rootwrap /etc/cinder/rootwrap.conf rm -f /opt/stack/data/cinder/mnt/17a605da42a702c36b934ebd3ea673c4/volume-14c2ad9b-0399-49bf-b52a-0996b95df023" returned: 0 in 1.000s {{(pid=84004) execute /opt/stack/data/venv/lib/python3.12/site-packages/oslo_concurrency/processutils.py:468}}
Apr 29 09:06:25 devstack cinder-volume[84004]: DEBUG cinder.coordination [req-4af86ed7-55da-4378-948f-bea55bbe90a8 req-4f4b6883-4749-4d05-a120-8588468a2639 tempest-VolumesSnapshotsTestJSON-541949225 None] Lock "cinder-quobyte-14c2ad9b-0399-49bf-b52a-0996b95df023" released by "delete_volume" :: held 2.332s {{(pid=84004) __release /opt/stack/cinder/cinder/coordination.py:152}}
Apr 29 09:06:25 devstack cinder-volume[84004]: DEBUG cinder.quota [req-4af86ed7-55da-4378-948f-bea55bbe90a8 req-4f4b6883-4749-4d05-a120-8588468a2639 tempest-VolumesSnapshotsTestJSON-541949225 None] Created reservations ['01cf17b3-a7cd-454a-8456-4ee470b63c18', '240ad2d9-5b51-4931-b70e-14a34f6c3321', '8476bcab-a6de-48c7-808a-3ba2d591b408', '2cc83351-6810-47a9-badb-de2b83399d61'] {{(pid=84004) reserve /opt/stack/cinder/cinder/quota.py:752}}
Apr 29 09:06:25 devstack cinder-volume[84004]: DEBUG oslo_concurrency.lockutils [req-4af86ed7-55da-4378-948f-bea55bbe90a8 req-4f4b6883-4749-4d05-a120-8588468a2639 tempest-VolumesSnapshotsTestJSON-541949225 None] Acquiring lock "quobyte_ensure" by "cinder.volume.drivers.quobyte.QuobyteDriver._ensure_shares_mounted" {{(pid=84004) inner /opt/stack/data/venv/lib/python3.12/site-packages/oslo_concurrency/lockutils.py:506}}
Apr 29 09:06:25 devstack cinder-volume[84004]: DEBUG oslo_concurrency.lockutils [req-4af86ed7-55da-4378-948f-bea55bbe90a8 req-4f4b6883-4749-4d05-a120-8588468a2639 tempest-VolumesSnapshotsTestJSON-541949225 None] Lock "quobyte_ensure" acquired by "cinder.volume.drivers.quobyte.QuobyteDriver._ensure_shares_mounted" :: waited 0.001s {{(pid=84004) inner /opt/stack/data/venv/lib/python3.12/site-packages/oslo_concurrency/lockutils.py:519}}
Apr 29 09:06:25 devstack cinder-volume[84004]: DEBUG cinder.volume.drivers.quobyte [req-4af86ed7-55da-4378-948f-bea55bbe90a8 req-4f4b6883-4749-4d05-a120-8588468a2639 tempest-VolumesSnapshotsTestJSON-541949225 None] Quobyte Volume URL set to: {'osci02.corp.quobyte.com/cinder-vol-ad176eb0-a049-4f77-9156-07408f8950ce': None} {{(pid=84004) _load_shares_config /opt/stack/cinder/cinder/volume/drivers/quobyte.py:617}}
Apr 29 09:06:25 devstack cinder-volume[84004]: DEBUG cinder.volume.drivers.quobyte [req-4af86ed7-55da-4378-948f-bea55bbe90a8 req-4f4b6883-4749-4d05-a120-8588468a2639 tempest-VolumesSnapshotsTestJSON-541949225 None] Available shares ['osci02.corp.quobyte.com/cinder-vol-ad176eb0-a049-4f77-9156-07408f8950ce'] {{(pid=84004) _ensure_shares_mounted /opt/stack/cinder/cinder/volume/drivers/quobyte.py:647}}
Apr 29 09:06:25 devstack cinder-volume[84004]: DEBUG oslo_concurrency.lockutils [req-4af86ed7-55da-4378-948f-bea55bbe90a8 req-4f4b6883-4749-4d05-a120-8588468a2639 tempest-VolumesSnapshotsTestJSON-541949225 None] Lock "quobyte_ensure" "released" by "cinder.volume.drivers.quobyte.QuobyteDriver._ensure_shares_mounted" :: held 0.007s {{(pid=84004) inner /opt/stack/data/venv/lib/python3.12/site-packages/oslo_concurrency/lockutils.py:538}}
Apr 29 09:06:25 devstack cinder-volume[84004]: DEBUG oslo_concurrency.processutils [req-4af86ed7-55da-4378-948f-bea55bbe90a8 req-4f4b6883-4749-4d05-a120-8588468a2639 tempest-VolumesSnapshotsTestJSON-541949225 None] Running cmd (subprocess): sudo cinder-rootwrap /etc/cinder/rootwrap.conf df --portability --block-size 1 /opt/stack/data/cinder/mnt/17a605da42a702c36b934ebd3ea673c4 {{(pid=84004) execute /opt/stack/data/venv/lib/python3.12/site-packages/oslo_concurrency/processutils.py:440}}
Apr 29 09:06:25 devstack sudo[86564]: quobyte : PWD=/ ; USER=root ; COMMAND=/opt/stack/data/venv/bin/cinder-rootwrap /etc/cinder/rootwrap.conf df --portability --block-size 1 /opt/stack/data/cinder/mnt/17a605da42a702c36b934ebd3ea673c4
Apr 29 09:06:25 devstack sudo[86564]: pam_unix(sudo:session): session opened for user root(uid=0) by (uid=1000)
Apr 29 09:06:26 devstack sudo[86564]: pam_unix(sudo:session): session closed for user root
Apr 29 09:06:26 devstack cinder-volume[84004]: DEBUG oslo_concurrency.processutils [req-4af86ed7-55da-4378-948f-bea55bbe90a8 req-4f4b6883-4749-4d05-a120-8588468a2639 tempest-VolumesSnapshotsTestJSON-541949225 None] CMD "sudo cinder-rootwrap /etc/cinder/rootwrap.conf df --portability --block-size 1 /opt/stack/data/cinder/mnt/17a605da42a702c36b934ebd3ea673c4" returned: 0 in 0.902s {{(pid=84004) execute /opt/stack/data/venv/lib/python3.12/site-packages/oslo_concurrency/processutils.py:468}}
Apr 29 09:06:26 devstack cinder-volume[84004]: DEBUG cinder.manager [req-4af86ed7-55da-4378-948f-bea55bbe90a8 req-4f4b6883-4749-4d05-a120-8588468a2639 tempest-VolumesSnapshotsTestJSON-541949225 None] Notifying Schedulers of capabilities ... {{(pid=84004) _publish_service_capabilities /opt/stack/cinder/cinder/manager.py:202}}
Apr 29 09:06:26 devstack cinder-volume[84004]: INFO cinder.volume.manager [req-4af86ed7-55da-4378-948f-bea55bbe90a8 req-4f4b6883-4749-4d05-a120-8588468a2639 tempest-VolumesSnapshotsTestJSON-541949225 None] Deleted volume successfully.
Apr 29 09:06:26 devstack cinder-volume[84004]: DEBUG cinder.coordination [req-4af86ed7-55da-4378-948f-bea55bbe90a8 req-4f4b6883-4749-4d05-a120-8588468a2639 tempest-VolumesSnapshotsTestJSON-541949225 None] Lock "cinder-14c2ad9b-0399-49bf-b52a-0996b95df023-delete_volume" released by "delete_volume" :: held 3.779s {{(pid=84004) __release /opt/stack/cinder/cinder/coordination.py:152}}
Apr 29 09:06:26 devstack cinder-volume[84004]: DEBUG cinder.coordination [None req-0a9788a5-f674-4e8b-97c2-329ba42b630f tempest-ServerRescueNegativeTestJSON-1386955919 None] Acquiring lock "cinder-16f759af-7286-4857-9500-61bbf8f97288-delete_volume" by "delete_volume" {{(pid=84004) __acquire /opt/stack/cinder/cinder/coordination.py:138}}
Apr 29 09:06:26 devstack cinder-volume[84004]: DEBUG cinder.coordination [None req-0a9788a5-f674-4e8b-97c2-329ba42b630f tempest-ServerRescueNegativeTestJSON-1386955919 None] Lock "cinder-16f759af-7286-4857-9500-61bbf8f97288-delete_volume" acquired by "delete_volume" :: waited 0.062s {{(pid=84004) __acquire /opt/stack/cinder/cinder/coordination.py:141}}
Apr 29 09:06:26 devstack cinder-volume[84004]: DEBUG cinder.coordination [None req-0a9788a5-f674-4e8b-97c2-329ba42b630f tempest-ServerRescueNegativeTestJSON-1386955919 None] Acquiring lock "cinder-quobyte-16f759af-7286-4857-9500-61bbf8f97288" by "delete_volume" {{(pid=84004) __acquire /opt/stack/cinder/cinder/coordination.py:138}}
Apr 29 09:06:26 devstack cinder-volume[84004]: DEBUG cinder.coordination [None req-0a9788a5-f674-4e8b-97c2-329ba42b630f tempest-ServerRescueNegativeTestJSON-1386955919 None] Lock "cinder-quobyte-16f759af-7286-4857-9500-61bbf8f97288" acquired by "delete_volume" :: waited 0.023s {{(pid=84004) __acquire /opt/stack/cinder/cinder/coordination.py:141}}
Apr 29 09:06:27 devstack cinder-volume[84004]: DEBUG oslo.privsep.daemon [-] privsep: reply[7af31cbf-c6cb-47c1-ada4-785280662ace]: (4, 'qcow2') {{(pid=84972) _call_back /opt/stack/data/venv/lib/python3.12/site-packages/oslo_privsep/daemon.py:573}}
Apr 29 09:06:27 devstack cinder-volume[84004]: DEBUG oslo_concurrency.processutils [None req-0a9788a5-f674-4e8b-97c2-329ba42b630f tempest-ServerRescueNegativeTestJSON-1386955919 None] Running cmd (subprocess): /opt/stack/data/venv/bin/python3.12 -m oslo_concurrency.prlimit --as=1073741824 --cpu=60 -- sudo cinder-rootwrap /etc/cinder/rootwrap.conf env LC_ALL=C qemu-img info -f qcow2 --output=json --force-share /opt/stack/data/cinder/mnt/17a605da42a702c36b934ebd3ea673c4/volume-16f759af-7286-4857-9500-61bbf8f97288 {{(pid=84004) execute /opt/stack/data/venv/lib/python3.12/site-packages/oslo_concurrency/processutils.py:440}}
Apr 29 09:06:27 devstack sudo[86568]: quobyte : PWD=/ ; USER=root ; COMMAND=/opt/stack/data/venv/bin/cinder-rootwrap /etc/cinder/rootwrap.conf env LC_ALL=C qemu-img info -f qcow2 --output=json --force-share /opt/stack/data/cinder/mnt/17a605da42a702c36b934ebd3ea673c4/volume-16f759af-7286-4857-9500-61bbf8f97288
Apr 29 09:06:27 devstack sudo[86568]: pam_unix(sudo:session): session opened for user root(uid=0) by (uid=1000)
Apr 29 09:06:28 devstack sudo[86568]: pam_unix(sudo:session): session closed for user root
Apr 29 09:06:28 devstack cinder-volume[84004]: DEBUG oslo_concurrency.processutils [None req-0a9788a5-f674-4e8b-97c2-329ba42b630f tempest-ServerRescueNegativeTestJSON-1386955919 None] CMD "/opt/stack/data/venv/bin/python3.12 -m oslo_concurrency.prlimit --as=1073741824 --cpu=60 -- sudo cinder-rootwrap /etc/cinder/rootwrap.conf env LC_ALL=C qemu-img info -f qcow2 --output=json --force-share /opt/stack/data/cinder/mnt/17a605da42a702c36b934ebd3ea673c4/volume-16f759af-7286-4857-9500-61bbf8f97288" returned: 0 in 1.842s {{(pid=84004) execute /opt/stack/data/venv/lib/python3.12/site-packages/oslo_concurrency/processutils.py:468}}
Apr 29 09:06:28 devstack cinder-volume[84004]: DEBUG oslo_concurrency.processutils [None req-0a9788a5-f674-4e8b-97c2-329ba42b630f tempest-ServerRescueNegativeTestJSON-1386955919 None] Running cmd (subprocess): sudo cinder-rootwrap /etc/cinder/rootwrap.conf rm -f /opt/stack/data/cinder/mnt/17a605da42a702c36b934ebd3ea673c4/volume-16f759af-7286-4857-9500-61bbf8f97288 {{(pid=84004) execute /opt/stack/data/venv/lib/python3.12/site-packages/oslo_concurrency/processutils.py:440}}
Apr 29 09:06:28 devstack sudo[86573]: quobyte : PWD=/ ; USER=root ; COMMAND=/opt/stack/data/venv/bin/cinder-rootwrap /etc/cinder/rootwrap.conf rm -f /opt/stack/data/cinder/mnt/17a605da42a702c36b934ebd3ea673c4/volume-16f759af-7286-4857-9500-61bbf8f97288
Apr 29 09:06:28 devstack sudo[86573]: pam_unix(sudo:session): session opened for user root(uid=0) by (uid=1000)
Apr 29 09:06:29 devstack cinder-volume[84004]: DEBUG cinder.volume.flows.manager.create_volume [req-2cd008e6-bb1a-4363-b73b-d759bf919ae2 req-01411a75-3070-4945-aef6-0ddbaf2bc6d5 tempest-ServerBootFromVolumeStableRescueTest-530427371 None] Volume reschedule parameters: True retry: {'num_attempts': 1, 'backends': ['devstack@QuobyteHD#QuobyteHD'], 'hosts': ['devstack@QuobyteHD#QuobyteHD']} {{(pid=84004) get_flow /opt/stack/cinder/cinder/volume/flows/manager/create_volume.py:1395}}
Apr 29 09:06:29 devstack cinder-volume[84004]: DEBUG cinder.volume.manager [req-2cd008e6-bb1a-4363-b73b-d759bf919ae2 req-01411a75-3070-4945-aef6-0ddbaf2bc6d5 tempest-ServerBootFromVolumeStableRescueTest-530427371 None] Flow 'volume_create_manager' (223d35a7-dbd0-40a9-806b-cffcb3112455) transitioned into state 'RUNNING' from state 'PENDING' {{(pid=84004) _flow_receiver /opt/stack/data/venv/lib/python3.12/site-packages/taskflow/listeners/logging.py:145}}
