Feb 05 20:28:08 devstack cinder-volume[82875]: DEBUG oslo_concurrency.processutils [None req-9566ace5-5eef-46c8-959c-f4253992eb7b tempest-SnapshotsActionsTest-1286890608 None] Running cmd (subprocess): sudo cinder-rootwrap /etc/cinder/rootwrap.conf truncate -s0 /opt/stack/data/cinder/mnt/9b708b68e73cfd3888ce29f3eb8f8915/volume-69420ca4-ea99-4749-8cfc-aa764dfe80e8.info {{(pid=82875) execute /opt/stack/data/venv/lib/python3.10/site-packages/oslo_concurrency/processutils.py:368}}
Feb 05 20:28:08 devstack sudo[88169]: quobyte : PWD=/ ; USER=root ; COMMAND=/opt/stack/data/venv/bin/cinder-rootwrap /etc/cinder/rootwrap.conf truncate -s0 /opt/stack/data/cinder/mnt/9b708b68e73cfd3888ce29f3eb8f8915/volume-69420ca4-ea99-4749-8cfc-aa764dfe80e8.info
Feb 05 20:28:08 devstack sudo[88169]: pam_unix(sudo:session): session opened for user root(uid=0) by (uid=1000)
Feb 05 20:28:09 devstack sudo[88169]: pam_unix(sudo:session): session closed for user root
Feb 05 20:28:09 devstack cinder-volume[82875]: DEBUG oslo_concurrency.processutils [None req-9566ace5-5eef-46c8-959c-f4253992eb7b tempest-SnapshotsActionsTest-1286890608 None] CMD "sudo cinder-rootwrap /etc/cinder/rootwrap.conf truncate -s0 /opt/stack/data/cinder/mnt/9b708b68e73cfd3888ce29f3eb8f8915/volume-69420ca4-ea99-4749-8cfc-aa764dfe80e8.info" returned: 0 in 0.475s {{(pid=82875) execute /opt/stack/data/venv/lib/python3.10/site-packages/oslo_concurrency/processutils.py:396}}
Feb 05 20:28:09 devstack cinder-volume[82875]: WARNING cinder.volume.drivers.remotefs [None req-9566ace5-5eef-46c8-959c-f4253992eb7b tempest-SnapshotsActionsTest-1286890608 None] /opt/stack/data/cinder/mnt/9b708b68e73cfd3888ce29f3eb8f8915/volume-69420ca4-ea99-4749-8cfc-aa764dfe80e8.info is being set with open permissions: ugo+rw
Feb 05 20:28:09 devstack cinder-volume[82875]: DEBUG oslo_concurrency.processutils [None req-9566ace5-5eef-46c8-959c-f4253992eb7b tempest-SnapshotsActionsTest-1286890608 None] Running cmd (subprocess): sudo cinder-rootwrap /etc/cinder/rootwrap.conf chmod ugo+rw /opt/stack/data/cinder/mnt/9b708b68e73cfd3888ce29f3eb8f8915/volume-69420ca4-ea99-4749-8cfc-aa764dfe80e8.info {{(pid=82875) execute /opt/stack/data/venv/lib/python3.10/site-packages/oslo_concurrency/processutils.py:368}}
Feb 05 20:28:09 devstack sudo[88172]: quobyte : PWD=/ ; USER=root ; COMMAND=/opt/stack/data/venv/bin/cinder-rootwrap /etc/cinder/rootwrap.conf chmod ugo+rw /opt/stack/data/cinder/mnt/9b708b68e73cfd3888ce29f3eb8f8915/volume-69420ca4-ea99-4749-8cfc-aa764dfe80e8.info
Feb 05 20:28:09 devstack sudo[88172]: pam_unix(sudo:session): session opened for user root(uid=0) by (uid=1000)
Feb 05 20:28:09 devstack sudo[88172]: pam_unix(sudo:session): session closed for user root
Feb 05 20:28:09 devstack cinder-volume[82875]: DEBUG oslo_concurrency.processutils [None req-9566ace5-5eef-46c8-959c-f4253992eb7b tempest-SnapshotsActionsTest-1286890608 None] CMD "sudo cinder-rootwrap /etc/cinder/rootwrap.conf chmod ugo+rw /opt/stack/data/cinder/mnt/9b708b68e73cfd3888ce29f3eb8f8915/volume-69420ca4-ea99-4749-8cfc-aa764dfe80e8.info" returned: 0 in 0.481s {{(pid=82875) execute /opt/stack/data/venv/lib/python3.10/site-packages/oslo_concurrency/processutils.py:396}}
Feb 05 20:28:09 devstack cinder-volume[82875]: DEBUG oslo_concurrency.lockutils [None req-9566ace5-5eef-46c8-959c-f4253992eb7b tempest-SnapshotsActionsTest-1286890608 None] Lock "quobyte" "released" by "cinder.volume.drivers.quobyte.QuobyteDriver.create_snapshot" :: held 3.170s {{(pid=82875) inner /opt/stack/data/venv/lib/python3.10/site-packages/oslo_concurrency/lockutils.py:538}}
Feb 05 20:28:09 devstack cinder-volume[82875]: DEBUG oslo_concurrency.lockutils [req-eb5a17de-01f8-403d-8a29-95017772e30c req-49f6b93b-f0e9-49aa-a7a8-409ae7e9704b tempest-AttachSCSIVolumeTestJSON-1543786569 None] Lock "quobyte" acquired by "cinder.volume.drivers.quobyte.QuobyteDriver.initialize_connection" :: waited 2.738s {{(pid=82875) inner /opt/stack/data/venv/lib/python3.10/site-packages/oslo_concurrency/lockutils.py:519}}
Feb 05 20:28:09 devstack cinder-volume[82875]: DEBUG oslo.privsep.daemon [-] privsep: reply[2875f00d-7cdf-48d4-bd0c-799c5e5a664a]: (4, 'qcow2') {{(pid=83817) _call_back /opt/stack/data/venv/lib/python3.10/site-packages/oslo_privsep/daemon.py:515}}
Feb 05 20:28:09 devstack cinder-volume[82875]: DEBUG oslo_concurrency.processutils [req-eb5a17de-01f8-403d-8a29-95017772e30c req-49f6b93b-f0e9-49aa-a7a8-409ae7e9704b tempest-AttachSCSIVolumeTestJSON-1543786569 None] Running cmd (subprocess): /opt/stack/data/venv/bin/python3.10 -m oslo_concurrency.prlimit --as=1073741824 --cpu=60 -- sudo cinder-rootwrap /etc/cinder/rootwrap.conf env LC_ALL=C qemu-img info -f qcow2 --output=json --force-share /opt/stack/data/cinder/mnt/9b708b68e73cfd3888ce29f3eb8f8915/volume-96c72013-e781-48ab-be19-98b7bfae6421 {{(pid=82875) execute /opt/stack/data/venv/lib/python3.10/site-packages/oslo_concurrency/processutils.py:368}}
Feb 05 20:28:09 devstack cinder-volume[82875]: INFO cinder.volume.manager [None req-9566ace5-5eef-46c8-959c-f4253992eb7b tempest-SnapshotsActionsTest-1286890608 None] Create snapshot completed successfully
Feb 05 20:28:10 devstack sudo[88176]: quobyte : PWD=/ ; USER=root ; COMMAND=/opt/stack/data/venv/bin/cinder-rootwrap /etc/cinder/rootwrap.conf env LC_ALL=C qemu-img info -f qcow2 --output=json --force-share /opt/stack/data/cinder/mnt/9b708b68e73cfd3888ce29f3eb8f8915/volume-96c72013-e781-48ab-be19-98b7bfae6421
Feb 05 20:28:10 devstack sudo[88176]: pam_unix(sudo:session): session opened for user root(uid=0) by (uid=1000)
Feb 05 20:28:10 devstack sudo[88176]: pam_unix(sudo:session): session closed for user root
Feb 05 20:28:10 devstack cinder-volume[82875]: DEBUG oslo_concurrency.processutils [req-eb5a17de-01f8-403d-8a29-95017772e30c req-49f6b93b-f0e9-49aa-a7a8-409ae7e9704b tempest-AttachSCSIVolumeTestJSON-1543786569 None] CMD "/opt/stack/data/venv/bin/python3.10 -m oslo_concurrency.prlimit --as=1073741824 --cpu=60 -- sudo cinder-rootwrap /etc/cinder/rootwrap.conf env LC_ALL=C qemu-img info -f qcow2 --output=json --force-share /opt/stack/data/cinder/mnt/9b708b68e73cfd3888ce29f3eb8f8915/volume-96c72013-e781-48ab-be19-98b7bfae6421" returned: 0 in 0.658s {{(pid=82875) execute /opt/stack/data/venv/lib/python3.10/site-packages/oslo_concurrency/processutils.py:396}}
Feb 05 20:28:10 devstack cinder-volume[82875]: DEBUG oslo_concurrency.lockutils [req-eb5a17de-01f8-403d-8a29-95017772e30c req-49f6b93b-f0e9-49aa-a7a8-409ae7e9704b tempest-AttachSCSIVolumeTestJSON-1543786569 None] Lock "quobyte" "released" by "cinder.volume.drivers.quobyte.QuobyteDriver.initialize_connection" :: held 0.671s {{(pid=82875) inner /opt/stack/data/venv/lib/python3.10/site-packages/oslo_concurrency/lockutils.py:538}}
Feb 05 20:28:10 devstack cinder-volume[82875]: DEBUG cinder.volume.manager [req-eb5a17de-01f8-403d-8a29-95017772e30c req-49f6b93b-f0e9-49aa-a7a8-409ae7e9704b tempest-AttachSCSIVolumeTestJSON-1543786569 None] Connection info returned from driver {'export': 'osci02.corp.quobyte.com/cinder-vol-71d323bf-b840-456f-b2ad-175600fce3f7', 'name': 'volume-96c72013-e781-48ab-be19-98b7bfae6421', 'options': None, 'format': 'qcow2', 'qos_specs': None, 'access_mode': 'rw', 'encrypted': False, 'cacheable': False, 'driver_volume_type': 'quobyte', 'mount_point_base': '/opt/stack/data/cinder/mnt', 'attachment_id': '9639f98d-77ed-428c-a3d0-4faa95b3041f', 'enforce_multipath': True} {{(pid=82875) _connection_create /opt/stack/cinder/cinder/volume/manager.py:4924}}
Feb 05 20:28:10 devstack cinder-volume[82875]: WARNING cinder.volume.volume_utils [req-eb5a17de-01f8-403d-8a29-95017772e30c req-49f6b93b-f0e9-49aa-a7a8-409ae7e9704b tempest-AttachSCSIVolumeTestJSON-1543786569 None] Volume driver (QuobyteDriver 1.1.14) is currently unsupported and may be removed in the next release of OpenStack. Use at your own risk.
Feb 05 20:28:10 devstack cinder-volume[82875]: INFO cinder.volume.manager [req-eb5a17de-01f8-403d-8a29-95017772e30c req-49f6b93b-f0e9-49aa-a7a8-409ae7e9704b tempest-AttachSCSIVolumeTestJSON-1543786569 None] attachment_update completed successfully.
Feb 05 20:28:11 devstack cinder-volume[82875]: WARNING cinder.volume.volume_utils [None req-b3cd7703-bb55-4549-acd5-24e446baadda tempest-SnapshotsActionsTest-1286890608 None] Volume driver (QuobyteDriver 1.1.14) is currently unsupported and may be removed in the next release of OpenStack. Use at your own risk.
Feb 05 20:28:11 devstack cinder-volume[82875]: DEBUG oslo_concurrency.lockutils [None req-b3cd7703-bb55-4549-acd5-24e446baadda tempest-SnapshotsActionsTest-1286890608 None] Acquiring lock "quobyte" by "cinder.volume.drivers.quobyte.QuobyteDriver.create_snapshot" {{(pid=82875) inner /opt/stack/data/venv/lib/python3.10/site-packages/oslo_concurrency/lockutils.py:506}}
Feb 05 20:28:11 devstack cinder-volume[82875]: DEBUG oslo_concurrency.lockutils [None req-b3cd7703-bb55-4549-acd5-24e446baadda tempest-SnapshotsActionsTest-1286890608 None] Lock "quobyte" acquired by "cinder.volume.drivers.quobyte.QuobyteDriver.create_snapshot" :: waited 0.002s {{(pid=82875) inner /opt/stack/data/venv/lib/python3.10/site-packages/oslo_concurrency/lockutils.py:519}}
Feb 05 20:28:11 devstack cinder-volume[82875]: DEBUG cinder.volume.drivers.remotefs [None req-b3cd7703-bb55-4549-acd5-24e446baadda tempest-SnapshotsActionsTest-1286890608 None] Creating offline snapshot 592f5c1d-29df-4c94-abf0-9b118877fd27 of volume 69420ca4-ea99-4749-8cfc-aa764dfe80e8 {{(pid=82875) _create_snapshot /opt/stack/cinder/cinder/volume/drivers/remotefs.py:1817}}
Feb 05 20:28:11 devstack cinder-volume[82875]: DEBUG oslo.privsep.daemon [-] privsep: reply[2bb37f5b-91dd-4191-ae80-21dd2d28a8bb]: (4, 'qcow2') {{(pid=83817) _call_back /opt/stack/data/venv/lib/python3.10/site-packages/oslo_privsep/daemon.py:515}}
Feb 05 20:28:11 devstack cinder-volume[82875]: DEBUG oslo_concurrency.processutils [None req-b3cd7703-bb55-4549-acd5-24e446baadda tempest-SnapshotsActionsTest-1286890608 None] Running cmd (subprocess): /opt/stack/data/venv/bin/python3.10 -m oslo_concurrency.prlimit --as=1073741824 --cpu=60 -- sudo cinder-rootwrap /etc/cinder/rootwrap.conf env LC_ALL=C qemu-img info -f qcow2 --output=json --force-share /opt/stack/data/cinder/mnt/9b708b68e73cfd3888ce29f3eb8f8915/volume-69420ca4-ea99-4749-8cfc-aa764dfe80e8.0c051aaa-8b90-4821-9d3a-03d63f156f96 {{(pid=82875) execute /opt/stack/data/venv/lib/python3.10/site-packages/oslo_concurrency/processutils.py:368}}
Feb 05 20:28:11 devstack sudo[88248]: quobyte : PWD=/ ; USER=root ; COMMAND=/opt/stack/data/venv/bin/cinder-rootwrap /etc/cinder/rootwrap.conf env LC_ALL=C qemu-img info -f qcow2 --output=json --force-share /opt/stack/data/cinder/mnt/9b708b68e73cfd3888ce29f3eb8f8915/volume-69420ca4-ea99-4749-8cfc-aa764dfe80e8.0c051aaa-8b90-4821-9d3a-03d63f156f96
Feb 05 20:28:11 devstack sudo[88248]: pam_unix(sudo:session): session opened for user root(uid=0) by (uid=1000)
Feb 05 20:28:11 devstack cinder-volume[82875]: DEBUG dbcounter [-] [82875] Writing DB stats cinder:SELECT=124,cinder:UPDATE=118,cinder:DELETE=7,cinder:INSERT=36 {{(pid=82875) stat_writer /opt/stack/data/venv/lib/python3.10/site-packages/dbcounter.py:115}}
Feb 05 20:28:11 devstack cinder-volume[82875]: DEBUG dbcounter [-] [82875] Writing DB stats cinder:SELECT=120,cinder:INSERT=29,cinder:UPDATE=110,cinder:DELETE=4 {{(pid=82875) stat_writer /opt/stack/data/venv/lib/python3.10/site-packages/dbcounter.py:115}}
Feb 05 20:28:11 devstack cinder-volume[82875]: DEBUG oslo_concurrency.lockutils [req-f5017b20-3442-4523-abac-e9393700b11e req-33175dd3-9218-4a00-bd8d-3cb7b0ad2caf tempest-ServerActionsV293TestJSON-1201301093 None] Acquiring lock "quobyte" by "cinder.volume.drivers.quobyte.QuobyteDriver.initialize_connection" {{(pid=82875) inner /opt/stack/data/venv/lib/python3.10/site-packages/oslo_concurrency/lockutils.py:506}}
Feb 05 20:28:12 devstack sudo[88248]: pam_unix(sudo:session): session closed for user root
Feb 05 20:28:12 devstack cinder-volume[82875]: DEBUG oslo_concurrency.processutils [None req-b3cd7703-bb55-4549-acd5-24e446baadda tempest-SnapshotsActionsTest-1286890608 None] CMD "/opt/stack/data/venv/bin/python3.10 -m oslo_concurrency.prlimit --as=1073741824 --cpu=60 -- sudo cinder-rootwrap /etc/cinder/rootwrap.conf env LC_ALL=C qemu-img info -f qcow2 --output=json --force-share /opt/stack/data/cinder/mnt/9b708b68e73cfd3888ce29f3eb8f8915/volume-69420ca4-ea99-4749-8cfc-aa764dfe80e8.0c051aaa-8b90-4821-9d3a-03d63f156f96" returned: 0 in 0.873s {{(pid=82875) execute /opt/stack/data/venv/lib/python3.10/site-packages/oslo_concurrency/processutils.py:396}}
Feb 05 20:28:12 devstack cinder-volume[82875]: DEBUG cinder.volume.drivers.remotefs [None req-b3cd7703-bb55-4549-acd5-24e446baadda tempest-SnapshotsActionsTest-1286890608 None] Fetching qemu-img info with special backing_file_template: (/opt/stack/data/cinder/mnt/[0-9a-f]+/)?(volume-69420ca4-ea99-4749-8cfc-aa764dfe80e8(.(tmp-snap-)?[0-9a-f-]+)?|volume_from_snapshot_cache/(tmp-snap-)?[0-9a-f-]+(.(child-|parent-)[0-9a-f-]+)?)$ {{(pid=82875) _qemu_img_info_base /opt/stack/cinder/cinder/volume/drivers/remotefs.py:898}}
Feb 05 20:28:12 devstack cinder-volume[82875]: DEBUG oslo_concurrency.processutils [None req-b3cd7703-bb55-4549-acd5-24e446baadda tempest-SnapshotsActionsTest-1286890608 None] Running cmd (subprocess): sudo cinder-rootwrap /etc/cinder/rootwrap.conf qemu-img create -f qcow2 -o backing_file=/opt/stack/data/cinder/mnt/9b708b68e73cfd3888ce29f3eb8f8915/volume-69420ca4-ea99-4749-8cfc-aa764dfe80e8.0c051aaa-8b90-4821-9d3a-03d63f156f96,backing_fmt=qcow2 /opt/stack/data/cinder/mnt/9b708b68e73cfd3888ce29f3eb8f8915/volume-69420ca4-ea99-4749-8cfc-aa764dfe80e8.592f5c1d-29df-4c94-abf0-9b118877fd27 1G {{(pid=82875) execute /opt/stack/data/venv/lib/python3.10/site-packages/oslo_concurrency/processutils.py:368}}
Feb 05 20:28:12 devstack sudo[88581]: quobyte : PWD=/ ; USER=root ; COMMAND=/opt/stack/data/venv/bin/cinder-rootwrap /etc/cinder/rootwrap.conf qemu-img create -f qcow2 -o backing_file=/opt/stack/data/cinder/mnt/9b708b68e73cfd3888ce29f3eb8f8915/volume-69420ca4-ea99-4749-8cfc-aa764dfe80e8.0c051aaa-8b90-4821-9d3a-03d63f156f96,backing_fmt=qcow2 /opt/stack/data/cinder/mnt/9b708b68e73cfd3888ce29f3eb8f8915/volume-69420ca4-ea99-4749-8cfc-aa764dfe80e8.592f5c1d-29df-4c94-abf0-9b118877fd27 1G
Feb 05 20:28:12 devstack sudo[88581]: pam_unix(sudo:session): session opened for user root(uid=0) by (uid=1000)
Feb 05 20:28:12 devstack sudo[88581]: pam_unix(sudo:session): session closed for user root
Feb 05 20:28:12 devstack cinder-volume[82875]: DEBUG oslo_concurrency.processutils [None req-b3cd7703-bb55-4549-acd5-24e446baadda tempest-SnapshotsActionsTest-1286890608 None] CMD "sudo cinder-rootwrap /etc/cinder/rootwrap.conf qemu-img create -f qcow2 -o backing_file=/opt/stack/data/cinder/mnt/9b708b68e73cfd3888ce29f3eb8f8915/volume-69420ca4-ea99-4749-8cfc-aa764dfe80e8.0c051aaa-8b90-4821-9d3a-03d63f156f96,backing_fmt=qcow2 /opt/stack/data/cinder/mnt/9b708b68e73cfd3888ce29f3eb8f8915/volume-69420ca4-ea99-4749-8cfc-aa764dfe80e8.592f5c1d-29df-4c94-abf0-9b118877fd27 1G" returned: 0 in 0.594s {{(pid=82875) execute /opt/stack/data/venv/lib/python3.10/site-packages/oslo_concurrency/processutils.py:396}}
Feb 05 20:28:12 devstack cinder-volume[82875]: DEBUG oslo_concurrency.processutils [None req-b3cd7703-bb55-4549-acd5-24e446baadda tempest-SnapshotsActionsTest-1286890608 None] Running cmd (subprocess): sudo cinder-rootwrap /etc/cinder/rootwrap.conf qemu-img rebase -u -b volume-69420ca4-ea99-4749-8cfc-aa764dfe80e8.0c051aaa-8b90-4821-9d3a-03d63f156f96 -F qcow2 /opt/stack/data/cinder/mnt/9b708b68e73cfd3888ce29f3eb8f8915/volume-69420ca4-ea99-4749-8cfc-aa764dfe80e8.592f5c1d-29df-4c94-abf0-9b118877fd27 {{(pid=82875) execute /opt/stack/data/venv/lib/python3.10/site-packages/oslo_concurrency/processutils.py:368}}
Feb 05 20:28:12 devstack sudo[88586]: quobyte : PWD=/ ; USER=root ; COMMAND=/opt/stack/data/venv/bin/cinder-rootwrap /etc/cinder/rootwrap.conf qemu-img rebase -u -b volume-69420ca4-ea99-4749-8cfc-aa764dfe80e8.0c051aaa-8b90-4821-9d3a-03d63f156f96 -F qcow2 /opt/stack/data/cinder/mnt/9b708b68e73cfd3888ce29f3eb8f8915/volume-69420ca4-ea99-4749-8cfc-aa764dfe80e8.592f5c1d-29df-4c94-abf0-9b118877fd27
Feb 05 20:28:12 devstack sudo[88586]: pam_unix(sudo:session): session opened for user root(uid=0) by (uid=1000)
Feb 05 20:28:13 devstack sudo[88586]: pam_unix(sudo:session): session closed for user root
Feb 05 20:28:13 devstack cinder-volume[82875]: DEBUG oslo_concurrency.processutils [None req-b3cd7703-bb55-4549-acd5-24e446baadda tempest-SnapshotsActionsTest-1286890608 None] CMD "sudo cinder-rootwrap /etc/cinder/rootwrap.conf qemu-img rebase -u -b volume-69420ca4-ea99-4749-8cfc-aa764dfe80e8.0c051aaa-8b90-4821-9d3a-03d63f156f96 -F qcow2 /opt/stack/data/cinder/mnt/9b708b68e73cfd3888ce29f3eb8f8915/volume-69420ca4-ea99-4749-8cfc-aa764dfe80e8.592f5c1d-29df-4c94-abf0-9b118877fd27" returned: 0 in 0.470s {{(pid=82875) execute /opt/stack/data/venv/lib/python3.10/site-packages/oslo_concurrency/processutils.py:396}}
Feb 05 20:28:13 devstack cinder-volume[82875]: WARNING cinder.volume.drivers.remotefs [None req-b3cd7703-bb55-4549-acd5-24e446baadda tempest-SnapshotsActionsTest-1286890608 None] /opt/stack/data/cinder/mnt/9b708b68e73cfd3888ce29f3eb8f8915/volume-69420ca4-ea99-4749-8cfc-aa764dfe80e8.592f5c1d-29df-4c94-abf0-9b118877fd27 is being set with open permissions: ugo+rw
Feb 05 20:28:13 devstack cinder-volume[82875]: DEBUG oslo_concurrency.processutils [None req-b3cd7703-bb55-4549-acd5-24e446baadda tempest-SnapshotsActionsTest-1286890608 None] Running cmd (subprocess): sudo cinder-rootwrap /etc/cinder/rootwrap.conf chmod ugo+rw /opt/stack/data/cinder/mnt/9b708b68e73cfd3888ce29f3eb8f8915/volume-69420ca4-ea99-4749-8cfc-aa764dfe80e8.592f5c1d-29df-4c94-abf0-9b118877fd27 {{(pid=82875) execute /opt/stack/data/venv/lib/python3.10/site-packages/oslo_concurrency/processutils.py:368}}
Feb 05 20:28:13 devstack sudo[88591]: quobyte : PWD=/ ; USER=root ; COMMAND=/opt/stack/data/venv/bin/cinder-rootwrap /etc/cinder/rootwrap.conf chmod ugo+rw /opt/stack/data/cinder/mnt/9b708b68e73cfd3888ce29f3eb8f8915/volume-69420ca4-ea99-4749-8cfc-aa764dfe80e8.592f5c1d-29df-4c94-abf0-9b118877fd27
Feb 05 20:28:13 devstack sudo[88591]: pam_unix(sudo:session): session opened for user root(uid=0) by (uid=1000)
Feb 05 20:28:13 devstack sudo[88591]: pam_unix(sudo:session): session closed for user root
Feb 05 20:28:13 devstack cinder-volume[82875]: DEBUG oslo_concurrency.processutils [None req-b3cd7703-bb55-4549-acd5-24e446baadda tempest-SnapshotsActionsTest-1286890608 None] CMD "sudo cinder-rootwrap /etc/cinder/rootwrap.conf chmod ugo+rw /opt/stack/data/cinder/mnt/9b708b68e73cfd3888ce29f3eb8f8915/volume-69420ca4-ea99-4749-8cfc-aa764dfe80e8.592f5c1d-29df-4c94-abf0-9b118877fd27" returned: 0 in 0.441s {{(pid=82875) execute /opt/stack/data/venv/lib/python3.10/site-packages/oslo_concurrency/processutils.py:396}}
Feb 05 20:28:13 devstack cinder-volume[82875]: DEBUG oslo_concurrency.lockutils [None req-b3cd7703-bb55-4549-acd5-24e446baadda tempest-SnapshotsActionsTest-1286890608 None] Lock "quobyte" "released" by "cinder.volume.drivers.quobyte.QuobyteDriver.create_snapshot" :: held 2.441s {{(pid=82875) inner /opt/stack/data/venv/lib/python3.10/site-packages/oslo_concurrency/lockutils.py:538}}
Feb 05 20:28:13 devstack cinder-volume[82875]: DEBUG oslo_concurrency.lockutils [req-f5017b20-3442-4523-abac-e9393700b11e req-33175dd3-9218-4a00-bd8d-3cb7b0ad2caf tempest-ServerActionsV293TestJSON-1201301093 None] Lock "quobyte" acquired by "cinder.volume.drivers.quobyte.QuobyteDriver.initialize_connection" :: waited 1.690s {{(pid=82875) inner /opt/stack/data/venv/lib/python3.10/site-packages/oslo_concurrency/lockutils.py:519}}
Feb 05 20:28:13 devstack cinder-volume[82875]: INFO cinder.volume.manager [None req-b3cd7703-bb55-4549-acd5-24e446baadda tempest-SnapshotsActionsTest-1286890608 None] Create snapshot completed successfully
Feb 05 20:28:13 devstack cinder-volume[82875]: DEBUG oslo.privsep.daemon [-] privsep: reply[d039fa22-5a6e-47ab-83f2-afda3ca01a88]: (4, 'raw') {{(pid=83817) _call_back /opt/stack/data/venv/lib/python3.10/site-packages/oslo_privsep/daemon.py:515}}
Feb 05 20:28:13 devstack cinder-volume[82875]: DEBUG oslo_concurrency.processutils [req-f5017b20-3442-4523-abac-e9393700b11e req-33175dd3-9218-4a00-bd8d-3cb7b0ad2caf tempest-ServerActionsV293TestJSON-1201301093 None] Running cmd (subprocess): /opt/stack/data/venv/bin/python3.10 -m oslo_concurrency.prlimit --as=1073741824 --cpu=60 -- sudo cinder-rootwrap /etc/cinder/rootwrap.conf env LC_ALL=C qemu-img info -f raw --output=json --force-share /opt/stack/data/cinder/mnt/9b708b68e73cfd3888ce29f3eb8f8915/volume-1d0d541e-307d-45f1-acfb-044d1e97b458 {{(pid=82875) execute /opt/stack/data/venv/lib/python3.10/site-packages/oslo_concurrency/processutils.py:368}}
Feb 05 20:28:13 devstack sudo[88594]: quobyte : PWD=/ ; USER=root ; COMMAND=/opt/stack/data/venv/bin/cinder-rootwrap /etc/cinder/rootwrap.conf env LC_ALL=C qemu-img info -f raw --output=json --force-share /opt/stack/data/cinder/mnt/9b708b68e73cfd3888ce29f3eb8f8915/volume-1d0d541e-307d-45f1-acfb-044d1e97b458
Feb 05 20:28:13 devstack sudo[88594]: pam_unix(sudo:session): session opened for user root(uid=0) by (uid=1000)
Feb 05 20:28:14 devstack sudo[88594]: pam_unix(sudo:session): session closed for user root
Feb 05 20:28:14 devstack cinder-volume[82875]: DEBUG oslo_concurrency.processutils [req-f5017b20-3442-4523-abac-e9393700b11e req-33175dd3-9218-4a00-bd8d-3cb7b0ad2caf tempest-ServerActionsV293TestJSON-1201301093 None] CMD "/opt/stack/data/venv/bin/python3.10 -m oslo_concurrency.prlimit --as=1073741824 --cpu=60 -- sudo cinder-rootwrap /etc/cinder/rootwrap.conf env LC_ALL=C qemu-img info -f raw --output=json --force-share /opt/stack/data/cinder/mnt/9b708b68e73cfd3888ce29f3eb8f8915/volume-1d0d541e-307d-45f1-acfb-044d1e97b458" returned: 0 in 0.604s {{(pid=82875) execute /opt/stack/data/venv/lib/python3.10/site-packages/oslo_concurrency/processutils.py:396}}
Feb 05 20:28:14 devstack cinder-volume[82875]: DEBUG oslo_concurrency.processutils [req-f5017b20-3442-4523-abac-e9393700b11e req-33175dd3-9218-4a00-bd8d-3cb7b0ad2caf tempest-ServerActionsV293TestJSON-1201301093 None] Running cmd (subprocess): /opt/stack/data/venv/bin/python3.10 -m oslo_concurrency.prlimit --as=1073741824 --cpu=60 -- sudo cinder-rootwrap /etc/cinder/rootwrap.conf env LC_ALL=C qemu-img info -f luks --output=json --force-share /opt/stack/data/cinder/mnt/9b708b68e73cfd3888ce29f3eb8f8915/volume-1d0d541e-307d-45f1-acfb-044d1e97b458 {{(pid=82875) execute /opt/stack/data/venv/lib/python3.10/site-packages/oslo_concurrency/processutils.py:368}}
Feb 05 20:28:14 devstack sudo[88598]: quobyte : PWD=/ ; USER=root ; COMMAND=/opt/stack/data/venv/bin/cinder-rootwrap /etc/cinder/rootwrap.conf env LC_ALL=C qemu-img info -f luks --output=json --force-share /opt/stack/data/cinder/mnt/9b708b68e73cfd3888ce29f3eb8f8915/volume-1d0d541e-307d-45f1-acfb-044d1e97b458
Feb 05 20:28:14 devstack sudo[88598]: pam_unix(sudo:session): session opened for user root(uid=0) by (uid=1000)
Feb 05 20:28:14 devstack cinder-volume[82875]: DEBUG cinder.coordination [None req-5f577903-b399-4be7-8e93-0b1e495841fe tempest-SnapshotsActionsTest-60270282 None] Acquiring lock "cinder-592f5c1d-29df-4c94-abf0-9b118877fd27-delete_snapshot" by "delete_snapshot" {{(pid=82875) __acquire /opt/stack/cinder/cinder/coordination.py:143}}
Feb 05 20:28:14 devstack cinder-volume[82875]: DEBUG cinder.coordination [None req-5f577903-b399-4be7-8e93-0b1e495841fe tempest-SnapshotsActionsTest-60270282 None] Lock "cinder-592f5c1d-29df-4c94-abf0-9b118877fd27-delete_snapshot" acquired by "delete_snapshot" :: waited 0.010s {{(pid=82875) __acquire /opt/stack/cinder/cinder/coordination.py:146}}
Feb 05 20:28:14 devstack cinder-volume[82875]: WARNING cinder.volume.volume_utils [None req-5f577903-b399-4be7-8e93-0b1e495841fe tempest-SnapshotsActionsTest-60270282 None] Volume driver (QuobyteDriver 1.1.14) is currently unsupported and may be removed in the next release of OpenStack. Use at your own risk.
Feb 05 20:28:14 devstack cinder-volume[82875]: DEBUG cinder.coordination [None req-5f577903-b399-4be7-8e93-0b1e495841fe tempest-SnapshotsActionsTest-60270282 None] Acquiring lock "cinder-quobyte-69420ca4-ea99-4749-8cfc-aa764dfe80e8" by "delete_snapshot" {{(pid=82875) __acquire /opt/stack/cinder/cinder/coordination.py:143}}
Feb 05 20:28:14 devstack cinder-volume[82875]: DEBUG cinder.coordination [None req-5f577903-b399-4be7-8e93-0b1e495841fe tempest-SnapshotsActionsTest-60270282 None] Lock "cinder-quobyte-69420ca4-ea99-4749-8cfc-aa764dfe80e8" acquired by "delete_snapshot" :: waited 0.006s {{(pid=82875) __acquire /opt/stack/cinder/cinder/coordination.py:146}}
Feb 05 20:28:14 devstack cinder-volume[82875]: DEBUG cinder.coordination [None req-5f577903-b399-4be7-8e93-0b1e495841fe tempest-SnapshotsActionsTest-60270282 None] Acquiring lock "cinder-quobyte-592f5c1d-29df-4c94-abf0-9b118877fd27" by "_delete_snapshot" {{(pid=82875) __acquire /opt/stack/cinder/cinder/coordination.py:143}}
Feb 05 20:28:14 devstack cinder-volume[82875]: DEBUG cinder.coordination [None req-5f577903-b399-4be7-8e93-0b1e495841fe tempest-SnapshotsActionsTest-60270282 None] Lock "cinder-quobyte-592f5c1d-29df-4c94-abf0-9b118877fd27" acquired by "_delete_snapshot" :: waited 0.007s {{(pid=82875) __acquire /opt/stack/cinder/cinder/coordination.py:146}}
Feb 05 20:28:14 devstack cinder-volume[82875]: DEBUG cinder.volume.drivers.remotefs [None req-5f577903-b399-4be7-8e93-0b1e495841fe tempest-SnapshotsActionsTest-60270282 None] Deleting offline snapshot 592f5c1d-29df-4c94-abf0-9b118877fd27 of volume 69420ca4-ea99-4749-8cfc-aa764dfe80e8 {{(pid=82875) _delete_snapshot /opt/stack/cinder/cinder/volume/drivers/remotefs.py:1290}}
Feb 05 20:28:14 devstack cinder-volume[82875]: DEBUG cinder.volume.drivers.remotefs [None req-5f577903-b399-4be7-8e93-0b1e495841fe tempest-SnapshotsActionsTest-60270282 None] snapshot_file for this snap is: volume-69420ca4-ea99-4749-8cfc-aa764dfe80e8.592f5c1d-29df-4c94-abf0-9b118877fd27 {{(pid=82875) _delete_snapshot /opt/stack/cinder/cinder/volume/drivers/remotefs.py:1319}}
Feb 05 20:28:14 devstack cinder-volume[82875]: DEBUG oslo.privsep.daemon [-] privsep: reply[6b8f85c3-21a3-4127-a8cc-974d516dce94]: (4, 'qcow2') {{(pid=83817) _call_back /opt/stack/data/venv/lib/python3.10/site-packages/oslo_privsep/daemon.py:515}}
Feb 05 20:28:14 devstack cinder-volume[82875]: DEBUG oslo_concurrency.processutils [None req-5f577903-b399-4be7-8e93-0b1e495841fe tempest-SnapshotsActionsTest-60270282 None] Running cmd (subprocess): /opt/stack/data/venv/bin/python3.10 -m oslo_concurrency.prlimit --as=1073741824 --cpu=60 -- sudo cinder-rootwrap /etc/cinder/rootwrap.conf env LC_ALL=C qemu-img info -f qcow2 --output=json --force-share /opt/stack/data/cinder/mnt/9b708b68e73cfd3888ce29f3eb8f8915/volume-69420ca4-ea99-4749-8cfc-aa764dfe80e8.592f5c1d-29df-4c94-abf0-9b118877fd27 {{(pid=82875) execute /opt/stack/data/venv/lib/python3.10/site-packages/oslo_concurrency/processutils.py:368}}
Feb 05 20:28:14 devstack sudo[88600]: quobyte : PWD=/ ; USER=root ; COMMAND=/opt/stack/data/venv/bin/cinder-rootwrap /etc/cinder/rootwrap.conf env LC_ALL=C qemu-img info -f qcow2 --output=json --force-share /opt/stack/data/cinder/mnt/9b708b68e73cfd3888ce29f3eb8f8915/volume-69420ca4-ea99-4749-8cfc-aa764dfe80e8.592f5c1d-29df-4c94-abf0-9b118877fd27
Feb 05 20:28:14 devstack sudo[88600]: pam_unix(sudo:session): session opened for user root(uid=0) by (uid=1000)
Feb 05 20:28:14 devstack sudo[88598]: pam_unix(sudo:session): session closed for user root
Feb 05 20:28:14 devstack cinder-volume[82875]: DEBUG oslo_concurrency.processutils [req-f5017b20-3442-4523-abac-e9393700b11e req-33175dd3-9218-4a00-bd8d-3cb7b0ad2caf tempest-ServerActionsV293TestJSON-1201301093 None] CMD "/opt/stack/data/venv/bin/python3.10 -m oslo_concurrency.prlimit --as=1073741824 --cpu=60 -- sudo cinder-rootwrap /etc/cinder/rootwrap.conf env LC_ALL=C qemu-img info -f luks --output=json --force-share /opt/stack/data/cinder/mnt/9b708b68e73cfd3888ce29f3eb8f8915/volume-1d0d541e-307d-45f1-acfb-044d1e97b458" returned: 1 in 0.601s {{(pid=82875) execute /opt/stack/data/venv/lib/python3.10/site-packages/oslo_concurrency/processutils.py:396}}
Feb 05 20:28:14 devstack cinder-volume[82875]: DEBUG oslo_concurrency.processutils [req-f5017b20-3442-4523-abac-e9393700b11e req-33175dd3-9218-4a00-bd8d-3cb7b0ad2caf tempest-ServerActionsV293TestJSON-1201301093 None] '/opt/stack/data/venv/bin/python3.10 -m oslo_concurrency.prlimit --as=1073741824 --cpu=60 -- sudo cinder-rootwrap /etc/cinder/rootwrap.conf env LC_ALL=C qemu-img info -f luks --output=json --force-share /opt/stack/data/cinder/mnt/9b708b68e73cfd3888ce29f3eb8f8915/volume-1d0d541e-307d-45f1-acfb-044d1e97b458' failed. Not Retrying. {{(pid=82875) execute /opt/stack/data/venv/lib/python3.10/site-packages/oslo_concurrency/processutils.py:471}}
Feb 05 20:28:14 devstack cinder-volume[82875]: DEBUG oslo_concurrency.lockutils [req-f5017b20-3442-4523-abac-e9393700b11e req-33175dd3-9218-4a00-bd8d-3cb7b0ad2caf tempest-ServerActionsV293TestJSON-1201301093 None] Lock "quobyte" "released" by "cinder.volume.drivers.quobyte.QuobyteDriver.initialize_connection" :: held 1.236s {{(pid=82875) inner /opt/stack/data/venv/lib/python3.10/site-packages/oslo_concurrency/lockutils.py:538}}
Feb 05 20:28:14 devstack cinder-volume[82875]: DEBUG cinder.volume.manager [req-f5017b20-3442-4523-abac-e9393700b11e req-33175dd3-9218-4a00-bd8d-3cb7b0ad2caf tempest-ServerActionsV293TestJSON-1201301093 None] Connection info returned from driver {'export': 'osci02.corp.quobyte.com/cinder-vol-71d323bf-b840-456f-b2ad-175600fce3f7', 'name': 'volume-1d0d541e-307d-45f1-acfb-044d1e97b458', 'options': None, 'format': 'raw', 'qos_specs': None, 'access_mode': 'rw', 'encrypted': False, 'cacheable': False, 'driver_volume_type': 'quobyte', 'mount_point_base': '/opt/stack/data/cinder/mnt', 'attachment_id': '68853e56-9cc2-41b5-b47c-c738b72763d5', 'enforce_multipath': True} {{(pid=82875) _connection_create /opt/stack/cinder/cinder/volume/manager.py:4924}}
Feb 05 20:28:14 devstack cinder-volume[82875]: WARNING cinder.volume.volume_utils [req-f5017b20-3442-4523-abac-e9393700b11e req-33175dd3-9218-4a00-bd8d-3cb7b0ad2caf tempest-ServerActionsV293TestJSON-1201301093 None] Volume driver (QuobyteDriver 1.1.14) is currently unsupported and may be removed in the next release of OpenStack. Use at your own risk.
Feb 05 20:28:14 devstack cinder-volume[82875]: INFO cinder.volume.manager [req-f5017b20-3442-4523-abac-e9393700b11e req-33175dd3-9218-4a00-bd8d-3cb7b0ad2caf tempest-ServerActionsV293TestJSON-1201301093 None] attachment_update completed successfully.
Feb 05 20:28:15 devstack sudo[88600]: pam_unix(sudo:session): session closed for user root
Feb 05 20:28:15 devstack cinder-volume[82875]: DEBUG oslo_concurrency.processutils [None req-5f577903-b399-4be7-8e93-0b1e495841fe tempest-SnapshotsActionsTest-60270282 None] CMD "/opt/stack/data/venv/bin/python3.10 -m oslo_concurrency.prlimit --as=1073741824 --cpu=60 -- sudo cinder-rootwrap /etc/cinder/rootwrap.conf env LC_ALL=C qemu-img info -f qcow2 --output=json --force-share /opt/stack/data/cinder/mnt/9b708b68e73cfd3888ce29f3eb8f8915/volume-69420ca4-ea99-4749-8cfc-aa764dfe80e8.592f5c1d-29df-4c94-abf0-9b118877fd27" returned: 0 in 0.668s {{(pid=82875) execute /opt/stack/data/venv/lib/python3.10/site-packages/oslo_concurrency/processutils.py:396}}
Feb 05 20:28:15 devstack cinder-volume[82875]: DEBUG cinder.volume.drivers.remotefs [None req-5f577903-b399-4be7-8e93-0b1e495841fe tempest-SnapshotsActionsTest-60270282 None] Fetching qemu-img info with special backing_file_template: (/opt/stack/data/cinder/mnt/[0-9a-f]+/)?(volume-69420ca4-ea99-4749-8cfc-aa764dfe80e8(.(tmp-snap-)?[0-9a-f-]+)?|volume_from_snapshot_cache/(tmp-snap-)?[0-9a-f-]+(.(child-|parent-)[0-9a-f-]+)?)$ {{(pid=82875) _qemu_img_info_base /opt/stack/cinder/cinder/volume/drivers/remotefs.py:898}}
Feb 05 20:28:15 devstack cinder-volume[82875]: DEBUG oslo.privsep.daemon [-] privsep: reply[b485392a-0592-4e81-ab93-e7dd5b6b0dcb]: (4, 'qcow2') {{(pid=83817) _call_back /opt/stack/data/venv/lib/python3.10/site-packages/oslo_privsep/daemon.py:515}}
Feb 05 20:28:15 devstack cinder-volume[82875]: DEBUG oslo_concurrency.processutils [None req-5f577903-b399-4be7-8e93-0b1e495841fe tempest-SnapshotsActionsTest-60270282 None] Running cmd (subprocess): /opt/stack/data/venv/bin/python3.10 -m oslo_concurrency.prlimit --as=1073741824 --cpu=60 -- sudo cinder-rootwrap /etc/cinder/rootwrap.conf env LC_ALL=C qemu-img info -f qcow2 --output=json --force-share /opt/stack/data/cinder/mnt/9b708b68e73cfd3888ce29f3eb8f8915/volume-69420ca4-ea99-4749-8cfc-aa764dfe80e8.0c051aaa-8b90-4821-9d3a-03d63f156f96 {{(pid=82875) execute /opt/stack/data/venv/lib/python3.10/site-packages/oslo_concurrency/processutils.py:368}}
Feb 05 20:28:15 devstack sudo[88608]: quobyte : PWD=/ ; USER=root ; COMMAND=/opt/stack/data/venv/bin/cinder-rootwrap /etc/cinder/rootwrap.conf env LC_ALL=C qemu-img info -f qcow2 --output=json --force-share /opt/stack/data/cinder/mnt/9b708b68e73cfd3888ce29f3eb8f8915/volume-69420ca4-ea99-4749-8cfc-aa764dfe80e8.0c051aaa-8b90-4821-9d3a-03d63f156f96
Feb 05 20:28:15 devstack sudo[88608]: pam_unix(sudo:session): session opened for user root(uid=0) by (uid=1000)
Feb 05 20:28:15 devstack sudo[88608]: pam_unix(sudo:session): session closed for user root
Feb 05 20:28:15 devstack cinder-volume[82875]: DEBUG oslo_concurrency.processutils [None req-5f577903-b399-4be7-8e93-0b1e495841fe tempest-SnapshotsActionsTest-60270282 None] CMD "/opt/stack/data/venv/bin/python3.10 -m oslo_concurrency.prlimit --as=1073741824 --cpu=60 -- sudo cinder-rootwrap /etc/cinder/rootwrap.conf env LC_ALL=C qemu-img info -f qcow2 --output=json --force-share /opt/stack/data/cinder/mnt/9b708b68e73cfd3888ce29f3eb8f8915/volume-69420ca4-ea99-4749-8cfc-aa764dfe80e8.0c051aaa-8b90-4821-9d3a-03d63f156f96" returned: 0 in 0.587s {{(pid=82875) execute /opt/stack/data/venv/lib/python3.10/site-packages/oslo_concurrency/processutils.py:396}}
Feb 05 20:28:15 devstack cinder-volume[82875]: DEBUG cinder.volume.drivers.remotefs [None req-5f577903-b399-4be7-8e93-0b1e495841fe tempest-SnapshotsActionsTest-60270282 None] Fetching qemu-img info with special backing_file_template: (/opt/stack/data/cinder/mnt/[0-9a-f]+/)?(volume-69420ca4-ea99-4749-8cfc-aa764dfe80e8(.(tmp-snap-)?[0-9a-f-]+)?|volume_from_snapshot_cache/(tmp-snap-)?[0-9a-f-]+(.(child-|parent-)[0-9a-f-]+)?)$ {{(pid=82875) _qemu_img_info_base /opt/stack/cinder/cinder/volume/drivers/remotefs.py:898}}
Feb 05 20:28:15 devstack cinder-volume[82875]: DEBUG oslo_concurrency.processutils [None req-5f577903-b399-4be7-8e93-0b1e495841fe tempest-SnapshotsActionsTest-60270282 None] Running cmd (subprocess): sudo cinder-rootwrap /etc/cinder/rootwrap.conf qemu-img commit -d /opt/stack/data/cinder/mnt/9b708b68e73cfd3888ce29f3eb8f8915/volume-69420ca4-ea99-4749-8cfc-aa764dfe80e8.592f5c1d-29df-4c94-abf0-9b118877fd27 {{(pid=82875) execute /opt/stack/data/venv/lib/python3.10/site-packages/oslo_concurrency/processutils.py:368}}
Feb 05 20:28:15 devstack sudo[88614]: quobyte : PWD=/ ; USER=root ; COMMAND=/opt/stack/data/venv/bin/cinder-rootwrap /etc/cinder/rootwrap.conf qemu-img commit -d /opt/stack/data/cinder/mnt/9b708b68e73cfd3888ce29f3eb8f8915/volume-69420ca4-ea99-4749-8cfc-aa764dfe80e8.592f5c1d-29df-4c94-abf0-9b118877fd27
Feb 05 20:28:15 devstack sudo[88614]: pam_unix(sudo:session): session opened for user root(uid=0) by (uid=1000)
Feb 05 20:28:16 devstack sudo[88614]: pam_unix(sudo:session): session closed for user root
Feb 05 20:28:16 devstack cinder-volume[82875]: DEBUG oslo_concurrency.processutils [None req-5f577903-b399-4be7-8e93-0b1e495841fe tempest-SnapshotsActionsTest-60270282 None] CMD "sudo cinder-rootwrap /etc/cinder/rootwrap.conf qemu-img commit -d /opt/stack/data/cinder/mnt/9b708b68e73cfd3888ce29f3eb8f8915/volume-69420ca4-ea99-4749-8cfc-aa764dfe80e8.592f5c1d-29df-4c94-abf0-9b118877fd27" returned: 0 in 0.586s {{(pid=82875) execute /opt/stack/data/venv/lib/python3.10/site-packages/oslo_concurrency/processutils.py:396}}
Feb 05 20:28:16 devstack cinder-volume[82875]: DEBUG oslo_concurrency.processutils [None req-5f577903-b399-4be7-8e93-0b1e495841fe tempest-SnapshotsActionsTest-60270282 None] Running cmd (subprocess): sudo cinder-rootwrap /etc/cinder/rootwrap.conf rm -f /opt/stack/data/cinder/mnt/9b708b68e73cfd3888ce29f3eb8f8915/volume-69420ca4-ea99-4749-8cfc-aa764dfe80e8.592f5c1d-29df-4c94-abf0-9b118877fd27 {{(pid=82875) execute /opt/stack/data/venv/lib/python3.10/site-packages/oslo_concurrency/processutils.py:368}}
Feb 05 20:28:16 devstack sudo[88619]: quobyte : PWD=/ ; USER=root ; COMMAND=/opt/stack/data/venv/bin/cinder-rootwrap /etc/cinder/rootwrap.conf rm -f /opt/stack/data/cinder/mnt/9b708b68e73cfd3888ce29f3eb8f8915/volume-69420ca4-ea99-4749-8cfc-aa764dfe80e8.592f5c1d-29df-4c94-abf0-9b118877fd27
Feb 05 20:28:16 devstack sudo[88619]: pam_unix(sudo:session): session opened for user root(uid=0) by (uid=1000)
Feb 05 20:28:16 devstack cinder-volume[82875]: WARNING cinder.volume.volume_utils [req-70366928-217c-4bcd-b1f5-c07c1b962adb req-425be769-d9ea-4514-927d-584a1f600f58 tempest-AttachSCSIVolumeTestJSON-1543786569 None] Volume driver (QuobyteDriver 1.1.14) is currently unsupported and may be removed in the next release of OpenStack. Use at your own risk.
Feb 05 20:28:16 devstack cinder-volume[82875]: WARNING cinder.volume.volume_utils [req-70366928-217c-4bcd-b1f5-c07c1b962adb req-425be769-d9ea-4514-927d-584a1f600f58 tempest-AttachSCSIVolumeTestJSON-1543786569 None] Volume driver (QuobyteDriver 1.1.14) is currently unsupported and may be removed in the next release of OpenStack. Use at your own risk.
Feb 05 20:28:16 devstack cinder-volume[82875]: INFO cinder.volume.manager [req-70366928-217c-4bcd-b1f5-c07c1b962adb req-425be769-d9ea-4514-927d-584a1f600f58 tempest-AttachSCSIVolumeTestJSON-1543786569 None] Terminate volume connection completed successfully.
Feb 05 20:28:16 devstack cinder-volume[82875]: DEBUG cinder.volume.manager [req-70366928-217c-4bcd-b1f5-c07c1b962adb req-425be769-d9ea-4514-927d-584a1f600f58 tempest-AttachSCSIVolumeTestJSON-1543786569 None] Deleting attachment 9639f98d-77ed-428c-a3d0-4faa95b3041f. {{(pid=82875) attachment_delete /opt/stack/cinder/cinder/volume/manager.py:5055}}
Feb 05 20:28:16 devstack sudo[88619]: pam_unix(sudo:session): session closed for user root
Feb 05 20:28:16 devstack cinder-volume[82875]: DEBUG oslo_concurrency.processutils [None req-5f577903-b399-4be7-8e93-0b1e495841fe tempest-SnapshotsActionsTest-60270282 None] CMD "sudo cinder-rootwrap /etc/cinder/rootwrap.conf rm -f /opt/stack/data/cinder/mnt/9b708b68e73cfd3888ce29f3eb8f8915/volume-69420ca4-ea99-4749-8cfc-aa764dfe80e8.592f5c1d-29df-4c94-abf0-9b118877fd27" returned: 0 in 0.519s {{(pid=82875) execute /opt/stack/data/venv/lib/python3.10/site-packages/oslo_concurrency/processutils.py:396}}
Feb 05 20:28:16 devstack cinder-volume[82875]: DEBUG cinder.coordination [None req-5f577903-b399-4be7-8e93-0b1e495841fe tempest-SnapshotsActionsTest-60270282 None] Lock "cinder-quobyte-592f5c1d-29df-4c94-abf0-9b118877fd27" released by "_delete_snapshot" :: held 2.428s {{(pid=82875) __release /opt/stack/cinder/cinder/coordination.py:157}}
Feb 05 20:28:16 devstack cinder-volume[82875]: DEBUG cinder.coordination [None req-5f577903-b399-4be7-8e93-0b1e495841fe tempest-SnapshotsActionsTest-60270282 None] Lock "cinder-quobyte-69420ca4-ea99-4749-8cfc-aa764dfe80e8" released by "delete_snapshot" :: held 2.442s {{(pid=82875) __release /opt/stack/cinder/cinder/coordination.py:157}}
Feb 05 20:28:16 devstack cinder-volume[82875]: WARNING cinder.quota [None req-5f577903-b399-4be7-8e93-0b1e495841fe tempest-SnapshotsActionsTest-60270282 None] Deprecated: Default quota for resource: snapshots_QuobyteHD is set by the default quota flag: quota_snapshots_QuobyteHD, it is now deprecated. Please use the default quota class for default quota.
Feb 05 20:28:16 devstack cinder-volume[82875]: DEBUG cinder.quota [None req-5f577903-b399-4be7-8e93-0b1e495841fe tempest-SnapshotsActionsTest-60270282 None] Created reservations ['107219b2-daf0-4767-8e0b-079d168ac0c5', '318916a0-84b6-44c9-9f4c-bad188796a2e', '5abda679-bf74-4036-8508-557ebe87632a', '65d55e1e-a9b7-4673-a477-6a3f31a2eec0'] {{(pid=82875) reserve /opt/stack/cinder/cinder/quota.py:752}}
Feb 05 20:28:16 devstack cinder-volume[82875]: INFO cinder.volume.manager [None req-5f577903-b399-4be7-8e93-0b1e495841fe tempest-SnapshotsActionsTest-60270282 None] Delete snapshot completed successfully.
Feb 05 20:28:16 devstack cinder-volume[82875]: DEBUG cinder.coordination [None req-5f577903-b399-4be7-8e93-0b1e495841fe tempest-SnapshotsActionsTest-60270282 None] Lock "cinder-592f5c1d-29df-4c94-abf0-9b118877fd27-delete_snapshot" released by "delete_snapshot" :: held 2.530s {{(pid=82875) __release /opt/stack/cinder/cinder/coordination.py:157}}
Feb 05 20:28:17 devstack cinder-volume[82875]: WARNING cinder.volume.volume_utils [None req-18d0868c-7e22-446e-82fe-9429bbae5488 tempest-SnapshotsActionsTest-1286890608 None] Volume driver (QuobyteDriver 1.1.14) is currently unsupported and may be removed in the next release of OpenStack. Use at your own risk.
Feb 05 20:28:17 devstack cinder-volume[82875]: DEBUG oslo_concurrency.lockutils [None req-18d0868c-7e22-446e-82fe-9429bbae5488 tempest-SnapshotsActionsTest-1286890608 None] Acquiring lock "quobyte" by "cinder.volume.drivers.quobyte.QuobyteDriver.create_snapshot" {{(pid=82875) inner /opt/stack/data/venv/lib/python3.10/site-packages/oslo_concurrency/lockutils.py:506}}
Feb 05 20:28:17 devstack cinder-volume[82875]: DEBUG oslo_concurrency.lockutils [None req-18d0868c-7e22-446e-82fe-9429bbae5488 tempest-SnapshotsActionsTest-1286890608 None] Lock "quobyte" acquired by "cinder.volume.drivers.quobyte.QuobyteDriver.create_snapshot" :: waited 0.000s {{(pid=82875) inner /opt/stack/data/venv/lib/python3.10/site-packages/oslo_concurrency/lockutils.py:519}}
Feb 05 20:28:17 devstack cinder-volume[82875]: DEBUG cinder.volume.drivers.remotefs [None req-18d0868c-7e22-446e-82fe-9429bbae5488 tempest-SnapshotsActionsTest-1286890608 None] Creating offline snapshot 8a9eda43-4213-4b61-ab25-7f10a3fff3cf of volume 69420ca4-ea99-4749-8cfc-aa764dfe80e8 {{(pid=82875) _create_snapshot /opt/stack/cinder/cinder/volume/drivers/remotefs.py:1817}}
Feb 05 20:28:17 devstack cinder-volume[82875]: DEBUG oslo.privsep.daemon [-] privsep: reply[52e08b4e-38eb-4d29-bea6-750b96cb2c2c]: (4, 'qcow2') {{(pid=83817) _call_back /opt/stack/data/venv/lib/python3.10/site-packages/oslo_privsep/daemon.py:515}}
Feb 05 20:28:17 devstack cinder-volume[82875]: DEBUG oslo_concurrency.processutils [None req-18d0868c-7e22-446e-82fe-9429bbae5488 tempest-SnapshotsActionsTest-1286890608 None] Running cmd (subprocess): /opt/stack/data/venv/bin/python3.10 -m oslo_concurrency.prlimit --as=1073741824 --cpu=60 -- sudo cinder-rootwrap /etc/cinder/rootwrap.conf env LC_ALL=C qemu-img info -f qcow2 --output=json --force-share /opt/stack/data/cinder/mnt/9b708b68e73cfd3888ce29f3eb8f8915/volume-69420ca4-ea99-4749-8cfc-aa764dfe80e8.0c051aaa-8b90-4821-9d3a-03d63f156f96 {{(pid=82875) execute /opt/stack/data/venv/lib/python3.10/site-packages/oslo_concurrency/processutils.py:368}}
Feb 05 20:28:17 devstack sudo[88722]: quobyte : PWD=/ ; USER=root ; COMMAND=/opt/stack/data/venv/bin/cinder-rootwrap /etc/cinder/rootwrap.conf env LC_ALL=C qemu-img info -f qcow2 --output=json --force-share /opt/stack/data/cinder/mnt/9b708b68e73cfd3888ce29f3eb8f8915/volume-69420ca4-ea99-4749-8cfc-aa764dfe80e8.0c051aaa-8b90-4821-9d3a-03d63f156f96
Feb 05 20:28:17 devstack sudo[88722]: pam_unix(sudo:session): session opened for user root(uid=0) by (uid=1000)
Feb 05 20:28:18 devstack sudo[88722]: pam_unix(sudo:session): session closed for user root
Feb 05 20:28:18 devstack cinder-volume[82875]: DEBUG oslo_concurrency.processutils [None req-18d0868c-7e22-446e-82fe-9429bbae5488 tempest-SnapshotsActionsTest-1286890608 None] CMD "/opt/stack/data/venv/bin/python3.10 -m oslo_concurrency.prlimit --as=1073741824 --cpu=60 -- sudo cinder-rootwrap /etc/cinder/rootwrap.conf env LC_ALL=C qemu-img info -f qcow2 --output=json --force-share /opt/stack/data/cinder/mnt/9b708b68e73cfd3888ce29f3eb8f8915/volume-69420ca4-ea99-4749-8cfc-aa764dfe80e8.0c051aaa-8b90-4821-9d3a-03d63f156f96" returned: 0 in 0.581s {{(pid=82875) execute /opt/stack/data/venv/lib/python3.10/site-packages/oslo_concurrency/processutils.py:396}}
Feb 05 20:28:18 devstack cinder-volume[82875]: DEBUG cinder.volume.drivers.remotefs [None req-18d0868c-7e22-446e-82fe-9429bbae5488 tempest-SnapshotsActionsTest-1286890608 None] Fetching qemu-img info with special backing_file_template: (/opt/stack/data/cinder/mnt/[0-9a-f]+/)?(volume-69420ca4-ea99-4749-8cfc-aa764dfe80e8(.(tmp-snap-)?[0-9a-f-]+)?|volume_from_snapshot_cache/(tmp-snap-)?[0-9a-f-]+(.(child-|parent-)[0-9a-f-]+)?)$ {{(pid=82875) _qemu_img_info_base /opt/stack/cinder/cinder/volume/drivers/remotefs.py:898}}
Feb 05 20:28:18 devstack cinder-volume[82875]: DEBUG oslo_concurrency.processutils [None req-18d0868c-7e22-446e-82fe-9429bbae5488 tempest-SnapshotsActionsTest-1286890608 None] Running cmd (subprocess): sudo cinder-rootwrap /etc/cinder/rootwrap.conf qemu-img create -f qcow2 -o backing_file=/opt/stack/data/cinder/mnt/9b708b68e73cfd3888ce29f3eb8f8915/volume-69420ca4-ea99-4749-8cfc-aa764dfe80e8.0c051aaa-8b90-4821-9d3a-03d63f156f96,backing_fmt=qcow2 /opt/stack/data/cinder/mnt/9b708b68e73cfd3888ce29f3eb8f8915/volume-69420ca4-ea99-4749-8cfc-aa764dfe80e8.8a9eda43-4213-4b61-ab25-7f10a3fff3cf 1G {{(pid=82875) execute /opt/stack/data/venv/lib/python3.10/site-packages/oslo_concurrency/processutils.py:368}}
Feb 05 20:28:18 devstack sudo[88729]: quobyte : PWD=/ ; USER=root ; COMMAND=/opt/stack/data/venv/bin/cinder-rootwrap /etc/cinder/rootwrap.conf qemu-img create -f qcow2 -o backing_file=/opt/stack/data/cinder/mnt/9b708b68e73cfd3888ce29f3eb8f8915/volume-69420ca4-ea99-4749-8cfc-aa764dfe80e8.0c051aaa-8b90-4821-9d3a-03d63f156f96,backing_fmt=qcow2 /opt/stack/data/cinder/mnt/9b708b68e73cfd3888ce29f3eb8f8915/volume-69420ca4-ea99-4749-8cfc-aa764dfe80e8.8a9eda43-4213-4b61-ab25-7f10a3fff3cf 1G
Feb 05 20:28:18 devstack sudo[88729]: pam_unix(sudo:session): session opened for user root(uid=0) by (uid=1000)
Feb 05 20:28:19 devstack sudo[88729]: pam_unix(sudo:session): session closed for user root
Feb 05 20:28:19 devstack cinder-volume[82875]: DEBUG oslo_concurrency.processutils [None req-18d0868c-7e22-446e-82fe-9429bbae5488 tempest-SnapshotsActionsTest-1286890608 None] CMD "sudo cinder-rootwrap /etc/cinder/rootwrap.conf qemu-img create -f qcow2 -o backing_file=/opt/stack/data/cinder/mnt/9b708b68e73cfd3888ce29f3eb8f8915/volume-69420ca4-ea99-4749-8cfc-aa764dfe80e8.0c051aaa-8b90-4821-9d3a-03d63f156f96,backing_fmt=qcow2 /opt/stack/data/cinder/mnt/9b708b68e73cfd3888ce29f3eb8f8915/volume-69420ca4-ea99-4749-8cfc-aa764dfe80e8.8a9eda43-4213-4b61-ab25-7f10a3fff3cf 1G" returned: 0 in 0.679s {{(pid=82875) execute /opt/stack/data/venv/lib/python3.10/site-packages/oslo_concurrency/processutils.py:396}}
Feb 05 20:28:19 devstack cinder-volume[82875]: DEBUG oslo_concurrency.processutils [None req-18d0868c-7e22-446e-82fe-9429bbae5488 tempest-SnapshotsActionsTest-1286890608 None] Running cmd (subprocess): sudo cinder-rootwrap /etc/cinder/rootwrap.conf qemu-img rebase -u -b volume-69420ca4-ea99-4749-8cfc-aa764dfe80e8.0c051aaa-8b90-4821-9d3a-03d63f156f96 -F qcow2 /opt/stack/data/cinder/mnt/9b708b68e73cfd3888ce29f3eb8f8915/volume-69420ca4-ea99-4749-8cfc-aa764dfe80e8.8a9eda43-4213-4b61-ab25-7f10a3fff3cf {{(pid=82875) execute /opt/stack/data/venv/lib/python3.10/site-packages/oslo_concurrency/processutils.py:368}}
Feb 05 20:28:19 devstack sudo[88738]: quobyte : PWD=/ ; USER=root ; COMMAND=/opt/stack/data/venv/bin/cinder-rootwrap /etc/cinder/rootwrap.conf qemu-img rebase -u -b volume-69420ca4-ea99-4749-8cfc-aa764dfe80e8.0c051aaa-8b90-4821-9d3a-03d63f156f96 -F qcow2 /opt/stack/data/cinder/mnt/9b708b68e73cfd3888ce29f3eb8f8915/volume-69420ca4-ea99-4749-8cfc-aa764dfe80e8.8a9eda43-4213-4b61-ab25-7f10a3fff3cf
Feb 05 20:28:19 devstack sudo[88738]: pam_unix(sudo:session): session opened for user root(uid=0) by (uid=1000)
Feb 05 20:28:19 devstack sudo[88738]: pam_unix(sudo:session): session closed for user root
Feb 05 20:28:19 devstack cinder-volume[82875]: DEBUG oslo_concurrency.processutils [None req-18d0868c-7e22-446e-82fe-9429bbae5488 tempest-SnapshotsActionsTest-1286890608 None] CMD "sudo cinder-rootwrap /etc/cinder/rootwrap.conf qemu-img rebase -u -b volume-69420ca4-ea99-4749-8cfc-aa764dfe80e8.0c051aaa-8b90-4821-9d3a-03d63f156f96 -F qcow2 /opt/stack/data/cinder/mnt/9b708b68e73cfd3888ce29f3eb8f8915/volume-69420ca4-ea99-4749-8cfc-aa764dfe80e8.8a9eda43-4213-4b61-ab25-7f10a3fff3cf" returned: 0 in 0.486s {{(pid=82875) execute /opt/stack/data/venv/lib/python3.10/site-packages/oslo_concurrency/processutils.py:396}}
Feb 05 20:28:19 devstack cinder-volume[82875]: WARNING cinder.volume.drivers.remotefs [None req-18d0868c-7e22-446e-82fe-9429bbae5488 tempest-SnapshotsActionsTest-1286890608 None] /opt/stack/data/cinder/mnt/9b708b68e73cfd3888ce29f3eb8f8915/volume-69420ca4-ea99-4749-8cfc-aa764dfe80e8.8a9eda43-4213-4b61-ab25-7f10a3fff3cf is being set with open permissions: ugo+rw
Feb 05 20:28:19 devstack cinder-volume[82875]: DEBUG oslo_concurrency.processutils [None req-18d0868c-7e22-446e-82fe-9429bbae5488 tempest-SnapshotsActionsTest-1286890608 None] Running cmd (subprocess): sudo cinder-rootwrap /etc/cinder/rootwrap.conf chmod ugo+rw /opt/stack/data/cinder/mnt/9b708b68e73cfd3888ce29f3eb8f8915/volume-69420ca4-ea99-4749-8cfc-aa764dfe80e8.8a9eda43-4213-4b61-ab25-7f10a3fff3cf {{(pid=82875) execute /opt/stack/data/venv/lib/python3.10/site-packages/oslo_concurrency/processutils.py:368}}
