Feb 05 20:27:15 devstack cinder-volume[82875]: DEBUG oslo_concurrency.lockutils [None req-02b66273-016b-47a7-90bf-0a107e3ddb32 tempest-TaggedBootDevicesTest_v242-1872478974 None] Lock "quobyte_ensure" acquired by "cinder.volume.drivers.quobyte.QuobyteDriver._ensure_shares_mounted" :: waited 0.001s {{(pid=82875) inner /opt/stack/data/venv/lib/python3.10/site-packages/oslo_concurrency/lockutils.py:519}}
Feb 05 20:27:15 devstack cinder-volume[82875]: DEBUG cinder.volume.drivers.quobyte [None req-02b66273-016b-47a7-90bf-0a107e3ddb32 tempest-TaggedBootDevicesTest_v242-1872478974 None] Quobyte Volume URL set to: {'osci02.corp.quobyte.com/cinder-vol-71d323bf-b840-456f-b2ad-175600fce3f7': None} {{(pid=82875) _load_shares_config /opt/stack/cinder/cinder/volume/drivers/quobyte.py:620}}
Feb 05 20:27:15 devstack cinder-volume[82875]: DEBUG cinder.volume.drivers.quobyte [None req-02b66273-016b-47a7-90bf-0a107e3ddb32 tempest-TaggedBootDevicesTest_v242-1872478974 None] Available shares ['osci02.corp.quobyte.com/cinder-vol-71d323bf-b840-456f-b2ad-175600fce3f7'] {{(pid=82875) _ensure_shares_mounted /opt/stack/cinder/cinder/volume/drivers/quobyte.py:650}}
Feb 05 20:27:15 devstack cinder-volume[82875]: DEBUG oslo_concurrency.lockutils [None req-02b66273-016b-47a7-90bf-0a107e3ddb32 tempest-TaggedBootDevicesTest_v242-1872478974 None] Lock "quobyte_ensure" "released" by "cinder.volume.drivers.quobyte.QuobyteDriver._ensure_shares_mounted" :: held 0.006s {{(pid=82875) inner /opt/stack/data/venv/lib/python3.10/site-packages/oslo_concurrency/lockutils.py:538}}
Feb 05 20:27:15 devstack cinder-volume[82875]: DEBUG oslo_concurrency.processutils [None req-02b66273-016b-47a7-90bf-0a107e3ddb32 tempest-TaggedBootDevicesTest_v242-1872478974 None] Running cmd (subprocess): sudo cinder-rootwrap /etc/cinder/rootwrap.conf df --portability --block-size 1 /opt/stack/data/cinder/mnt/9b708b68e73cfd3888ce29f3eb8f8915 {{(pid=82875) execute /opt/stack/data/venv/lib/python3.10/site-packages/oslo_concurrency/processutils.py:368}}
Feb 05 20:27:15 devstack sudo[87153]: quobyte : PWD=/ ; USER=root ; COMMAND=/opt/stack/data/venv/bin/cinder-rootwrap /etc/cinder/rootwrap.conf df --portability --block-size 1 /opt/stack/data/cinder/mnt/9b708b68e73cfd3888ce29f3eb8f8915
Feb 05 20:27:15 devstack sudo[87153]: pam_unix(sudo:session): session opened for user root(uid=0) by (uid=1000)
Feb 05 20:27:16 devstack sudo[87153]: pam_unix(sudo:session): session closed for user root
Feb 05 20:27:16 devstack cinder-volume[82875]: DEBUG oslo_concurrency.processutils [None req-02b66273-016b-47a7-90bf-0a107e3ddb32 tempest-TaggedBootDevicesTest_v242-1872478974 None] CMD "sudo cinder-rootwrap /etc/cinder/rootwrap.conf df --portability --block-size 1 /opt/stack/data/cinder/mnt/9b708b68e73cfd3888ce29f3eb8f8915" returned: 0 in 0.482s {{(pid=82875) execute /opt/stack/data/venv/lib/python3.10/site-packages/oslo_concurrency/processutils.py:396}}
Feb 05 20:27:16 devstack cinder-volume[82875]: DEBUG cinder.manager [None req-02b66273-016b-47a7-90bf-0a107e3ddb32 tempest-TaggedBootDevicesTest_v242-1872478974 None] Notifying Schedulers of capabilities ... {{(pid=82875) _publish_service_capabilities /opt/stack/cinder/cinder/manager.py:202}}
Feb 05 20:27:16 devstack cinder-volume[82875]: INFO cinder.volume.manager [None req-02b66273-016b-47a7-90bf-0a107e3ddb32 tempest-TaggedBootDevicesTest_v242-1872478974 None] Deleted volume successfully.
Feb 05 20:27:16 devstack cinder-volume[82875]: DEBUG cinder.coordination [None req-02b66273-016b-47a7-90bf-0a107e3ddb32 tempest-TaggedBootDevicesTest_v242-1872478974 None] Lock "cinder-4dca402b-058d-49c9-bfcb-74c51acc13ec-delete_volume" released by "delete_volume" :: held 1.802s {{(pid=82875) __release /opt/stack/cinder/cinder/coordination.py:157}}
Feb 05 20:27:16 devstack cinder-volume[82875]: WARNING cinder.volume.volume_utils [None req-82516cb6-980d-4406-b288-a1b1f3fe9377 tempest-GroupSnapshotsTest-1928820609 None] Volume driver (QuobyteDriver 1.1.14) is currently unsupported and may be removed in the next release of OpenStack. Use at your own risk.
Feb 05 20:27:16 devstack cinder-volume[82875]: INFO cinder.volume.manager [None req-82516cb6-980d-4406-b288-a1b1f3fe9377 tempest-GroupSnapshotsTest-1928820609 None] Update group completed successfully.
Feb 05 20:27:16 devstack cinder-volume[82875]: DEBUG cinder.coordination [None req-7e8e76c5-d8bb-4126-9643-5c8fe3297141 tempest-TaggedBootDevicesTest_v242-1872478974 None] Acquiring lock "cinder-86108871-effd-4561-9e78-71560fd9c38c-delete_volume" by "delete_volume" {{(pid=82875) __acquire /opt/stack/cinder/cinder/coordination.py:143}}
Feb 05 20:27:16 devstack cinder-volume[82875]: DEBUG cinder.coordination [None req-7e8e76c5-d8bb-4126-9643-5c8fe3297141 tempest-TaggedBootDevicesTest_v242-1872478974 None] Lock "cinder-86108871-effd-4561-9e78-71560fd9c38c-delete_volume" acquired by "delete_volume" :: waited 0.009s {{(pid=82875) __acquire /opt/stack/cinder/cinder/coordination.py:146}}
Feb 05 20:27:16 devstack cinder-volume[82875]: WARNING cinder.volume.volume_utils [None req-7e8e76c5-d8bb-4126-9643-5c8fe3297141 tempest-TaggedBootDevicesTest_v242-1872478974 None] Volume driver (QuobyteDriver 1.1.14) is currently unsupported and may be removed in the next release of OpenStack. Use at your own risk.
Feb 05 20:27:16 devstack cinder-volume[82875]: DEBUG cinder.coordination [None req-7e8e76c5-d8bb-4126-9643-5c8fe3297141 tempest-TaggedBootDevicesTest_v242-1872478974 None] Acquiring lock "cinder-quobyte-86108871-effd-4561-9e78-71560fd9c38c" by "delete_volume" {{(pid=82875) __acquire /opt/stack/cinder/cinder/coordination.py:143}}
Feb 05 20:27:16 devstack cinder-volume[82875]: DEBUG cinder.coordination [None req-7e8e76c5-d8bb-4126-9643-5c8fe3297141 tempest-TaggedBootDevicesTest_v242-1872478974 None] Lock "cinder-quobyte-86108871-effd-4561-9e78-71560fd9c38c" acquired by "delete_volume" :: waited 0.007s {{(pid=82875) __acquire /opt/stack/cinder/cinder/coordination.py:146}}
Feb 05 20:27:16 devstack cinder-volume[82875]: DEBUG oslo.privsep.daemon [-] privsep: reply[aaf6e07a-33df-4f49-87fd-20300d84138c]: (4, 'raw') {{(pid=83817) _call_back /opt/stack/data/venv/lib/python3.10/site-packages/oslo_privsep/daemon.py:515}}
Feb 05 20:27:16 devstack cinder-volume[82875]: DEBUG oslo_concurrency.processutils [None req-7e8e76c5-d8bb-4126-9643-5c8fe3297141 tempest-TaggedBootDevicesTest_v242-1872478974 None] Running cmd (subprocess): /opt/stack/data/venv/bin/python3.10 -m oslo_concurrency.prlimit --as=1073741824 --cpu=60 -- sudo cinder-rootwrap /etc/cinder/rootwrap.conf env LC_ALL=C qemu-img info -f raw --output=json --force-share /opt/stack/data/cinder/mnt/9b708b68e73cfd3888ce29f3eb8f8915/volume-86108871-effd-4561-9e78-71560fd9c38c {{(pid=82875) execute /opt/stack/data/venv/lib/python3.10/site-packages/oslo_concurrency/processutils.py:368}}
Feb 05 20:27:16 devstack sudo[87156]: quobyte : PWD=/ ; USER=root ; COMMAND=/opt/stack/data/venv/bin/cinder-rootwrap /etc/cinder/rootwrap.conf env LC_ALL=C qemu-img info -f raw --output=json --force-share /opt/stack/data/cinder/mnt/9b708b68e73cfd3888ce29f3eb8f8915/volume-86108871-effd-4561-9e78-71560fd9c38c
Feb 05 20:27:16 devstack sudo[87156]: pam_unix(sudo:session): session opened for user root(uid=0) by (uid=1000)
Feb 05 20:27:17 devstack sudo[87156]: pam_unix(sudo:session): session closed for user root
Feb 05 20:27:17 devstack cinder-volume[82875]: DEBUG oslo_concurrency.processutils [None req-7e8e76c5-d8bb-4126-9643-5c8fe3297141 tempest-TaggedBootDevicesTest_v242-1872478974 None] CMD "/opt/stack/data/venv/bin/python3.10 -m oslo_concurrency.prlimit --as=1073741824 --cpu=60 -- sudo cinder-rootwrap /etc/cinder/rootwrap.conf env LC_ALL=C qemu-img info -f raw --output=json --force-share /opt/stack/data/cinder/mnt/9b708b68e73cfd3888ce29f3eb8f8915/volume-86108871-effd-4561-9e78-71560fd9c38c" returned: 0 in 0.558s {{(pid=82875) execute /opt/stack/data/venv/lib/python3.10/site-packages/oslo_concurrency/processutils.py:396}}
Feb 05 20:27:17 devstack cinder-volume[82875]: DEBUG oslo_concurrency.processutils [None req-7e8e76c5-d8bb-4126-9643-5c8fe3297141 tempest-TaggedBootDevicesTest_v242-1872478974 None] Running cmd (subprocess): /opt/stack/data/venv/bin/python3.10 -m oslo_concurrency.prlimit --as=1073741824 --cpu=60 -- sudo cinder-rootwrap /etc/cinder/rootwrap.conf env LC_ALL=C qemu-img info -f luks --output=json --force-share /opt/stack/data/cinder/mnt/9b708b68e73cfd3888ce29f3eb8f8915/volume-86108871-effd-4561-9e78-71560fd9c38c {{(pid=82875) execute /opt/stack/data/venv/lib/python3.10/site-packages/oslo_concurrency/processutils.py:368}}
Feb 05 20:27:17 devstack sudo[87160]: quobyte : PWD=/ ; USER=root ; COMMAND=/opt/stack/data/venv/bin/cinder-rootwrap /etc/cinder/rootwrap.conf env LC_ALL=C qemu-img info -f luks --output=json --force-share /opt/stack/data/cinder/mnt/9b708b68e73cfd3888ce29f3eb8f8915/volume-86108871-effd-4561-9e78-71560fd9c38c
Feb 05 20:27:17 devstack sudo[87160]: pam_unix(sudo:session): session opened for user root(uid=0) by (uid=1000)
Feb 05 20:27:17 devstack cinder-volume[82875]: WARNING cinder.volume.volume_utils [None req-f8d8ba31-4c0d-418f-9270-15f018188bf7 tempest-GroupSnapshotsTest-1928820609 None] Volume driver (QuobyteDriver 1.1.14) is currently unsupported and may be removed in the next release of OpenStack. Use at your own risk.
Feb 05 20:27:17 devstack cinder-volume[82875]: INFO cinder.volume.manager [None req-f8d8ba31-4c0d-418f-9270-15f018188bf7 tempest-GroupSnapshotsTest-1928820609 None] Update group completed successfully.
Feb 05 20:27:17 devstack sudo[87160]: pam_unix(sudo:session): session closed for user root
Feb 05 20:27:17 devstack cinder-volume[82875]: DEBUG oslo_concurrency.processutils [None req-7e8e76c5-d8bb-4126-9643-5c8fe3297141 tempest-TaggedBootDevicesTest_v242-1872478974 None] CMD "/opt/stack/data/venv/bin/python3.10 -m oslo_concurrency.prlimit --as=1073741824 --cpu=60 -- sudo cinder-rootwrap /etc/cinder/rootwrap.conf env LC_ALL=C qemu-img info -f luks --output=json --force-share /opt/stack/data/cinder/mnt/9b708b68e73cfd3888ce29f3eb8f8915/volume-86108871-effd-4561-9e78-71560fd9c38c" returned: 1 in 0.590s {{(pid=82875) execute /opt/stack/data/venv/lib/python3.10/site-packages/oslo_concurrency/processutils.py:396}}
Feb 05 20:27:17 devstack cinder-volume[82875]: DEBUG oslo_concurrency.processutils [None req-7e8e76c5-d8bb-4126-9643-5c8fe3297141 tempest-TaggedBootDevicesTest_v242-1872478974 None] '/opt/stack/data/venv/bin/python3.10 -m oslo_concurrency.prlimit --as=1073741824 --cpu=60 -- sudo cinder-rootwrap /etc/cinder/rootwrap.conf env LC_ALL=C qemu-img info -f luks --output=json --force-share /opt/stack/data/cinder/mnt/9b708b68e73cfd3888ce29f3eb8f8915/volume-86108871-effd-4561-9e78-71560fd9c38c' failed. Not Retrying. {{(pid=82875) execute /opt/stack/data/venv/lib/python3.10/site-packages/oslo_concurrency/processutils.py:471}}
Feb 05 20:27:17 devstack cinder-volume[82875]: DEBUG oslo_concurrency.processutils [None req-7e8e76c5-d8bb-4126-9643-5c8fe3297141 tempest-TaggedBootDevicesTest_v242-1872478974 None] Running cmd (subprocess): sudo cinder-rootwrap /etc/cinder/rootwrap.conf rm -f /opt/stack/data/cinder/mnt/9b708b68e73cfd3888ce29f3eb8f8915/volume-86108871-effd-4561-9e78-71560fd9c38c {{(pid=82875) execute /opt/stack/data/venv/lib/python3.10/site-packages/oslo_concurrency/processutils.py:368}}
Feb 05 20:27:18 devstack sudo[87166]: quobyte : PWD=/ ; USER=root ; COMMAND=/opt/stack/data/venv/bin/cinder-rootwrap /etc/cinder/rootwrap.conf rm -f /opt/stack/data/cinder/mnt/9b708b68e73cfd3888ce29f3eb8f8915/volume-86108871-effd-4561-9e78-71560fd9c38c
Feb 05 20:27:18 devstack sudo[87166]: pam_unix(sudo:session): session opened for user root(uid=0) by (uid=1000)
Feb 05 20:27:18 devstack sudo[87166]: pam_unix(sudo:session): session closed for user root
Feb 05 20:27:18 devstack cinder-volume[82875]: DEBUG oslo_concurrency.processutils [None req-7e8e76c5-d8bb-4126-9643-5c8fe3297141 tempest-TaggedBootDevicesTest_v242-1872478974 None] CMD "sudo cinder-rootwrap /etc/cinder/rootwrap.conf rm -f /opt/stack/data/cinder/mnt/9b708b68e73cfd3888ce29f3eb8f8915/volume-86108871-effd-4561-9e78-71560fd9c38c" returned: 0 in 0.478s {{(pid=82875) execute /opt/stack/data/venv/lib/python3.10/site-packages/oslo_concurrency/processutils.py:396}}
Feb 05 20:27:18 devstack cinder-volume[82875]: DEBUG cinder.coordination [None req-7e8e76c5-d8bb-4126-9643-5c8fe3297141 tempest-TaggedBootDevicesTest_v242-1872478974 None] Lock "cinder-quobyte-86108871-effd-4561-9e78-71560fd9c38c" released by "delete_volume" :: held 1.681s {{(pid=82875) __release /opt/stack/cinder/cinder/coordination.py:157}}
Feb 05 20:27:18 devstack cinder-volume[82875]: DEBUG cinder.quota [None req-7e8e76c5-d8bb-4126-9643-5c8fe3297141 tempest-TaggedBootDevicesTest_v242-1872478974 None] Created reservations ['7a36ec77-edea-4e73-a3dd-68fbcc832a27', '2a8b43c9-b5e7-42bb-8add-8fc4eaeee175', '7afc13fc-dbdb-4986-aeea-899199acad31', '27dc87a7-0ef9-47e4-8d16-24b9f3327c78'] {{(pid=82875) reserve /opt/stack/cinder/cinder/quota.py:752}}
Feb 05 20:27:18 devstack cinder-volume[82875]: DEBUG oslo_concurrency.lockutils [None req-7e8e76c5-d8bb-4126-9643-5c8fe3297141 tempest-TaggedBootDevicesTest_v242-1872478974 None] Acquiring lock "quobyte_ensure" by "cinder.volume.drivers.quobyte.QuobyteDriver._ensure_shares_mounted" {{(pid=82875) inner /opt/stack/data/venv/lib/python3.10/site-packages/oslo_concurrency/lockutils.py:506}}
Feb 05 20:27:18 devstack cinder-volume[82875]: DEBUG oslo_concurrency.lockutils [None req-7e8e76c5-d8bb-4126-9643-5c8fe3297141 tempest-TaggedBootDevicesTest_v242-1872478974 None] Lock "quobyte_ensure" acquired by "cinder.volume.drivers.quobyte.QuobyteDriver._ensure_shares_mounted" :: waited 0.001s {{(pid=82875) inner /opt/stack/data/venv/lib/python3.10/site-packages/oslo_concurrency/lockutils.py:519}}
Feb 05 20:27:18 devstack cinder-volume[82875]: DEBUG cinder.volume.drivers.quobyte [None req-7e8e76c5-d8bb-4126-9643-5c8fe3297141 tempest-TaggedBootDevicesTest_v242-1872478974 None] Quobyte Volume URL set to: {'osci02.corp.quobyte.com/cinder-vol-71d323bf-b840-456f-b2ad-175600fce3f7': None} {{(pid=82875) _load_shares_config /opt/stack/cinder/cinder/volume/drivers/quobyte.py:620}}
Feb 05 20:27:18 devstack cinder-volume[82875]: DEBUG cinder.volume.drivers.quobyte [None req-7e8e76c5-d8bb-4126-9643-5c8fe3297141 tempest-TaggedBootDevicesTest_v242-1872478974 None] Available shares ['osci02.corp.quobyte.com/cinder-vol-71d323bf-b840-456f-b2ad-175600fce3f7'] {{(pid=82875) _ensure_shares_mounted /opt/stack/cinder/cinder/volume/drivers/quobyte.py:650}}
Feb 05 20:27:18 devstack cinder-volume[82875]: DEBUG oslo_concurrency.lockutils [None req-7e8e76c5-d8bb-4126-9643-5c8fe3297141 tempest-TaggedBootDevicesTest_v242-1872478974 None] Lock "quobyte_ensure" "released" by "cinder.volume.drivers.quobyte.QuobyteDriver._ensure_shares_mounted" :: held 0.004s {{(pid=82875) inner /opt/stack/data/venv/lib/python3.10/site-packages/oslo_concurrency/lockutils.py:538}}
Feb 05 20:27:18 devstack cinder-volume[82875]: DEBUG oslo_concurrency.processutils [None req-7e8e76c5-d8bb-4126-9643-5c8fe3297141 tempest-TaggedBootDevicesTest_v242-1872478974 None] Running cmd (subprocess): sudo cinder-rootwrap /etc/cinder/rootwrap.conf df --portability --block-size 1 /opt/stack/data/cinder/mnt/9b708b68e73cfd3888ce29f3eb8f8915 {{(pid=82875) execute /opt/stack/data/venv/lib/python3.10/site-packages/oslo_concurrency/processutils.py:368}}
Feb 05 20:27:18 devstack sudo[87169]: quobyte : PWD=/ ; USER=root ; COMMAND=/opt/stack/data/venv/bin/cinder-rootwrap /etc/cinder/rootwrap.conf df --portability --block-size 1 /opt/stack/data/cinder/mnt/9b708b68e73cfd3888ce29f3eb8f8915
Feb 05 20:27:18 devstack sudo[87169]: pam_unix(sudo:session): session opened for user root(uid=0) by (uid=1000)
Feb 05 20:27:18 devstack cinder-volume[82875]: WARNING cinder.volume.volume_utils [None req-277453e8-611c-4148-8d92-8a5a249ea89e tempest-GroupSnapshotsTest-1928820609 None] Volume driver (QuobyteDriver 1.1.14) is currently unsupported and may be removed in the next release of OpenStack. Use at your own risk.
Feb 05 20:27:19 devstack cinder-volume[82875]: INFO cinder.volume.manager [None req-277453e8-611c-4148-8d92-8a5a249ea89e tempest-GroupSnapshotsTest-1928820609 None] Update group completed successfully.
Feb 05 20:27:19 devstack sudo[87169]: pam_unix(sudo:session): session closed for user root
Feb 05 20:27:19 devstack cinder-volume[82875]: DEBUG oslo_concurrency.processutils [None req-7e8e76c5-d8bb-4126-9643-5c8fe3297141 tempest-TaggedBootDevicesTest_v242-1872478974 None] CMD "sudo cinder-rootwrap /etc/cinder/rootwrap.conf df --portability --block-size 1 /opt/stack/data/cinder/mnt/9b708b68e73cfd3888ce29f3eb8f8915" returned: 0 in 0.547s {{(pid=82875) execute /opt/stack/data/venv/lib/python3.10/site-packages/oslo_concurrency/processutils.py:396}}
Feb 05 20:27:19 devstack cinder-volume[82875]: DEBUG cinder.manager [None req-7e8e76c5-d8bb-4126-9643-5c8fe3297141 tempest-TaggedBootDevicesTest_v242-1872478974 None] Notifying Schedulers of capabilities ... {{(pid=82875) _publish_service_capabilities /opt/stack/cinder/cinder/manager.py:202}}
Feb 05 20:27:19 devstack cinder-volume[82875]: INFO cinder.volume.manager [None req-7e8e76c5-d8bb-4126-9643-5c8fe3297141 tempest-TaggedBootDevicesTest_v242-1872478974 None] Deleted volume successfully.
Feb 05 20:27:19 devstack cinder-volume[82875]: DEBUG cinder.coordination [None req-7e8e76c5-d8bb-4126-9643-5c8fe3297141 tempest-TaggedBootDevicesTest_v242-1872478974 None] Lock "cinder-86108871-effd-4561-9e78-71560fd9c38c-delete_volume" released by "delete_volume" :: held 2.366s {{(pid=82875) __release /opt/stack/cinder/cinder/coordination.py:157}}
Feb 05 20:27:19 devstack cinder-volume[82875]: DEBUG oslo_concurrency.lockutils [req-07d2c03b-cf33-4261-ad21-2c04d3ba18ba req-3bcd8cbd-ff8d-4299-95de-017b715e2c57 tempest-ServerActionsTestOtherB-1330479417 None] Acquiring lock "quobyte" by "cinder.volume.drivers.quobyte.QuobyteDriver.initialize_connection" {{(pid=82875) inner /opt/stack/data/venv/lib/python3.10/site-packages/oslo_concurrency/lockutils.py:506}}
Feb 05 20:27:19 devstack cinder-volume[82875]: DEBUG oslo_concurrency.lockutils [req-07d2c03b-cf33-4261-ad21-2c04d3ba18ba req-3bcd8cbd-ff8d-4299-95de-017b715e2c57 tempest-ServerActionsTestOtherB-1330479417 None] Lock "quobyte" acquired by "cinder.volume.drivers.quobyte.QuobyteDriver.initialize_connection" :: waited 0.001s {{(pid=82875) inner /opt/stack/data/venv/lib/python3.10/site-packages/oslo_concurrency/lockutils.py:519}}
Feb 05 20:27:19 devstack cinder-volume[82875]: DEBUG oslo.privsep.daemon [-] privsep: reply[72d01947-da7a-46f8-8850-e1d6e3e34445]: (4, 'qcow2') {{(pid=83817) _call_back /opt/stack/data/venv/lib/python3.10/site-packages/oslo_privsep/daemon.py:515}}
Feb 05 20:27:19 devstack cinder-volume[82875]: DEBUG oslo_concurrency.processutils [req-07d2c03b-cf33-4261-ad21-2c04d3ba18ba req-3bcd8cbd-ff8d-4299-95de-017b715e2c57 tempest-ServerActionsTestOtherB-1330479417 None] Running cmd (subprocess): /opt/stack/data/venv/bin/python3.10 -m oslo_concurrency.prlimit --as=1073741824 --cpu=60 -- sudo cinder-rootwrap /etc/cinder/rootwrap.conf env LC_ALL=C qemu-img info -f qcow2 --output=json --force-share /opt/stack/data/cinder/mnt/9b708b68e73cfd3888ce29f3eb8f8915/volume-f12d8067-2551-4824-8426-cf9050b397e2 {{(pid=82875) execute /opt/stack/data/venv/lib/python3.10/site-packages/oslo_concurrency/processutils.py:368}}
Feb 05 20:27:19 devstack sudo[87180]: quobyte : PWD=/ ; USER=root ; COMMAND=/opt/stack/data/venv/bin/cinder-rootwrap /etc/cinder/rootwrap.conf env LC_ALL=C qemu-img info -f qcow2 --output=json --force-share /opt/stack/data/cinder/mnt/9b708b68e73cfd3888ce29f3eb8f8915/volume-f12d8067-2551-4824-8426-cf9050b397e2
Feb 05 20:27:19 devstack sudo[87180]: pam_unix(sudo:session): session opened for user root(uid=0) by (uid=1000)
Feb 05 20:27:20 devstack cinder-volume[82875]: INFO cinder.volume.manager [None req-27be440c-c4a6-433e-ba38-37ec6b196940 tempest-GroupSnapshotsTest-1928820609 None] GroupSnapshot afdf95c9-3932-4843-a95c-e23b59c3792c: creating.
Feb 05 20:27:20 devstack cinder-volume[82875]: WARNING cinder.volume.volume_utils [None req-27be440c-c4a6-433e-ba38-37ec6b196940 tempest-GroupSnapshotsTest-1928820609 None] Volume driver (QuobyteDriver 1.1.14) is currently unsupported and may be removed in the next release of OpenStack. Use at your own risk.
Feb 05 20:27:20 devstack cinder-volume[82875]: DEBUG cinder.volume.manager [None req-27be440c-c4a6-433e-ba38-37ec6b196940 tempest-GroupSnapshotsTest-1928820609 None] Group snapshot afdf95c9-3932-4843-a95c-e23b59c3792c: creating. {{(pid=82875) create_group_snapshot /opt/stack/cinder/cinder/volume/manager.py:4175}}
Feb 05 20:27:20 devstack cinder-volume[82875]: DEBUG oslo_concurrency.lockutils [None req-27be440c-c4a6-433e-ba38-37ec6b196940 tempest-GroupSnapshotsTest-1928820609 None] Acquiring lock "quobyte" by "cinder.volume.drivers.quobyte.QuobyteDriver.create_snapshot" {{(pid=82875) inner /opt/stack/data/venv/lib/python3.10/site-packages/oslo_concurrency/lockutils.py:506}}
Feb 05 20:27:20 devstack sudo[87180]: pam_unix(sudo:session): session closed for user root
Feb 05 20:27:20 devstack cinder-volume[82875]: DEBUG oslo_concurrency.processutils [req-07d2c03b-cf33-4261-ad21-2c04d3ba18ba req-3bcd8cbd-ff8d-4299-95de-017b715e2c57 tempest-ServerActionsTestOtherB-1330479417 None] CMD "/opt/stack/data/venv/bin/python3.10 -m oslo_concurrency.prlimit --as=1073741824 --cpu=60 -- sudo cinder-rootwrap /etc/cinder/rootwrap.conf env LC_ALL=C qemu-img info -f qcow2 --output=json --force-share /opt/stack/data/cinder/mnt/9b708b68e73cfd3888ce29f3eb8f8915/volume-f12d8067-2551-4824-8426-cf9050b397e2" returned: 0 in 0.717s {{(pid=82875) execute /opt/stack/data/venv/lib/python3.10/site-packages/oslo_concurrency/processutils.py:396}}
Feb 05 20:27:20 devstack cinder-volume[82875]: DEBUG oslo_concurrency.lockutils [req-07d2c03b-cf33-4261-ad21-2c04d3ba18ba req-3bcd8cbd-ff8d-4299-95de-017b715e2c57 tempest-ServerActionsTestOtherB-1330479417 None] Lock "quobyte" "released" by "cinder.volume.drivers.quobyte.QuobyteDriver.initialize_connection" :: held 0.733s {{(pid=82875) inner /opt/stack/data/venv/lib/python3.10/site-packages/oslo_concurrency/lockutils.py:538}}
Feb 05 20:27:20 devstack cinder-volume[82875]: DEBUG oslo_concurrency.lockutils [None req-27be440c-c4a6-433e-ba38-37ec6b196940 tempest-GroupSnapshotsTest-1928820609 None] Lock "quobyte" acquired by "cinder.volume.drivers.quobyte.QuobyteDriver.create_snapshot" :: waited 0.088s {{(pid=82875) inner /opt/stack/data/venv/lib/python3.10/site-packages/oslo_concurrency/lockutils.py:519}}
Feb 05 20:27:20 devstack cinder-volume[82875]: DEBUG cinder.volume.drivers.remotefs [None req-27be440c-c4a6-433e-ba38-37ec6b196940 tempest-GroupSnapshotsTest-1928820609 None] Creating offline snapshot a416c944-1f6f-4e9e-abf7-b6d7eb3b2c8d of volume 96a8fa57-9e2e-4256-9855-0cf271a214bb {{(pid=82875) _create_snapshot /opt/stack/cinder/cinder/volume/drivers/remotefs.py:1817}}
Feb 05 20:27:20 devstack cinder-volume[82875]: DEBUG oslo.privsep.daemon [-] privsep: reply[d72bd476-b447-49d5-92ec-dcc6aae6098a]: (4, 'qcow2') {{(pid=83817) _call_back /opt/stack/data/venv/lib/python3.10/site-packages/oslo_privsep/daemon.py:515}}
Feb 05 20:27:20 devstack cinder-volume[82875]: DEBUG oslo_concurrency.processutils [None req-27be440c-c4a6-433e-ba38-37ec6b196940 tempest-GroupSnapshotsTest-1928820609 None] Running cmd (subprocess): /opt/stack/data/venv/bin/python3.10 -m oslo_concurrency.prlimit --as=1073741824 --cpu=60 -- sudo cinder-rootwrap /etc/cinder/rootwrap.conf env LC_ALL=C qemu-img info -f qcow2 --output=json --force-share /opt/stack/data/cinder/mnt/9b708b68e73cfd3888ce29f3eb8f8915/volume-96a8fa57-9e2e-4256-9855-0cf271a214bb {{(pid=82875) execute /opt/stack/data/venv/lib/python3.10/site-packages/oslo_concurrency/processutils.py:368}}
Feb 05 20:27:20 devstack cinder-volume[82875]: DEBUG cinder.volume.manager [req-07d2c03b-cf33-4261-ad21-2c04d3ba18ba req-3bcd8cbd-ff8d-4299-95de-017b715e2c57 tempest-ServerActionsTestOtherB-1330479417 None] Connection info returned from driver {'export': 'osci02.corp.quobyte.com/cinder-vol-71d323bf-b840-456f-b2ad-175600fce3f7', 'name': 'volume-f12d8067-2551-4824-8426-cf9050b397e2', 'options': None, 'format': 'qcow2', 'qos_specs': None, 'access_mode': 'rw', 'encrypted': False, 'cacheable': False, 'driver_volume_type': 'quobyte', 'mount_point_base': '/opt/stack/data/cinder/mnt', 'attachment_id': '8dcead6f-99df-4e62-8a48-8dd00537a690', 'enforce_multipath': True} {{(pid=82875) _connection_create /opt/stack/cinder/cinder/volume/manager.py:4924}}
Feb 05 20:27:20 devstack cinder-volume[82875]: WARNING cinder.volume.volume_utils [req-07d2c03b-cf33-4261-ad21-2c04d3ba18ba req-3bcd8cbd-ff8d-4299-95de-017b715e2c57 tempest-ServerActionsTestOtherB-1330479417 None] Volume driver (QuobyteDriver 1.1.14) is currently unsupported and may be removed in the next release of OpenStack. Use at your own risk.
Feb 05 20:27:20 devstack cinder-volume[82875]: INFO cinder.volume.manager [req-07d2c03b-cf33-4261-ad21-2c04d3ba18ba req-3bcd8cbd-ff8d-4299-95de-017b715e2c57 tempest-ServerActionsTestOtherB-1330479417 None] attachment_update completed successfully.
Feb 05 20:27:20 devstack sudo[87187]: quobyte : PWD=/ ; USER=root ; COMMAND=/opt/stack/data/venv/bin/cinder-rootwrap /etc/cinder/rootwrap.conf env LC_ALL=C qemu-img info -f qcow2 --output=json --force-share /opt/stack/data/cinder/mnt/9b708b68e73cfd3888ce29f3eb8f8915/volume-96a8fa57-9e2e-4256-9855-0cf271a214bb
Feb 05 20:27:20 devstack sudo[87187]: pam_unix(sudo:session): session opened for user root(uid=0) by (uid=1000)
Feb 05 20:27:21 devstack sudo[87187]: pam_unix(sudo:session): session closed for user root
Feb 05 20:27:21 devstack cinder-volume[82875]: DEBUG oslo_concurrency.processutils [None req-27be440c-c4a6-433e-ba38-37ec6b196940 tempest-GroupSnapshotsTest-1928820609 None] CMD "/opt/stack/data/venv/bin/python3.10 -m oslo_concurrency.prlimit --as=1073741824 --cpu=60 -- sudo cinder-rootwrap /etc/cinder/rootwrap.conf env LC_ALL=C qemu-img info -f qcow2 --output=json --force-share /opt/stack/data/cinder/mnt/9b708b68e73cfd3888ce29f3eb8f8915/volume-96a8fa57-9e2e-4256-9855-0cf271a214bb" returned: 0 in 0.664s {{(pid=82875) execute /opt/stack/data/venv/lib/python3.10/site-packages/oslo_concurrency/processutils.py:396}}
Feb 05 20:27:21 devstack cinder-volume[82875]: DEBUG oslo_concurrency.processutils [None req-27be440c-c4a6-433e-ba38-37ec6b196940 tempest-GroupSnapshotsTest-1928820609 None] Running cmd (subprocess): sudo cinder-rootwrap /etc/cinder/rootwrap.conf qemu-img create -f qcow2 -o backing_file=/opt/stack/data/cinder/mnt/9b708b68e73cfd3888ce29f3eb8f8915/volume-96a8fa57-9e2e-4256-9855-0cf271a214bb,backing_fmt=qcow2 /opt/stack/data/cinder/mnt/9b708b68e73cfd3888ce29f3eb8f8915/volume-96a8fa57-9e2e-4256-9855-0cf271a214bb.a416c944-1f6f-4e9e-abf7-b6d7eb3b2c8d 1G {{(pid=82875) execute /opt/stack/data/venv/lib/python3.10/site-packages/oslo_concurrency/processutils.py:368}}
Feb 05 20:27:21 devstack sudo[87192]: quobyte : PWD=/ ; USER=root ; COMMAND=/opt/stack/data/venv/bin/cinder-rootwrap /etc/cinder/rootwrap.conf qemu-img create -f qcow2 -o backing_file=/opt/stack/data/cinder/mnt/9b708b68e73cfd3888ce29f3eb8f8915/volume-96a8fa57-9e2e-4256-9855-0cf271a214bb,backing_fmt=qcow2 /opt/stack/data/cinder/mnt/9b708b68e73cfd3888ce29f3eb8f8915/volume-96a8fa57-9e2e-4256-9855-0cf271a214bb.a416c944-1f6f-4e9e-abf7-b6d7eb3b2c8d 1G
Feb 05 20:27:21 devstack sudo[87192]: pam_unix(sudo:session): session opened for user root(uid=0) by (uid=1000)
Feb 05 20:27:21 devstack sudo[87192]: pam_unix(sudo:session): session closed for user root
Feb 05 20:27:21 devstack cinder-volume[82875]: DEBUG oslo_concurrency.processutils [None req-27be440c-c4a6-433e-ba38-37ec6b196940 tempest-GroupSnapshotsTest-1928820609 None] CMD "sudo cinder-rootwrap /etc/cinder/rootwrap.conf qemu-img create -f qcow2 -o backing_file=/opt/stack/data/cinder/mnt/9b708b68e73cfd3888ce29f3eb8f8915/volume-96a8fa57-9e2e-4256-9855-0cf271a214bb,backing_fmt=qcow2 /opt/stack/data/cinder/mnt/9b708b68e73cfd3888ce29f3eb8f8915/volume-96a8fa57-9e2e-4256-9855-0cf271a214bb.a416c944-1f6f-4e9e-abf7-b6d7eb3b2c8d 1G" returned: 0 in 0.623s {{(pid=82875) execute /opt/stack/data/venv/lib/python3.10/site-packages/oslo_concurrency/processutils.py:396}}
Feb 05 20:27:21 devstack cinder-volume[82875]: DEBUG oslo_concurrency.processutils [None req-27be440c-c4a6-433e-ba38-37ec6b196940 tempest-GroupSnapshotsTest-1928820609 None] Running cmd (subprocess): sudo cinder-rootwrap /etc/cinder/rootwrap.conf qemu-img rebase -u -b volume-96a8fa57-9e2e-4256-9855-0cf271a214bb -F qcow2 /opt/stack/data/cinder/mnt/9b708b68e73cfd3888ce29f3eb8f8915/volume-96a8fa57-9e2e-4256-9855-0cf271a214bb.a416c944-1f6f-4e9e-abf7-b6d7eb3b2c8d {{(pid=82875) execute /opt/stack/data/venv/lib/python3.10/site-packages/oslo_concurrency/processutils.py:368}}
Feb 05 20:27:21 devstack sudo[87197]: quobyte : PWD=/ ; USER=root ; COMMAND=/opt/stack/data/venv/bin/cinder-rootwrap /etc/cinder/rootwrap.conf qemu-img rebase -u -b volume-96a8fa57-9e2e-4256-9855-0cf271a214bb -F qcow2 /opt/stack/data/cinder/mnt/9b708b68e73cfd3888ce29f3eb8f8915/volume-96a8fa57-9e2e-4256-9855-0cf271a214bb.a416c944-1f6f-4e9e-abf7-b6d7eb3b2c8d
Feb 05 20:27:21 devstack sudo[87197]: pam_unix(sudo:session): session opened for user root(uid=0) by (uid=1000)
Feb 05 20:27:22 devstack sudo[87197]: pam_unix(sudo:session): session closed for user root
Feb 05 20:27:22 devstack cinder-volume[82875]: DEBUG oslo_concurrency.processutils [None req-27be440c-c4a6-433e-ba38-37ec6b196940 tempest-GroupSnapshotsTest-1928820609 None] CMD "sudo cinder-rootwrap /etc/cinder/rootwrap.conf qemu-img rebase -u -b volume-96a8fa57-9e2e-4256-9855-0cf271a214bb -F qcow2 /opt/stack/data/cinder/mnt/9b708b68e73cfd3888ce29f3eb8f8915/volume-96a8fa57-9e2e-4256-9855-0cf271a214bb.a416c944-1f6f-4e9e-abf7-b6d7eb3b2c8d" returned: 0 in 0.611s {{(pid=82875) execute /opt/stack/data/venv/lib/python3.10/site-packages/oslo_concurrency/processutils.py:396}}
Feb 05 20:27:22 devstack cinder-volume[82875]: WARNING cinder.volume.drivers.remotefs [None req-27be440c-c4a6-433e-ba38-37ec6b196940 tempest-GroupSnapshotsTest-1928820609 None] /opt/stack/data/cinder/mnt/9b708b68e73cfd3888ce29f3eb8f8915/volume-96a8fa57-9e2e-4256-9855-0cf271a214bb.a416c944-1f6f-4e9e-abf7-b6d7eb3b2c8d is being set with open permissions: ugo+rw: NotImplementedError
Feb 05 20:27:22 devstack cinder-volume[82875]: DEBUG oslo_concurrency.processutils [None req-27be440c-c4a6-433e-ba38-37ec6b196940 tempest-GroupSnapshotsTest-1928820609 None] Running cmd (subprocess): sudo cinder-rootwrap /etc/cinder/rootwrap.conf chmod ugo+rw /opt/stack/data/cinder/mnt/9b708b68e73cfd3888ce29f3eb8f8915/volume-96a8fa57-9e2e-4256-9855-0cf271a214bb.a416c944-1f6f-4e9e-abf7-b6d7eb3b2c8d {{(pid=82875) execute /opt/stack/data/venv/lib/python3.10/site-packages/oslo_concurrency/processutils.py:368}}
Feb 05 20:27:22 devstack sudo[87270]: quobyte : PWD=/ ; USER=root ; COMMAND=/opt/stack/data/venv/bin/cinder-rootwrap /etc/cinder/rootwrap.conf chmod ugo+rw /opt/stack/data/cinder/mnt/9b708b68e73cfd3888ce29f3eb8f8915/volume-96a8fa57-9e2e-4256-9855-0cf271a214bb.a416c944-1f6f-4e9e-abf7-b6d7eb3b2c8d
Feb 05 20:27:22 devstack sudo[87270]: pam_unix(sudo:session): session opened for user root(uid=0) by (uid=1000)
Feb 05 20:27:22 devstack sudo[87270]: pam_unix(sudo:session): session closed for user root
Feb 05 20:27:22 devstack cinder-volume[82875]: DEBUG oslo_concurrency.processutils [None req-27be440c-c4a6-433e-ba38-37ec6b196940 tempest-GroupSnapshotsTest-1928820609 None] CMD "sudo cinder-rootwrap /etc/cinder/rootwrap.conf chmod ugo+rw /opt/stack/data/cinder/mnt/9b708b68e73cfd3888ce29f3eb8f8915/volume-96a8fa57-9e2e-4256-9855-0cf271a214bb.a416c944-1f6f-4e9e-abf7-b6d7eb3b2c8d" returned: 0 in 0.537s {{(pid=82875) execute /opt/stack/data/venv/lib/python3.10/site-packages/oslo_concurrency/processutils.py:396}}
Feb 05 20:27:22 devstack cinder-volume[82875]: DEBUG oslo_concurrency.processutils [None req-27be440c-c4a6-433e-ba38-37ec6b196940 tempest-GroupSnapshotsTest-1928820609 None] Running cmd (subprocess): sudo cinder-rootwrap /etc/cinder/rootwrap.conf truncate -s0 /opt/stack/data/cinder/mnt/9b708b68e73cfd3888ce29f3eb8f8915/volume-96a8fa57-9e2e-4256-9855-0cf271a214bb.info {{(pid=82875) execute /opt/stack/data/venv/lib/python3.10/site-packages/oslo_concurrency/processutils.py:368}}
Feb 05 20:27:23 devstack sudo[87593]: quobyte : PWD=/ ; USER=root ; COMMAND=/opt/stack/data/venv/bin/cinder-rootwrap /etc/cinder/rootwrap.conf truncate -s0 /opt/stack/data/cinder/mnt/9b708b68e73cfd3888ce29f3eb8f8915/volume-96a8fa57-9e2e-4256-9855-0cf271a214bb.info
Feb 05 20:27:23 devstack sudo[87593]: pam_unix(sudo:session): session opened for user root(uid=0) by (uid=1000)
Feb 05 20:27:23 devstack sudo[87593]: pam_unix(sudo:session): session closed for user root
Feb 05 20:27:23 devstack cinder-volume[82875]: DEBUG oslo_concurrency.processutils [None req-27be440c-c4a6-433e-ba38-37ec6b196940 tempest-GroupSnapshotsTest-1928820609 None] CMD "sudo cinder-rootwrap /etc/cinder/rootwrap.conf truncate -s0 /opt/stack/data/cinder/mnt/9b708b68e73cfd3888ce29f3eb8f8915/volume-96a8fa57-9e2e-4256-9855-0cf271a214bb.info" returned: 0 in 0.638s {{(pid=82875) execute /opt/stack/data/venv/lib/python3.10/site-packages/oslo_concurrency/processutils.py:396}}
Feb 05 20:27:23 devstack cinder-volume[82875]: WARNING cinder.volume.drivers.remotefs [None req-27be440c-c4a6-433e-ba38-37ec6b196940 tempest-GroupSnapshotsTest-1928820609 None] /opt/stack/data/cinder/mnt/9b708b68e73cfd3888ce29f3eb8f8915/volume-96a8fa57-9e2e-4256-9855-0cf271a214bb.info is being set with open permissions: ugo+rw: NotImplementedError
Feb 05 20:27:23 devstack cinder-volume[82875]: DEBUG oslo_concurrency.processutils [None req-27be440c-c4a6-433e-ba38-37ec6b196940 tempest-GroupSnapshotsTest-1928820609 None] Running cmd (subprocess): sudo cinder-rootwrap /etc/cinder/rootwrap.conf chmod ugo+rw /opt/stack/data/cinder/mnt/9b708b68e73cfd3888ce29f3eb8f8915/volume-96a8fa57-9e2e-4256-9855-0cf271a214bb.info {{(pid=82875) execute /opt/stack/data/venv/lib/python3.10/site-packages/oslo_concurrency/processutils.py:368}}
Feb 05 20:27:23 devstack sudo[87603]: quobyte : PWD=/ ; USER=root ; COMMAND=/opt/stack/data/venv/bin/cinder-rootwrap /etc/cinder/rootwrap.conf chmod ugo+rw /opt/stack/data/cinder/mnt/9b708b68e73cfd3888ce29f3eb8f8915/volume-96a8fa57-9e2e-4256-9855-0cf271a214bb.info
Feb 05 20:27:23 devstack sudo[87603]: pam_unix(sudo:session): session opened for user root(uid=0) by (uid=1000)
Feb 05 20:27:24 devstack sudo[87603]: pam_unix(sudo:session): session closed for user root
Feb 05 20:27:24 devstack cinder-volume[82875]: DEBUG oslo_concurrency.processutils [None req-27be440c-c4a6-433e-ba38-37ec6b196940 tempest-GroupSnapshotsTest-1928820609 None] CMD "sudo cinder-rootwrap /etc/cinder/rootwrap.conf chmod ugo+rw /opt/stack/data/cinder/mnt/9b708b68e73cfd3888ce29f3eb8f8915/volume-96a8fa57-9e2e-4256-9855-0cf271a214bb.info" returned: 0 in 0.523s {{(pid=82875) execute /opt/stack/data/venv/lib/python3.10/site-packages/oslo_concurrency/processutils.py:396}}
Feb 05 20:27:24 devstack cinder-volume[82875]: DEBUG oslo_concurrency.lockutils [None req-27be440c-c4a6-433e-ba38-37ec6b196940 tempest-GroupSnapshotsTest-1928820609 None] Lock "quobyte" "released" by "cinder.volume.drivers.quobyte.QuobyteDriver.create_snapshot" :: held 3.714s {{(pid=82875) inner /opt/stack/data/venv/lib/python3.10/site-packages/oslo_concurrency/lockutils.py:538}}
Feb 05 20:27:24 devstack cinder-volume[82875]: DEBUG oslo_concurrency.lockutils [None req-27be440c-c4a6-433e-ba38-37ec6b196940 tempest-GroupSnapshotsTest-1928820609 None] Acquiring lock "quobyte" by "cinder.volume.drivers.quobyte.QuobyteDriver.create_snapshot" {{(pid=82875) inner /opt/stack/data/venv/lib/python3.10/site-packages/oslo_concurrency/lockutils.py:506}}
Feb 05 20:27:24 devstack cinder-volume[82875]: DEBUG oslo_concurrency.lockutils [None req-27be440c-c4a6-433e-ba38-37ec6b196940 tempest-GroupSnapshotsTest-1928820609 None] Lock "quobyte" acquired by "cinder.volume.drivers.quobyte.QuobyteDriver.create_snapshot" :: waited 0.001s {{(pid=82875) inner /opt/stack/data/venv/lib/python3.10/site-packages/oslo_concurrency/lockutils.py:519}}
Feb 05 20:27:24 devstack cinder-volume[82875]: DEBUG cinder.volume.drivers.remotefs [None req-27be440c-c4a6-433e-ba38-37ec6b196940 tempest-GroupSnapshotsTest-1928820609 None] Creating offline snapshot eefa02a1-74ca-4309-bc21-c389db447bee of volume 7dce3cc5-76ad-4eb8-a61d-4c8e10cddaef {{(pid=82875) _create_snapshot /opt/stack/cinder/cinder/volume/drivers/remotefs.py:1817}}
Feb 05 20:27:24 devstack cinder-volume[82875]: DEBUG oslo.privsep.daemon [-] privsep: reply[7b6d61cf-a5ec-4d59-9aed-0386822a5afc]: (4, 'qcow2') {{(pid=83817) _call_back /opt/stack/data/venv/lib/python3.10/site-packages/oslo_privsep/daemon.py:515}}
Feb 05 20:27:24 devstack cinder-volume[82875]: DEBUG oslo_concurrency.processutils [None req-27be440c-c4a6-433e-ba38-37ec6b196940 tempest-GroupSnapshotsTest-1928820609 None] Running cmd (subprocess): /opt/stack/data/venv/bin/python3.10 -m oslo_concurrency.prlimit --as=1073741824 --cpu=60 -- sudo cinder-rootwrap /etc/cinder/rootwrap.conf env LC_ALL=C qemu-img info -f qcow2 --output=json --force-share /opt/stack/data/cinder/mnt/9b708b68e73cfd3888ce29f3eb8f8915/volume-7dce3cc5-76ad-4eb8-a61d-4c8e10cddaef {{(pid=82875) execute /opt/stack/data/venv/lib/python3.10/site-packages/oslo_concurrency/processutils.py:368}}
Feb 05 20:27:24 devstack sudo[87629]: quobyte : PWD=/ ; USER=root ; COMMAND=/opt/stack/data/venv/bin/cinder-rootwrap /etc/cinder/rootwrap.conf env LC_ALL=C qemu-img info -f qcow2 --output=json --force-share /opt/stack/data/cinder/mnt/9b708b68e73cfd3888ce29f3eb8f8915/volume-7dce3cc5-76ad-4eb8-a61d-4c8e10cddaef
Feb 05 20:27:24 devstack sudo[87629]: pam_unix(sudo:session): session opened for user root(uid=0) by (uid=1000)
Feb 05 20:27:25 devstack sudo[87629]: pam_unix(sudo:session): session closed for user root
Feb 05 20:27:25 devstack cinder-volume[82875]: DEBUG oslo_concurrency.processutils [None req-27be440c-c4a6-433e-ba38-37ec6b196940 tempest-GroupSnapshotsTest-1928820609 None] CMD "/opt/stack/data/venv/bin/python3.10 -m oslo_concurrency.prlimit --as=1073741824 --cpu=60 -- sudo cinder-rootwrap /etc/cinder/rootwrap.conf env LC_ALL=C qemu-img info -f qcow2 --output=json --force-share /opt/stack/data/cinder/mnt/9b708b68e73cfd3888ce29f3eb8f8915/volume-7dce3cc5-76ad-4eb8-a61d-4c8e10cddaef" returned: 0 in 1.098s {{(pid=82875) execute /opt/stack/data/venv/lib/python3.10/site-packages/oslo_concurrency/processutils.py:396}}
Feb 05 20:27:25 devstack cinder-volume[82875]: DEBUG oslo_concurrency.processutils [None req-27be440c-c4a6-433e-ba38-37ec6b196940 tempest-GroupSnapshotsTest-1928820609 None] Running cmd (subprocess): sudo cinder-rootwrap /etc/cinder/rootwrap.conf qemu-img create -f qcow2 -o backing_file=/opt/stack/data/cinder/mnt/9b708b68e73cfd3888ce29f3eb8f8915/volume-7dce3cc5-76ad-4eb8-a61d-4c8e10cddaef,backing_fmt=qcow2 /opt/stack/data/cinder/mnt/9b708b68e73cfd3888ce29f3eb8f8915/volume-7dce3cc5-76ad-4eb8-a61d-4c8e10cddaef.eefa02a1-74ca-4309-bc21-c389db447bee 1G {{(pid=82875) execute /opt/stack/data/venv/lib/python3.10/site-packages/oslo_concurrency/processutils.py:368}}
Feb 05 20:27:25 devstack sudo[87679]: quobyte : PWD=/ ; USER=root ; COMMAND=/opt/stack/data/venv/bin/cinder-rootwrap /etc/cinder/rootwrap.conf qemu-img create -f qcow2 -o backing_file=/opt/stack/data/cinder/mnt/9b708b68e73cfd3888ce29f3eb8f8915/volume-7dce3cc5-76ad-4eb8-a61d-4c8e10cddaef,backing_fmt=qcow2 /opt/stack/data/cinder/mnt/9b708b68e73cfd3888ce29f3eb8f8915/volume-7dce3cc5-76ad-4eb8-a61d-4c8e10cddaef.eefa02a1-74ca-4309-bc21-c389db447bee 1G
Feb 05 20:27:25 devstack sudo[87679]: pam_unix(sudo:session): session opened for user root(uid=0) by (uid=1000)
Feb 05 20:27:26 devstack sudo[87679]: pam_unix(sudo:session): session closed for user root
Feb 05 20:27:26 devstack cinder-volume[82875]: DEBUG oslo_concurrency.processutils [None req-27be440c-c4a6-433e-ba38-37ec6b196940 tempest-GroupSnapshotsTest-1928820609 None] CMD "sudo cinder-rootwrap /etc/cinder/rootwrap.conf qemu-img create -f qcow2 -o backing_file=/opt/stack/data/cinder/mnt/9b708b68e73cfd3888ce29f3eb8f8915/volume-7dce3cc5-76ad-4eb8-a61d-4c8e10cddaef,backing_fmt=qcow2 /opt/stack/data/cinder/mnt/9b708b68e73cfd3888ce29f3eb8f8915/volume-7dce3cc5-76ad-4eb8-a61d-4c8e10cddaef.eefa02a1-74ca-4309-bc21-c389db447bee 1G" returned: 0 in 0.801s {{(pid=82875) execute /opt/stack/data/venv/lib/python3.10/site-packages/oslo_concurrency/processutils.py:396}}
Feb 05 20:27:26 devstack cinder-volume[82875]: DEBUG oslo_concurrency.processutils [None req-27be440c-c4a6-433e-ba38-37ec6b196940 tempest-GroupSnapshotsTest-1928820609 None] Running cmd (subprocess): sudo cinder-rootwrap /etc/cinder/rootwrap.conf qemu-img rebase -u -b volume-7dce3cc5-76ad-4eb8-a61d-4c8e10cddaef -F qcow2 /opt/stack/data/cinder/mnt/9b708b68e73cfd3888ce29f3eb8f8915/volume-7dce3cc5-76ad-4eb8-a61d-4c8e10cddaef.eefa02a1-74ca-4309-bc21-c389db447bee {{(pid=82875) execute /opt/stack/data/venv/lib/python3.10/site-packages/oslo_concurrency/processutils.py:368}}
Feb 05 20:27:26 devstack sudo[87685]: quobyte : PWD=/ ; USER=root ; COMMAND=/opt/stack/data/venv/bin/cinder-rootwrap /etc/cinder/rootwrap.conf qemu-img rebase -u -b volume-7dce3cc5-76ad-4eb8-a61d-4c8e10cddaef -F qcow2 /opt/stack/data/cinder/mnt/9b708b68e73cfd3888ce29f3eb8f8915/volume-7dce3cc5-76ad-4eb8-a61d-4c8e10cddaef.eefa02a1-74ca-4309-bc21-c389db447bee
Feb 05 20:27:26 devstack sudo[87685]: pam_unix(sudo:session): session opened for user root(uid=0) by (uid=1000)
Feb 05 20:27:27 devstack sudo[87685]: pam_unix(sudo:session): session closed for user root
Feb 05 20:27:27 devstack cinder-volume[82875]: DEBUG oslo_concurrency.processutils [None req-27be440c-c4a6-433e-ba38-37ec6b196940 tempest-GroupSnapshotsTest-1928820609 None] CMD "sudo cinder-rootwrap /etc/cinder/rootwrap.conf qemu-img rebase -u -b volume-7dce3cc5-76ad-4eb8-a61d-4c8e10cddaef -F qcow2 /opt/stack/data/cinder/mnt/9b708b68e73cfd3888ce29f3eb8f8915/volume-7dce3cc5-76ad-4eb8-a61d-4c8e10cddaef.eefa02a1-74ca-4309-bc21-c389db447bee" returned: 0 in 0.908s {{(pid=82875) execute /opt/stack/data/venv/lib/python3.10/site-packages/oslo_concurrency/processutils.py:396}}
Feb 05 20:27:27 devstack cinder-volume[82875]: WARNING cinder.volume.drivers.remotefs [None req-27be440c-c4a6-433e-ba38-37ec6b196940 tempest-GroupSnapshotsTest-1928820609 None] /opt/stack/data/cinder/mnt/9b708b68e73cfd3888ce29f3eb8f8915/volume-7dce3cc5-76ad-4eb8-a61d-4c8e10cddaef.eefa02a1-74ca-4309-bc21-c389db447bee is being set with open permissions: ugo+rw: NotImplementedError
Feb 05 20:27:27 devstack cinder-volume[82875]: DEBUG oslo_concurrency.processutils [None req-27be440c-c4a6-433e-ba38-37ec6b196940 tempest-GroupSnapshotsTest-1928820609 None] Running cmd (subprocess): sudo cinder-rootwrap /etc/cinder/rootwrap.conf chmod ugo+rw /opt/stack/data/cinder/mnt/9b708b68e73cfd3888ce29f3eb8f8915/volume-7dce3cc5-76ad-4eb8-a61d-4c8e10cddaef.eefa02a1-74ca-4309-bc21-c389db447bee {{(pid=82875) execute /opt/stack/data/venv/lib/python3.10/site-packages/oslo_concurrency/processutils.py:368}}
Feb 05 20:27:27 devstack sudo[87692]: quobyte : PWD=/ ; USER=root ; COMMAND=/opt/stack/data/venv/bin/cinder-rootwrap /etc/cinder/rootwrap.conf chmod ugo+rw /opt/stack/data/cinder/mnt/9b708b68e73cfd3888ce29f3eb8f8915/volume-7dce3cc5-76ad-4eb8-a61d-4c8e10cddaef.eefa02a1-74ca-4309-bc21-c389db447bee
Feb 05 20:27:27 devstack sudo[87692]: pam_unix(sudo:session): session opened for user root(uid=0) by (uid=1000)
Feb 05 20:27:27 devstack sudo[87692]: pam_unix(sudo:session): session closed for user root
Feb 05 20:27:27 devstack cinder-volume[82875]: DEBUG oslo_concurrency.processutils [None req-27be440c-c4a6-433e-ba38-37ec6b196940 tempest-GroupSnapshotsTest-1928820609 None] CMD "sudo cinder-rootwrap /etc/cinder/rootwrap.conf chmod ugo+rw /opt/stack/data/cinder/mnt/9b708b68e73cfd3888ce29f3eb8f8915/volume-7dce3cc5-76ad-4eb8-a61d-4c8e10cddaef.eefa02a1-74ca-4309-bc21-c389db447bee" returned: 0 in 0.793s {{(pid=82875) execute /opt/stack/data/venv/lib/python3.10/site-packages/oslo_concurrency/processutils.py:396}}
Feb 05 20:27:27 devstack cinder-volume[82875]: DEBUG oslo_concurrency.processutils [None req-27be440c-c4a6-433e-ba38-37ec6b196940 tempest-GroupSnapshotsTest-1928820609 None] Running cmd (subprocess): sudo cinder-rootwrap /etc/cinder/rootwrap.conf truncate -s0 /opt/stack/data/cinder/mnt/9b708b68e73cfd3888ce29f3eb8f8915/volume-7dce3cc5-76ad-4eb8-a61d-4c8e10cddaef.info {{(pid=82875) execute /opt/stack/data/venv/lib/python3.10/site-packages/oslo_concurrency/processutils.py:368}}
Feb 05 20:27:27 devstack sudo[87695]: quobyte : PWD=/ ; USER=root ; COMMAND=/opt/stack/data/venv/bin/cinder-rootwrap /etc/cinder/rootwrap.conf truncate -s0 /opt/stack/data/cinder/mnt/9b708b68e73cfd3888ce29f3eb8f8915/volume-7dce3cc5-76ad-4eb8-a61d-4c8e10cddaef.info
Feb 05 20:27:27 devstack sudo[87695]: pam_unix(sudo:session): session opened for user root(uid=0) by (uid=1000)
Feb 05 20:27:28 devstack sudo[87695]: pam_unix(sudo:session): session closed for user root
Feb 05 20:27:28 devstack cinder-volume[82875]: DEBUG oslo_concurrency.processutils [None req-27be440c-c4a6-433e-ba38-37ec6b196940 tempest-GroupSnapshotsTest-1928820609 None] CMD "sudo cinder-rootwrap /etc/cinder/rootwrap.conf truncate -s0 /opt/stack/data/cinder/mnt/9b708b68e73cfd3888ce29f3eb8f8915/volume-7dce3cc5-76ad-4eb8-a61d-4c8e10cddaef.info" returned: 0 in 0.871s {{(pid=82875) execute /opt/stack/data/venv/lib/python3.10/site-packages/oslo_concurrency/processutils.py:396}}
Feb 05 20:27:28 devstack cinder-volume[82875]: WARNING cinder.volume.drivers.remotefs [None req-27be440c-c4a6-433e-ba38-37ec6b196940 tempest-GroupSnapshotsTest-1928820609 None] /opt/stack/data/cinder/mnt/9b708b68e73cfd3888ce29f3eb8f8915/volume-7dce3cc5-76ad-4eb8-a61d-4c8e10cddaef.info is being set with open permissions: ugo+rw: NotImplementedError
Feb 05 20:27:28 devstack cinder-volume[82875]: DEBUG oslo_concurrency.processutils [None req-27be440c-c4a6-433e-ba38-37ec6b196940 tempest-GroupSnapshotsTest-1928820609 None] Running cmd (subprocess): sudo cinder-rootwrap /etc/cinder/rootwrap.conf chmod ugo+rw /opt/stack/data/cinder/mnt/9b708b68e73cfd3888ce29f3eb8f8915/volume-7dce3cc5-76ad-4eb8-a61d-4c8e10cddaef.info {{(pid=82875) execute /opt/stack/data/venv/lib/python3.10/site-packages/oslo_concurrency/processutils.py:368}}
Feb 05 20:27:28 devstack sudo[87698]: quobyte : PWD=/ ; USER=root ; COMMAND=/opt/stack/data/venv/bin/cinder-rootwrap /etc/cinder/rootwrap.conf chmod ugo+rw /opt/stack/data/cinder/mnt/9b708b68e73cfd3888ce29f3eb8f8915/volume-7dce3cc5-76ad-4eb8-a61d-4c8e10cddaef.info
Feb 05 20:27:28 devstack sudo[87698]: pam_unix(sudo:session): session opened for user root(uid=0) by (uid=1000)
Feb 05 20:27:29 devstack sudo[87698]: pam_unix(sudo:session): session closed for user root
Feb 05 20:27:29 devstack cinder-volume[82875]: DEBUG oslo_concurrency.processutils [None req-27be440c-c4a6-433e-ba38-37ec6b196940 tempest-GroupSnapshotsTest-1928820609 None] CMD "sudo cinder-rootwrap /etc/cinder/rootwrap.conf chmod ugo+rw /opt/stack/data/cinder/mnt/9b708b68e73cfd3888ce29f3eb8f8915/volume-7dce3cc5-76ad-4eb8-a61d-4c8e10cddaef.info" returned: 0 in 0.461s {{(pid=82875) execute /opt/stack/data/venv/lib/python3.10/site-packages/oslo_concurrency/processutils.py:396}}
Feb 05 20:27:29 devstack cinder-volume[82875]: DEBUG oslo_concurrency.lockutils [None req-27be440c-c4a6-433e-ba38-37ec6b196940 tempest-GroupSnapshotsTest-1928820609 None] Lock "quobyte" "released" by "cinder.volume.drivers.quobyte.QuobyteDriver.create_snapshot" :: held 5.035s {{(pid=82875) inner /opt/stack/data/venv/lib/python3.10/site-packages/oslo_concurrency/lockutils.py:538}}
Feb 05 20:27:29 devstack cinder-volume[82875]: INFO cinder.volume.manager [None req-27be440c-c4a6-433e-ba38-37ec6b196940 tempest-GroupSnapshotsTest-1928820609 None] group_snapshot afdf95c9-3932-4843-a95c-e23b59c3792c: created successfully
Feb 05 20:27:29 devstack cinder-volume[82875]: INFO cinder.volume.manager [None req-92bc135c-3873-4a91-9b61-3fed596c374f tempest-GroupSnapshotsTest-1928820609 None] group_snapshot afdf95c9-3932-4843-a95c-e23b59c3792c: deleting
Feb 05 20:27:30 devstack cinder-volume[82875]: WARNING cinder.volume.volume_utils [None req-92bc135c-3873-4a91-9b61-3fed596c374f tempest-GroupSnapshotsTest-1928820609 None] Volume driver (QuobyteDriver 1.1.14) is currently unsupported and may be removed in the next release of OpenStack. Use at your own risk.
Feb 05 20:27:30 devstack cinder-volume[82875]: DEBUG cinder.volume.manager [None req-92bc135c-3873-4a91-9b61-3fed596c374f tempest-GroupSnapshotsTest-1928820609 None] group_snapshot afdf95c9-3932-4843-a95c-e23b59c3792c: deleting {{(pid=82875) delete_group_snapshot /opt/stack/cinder/cinder/volume/manager.py:4350}}
Feb 05 20:27:30 devstack cinder-volume[82875]: DEBUG cinder.coordination [None req-92bc135c-3873-4a91-9b61-3fed596c374f tempest-GroupSnapshotsTest-1928820609 None] Acquiring lock "cinder-quobyte-96a8fa57-9e2e-4256-9855-0cf271a214bb" by "delete_snapshot" {{(pid=82875) __acquire /opt/stack/cinder/cinder/coordination.py:143}}
Feb 05 20:27:30 devstack cinder-volume[82875]: DEBUG cinder.coordination [None req-92bc135c-3873-4a91-9b61-3fed596c374f tempest-GroupSnapshotsTest-1928820609 None] Lock "cinder-quobyte-96a8fa57-9e2e-4256-9855-0cf271a214bb" acquired by "delete_snapshot" :: waited 0.008s {{(pid=82875) __acquire /opt/stack/cinder/cinder/coordination.py:146}}
Feb 05 20:27:30 devstack cinder-volume[82875]: DEBUG cinder.coordination [None req-92bc135c-3873-4a91-9b61-3fed596c374f tempest-GroupSnapshotsTest-1928820609 None] Acquiring lock "cinder-quobyte-a416c944-1f6f-4e9e-abf7-b6d7eb3b2c8d" by "_delete_snapshot" {{(pid=82875) __acquire /opt/stack/cinder/cinder/coordination.py:143}}
