Jun 11 13:22:52 devstack cinder-volume[92365]: DEBUG cinder.volume.manager [None req-704d875f-a8ea-4781-86e0-5572500a8a82 tempest-VolumesGetTest-646898550 None] Task 'cinder.volume.flows.manager.create_volume.NotifyVolumeActionTask;volume:create, create.start' (efb06336-065d-472c-88b7-88783cacba23) transitioned into state 'RUNNING' from state 'PENDING' {{(pid=92365) _task_receiver /opt/stack/data/venv/lib/python3.12/site-packages/taskflow/listeners/logging.py:194}}
Jun 11 13:22:52 devstack cinder-volume[92365]: DEBUG cinder.volume.manager [None req-704d875f-a8ea-4781-86e0-5572500a8a82 tempest-VolumesGetTest-646898550 None] Task 'cinder.volume.flows.manager.create_volume.NotifyVolumeActionTask;volume:create, create.start' (efb06336-065d-472c-88b7-88783cacba23) transitioned into state 'SUCCESS' from state 'RUNNING' with result 'None' {{(pid=92365) _task_receiver /opt/stack/data/venv/lib/python3.12/site-packages/taskflow/listeners/logging.py:182}}
Jun 11 13:22:52 devstack sudo[99392]: pam_unix(sudo:session): session closed for user root
Jun 11 13:22:52 devstack cinder-volume[92365]: DEBUG cinder.volume.manager [None req-704d875f-a8ea-4781-86e0-5572500a8a82 tempest-VolumesGetTest-646898550 None] Task 'cinder.volume.flows.manager.create_volume.CreateVolumeFromSpecTask;volume:create' (52d53b4c-bd4a-4d05-b84c-10656c27067b) transitioned into state 'RUNNING' from state 'PENDING' {{(pid=92365) _task_receiver /opt/stack/data/venv/lib/python3.12/site-packages/taskflow/listeners/logging.py:194}}
Jun 11 13:22:52 devstack cinder-volume[92365]: INFO cinder.volume.flows.manager.create_volume [None req-704d875f-a8ea-4781-86e0-5572500a8a82 tempest-VolumesGetTest-646898550 None] Volume 1e84bb7c-4b17-410a-8961-f914dcb338f7: being created as source_vol with specification: {'status': 'creating', 'volume_name': 'volume-1e84bb7c-4b17-410a-8961-f914dcb338f7', 'volume_size': 1, 'source_volid': 'e7a30782-194b-4283-9338-ac75aa2ef590', 'source_volstatus': 'available'}
Jun 11 13:22:52 devstack cinder-volume[92365]: DEBUG oslo_concurrency.processutils [None req-34e13abf-2dac-48bf-b389-9de515039d69 tempest-AttachVolumeNegativeTest-1600541512 None] CMD "sudo cinder-rootwrap /etc/cinder/rootwrap.conf chmod ugo+rw /opt/stack/data/cinder/mnt/fc1e6d9d25de540ad46632ccea0a0d02/volume-02a7beef-4700-4e86-94d0-b29a6a0ce404" returned: 0 in 0.785s {{(pid=92365) execute /opt/stack/data/venv/lib/python3.12/site-packages/oslo_concurrency/processutils.py:468}}
Jun 11 13:22:52 devstack cinder-volume[92365]: DEBUG cinder.volume.drivers.quobyte [None req-34e13abf-2dac-48bf-b389-9de515039d69 tempest-AttachVolumeNegativeTest-1600541512 None] <== create_volume: return (2084ms) {'provider_location': 'osci02.corp.quobyte.com/cinder-vol-887fed49-1eed-4ad4-a3d7-495369da3300'} {{(pid=92365) trace_logging_wrapper /opt/stack/cinder/cinder/volume/volume_utils.py:1522}}
Jun 11 13:22:52 devstack cinder-volume[92365]: DEBUG oslo_concurrency.lockutils [None req-34e13abf-2dac-48bf-b389-9de515039d69 tempest-AttachVolumeNegativeTest-1600541512 None] Lock "quobyte" "released" by "cinder.volume.drivers.quobyte.QuobyteDriver.create_volume" :: held 2.088s {{(pid=92365) inner /opt/stack/data/venv/lib/python3.12/site-packages/oslo_concurrency/lockutils.py:538}}
Jun 11 13:22:52 devstack cinder-volume[92365]: DEBUG oslo_concurrency.lockutils [None req-704d875f-a8ea-4781-86e0-5572500a8a82 tempest-VolumesGetTest-646898550 None] Acquiring lock "quobyte" by "cinder.volume.drivers.quobyte.QuobyteDriver.create_cloned_volume" {{(pid=92365) inner /opt/stack/data/venv/lib/python3.12/site-packages/oslo_concurrency/lockutils.py:506}}
Jun 11 13:22:52 devstack cinder-volume[92365]: DEBUG oslo_concurrency.lockutils [None req-704d875f-a8ea-4781-86e0-5572500a8a82 tempest-VolumesGetTest-646898550 None] Lock "quobyte" acquired by "cinder.volume.drivers.quobyte.QuobyteDriver.create_cloned_volume" :: waited 0.001s {{(pid=92365) inner /opt/stack/data/venv/lib/python3.12/site-packages/oslo_concurrency/lockutils.py:519}}
Jun 11 13:22:52 devstack cinder-volume[92365]: INFO cinder.volume.drivers.remotefs [None req-704d875f-a8ea-4781-86e0-5572500a8a82 tempest-VolumesGetTest-646898550 None] Cloning volume e7a30782-194b-4283-9338-ac75aa2ef590 to volume 1e84bb7c-4b17-410a-8961-f914dcb338f7
Jun 11 13:22:52 devstack cinder-volume[92365]: DEBUG cinder.volume.manager [None req-34e13abf-2dac-48bf-b389-9de515039d69 tempest-AttachVolumeNegativeTest-1600541512 None] Task 'cinder.volume.flows.manager.create_volume.CreateVolumeFromSpecTask;volume:create' (14df20f6-f980-4f63-8fa8-5328ee006fdf) transitioned into state 'SUCCESS' from state 'RUNNING' with result '{'status': 'creating', 'volume_name': 'volume-02a7beef-4700-4e86-94d0-b29a6a0ce404', 'volume_size': 1}' {{(pid=92365) _task_receiver /opt/stack/data/venv/lib/python3.12/site-packages/taskflow/listeners/logging.py:182}}
Jun 11 13:22:52 devstack cinder-volume[92365]: DEBUG cinder.volume.manager [None req-34e13abf-2dac-48bf-b389-9de515039d69 tempest-AttachVolumeNegativeTest-1600541512 None] Task 'cinder.volume.flows.manager.create_volume.CreateVolumeOnFinishTask;volume:create, create.end' (dc55fe8e-9eb2-494c-b771-bb475d22ac15) transitioned into state 'RUNNING' from state 'PENDING' {{(pid=92365) _task_receiver /opt/stack/data/venv/lib/python3.12/site-packages/taskflow/listeners/logging.py:194}}
Jun 11 13:22:52 devstack cinder-volume[92365]: INFO cinder.volume.flows.manager.create_volume [None req-34e13abf-2dac-48bf-b389-9de515039d69 tempest-AttachVolumeNegativeTest-1600541512 None] Volume volume-02a7beef-4700-4e86-94d0-b29a6a0ce404 (02a7beef-4700-4e86-94d0-b29a6a0ce404): created successfully
Jun 11 13:22:52 devstack cinder-volume[92365]: DEBUG cinder.volume.manager [None req-34e13abf-2dac-48bf-b389-9de515039d69 tempest-AttachVolumeNegativeTest-1600541512 None] Task 'cinder.volume.flows.manager.create_volume.CreateVolumeOnFinishTask;volume:create, create.end' (dc55fe8e-9eb2-494c-b771-bb475d22ac15) transitioned into state 'SUCCESS' from state 'RUNNING' with result 'None' {{(pid=92365) _task_receiver /opt/stack/data/venv/lib/python3.12/site-packages/taskflow/listeners/logging.py:182}}
Jun 11 13:22:52 devstack cinder-volume[92365]: DEBUG cinder.volume.manager [None req-34e13abf-2dac-48bf-b389-9de515039d69 tempest-AttachVolumeNegativeTest-1600541512 None] Flow 'volume_create_manager' (1d2e0bb2-579d-48e5-b6c1-c53bd15f5358) transitioned into state 'SUCCESS' from state 'RUNNING' {{(pid=92365) _flow_receiver /opt/stack/data/venv/lib/python3.12/site-packages/taskflow/listeners/logging.py:145}}
Jun 11 13:22:52 devstack cinder-volume[92365]: DEBUG cinder.volume.drivers.remotefs [None req-704d875f-a8ea-4781-86e0-5572500a8a82 tempest-VolumesGetTest-646898550 None] Creating offline snapshot e01a01fb-769f-4e55-bfee-b1da0a330784 of volume e7a30782-194b-4283-9338-ac75aa2ef590 {{(pid=92365) _create_snapshot /opt/stack/cinder/cinder/volume/drivers/remotefs.py:1816}}
Jun 11 13:22:52 devstack cinder-volume[92365]: INFO cinder.volume.manager [None req-34e13abf-2dac-48bf-b389-9de515039d69 tempest-AttachVolumeNegativeTest-1600541512 None] Created volume successfully.
Jun 11 13:22:52 devstack cinder-volume[92365]: DEBUG oslo.privsep.daemon [-] privsep: reply[9a46d105-1d75-4867-bef1-d0c0d71108c4]: (4, 'qcow2') {{(pid=92992) _call_back /opt/stack/data/venv/lib/python3.12/site-packages/oslo_privsep/daemon.py:573}}
Jun 11 13:22:52 devstack cinder-volume[92365]: DEBUG oslo_concurrency.processutils [None req-704d875f-a8ea-4781-86e0-5572500a8a82 tempest-VolumesGetTest-646898550 None] Running cmd (subprocess): /opt/stack/data/venv/bin/python3.12 -m oslo_concurrency.prlimit --as=1073741824 --cpu=60 -- sudo cinder-rootwrap /etc/cinder/rootwrap.conf env LC_ALL=C qemu-img info -f qcow2 --output=json --force-share /opt/stack/data/cinder/mnt/fc1e6d9d25de540ad46632ccea0a0d02/volume-e7a30782-194b-4283-9338-ac75aa2ef590 {{(pid=92365) execute /opt/stack/data/venv/lib/python3.12/site-packages/oslo_concurrency/processutils.py:440}}
Jun 11 13:22:52 devstack sudo[99395]: quobyte : PWD=/ ; USER=root ; COMMAND=/opt/stack/data/venv/bin/cinder-rootwrap /etc/cinder/rootwrap.conf env LC_ALL=C qemu-img info -f qcow2 --output=json --force-share /opt/stack/data/cinder/mnt/fc1e6d9d25de540ad46632ccea0a0d02/volume-e7a30782-194b-4283-9338-ac75aa2ef590
Jun 11 13:22:52 devstack sudo[99395]: pam_unix(sudo:session): session opened for user root(uid=0) by (uid=1000)
Jun 11 13:22:53 devstack sudo[99395]: pam_unix(sudo:session): session closed for user root
Jun 11 13:22:53 devstack cinder-volume[92365]: DEBUG oslo_concurrency.processutils [None req-704d875f-a8ea-4781-86e0-5572500a8a82 tempest-VolumesGetTest-646898550 None] CMD "/opt/stack/data/venv/bin/python3.12 -m oslo_concurrency.prlimit --as=1073741824 --cpu=60 -- sudo cinder-rootwrap /etc/cinder/rootwrap.conf env LC_ALL=C qemu-img info -f qcow2 --output=json --force-share /opt/stack/data/cinder/mnt/fc1e6d9d25de540ad46632ccea0a0d02/volume-e7a30782-194b-4283-9338-ac75aa2ef590" returned: 0 in 0.974s {{(pid=92365) execute /opt/stack/data/venv/lib/python3.12/site-packages/oslo_concurrency/processutils.py:468}}
Jun 11 13:22:53 devstack cinder-volume[92365]: DEBUG oslo_concurrency.processutils [None req-704d875f-a8ea-4781-86e0-5572500a8a82 tempest-VolumesGetTest-646898550 None] Running cmd (subprocess): sudo cinder-rootwrap /etc/cinder/rootwrap.conf qemu-img create -f qcow2 -o backing_file=/opt/stack/data/cinder/mnt/fc1e6d9d25de540ad46632ccea0a0d02/volume-e7a30782-194b-4283-9338-ac75aa2ef590,backing_fmt=qcow2 /opt/stack/data/cinder/mnt/fc1e6d9d25de540ad46632ccea0a0d02/volume-e7a30782-194b-4283-9338-ac75aa2ef590.e01a01fb-769f-4e55-bfee-b1da0a330784 1G {{(pid=92365) execute /opt/stack/data/venv/lib/python3.12/site-packages/oslo_concurrency/processutils.py:440}}
Jun 11 13:22:53 devstack sudo[99400]: quobyte : PWD=/ ; USER=root ; COMMAND=/opt/stack/data/venv/bin/cinder-rootwrap /etc/cinder/rootwrap.conf qemu-img create -f qcow2 -o backing_file=/opt/stack/data/cinder/mnt/fc1e6d9d25de540ad46632ccea0a0d02/volume-e7a30782-194b-4283-9338-ac75aa2ef590,backing_fmt=qcow2 /opt/stack/data/cinder/mnt/fc1e6d9d25de540ad46632ccea0a0d02/volume-e7a30782-194b-4283-9338-ac75aa2ef590.e01a01fb-769f-4e55-bfee-b1da0a330784 1G
Jun 11 13:22:53 devstack sudo[99400]: pam_unix(sudo:session): session opened for user root(uid=0) by (uid=1000)
Jun 11 13:22:54 devstack sudo[99400]: pam_unix(sudo:session): session closed for user root
Jun 11 13:22:54 devstack cinder-volume[92365]: DEBUG oslo_concurrency.processutils [None req-704d875f-a8ea-4781-86e0-5572500a8a82 tempest-VolumesGetTest-646898550 None] CMD "sudo cinder-rootwrap /etc/cinder/rootwrap.conf qemu-img create -f qcow2 -o backing_file=/opt/stack/data/cinder/mnt/fc1e6d9d25de540ad46632ccea0a0d02/volume-e7a30782-194b-4283-9338-ac75aa2ef590,backing_fmt=qcow2 /opt/stack/data/cinder/mnt/fc1e6d9d25de540ad46632ccea0a0d02/volume-e7a30782-194b-4283-9338-ac75aa2ef590.e01a01fb-769f-4e55-bfee-b1da0a330784 1G" returned: 0 in 1.042s {{(pid=92365) execute /opt/stack/data/venv/lib/python3.12/site-packages/oslo_concurrency/processutils.py:468}}
Jun 11 13:22:54 devstack cinder-volume[92365]: DEBUG oslo_concurrency.processutils [None req-704d875f-a8ea-4781-86e0-5572500a8a82 tempest-VolumesGetTest-646898550 None] Running cmd (subprocess): sudo cinder-rootwrap /etc/cinder/rootwrap.conf qemu-img rebase -u -b volume-e7a30782-194b-4283-9338-ac75aa2ef590 -F qcow2 /opt/stack/data/cinder/mnt/fc1e6d9d25de540ad46632ccea0a0d02/volume-e7a30782-194b-4283-9338-ac75aa2ef590.e01a01fb-769f-4e55-bfee-b1da0a330784 {{(pid=92365) execute /opt/stack/data/venv/lib/python3.12/site-packages/oslo_concurrency/processutils.py:440}}
Jun 11 13:22:54 devstack sudo[99406]: quobyte : PWD=/ ; USER=root ; COMMAND=/opt/stack/data/venv/bin/cinder-rootwrap /etc/cinder/rootwrap.conf qemu-img rebase -u -b volume-e7a30782-194b-4283-9338-ac75aa2ef590 -F qcow2 /opt/stack/data/cinder/mnt/fc1e6d9d25de540ad46632ccea0a0d02/volume-e7a30782-194b-4283-9338-ac75aa2ef590.e01a01fb-769f-4e55-bfee-b1da0a330784
Jun 11 13:22:54 devstack sudo[99406]: pam_unix(sudo:session): session opened for user root(uid=0) by (uid=1000)
Jun 11 13:22:55 devstack sudo[99406]: pam_unix(sudo:session): session closed for user root
Jun 11 13:22:55 devstack cinder-volume[92365]: DEBUG oslo_concurrency.processutils [None req-704d875f-a8ea-4781-86e0-5572500a8a82 tempest-VolumesGetTest-646898550 None] CMD "sudo cinder-rootwrap /etc/cinder/rootwrap.conf qemu-img rebase -u -b volume-e7a30782-194b-4283-9338-ac75aa2ef590 -F qcow2 /opt/stack/data/cinder/mnt/fc1e6d9d25de540ad46632ccea0a0d02/volume-e7a30782-194b-4283-9338-ac75aa2ef590.e01a01fb-769f-4e55-bfee-b1da0a330784" returned: 0 in 0.710s {{(pid=92365) execute /opt/stack/data/venv/lib/python3.12/site-packages/oslo_concurrency/processutils.py:468}}
Jun 11 13:22:55 devstack cinder-volume[92365]: WARNING cinder.volume.drivers.remotefs [None req-704d875f-a8ea-4781-86e0-5572500a8a82 tempest-VolumesGetTest-646898550 None] /opt/stack/data/cinder/mnt/fc1e6d9d25de540ad46632ccea0a0d02/volume-e7a30782-194b-4283-9338-ac75aa2ef590.e01a01fb-769f-4e55-bfee-b1da0a330784 is being set with open permissions: ugo+rw
Jun 11 13:22:55 devstack cinder-volume[92365]: DEBUG oslo_concurrency.processutils [None req-704d875f-a8ea-4781-86e0-5572500a8a82 tempest-VolumesGetTest-646898550 None] Running cmd (subprocess): sudo cinder-rootwrap /etc/cinder/rootwrap.conf chmod ugo+rw /opt/stack/data/cinder/mnt/fc1e6d9d25de540ad46632ccea0a0d02/volume-e7a30782-194b-4283-9338-ac75aa2ef590.e01a01fb-769f-4e55-bfee-b1da0a330784 {{(pid=92365) execute /opt/stack/data/venv/lib/python3.12/site-packages/oslo_concurrency/processutils.py:440}}
Jun 11 13:22:55 devstack sudo[99411]: quobyte : PWD=/ ; USER=root ; COMMAND=/opt/stack/data/venv/bin/cinder-rootwrap /etc/cinder/rootwrap.conf chmod ugo+rw /opt/stack/data/cinder/mnt/fc1e6d9d25de540ad46632ccea0a0d02/volume-e7a30782-194b-4283-9338-ac75aa2ef590.e01a01fb-769f-4e55-bfee-b1da0a330784
Jun 11 13:22:55 devstack sudo[99411]: pam_unix(sudo:session): session opened for user root(uid=0) by (uid=1000)
Jun 11 13:22:55 devstack sudo[99411]: pam_unix(sudo:session): session closed for user root
Jun 11 13:22:55 devstack cinder-volume[92365]: DEBUG oslo_concurrency.processutils [None req-704d875f-a8ea-4781-86e0-5572500a8a82 tempest-VolumesGetTest-646898550 None] CMD "sudo cinder-rootwrap /etc/cinder/rootwrap.conf chmod ugo+rw /opt/stack/data/cinder/mnt/fc1e6d9d25de540ad46632ccea0a0d02/volume-e7a30782-194b-4283-9338-ac75aa2ef590.e01a01fb-769f-4e55-bfee-b1da0a330784" returned: 0 in 0.624s {{(pid=92365) execute /opt/stack/data/venv/lib/python3.12/site-packages/oslo_concurrency/processutils.py:468}}
Jun 11 13:22:55 devstack cinder-volume[92365]: DEBUG oslo_concurrency.processutils [None req-704d875f-a8ea-4781-86e0-5572500a8a82 tempest-VolumesGetTest-646898550 None] Running cmd (subprocess): sudo cinder-rootwrap /etc/cinder/rootwrap.conf truncate -s0 /opt/stack/data/cinder/mnt/fc1e6d9d25de540ad46632ccea0a0d02/volume-e7a30782-194b-4283-9338-ac75aa2ef590.info {{(pid=92365) execute /opt/stack/data/venv/lib/python3.12/site-packages/oslo_concurrency/processutils.py:440}}
Jun 11 13:22:55 devstack sudo[99414]: quobyte : PWD=/ ; USER=root ; COMMAND=/opt/stack/data/venv/bin/cinder-rootwrap /etc/cinder/rootwrap.conf truncate -s0 /opt/stack/data/cinder/mnt/fc1e6d9d25de540ad46632ccea0a0d02/volume-e7a30782-194b-4283-9338-ac75aa2ef590.info
Jun 11 13:22:55 devstack sudo[99414]: pam_unix(sudo:session): session opened for user root(uid=0) by (uid=1000)
Jun 11 13:22:56 devstack cinder-volume[92365]: DEBUG oslo_concurrency.lockutils [req-e0f8023f-4aa3-4c3c-b788-0e60db347c94 req-83c112d1-3467-43d4-8ac6-66f755080773 tempest-AttachVolumeNegativeTest-1600541512 None] Acquiring lock "quobyte" by "cinder.volume.drivers.quobyte.QuobyteDriver.initialize_connection" {{(pid=92365) inner /opt/stack/data/venv/lib/python3.12/site-packages/oslo_concurrency/lockutils.py:506}}
Jun 11 13:22:56 devstack sudo[99414]: pam_unix(sudo:session): session closed for user root
Jun 11 13:22:56 devstack cinder-volume[92365]: DEBUG oslo_concurrency.processutils [None req-704d875f-a8ea-4781-86e0-5572500a8a82 tempest-VolumesGetTest-646898550 None] CMD "sudo cinder-rootwrap /etc/cinder/rootwrap.conf truncate -s0 /opt/stack/data/cinder/mnt/fc1e6d9d25de540ad46632ccea0a0d02/volume-e7a30782-194b-4283-9338-ac75aa2ef590.info" returned: 0 in 0.670s {{(pid=92365) execute /opt/stack/data/venv/lib/python3.12/site-packages/oslo_concurrency/processutils.py:468}}
Jun 11 13:22:56 devstack cinder-volume[92365]: WARNING cinder.volume.drivers.remotefs [None req-704d875f-a8ea-4781-86e0-5572500a8a82 tempest-VolumesGetTest-646898550 None] /opt/stack/data/cinder/mnt/fc1e6d9d25de540ad46632ccea0a0d02/volume-e7a30782-194b-4283-9338-ac75aa2ef590.info is being set with open permissions: ugo+rw
Jun 11 13:22:56 devstack cinder-volume[92365]: DEBUG oslo_concurrency.processutils [None req-704d875f-a8ea-4781-86e0-5572500a8a82 tempest-VolumesGetTest-646898550 None] Running cmd (subprocess): sudo cinder-rootwrap /etc/cinder/rootwrap.conf chmod ugo+rw /opt/stack/data/cinder/mnt/fc1e6d9d25de540ad46632ccea0a0d02/volume-e7a30782-194b-4283-9338-ac75aa2ef590.info {{(pid=92365) execute /opt/stack/data/venv/lib/python3.12/site-packages/oslo_concurrency/processutils.py:440}}
Jun 11 13:22:56 devstack sudo[99425]: quobyte : PWD=/ ; USER=root ; COMMAND=/opt/stack/data/venv/bin/cinder-rootwrap /etc/cinder/rootwrap.conf chmod ugo+rw /opt/stack/data/cinder/mnt/fc1e6d9d25de540ad46632ccea0a0d02/volume-e7a30782-194b-4283-9338-ac75aa2ef590.info
Jun 11 13:22:56 devstack sudo[99425]: pam_unix(sudo:session): session opened for user root(uid=0) by (uid=1000)
Jun 11 13:22:57 devstack sudo[99425]: pam_unix(sudo:session): session closed for user root
Jun 11 13:22:57 devstack cinder-volume[92365]: DEBUG oslo_concurrency.processutils [None req-704d875f-a8ea-4781-86e0-5572500a8a82 tempest-VolumesGetTest-646898550 None] CMD "sudo cinder-rootwrap /etc/cinder/rootwrap.conf chmod ugo+rw /opt/stack/data/cinder/mnt/fc1e6d9d25de540ad46632ccea0a0d02/volume-e7a30782-194b-4283-9338-ac75aa2ef590.info" returned: 0 in 0.650s {{(pid=92365) execute /opt/stack/data/venv/lib/python3.12/site-packages/oslo_concurrency/processutils.py:468}}
Jun 11 13:22:57 devstack cinder-volume[92365]: DEBUG cinder.coordination [None req-704d875f-a8ea-4781-86e0-5572500a8a82 tempest-VolumesGetTest-646898550 None] Acquiring lock "cinder-quobyte-1e84bb7c-4b17-410a-8961-f914dcb338f7" by "_copy_volume_from_snapshot" {{(pid=92365) __acquire /opt/stack/cinder/cinder/coordination.py:138}}
Jun 11 13:22:57 devstack cinder-volume[92365]: DEBUG cinder.coordination [None req-704d875f-a8ea-4781-86e0-5572500a8a82 tempest-VolumesGetTest-646898550 None] Lock "cinder-quobyte-1e84bb7c-4b17-410a-8961-f914dcb338f7" acquired by "_copy_volume_from_snapshot" :: waited 0.018s {{(pid=92365) __acquire /opt/stack/cinder/cinder/coordination.py:141}}
Jun 11 13:22:57 devstack cinder-volume[92365]: DEBUG cinder.volume.drivers.quobyte [None req-704d875f-a8ea-4781-86e0-5572500a8a82 tempest-VolumesGetTest-646898550 None] snapshot: e01a01fb-769f-4e55-bfee-b1da0a330784, volume: 1e84bb7c-4b17-410a-8961-f914dcb338f7, {{(pid=92365) _copy_volume_from_snapshot /opt/stack/cinder/cinder/volume/drivers/quobyte.py:401}}
Jun 11 13:22:57 devstack cinder-volume[92365]: DEBUG oslo_concurrency.lockutils [None req-704d875f-a8ea-4781-86e0-5572500a8a82 tempest-VolumesGetTest-646898550 None] Acquiring lock "quobyte_ensure" by "cinder.volume.drivers.quobyte.QuobyteDriver._ensure_shares_mounted" {{(pid=92365) inner /opt/stack/data/venv/lib/python3.12/site-packages/oslo_concurrency/lockutils.py:506}}
Jun 11 13:22:57 devstack cinder-volume[92365]: DEBUG oslo_concurrency.lockutils [None req-704d875f-a8ea-4781-86e0-5572500a8a82 tempest-VolumesGetTest-646898550 None] Lock "quobyte_ensure" acquired by "cinder.volume.drivers.quobyte.QuobyteDriver._ensure_shares_mounted" :: waited 0.001s {{(pid=92365) inner /opt/stack/data/venv/lib/python3.12/site-packages/oslo_concurrency/lockutils.py:519}}
Jun 11 13:22:57 devstack cinder-volume[92365]: DEBUG cinder.volume.drivers.quobyte [None req-704d875f-a8ea-4781-86e0-5572500a8a82 tempest-VolumesGetTest-646898550 None] Quobyte Volume URL set to: {'osci02.corp.quobyte.com/cinder-vol-887fed49-1eed-4ad4-a3d7-495369da3300': None} {{(pid=92365) _load_shares_config /opt/stack/cinder/cinder/volume/drivers/quobyte.py:617}}
Jun 11 13:22:57 devstack cinder-volume[92365]: DEBUG cinder.volume.drivers.quobyte [None req-704d875f-a8ea-4781-86e0-5572500a8a82 tempest-VolumesGetTest-646898550 None] Available shares ['osci02.corp.quobyte.com/cinder-vol-887fed49-1eed-4ad4-a3d7-495369da3300'] {{(pid=92365) _ensure_shares_mounted /opt/stack/cinder/cinder/volume/drivers/quobyte.py:647}}
Jun 11 13:22:57 devstack cinder-volume[92365]: DEBUG oslo_concurrency.lockutils [None req-704d875f-a8ea-4781-86e0-5572500a8a82 tempest-VolumesGetTest-646898550 None] Lock "quobyte_ensure" "released" by "cinder.volume.drivers.quobyte.QuobyteDriver._ensure_shares_mounted" :: held 0.005s {{(pid=92365) inner /opt/stack/data/venv/lib/python3.12/site-packages/oslo_concurrency/lockutils.py:538}}
Jun 11 13:22:57 devstack cinder-volume[92365]: DEBUG oslo.privsep.daemon [-] privsep: reply[f9a25266-e64c-4fff-95f0-b7b6e6e79040]: (4, 'qcow2') {{(pid=92992) _call_back /opt/stack/data/venv/lib/python3.12/site-packages/oslo_privsep/daemon.py:573}}
Jun 11 13:22:57 devstack cinder-volume[92365]: DEBUG oslo_concurrency.processutils [None req-704d875f-a8ea-4781-86e0-5572500a8a82 tempest-VolumesGetTest-646898550 None] Running cmd (subprocess): /opt/stack/data/venv/bin/python3.12 -m oslo_concurrency.prlimit --as=1073741824 --cpu=60 -- sudo cinder-rootwrap /etc/cinder/rootwrap.conf env LC_ALL=C qemu-img info -f qcow2 --output=json --force-share /opt/stack/data/cinder/mnt/fc1e6d9d25de540ad46632ccea0a0d02/volume-e7a30782-194b-4283-9338-ac75aa2ef590.e01a01fb-769f-4e55-bfee-b1da0a330784 {{(pid=92365) execute /opt/stack/data/venv/lib/python3.12/site-packages/oslo_concurrency/processutils.py:440}}
Jun 11 13:22:57 devstack sudo[99428]: quobyte : PWD=/ ; USER=root ; COMMAND=/opt/stack/data/venv/bin/cinder-rootwrap /etc/cinder/rootwrap.conf env LC_ALL=C qemu-img info -f qcow2 --output=json --force-share /opt/stack/data/cinder/mnt/fc1e6d9d25de540ad46632ccea0a0d02/volume-e7a30782-194b-4283-9338-ac75aa2ef590.e01a01fb-769f-4e55-bfee-b1da0a330784
Jun 11 13:22:57 devstack sudo[99428]: pam_unix(sudo:session): session opened for user root(uid=0) by (uid=1000)
Jun 11 13:22:57 devstack sudo[99428]: pam_unix(sudo:session): session closed for user root
Jun 11 13:22:57 devstack cinder-volume[92365]: DEBUG oslo_concurrency.processutils [None req-704d875f-a8ea-4781-86e0-5572500a8a82 tempest-VolumesGetTest-646898550 None] CMD "/opt/stack/data/venv/bin/python3.12 -m oslo_concurrency.prlimit --as=1073741824 --cpu=60 -- sudo cinder-rootwrap /etc/cinder/rootwrap.conf env LC_ALL=C qemu-img info -f qcow2 --output=json --force-share /opt/stack/data/cinder/mnt/fc1e6d9d25de540ad46632ccea0a0d02/volume-e7a30782-194b-4283-9338-ac75aa2ef590.e01a01fb-769f-4e55-bfee-b1da0a330784" returned: 0 in 0.736s {{(pid=92365) execute /opt/stack/data/venv/lib/python3.12/site-packages/oslo_concurrency/processutils.py:468}}
Jun 11 13:22:57 devstack cinder-volume[92365]: DEBUG cinder.volume.drivers.remotefs [None req-704d875f-a8ea-4781-86e0-5572500a8a82 tempest-VolumesGetTest-646898550 None] Fetching qemu-img info with special backing_file_template: (/opt/stack/data/cinder/mnt/[0-9a-f]+/)?(volume-e7a30782-194b-4283-9338-ac75aa2ef590(.(tmp-snap-)?[0-9a-f-]+)?|volume_from_snapshot_cache/(tmp-snap-)?[0-9a-f-]+(.(child-|parent-)[0-9a-f-]+)?)$ {{(pid=92365) _qemu_img_info_base /opt/stack/cinder/cinder/volume/drivers/remotefs.py:896}}
Jun 11 13:22:57 devstack cinder-volume[92365]: DEBUG cinder.volume.drivers.quobyte [None req-704d875f-a8ea-4781-86e0-5572500a8a82 tempest-VolumesGetTest-646898550 None] will copy from snapshot at /opt/stack/data/cinder/mnt/fc1e6d9d25de540ad46632ccea0a0d02/volume-e7a30782-194b-4283-9338-ac75aa2ef590 {{(pid=92365) _copy_volume_from_snapshot /opt/stack/cinder/cinder/volume/drivers/quobyte.py:420}}
Jun 11 13:22:57 devstack cinder-volume[92365]: DEBUG cinder.volume.drivers.quobyte [None req-704d875f-a8ea-4781-86e0-5572500a8a82 tempest-VolumesGetTest-646898550 None] Creating direct copy from snapshot {{(pid=92365) _copy_volume_from_snapshot /opt/stack/cinder/cinder/volume/drivers/quobyte.py:428}}
Jun 11 13:22:57 devstack cinder-volume[92365]: DEBUG oslo.privsep.daemon [-] privsep: reply[22add9de-b7b6-469e-96a1-89b73eb44362]: (4, 'qcow2') {{(pid=92992) _call_back /opt/stack/data/venv/lib/python3.12/site-packages/oslo_privsep/daemon.py:573}}
Jun 11 13:22:57 devstack cinder-volume[92365]: DEBUG oslo_concurrency.processutils [None req-704d875f-a8ea-4781-86e0-5572500a8a82 tempest-VolumesGetTest-646898550 None] Running cmd (subprocess): /opt/stack/data/venv/bin/python3.12 -m oslo_concurrency.prlimit --as=1073741824 --cpu=60 -- sudo cinder-rootwrap /etc/cinder/rootwrap.conf env LC_ALL=C qemu-img info -f qcow2 --output=json /opt/stack/data/cinder/mnt/fc1e6d9d25de540ad46632ccea0a0d02/volume-e7a30782-194b-4283-9338-ac75aa2ef590 {{(pid=92365) execute /opt/stack/data/venv/lib/python3.12/site-packages/oslo_concurrency/processutils.py:440}}
Jun 11 13:22:58 devstack sudo[99435]: quobyte : PWD=/ ; USER=root ; COMMAND=/opt/stack/data/venv/bin/cinder-rootwrap /etc/cinder/rootwrap.conf env LC_ALL=C qemu-img info -f qcow2 --output=json /opt/stack/data/cinder/mnt/fc1e6d9d25de540ad46632ccea0a0d02/volume-e7a30782-194b-4283-9338-ac75aa2ef590
Jun 11 13:22:58 devstack sudo[99435]: pam_unix(sudo:session): session opened for user root(uid=0) by (uid=1000)
Jun 11 13:22:58 devstack sudo[99435]: pam_unix(sudo:session): session closed for user root
Jun 11 13:22:58 devstack cinder-volume[92365]: DEBUG oslo_concurrency.processutils [None req-704d875f-a8ea-4781-86e0-5572500a8a82 tempest-VolumesGetTest-646898550 None] CMD "/opt/stack/data/venv/bin/python3.12 -m oslo_concurrency.prlimit --as=1073741824 --cpu=60 -- sudo cinder-rootwrap /etc/cinder/rootwrap.conf env LC_ALL=C qemu-img info -f qcow2 --output=json /opt/stack/data/cinder/mnt/fc1e6d9d25de540ad46632ccea0a0d02/volume-e7a30782-194b-4283-9338-ac75aa2ef590" returned: 0 in 0.727s {{(pid=92365) execute /opt/stack/data/venv/lib/python3.12/site-packages/oslo_concurrency/processutils.py:468}}
Jun 11 13:22:58 devstack cinder-volume[92365]: DEBUG cinder.utils [None req-704d875f-a8ea-4781-86e0-5572500a8a82 tempest-VolumesGetTest-646898550 None] Path /opt/stack/data/cinder/mnt/fc1e6d9d25de540ad46632ccea0a0d02/volume-1e84bb7c-4b17-410a-8961-f914dcb338f7 not found in is_blk_device check {{(pid=92365) is_blk_device /opt/stack/cinder/cinder/utils.py:615}}
Jun 11 13:22:58 devstack cinder-volume[92365]: DEBUG oslo_concurrency.processutils [None req-704d875f-a8ea-4781-86e0-5572500a8a82 tempest-VolumesGetTest-646898550 None] Running cmd (subprocess): sudo cinder-rootwrap /etc/cinder/rootwrap.conf qemu-img convert -O qcow2 /opt/stack/data/cinder/mnt/fc1e6d9d25de540ad46632ccea0a0d02/volume-e7a30782-194b-4283-9338-ac75aa2ef590 /opt/stack/data/cinder/mnt/fc1e6d9d25de540ad46632ccea0a0d02/volume-1e84bb7c-4b17-410a-8961-f914dcb338f7 {{(pid=92365) execute /opt/stack/data/venv/lib/python3.12/site-packages/oslo_concurrency/processutils.py:440}}
Jun 11 13:22:58 devstack sudo[99440]: quobyte : PWD=/ ; USER=root ; COMMAND=/opt/stack/data/venv/bin/cinder-rootwrap /etc/cinder/rootwrap.conf qemu-img convert -O qcow2 /opt/stack/data/cinder/mnt/fc1e6d9d25de540ad46632ccea0a0d02/volume-e7a30782-194b-4283-9338-ac75aa2ef590 /opt/stack/data/cinder/mnt/fc1e6d9d25de540ad46632ccea0a0d02/volume-1e84bb7c-4b17-410a-8961-f914dcb338f7
Jun 11 13:22:58 devstack sudo[99440]: pam_unix(sudo:session): session opened for user root(uid=0) by (uid=1000)
Jun 11 13:23:03 devstack sudo[99440]: pam_unix(sudo:session): session closed for user root
Jun 11 13:23:03 devstack cinder-volume[92365]: DEBUG oslo_concurrency.processutils [None req-704d875f-a8ea-4781-86e0-5572500a8a82 tempest-VolumesGetTest-646898550 None] CMD "sudo cinder-rootwrap /etc/cinder/rootwrap.conf qemu-img convert -O qcow2 /opt/stack/data/cinder/mnt/fc1e6d9d25de540ad46632ccea0a0d02/volume-e7a30782-194b-4283-9338-ac75aa2ef590 /opt/stack/data/cinder/mnt/fc1e6d9d25de540ad46632ccea0a0d02/volume-1e84bb7c-4b17-410a-8961-f914dcb338f7" returned: 0 in 5.206s {{(pid=92365) execute /opt/stack/data/venv/lib/python3.12/site-packages/oslo_concurrency/processutils.py:468}}
Jun 11 13:23:03 devstack cinder-volume[92365]: DEBUG oslo.privsep.daemon [-] privsep: reply[d5a3fce8-0657-481d-8628-44a52c41cbd4]: (4, 'qcow2') {{(pid=92992) _call_back /opt/stack/data/venv/lib/python3.12/site-packages/oslo_privsep/daemon.py:573}}
Jun 11 13:23:03 devstack cinder-volume[92365]: DEBUG oslo_concurrency.processutils [None req-704d875f-a8ea-4781-86e0-5572500a8a82 tempest-VolumesGetTest-646898550 None] Running cmd (subprocess): /opt/stack/data/venv/bin/python3.12 -m oslo_concurrency.prlimit --as=1073741824 --cpu=60 -- sudo cinder-rootwrap /etc/cinder/rootwrap.conf env LC_ALL=C qemu-img info -f qcow2 --output=json /opt/stack/data/cinder/mnt/fc1e6d9d25de540ad46632ccea0a0d02/volume-e7a30782-194b-4283-9338-ac75aa2ef590 {{(pid=92365) execute /opt/stack/data/venv/lib/python3.12/site-packages/oslo_concurrency/processutils.py:440}}
Jun 11 13:23:04 devstack sudo[99454]: quobyte : PWD=/ ; USER=root ; COMMAND=/opt/stack/data/venv/bin/cinder-rootwrap /etc/cinder/rootwrap.conf env LC_ALL=C qemu-img info -f qcow2 --output=json /opt/stack/data/cinder/mnt/fc1e6d9d25de540ad46632ccea0a0d02/volume-e7a30782-194b-4283-9338-ac75aa2ef590
Jun 11 13:23:04 devstack sudo[99454]: pam_unix(sudo:session): session opened for user root(uid=0) by (uid=1000)
Jun 11 13:23:04 devstack cinder-volume[92365]: DEBUG oslo_service.periodic_task [None req-341b127a-206a-48d9-8067-f16e7b005db9 None None] Running periodic task VolumeManager.publish_service_capabilities {{(pid=92365) run_periodic_tasks /opt/stack/data/venv/lib/python3.12/site-packages/oslo_service/periodic_task.py:210}}
Jun 11 13:23:04 devstack cinder-volume[92365]: DEBUG oslo_concurrency.lockutils [None req-341b127a-206a-48d9-8067-f16e7b005db9 None None] Acquiring lock "quobyte_ensure" by "cinder.volume.drivers.quobyte.QuobyteDriver._ensure_shares_mounted" {{(pid=92365) inner /opt/stack/data/venv/lib/python3.12/site-packages/oslo_concurrency/lockutils.py:506}}
Jun 11 13:23:04 devstack cinder-volume[92365]: DEBUG oslo_concurrency.lockutils [None req-341b127a-206a-48d9-8067-f16e7b005db9 None None] Lock "quobyte_ensure" acquired by "cinder.volume.drivers.quobyte.QuobyteDriver._ensure_shares_mounted" :: waited 0.000s {{(pid=92365) inner /opt/stack/data/venv/lib/python3.12/site-packages/oslo_concurrency/lockutils.py:519}}
Jun 11 13:23:04 devstack cinder-volume[92365]: DEBUG cinder.volume.drivers.quobyte [None req-341b127a-206a-48d9-8067-f16e7b005db9 None None] Quobyte Volume URL set to: {'osci02.corp.quobyte.com/cinder-vol-887fed49-1eed-4ad4-a3d7-495369da3300': None} {{(pid=92365) _load_shares_config /opt/stack/cinder/cinder/volume/drivers/quobyte.py:617}}
Jun 11 13:23:04 devstack cinder-volume[92365]: DEBUG cinder.volume.drivers.quobyte [None req-341b127a-206a-48d9-8067-f16e7b005db9 None None] Available shares ['osci02.corp.quobyte.com/cinder-vol-887fed49-1eed-4ad4-a3d7-495369da3300'] {{(pid=92365) _ensure_shares_mounted /opt/stack/cinder/cinder/volume/drivers/quobyte.py:647}}
Jun 11 13:23:04 devstack cinder-volume[92365]: DEBUG oslo_concurrency.lockutils [None req-341b127a-206a-48d9-8067-f16e7b005db9 None None] Lock "quobyte_ensure" "released" by "cinder.volume.drivers.quobyte.QuobyteDriver._ensure_shares_mounted" :: held 0.007s {{(pid=92365) inner /opt/stack/data/venv/lib/python3.12/site-packages/oslo_concurrency/lockutils.py:538}}
Jun 11 13:23:04 devstack cinder-volume[92365]: DEBUG oslo_concurrency.processutils [None req-341b127a-206a-48d9-8067-f16e7b005db9 None None] Running cmd (subprocess): sudo cinder-rootwrap /etc/cinder/rootwrap.conf df --portability --block-size 1 /opt/stack/data/cinder/mnt/fc1e6d9d25de540ad46632ccea0a0d02 {{(pid=92365) execute /opt/stack/data/venv/lib/python3.12/site-packages/oslo_concurrency/processutils.py:440}}
Jun 11 13:23:04 devstack sudo[99456]: quobyte : PWD=/ ; USER=root ; COMMAND=/opt/stack/data/venv/bin/cinder-rootwrap /etc/cinder/rootwrap.conf df --portability --block-size 1 /opt/stack/data/cinder/mnt/fc1e6d9d25de540ad46632ccea0a0d02
Jun 11 13:23:04 devstack sudo[99456]: pam_unix(sudo:session): session opened for user root(uid=0) by (uid=1000)
Jun 11 13:23:04 devstack sudo[99454]: pam_unix(sudo:session): session closed for user root
Jun 11 13:23:04 devstack cinder-volume[92365]: DEBUG oslo_concurrency.processutils [None req-704d875f-a8ea-4781-86e0-5572500a8a82 tempest-VolumesGetTest-646898550 None] CMD "/opt/stack/data/venv/bin/python3.12 -m oslo_concurrency.prlimit --as=1073741824 --cpu=60 -- sudo cinder-rootwrap /etc/cinder/rootwrap.conf env LC_ALL=C qemu-img info -f qcow2 --output=json /opt/stack/data/cinder/mnt/fc1e6d9d25de540ad46632ccea0a0d02/volume-e7a30782-194b-4283-9338-ac75aa2ef590" returned: 0 in 1.004s {{(pid=92365) execute /opt/stack/data/venv/lib/python3.12/site-packages/oslo_concurrency/processutils.py:468}}
Jun 11 13:23:04 devstack cinder-volume[92365]: DEBUG cinder.image.image_utils [None req-704d875f-a8ea-4781-86e0-5572500a8a82 tempest-VolumesGetTest-646898550 None] Image conversion details: src /opt/stack/data/cinder/mnt/fc1e6d9d25de540ad46632ccea0a0d02/volume-e7a30782-194b-4283-9338-ac75aa2ef590, size 1024.00 MB, duration 5.21 sec, destination /opt/stack/data/cinder/mnt/fc1e6d9d25de540ad46632ccea0a0d02/volume-1e84bb7c-4b17-410a-8961-f914dcb338f7 {{(pid=92365) _convert_image /opt/stack/cinder/cinder/image/image_utils.py:536}}
Jun 11 13:23:04 devstack cinder-volume[92365]: INFO cinder.image.image_utils [None req-704d875f-a8ea-4781-86e0-5572500a8a82 tempest-VolumesGetTest-646898550 None] Converted 1024.00 MB image at 196.64 MB/s
Jun 11 13:23:04 devstack cinder-volume[92365]: WARNING cinder.volume.drivers.remotefs [None req-704d875f-a8ea-4781-86e0-5572500a8a82 tempest-VolumesGetTest-646898550 None] /opt/stack/data/cinder/mnt/fc1e6d9d25de540ad46632ccea0a0d02/volume-1e84bb7c-4b17-410a-8961-f914dcb338f7 is being set with open permissions: ugo+rw
Jun 11 13:23:04 devstack cinder-volume[92365]: DEBUG oslo_concurrency.processutils [None req-704d875f-a8ea-4781-86e0-5572500a8a82 tempest-VolumesGetTest-646898550 None] Running cmd (subprocess): sudo cinder-rootwrap /etc/cinder/rootwrap.conf chmod ugo+rw /opt/stack/data/cinder/mnt/fc1e6d9d25de540ad46632ccea0a0d02/volume-1e84bb7c-4b17-410a-8961-f914dcb338f7 {{(pid=92365) execute /opt/stack/data/venv/lib/python3.12/site-packages/oslo_concurrency/processutils.py:440}}
Jun 11 13:23:04 devstack sudo[99476]: quobyte : PWD=/ ; USER=root ; COMMAND=/opt/stack/data/venv/bin/cinder-rootwrap /etc/cinder/rootwrap.conf chmod ugo+rw /opt/stack/data/cinder/mnt/fc1e6d9d25de540ad46632ccea0a0d02/volume-1e84bb7c-4b17-410a-8961-f914dcb338f7
Jun 11 13:23:04 devstack sudo[99476]: pam_unix(sudo:session): session opened for user root(uid=0) by (uid=1000)
Jun 11 13:23:04 devstack sudo[99456]: pam_unix(sudo:session): session closed for user root
Jun 11 13:23:04 devstack cinder-volume[92365]: DEBUG oslo_concurrency.processutils [None req-341b127a-206a-48d9-8067-f16e7b005db9 None None] CMD "sudo cinder-rootwrap /etc/cinder/rootwrap.conf df --portability --block-size 1 /opt/stack/data/cinder/mnt/fc1e6d9d25de540ad46632ccea0a0d02" returned: 0 in 0.768s {{(pid=92365) execute /opt/stack/data/venv/lib/python3.12/site-packages/oslo_concurrency/processutils.py:468}}
Jun 11 13:23:04 devstack cinder-volume[92365]: DEBUG cinder.manager [None req-341b127a-206a-48d9-8067-f16e7b005db9 None None] Notifying Schedulers of capabilities ... {{(pid=92365) _publish_service_capabilities /opt/stack/cinder/cinder/manager.py:219}}
Jun 11 13:23:04 devstack cinder-volume[92365]: DEBUG oslo_service.periodic_task [None req-341b127a-206a-48d9-8067-f16e7b005db9 None None] Running periodic task VolumeManager._thread_info {{(pid=92365) run_periodic_tasks /opt/stack/data/venv/lib/python3.12/site-packages/oslo_service/periodic_task.py:210}}
Jun 11 13:23:04 devstack cinder-volume[92365]: DEBUG cinder.volume.manager [None req-341b127a-206a-48d9-8067-f16e7b005db9 None None] thread count: 28 {{(pid=92365) _thread_info /opt/stack/cinder/cinder/volume/manager.py:5472}}
Jun 11 13:23:04 devstack cinder-volume[92365]: DEBUG cinder.volume.manager [None req-341b127a-206a-48d9-8067-f16e7b005db9 None None] thread info: [<_MainThread(MainThread, started 128473933090944)>, , , , , , , , , , , , , , , , , , , , , , , , , , , ] {{(pid=92365) _thread_info /opt/stack/cinder/cinder/volume/manager.py:5473}}
Jun 11 13:23:05 devstack sudo[99476]: pam_unix(sudo:session): session closed for user root
Jun 11 13:23:05 devstack cinder-volume[92365]: DEBUG oslo_concurrency.processutils [None req-704d875f-a8ea-4781-86e0-5572500a8a82 tempest-VolumesGetTest-646898550 None] CMD "sudo cinder-rootwrap /etc/cinder/rootwrap.conf chmod ugo+rw /opt/stack/data/cinder/mnt/fc1e6d9d25de540ad46632ccea0a0d02/volume-1e84bb7c-4b17-410a-8961-f914dcb338f7" returned: 0 in 0.633s {{(pid=92365) execute /opt/stack/data/venv/lib/python3.12/site-packages/oslo_concurrency/processutils.py:468}}
Jun 11 13:23:05 devstack cinder-volume[92365]: DEBUG cinder.coordination [None req-704d875f-a8ea-4781-86e0-5572500a8a82 tempest-VolumesGetTest-646898550 None] Lock "cinder-quobyte-1e84bb7c-4b17-410a-8961-f914dcb338f7" released by "_copy_volume_from_snapshot" :: held 8.390s {{(pid=92365) __release /opt/stack/cinder/cinder/coordination.py:152}}
Jun 11 13:23:05 devstack cinder-volume[92365]: DEBUG cinder.coordination [None req-704d875f-a8ea-4781-86e0-5572500a8a82 tempest-VolumesGetTest-646898550 None] Acquiring lock "cinder-quobyte-e01a01fb-769f-4e55-bfee-b1da0a330784" by "_delete_snapshot" {{(pid=92365) __acquire /opt/stack/cinder/cinder/coordination.py:138}}
Jun 11 13:23:05 devstack cinder-volume[92365]: DEBUG cinder.coordination [None req-704d875f-a8ea-4781-86e0-5572500a8a82 tempest-VolumesGetTest-646898550 None] Lock "cinder-quobyte-e01a01fb-769f-4e55-bfee-b1da0a330784" acquired by "_delete_snapshot" :: waited 0.015s {{(pid=92365) __acquire /opt/stack/cinder/cinder/coordination.py:141}}
Jun 11 13:23:05 devstack cinder-volume[92365]: DEBUG cinder.volume.drivers.remotefs [None req-704d875f-a8ea-4781-86e0-5572500a8a82 tempest-VolumesGetTest-646898550 None] Deleting offline snapshot e01a01fb-769f-4e55-bfee-b1da0a330784 of volume e7a30782-194b-4283-9338-ac75aa2ef590 {{(pid=92365) _delete_snapshot /opt/stack/cinder/cinder/volume/drivers/remotefs.py:1288}}
Jun 11 13:23:05 devstack cinder-volume[92365]: DEBUG cinder.volume.drivers.remotefs [None req-704d875f-a8ea-4781-86e0-5572500a8a82 tempest-VolumesGetTest-646898550 None] snapshot_file for this snap is: volume-e7a30782-194b-4283-9338-ac75aa2ef590.e01a01fb-769f-4e55-bfee-b1da0a330784 {{(pid=92365) _delete_snapshot /opt/stack/cinder/cinder/volume/drivers/remotefs.py:1317}}
Jun 11 13:23:05 devstack cinder-volume[92365]: DEBUG oslo.privsep.daemon [-] privsep: reply[9f580c99-5cd0-4afb-a67b-93de5e3f8544]: (4, 'qcow2') {{(pid=92992) _call_back /opt/stack/data/venv/lib/python3.12/site-packages/oslo_privsep/daemon.py:573}}
Jun 11 13:23:05 devstack cinder-volume[92365]: DEBUG oslo_concurrency.processutils [None req-704d875f-a8ea-4781-86e0-5572500a8a82 tempest-VolumesGetTest-646898550 None] Running cmd (subprocess): /opt/stack/data/venv/bin/python3.12 -m oslo_concurrency.prlimit --as=1073741824 --cpu=60 -- sudo cinder-rootwrap /etc/cinder/rootwrap.conf env LC_ALL=C qemu-img info -f qcow2 --output=json --force-share /opt/stack/data/cinder/mnt/fc1e6d9d25de540ad46632ccea0a0d02/volume-e7a30782-194b-4283-9338-ac75aa2ef590.e01a01fb-769f-4e55-bfee-b1da0a330784 {{(pid=92365) execute /opt/stack/data/venv/lib/python3.12/site-packages/oslo_concurrency/processutils.py:440}}
Jun 11 13:23:05 devstack sudo[99483]: quobyte : PWD=/ ; USER=root ; COMMAND=/opt/stack/data/venv/bin/cinder-rootwrap /etc/cinder/rootwrap.conf env LC_ALL=C qemu-img info -f qcow2 --output=json --force-share /opt/stack/data/cinder/mnt/fc1e6d9d25de540ad46632ccea0a0d02/volume-e7a30782-194b-4283-9338-ac75aa2ef590.e01a01fb-769f-4e55-bfee-b1da0a330784
Jun 11 13:23:05 devstack sudo[99483]: pam_unix(sudo:session): session opened for user root(uid=0) by (uid=1000)
Jun 11 13:23:05 devstack cinder-volume[92365]: DEBUG dbcounter [-] [92365] Writing DB stats cinder:UPDATE=21,cinder:DELETE=2,cinder:SELECT=18,cinder:INSERT=7 {{(pid=92365) stat_writer /opt/stack/data/venv/lib/python3.12/site-packages/dbcounter.py:115}}
Jun 11 13:23:06 devstack sudo[99483]: pam_unix(sudo:session): session closed for user root
Jun 11 13:23:06 devstack cinder-volume[92365]: DEBUG oslo_concurrency.processutils [None req-704d875f-a8ea-4781-86e0-5572500a8a82 tempest-VolumesGetTest-646898550 None] CMD "/opt/stack/data/venv/bin/python3.12 -m oslo_concurrency.prlimit --as=1073741824 --cpu=60 -- sudo cinder-rootwrap /etc/cinder/rootwrap.conf env LC_ALL=C qemu-img info -f qcow2 --output=json --force-share /opt/stack/data/cinder/mnt/fc1e6d9d25de540ad46632ccea0a0d02/volume-e7a30782-194b-4283-9338-ac75aa2ef590.e01a01fb-769f-4e55-bfee-b1da0a330784" returned: 0 in 0.749s {{(pid=92365) execute /opt/stack/data/venv/lib/python3.12/site-packages/oslo_concurrency/processutils.py:468}}
Jun 11 13:23:06 devstack cinder-volume[92365]: DEBUG cinder.volume.drivers.remotefs [None req-704d875f-a8ea-4781-86e0-5572500a8a82 tempest-VolumesGetTest-646898550 None] Fetching qemu-img info with special backing_file_template: (/opt/stack/data/cinder/mnt/[0-9a-f]+/)?(volume-e7a30782-194b-4283-9338-ac75aa2ef590(.(tmp-snap-)?[0-9a-f-]+)?|volume_from_snapshot_cache/(tmp-snap-)?[0-9a-f-]+(.(child-|parent-)[0-9a-f-]+)?)$ {{(pid=92365) _qemu_img_info_base /opt/stack/cinder/cinder/volume/drivers/remotefs.py:896}}
Jun 11 13:23:06 devstack cinder-volume[92365]: DEBUG oslo.privsep.daemon [-] privsep: reply[bc801e3b-4a5d-4dd0-a78d-0b6ff2bac5e8]: (4, 'qcow2') {{(pid=92992) _call_back /opt/stack/data/venv/lib/python3.12/site-packages/oslo_privsep/daemon.py:573}}
Jun 11 13:23:06 devstack cinder-volume[92365]: DEBUG oslo_concurrency.processutils [None req-704d875f-a8ea-4781-86e0-5572500a8a82 tempest-VolumesGetTest-646898550 None] Running cmd (subprocess): /opt/stack/data/venv/bin/python3.12 -m oslo_concurrency.prlimit --as=1073741824 --cpu=60 -- sudo cinder-rootwrap /etc/cinder/rootwrap.conf env LC_ALL=C qemu-img info -f qcow2 --output=json --force-share /opt/stack/data/cinder/mnt/fc1e6d9d25de540ad46632ccea0a0d02/volume-e7a30782-194b-4283-9338-ac75aa2ef590 {{(pid=92365) execute /opt/stack/data/venv/lib/python3.12/site-packages/oslo_concurrency/processutils.py:440}}
Jun 11 13:23:06 devstack sudo[99490]: quobyte : PWD=/ ; USER=root ; COMMAND=/opt/stack/data/venv/bin/cinder-rootwrap /etc/cinder/rootwrap.conf env LC_ALL=C qemu-img info -f qcow2 --output=json --force-share /opt/stack/data/cinder/mnt/fc1e6d9d25de540ad46632ccea0a0d02/volume-e7a30782-194b-4283-9338-ac75aa2ef590
Jun 11 13:23:06 devstack sudo[99490]: pam_unix(sudo:session): session opened for user root(uid=0) by (uid=1000)
Jun 11 13:23:07 devstack sudo[99490]: pam_unix(sudo:session): session closed for user root
Jun 11 13:23:07 devstack cinder-volume[92365]: DEBUG oslo_concurrency.processutils [None req-704d875f-a8ea-4781-86e0-5572500a8a82 tempest-VolumesGetTest-646898550 None] CMD "/opt/stack/data/venv/bin/python3.12 -m oslo_concurrency.prlimit --as=1073741824 --cpu=60 -- sudo cinder-rootwrap /etc/cinder/rootwrap.conf env LC_ALL=C qemu-img info -f qcow2 --output=json --force-share /opt/stack/data/cinder/mnt/fc1e6d9d25de540ad46632ccea0a0d02/volume-e7a30782-194b-4283-9338-ac75aa2ef590" returned: 0 in 0.704s {{(pid=92365) execute /opt/stack/data/venv/lib/python3.12/site-packages/oslo_concurrency/processutils.py:468}}
Jun 11 13:23:07 devstack cinder-volume[92365]: DEBUG oslo_concurrency.processutils [None req-704d875f-a8ea-4781-86e0-5572500a8a82 tempest-VolumesGetTest-646898550 None] Running cmd (subprocess): sudo cinder-rootwrap /etc/cinder/rootwrap.conf qemu-img commit -d /opt/stack/data/cinder/mnt/fc1e6d9d25de540ad46632ccea0a0d02/volume-e7a30782-194b-4283-9338-ac75aa2ef590.e01a01fb-769f-4e55-bfee-b1da0a330784 {{(pid=92365) execute /opt/stack/data/venv/lib/python3.12/site-packages/oslo_concurrency/processutils.py:440}}
Jun 11 13:23:07 devstack sudo[99495]: quobyte : PWD=/ ; USER=root ; COMMAND=/opt/stack/data/venv/bin/cinder-rootwrap /etc/cinder/rootwrap.conf qemu-img commit -d /opt/stack/data/cinder/mnt/fc1e6d9d25de540ad46632ccea0a0d02/volume-e7a30782-194b-4283-9338-ac75aa2ef590.e01a01fb-769f-4e55-bfee-b1da0a330784
Jun 11 13:23:07 devstack sudo[99495]: pam_unix(sudo:session): session opened for user root(uid=0) by (uid=1000)
Jun 11 13:23:07 devstack cinder-volume[92365]: INFO cinder.volume.manager [req-3740b70e-d706-4891-bd00-95dbacf0cc73 req-1e37e54f-d218-43f8-b1a2-93f68824e54f tempest-AttachVolumeShelveTestJSON-499939796 None] Terminate volume connection completed successfully.
Jun 11 13:23:07 devstack cinder-volume[92365]: DEBUG cinder.volume.manager [req-3740b70e-d706-4891-bd00-95dbacf0cc73 req-1e37e54f-d218-43f8-b1a2-93f68824e54f tempest-AttachVolumeShelveTestJSON-499939796 None] Deleting attachment 1abdec99-2ecd-4adf-a353-b93184324355. {{(pid=92365) attachment_delete /opt/stack/cinder/cinder/volume/manager.py:5055}}
Jun 11 13:23:07 devstack sudo[99495]: pam_unix(sudo:session): session closed for user root
Jun 11 13:23:07 devstack cinder-volume[92365]: DEBUG oslo_concurrency.processutils [None req-704d875f-a8ea-4781-86e0-5572500a8a82 tempest-VolumesGetTest-646898550 None] CMD "sudo cinder-rootwrap /etc/cinder/rootwrap.conf qemu-img commit -d /opt/stack/data/cinder/mnt/fc1e6d9d25de540ad46632ccea0a0d02/volume-e7a30782-194b-4283-9338-ac75aa2ef590.e01a01fb-769f-4e55-bfee-b1da0a330784" returned: 0 in 0.784s {{(pid=92365) execute /opt/stack/data/venv/lib/python3.12/site-packages/oslo_concurrency/processutils.py:468}}
Jun 11 13:23:07 devstack cinder-volume[92365]: DEBUG oslo_concurrency.processutils [None req-704d875f-a8ea-4781-86e0-5572500a8a82 tempest-VolumesGetTest-646898550 None] Running cmd (subprocess): sudo cinder-rootwrap /etc/cinder/rootwrap.conf rm -f /opt/stack/data/cinder/mnt/fc1e6d9d25de540ad46632ccea0a0d02/volume-e7a30782-194b-4283-9338-ac75aa2ef590.e01a01fb-769f-4e55-bfee-b1da0a330784 {{(pid=92365) execute /opt/stack/data/venv/lib/python3.12/site-packages/oslo_concurrency/processutils.py:440}}
Jun 11 13:23:07 devstack sudo[99503]: quobyte : PWD=/ ; USER=root ; COMMAND=/opt/stack/data/venv/bin/cinder-rootwrap /etc/cinder/rootwrap.conf rm -f /opt/stack/data/cinder/mnt/fc1e6d9d25de540ad46632ccea0a0d02/volume-e7a30782-194b-4283-9338-ac75aa2ef590.e01a01fb-769f-4e55-bfee-b1da0a330784
Jun 11 13:23:07 devstack sudo[99503]: pam_unix(sudo:session): session opened for user root(uid=0) by (uid=1000)
Jun 11 13:23:08 devstack sudo[99503]: pam_unix(sudo:session): session closed for user root
Jun 11 13:23:08 devstack cinder-volume[92365]: DEBUG oslo_concurrency.processutils [None req-704d875f-a8ea-4781-86e0-5572500a8a82 tempest-VolumesGetTest-646898550 None] CMD "sudo cinder-rootwrap /etc/cinder/rootwrap.conf rm -f /opt/stack/data/cinder/mnt/fc1e6d9d25de540ad46632ccea0a0d02/volume-e7a30782-194b-4283-9338-ac75aa2ef590.e01a01fb-769f-4e55-bfee-b1da0a330784" returned: 0 in 0.600s {{(pid=92365) execute /opt/stack/data/venv/lib/python3.12/site-packages/oslo_concurrency/processutils.py:468}}
Jun 11 13:23:08 devstack cinder-volume[92365]: DEBUG cinder.coordination [None req-704d875f-a8ea-4781-86e0-5572500a8a82 tempest-VolumesGetTest-646898550 None] Lock "cinder-quobyte-e01a01fb-769f-4e55-bfee-b1da0a330784" released by "_delete_snapshot" :: held 2.938s {{(pid=92365) __release /opt/stack/cinder/cinder/coordination.py:152}}
Jun 11 13:23:08 devstack cinder-volume[92365]: DEBUG oslo_concurrency.lockutils [None req-704d875f-a8ea-4781-86e0-5572500a8a82 tempest-VolumesGetTest-646898550 None] Lock "quobyte" "released" by "cinder.volume.drivers.quobyte.QuobyteDriver.create_cloned_volume" :: held 16.223s {{(pid=92365) inner /opt/stack/data/venv/lib/python3.12/site-packages/oslo_concurrency/lockutils.py:538}}
Jun 11 13:23:08 devstack cinder-volume[92365]: DEBUG oslo_concurrency.lockutils [req-e0f8023f-4aa3-4c3c-b788-0e60db347c94 req-83c112d1-3467-43d4-8ac6-66f755080773 tempest-AttachVolumeNegativeTest-1600541512 None] Lock "quobyte" acquired by "cinder.volume.drivers.quobyte.QuobyteDriver.initialize_connection" :: waited 12.470s {{(pid=92365) inner /opt/stack/data/venv/lib/python3.12/site-packages/oslo_concurrency/lockutils.py:519}}
Jun 11 13:23:08 devstack cinder-volume[92365]: DEBUG cinder.volume.manager [None req-704d875f-a8ea-4781-86e0-5572500a8a82 tempest-VolumesGetTest-646898550 None] Task 'cinder.volume.flows.manager.create_volume.CreateVolumeFromSpecTask;volume:create' (52d53b4c-bd4a-4d05-b84c-10656c27067b) transitioned into state 'SUCCESS' from state 'RUNNING' with result '{'status': 'creating', 'volume_name': 'volume-1e84bb7c-4b17-410a-8961-f914dcb338f7', 'volume_size': 1, 'source_volid': 'e7a30782-194b-4283-9338-ac75aa2ef590', 'source_volstatus': 'available'}' {{(pid=92365) _task_receiver /opt/stack/data/venv/lib/python3.12/site-packages/taskflow/listeners/logging.py:182}}
Jun 11 13:23:08 devstack cinder-volume[92365]: DEBUG cinder.volume.manager [None req-704d875f-a8ea-4781-86e0-5572500a8a82 tempest-VolumesGetTest-646898550 None] Task 'cinder.volume.flows.manager.create_volume.CreateVolumeOnFinishTask;volume:create, create.end' (c08e6b84-aa41-4fcc-bd53-af19b7cfae28) transitioned into state 'RUNNING' from state 'PENDING' {{(pid=92365) _task_receiver /opt/stack/data/venv/lib/python3.12/site-packages/taskflow/listeners/logging.py:194}}
