Feb 26 17:19:35 devstack cinder-volume[82857]: DEBUG oslo_concurrency.lockutils [None req-7f1186d6-2e53-4c66-a3ed-d10dcc00026d tempest-GroupSnapshotsV319Test-2116896232 None] Lock "quobyte_ensure" "released" by "cinder.volume.drivers.quobyte.QuobyteDriver._ensure_shares_mounted" :: held 0.005s {{(pid=82857) inner /opt/stack/data/venv/lib/python3.10/site-packages/oslo_concurrency/lockutils.py:538}}
Feb 26 17:19:35 devstack cinder-volume[82857]: DEBUG cinder.volume.drivers.quobyte [None req-7f1186d6-2e53-4c66-a3ed-d10dcc00026d tempest-GroupSnapshotsV319Test-2116896232 None] Selected osci02.corp.quobyte.com/cinder-vol-bb4aa04a-dd56-45bd-a4df-e0ed548679bd as target Quobyte volume. {{(pid=82857) _find_share /opt/stack/cinder/cinder/volume/drivers/quobyte.py:668}}
Feb 26 17:19:35 devstack cinder-volume[82857]: INFO cinder.volume.drivers.remotefs [None req-7f1186d6-2e53-4c66-a3ed-d10dcc00026d tempest-GroupSnapshotsV319Test-2116896232 None] casted to osci02.corp.quobyte.com/cinder-vol-bb4aa04a-dd56-45bd-a4df-e0ed548679bd
Feb 26 17:19:35 devstack cinder-volume[82857]: DEBUG oslo_concurrency.processutils [None req-7f1186d6-2e53-4c66-a3ed-d10dcc00026d tempest-GroupSnapshotsV319Test-2116896232 None] Running cmd (subprocess): sudo cinder-rootwrap /etc/cinder/rootwrap.conf qemu-img create -f qcow2 -o preallocation=metadata /opt/stack/data/cinder/mnt/329885e4e34b790abfa2389b079d7567/volume-68c65861-ebea-4680-84a2-5de3c68e7f5c 1073741824 {{(pid=82857) execute /opt/stack/data/venv/lib/python3.10/site-packages/oslo_concurrency/processutils.py:440}}
Feb 26 17:19:35 devstack cinder-volume[82857]: DEBUG cinder.coordination [None req-9361cd46-e867-45f2-a40f-0c22a46aa17d tempest-VolumesActionsTest-1398068399 None] Acquiring lock "cinder-9d7bad88-e5f4-4b69-8c85-091035d7529c-detach_volume" by "detach_volume" {{(pid=82857) __acquire /opt/stack/cinder/cinder/coordination.py:138}}
Feb 26 17:19:35 devstack sudo[85457]: quobyte : PWD=/ ; USER=root ; COMMAND=/opt/stack/data/venv/bin/cinder-rootwrap /etc/cinder/rootwrap.conf qemu-img create -f qcow2 -o preallocation=metadata /opt/stack/data/cinder/mnt/329885e4e34b790abfa2389b079d7567/volume-68c65861-ebea-4680-84a2-5de3c68e7f5c 1073741824
Feb 26 17:19:35 devstack sudo[85457]: pam_unix(sudo:session): session opened for user root(uid=0) by (uid=1000)
Feb 26 17:19:35 devstack cinder-volume[82857]: DEBUG cinder.coordination [None req-9361cd46-e867-45f2-a40f-0c22a46aa17d tempest-VolumesActionsTest-1398068399 None] Lock "cinder-9d7bad88-e5f4-4b69-8c85-091035d7529c-detach_volume" acquired by "detach_volume" :: waited 0.020s {{(pid=82857) __acquire /opt/stack/cinder/cinder/coordination.py:141}}
Feb 26 17:19:35 devstack cinder-volume[82857]: INFO cinder.volume.manager [None req-9361cd46-e867-45f2-a40f-0c22a46aa17d tempest-VolumesActionsTest-1398068399 None] Volume detach called, but volume not attached.
Feb 26 17:19:35 devstack cinder-volume[82857]: DEBUG cinder.coordination [None req-9361cd46-e867-45f2-a40f-0c22a46aa17d tempest-VolumesActionsTest-1398068399 None] Lock "cinder-9d7bad88-e5f4-4b69-8c85-091035d7529c-detach_volume" released by "detach_volume" :: held 0.017s {{(pid=82857) __release /opt/stack/cinder/cinder/coordination.py:152}}
Feb 26 17:19:36 devstack cinder-volume[82857]: INFO cinder.volume.manager [None req-3546ccd0-a828-4223-adf8-26cfe2159be9 tempest-GroupSnapshotsTest-1322119883 None] GroupSnapshot 5802bf01-23be-4283-91ef-d3db9d9ad023: creating.
Feb 26 17:19:36 devstack cinder-volume[82857]: DEBUG cinder.volume.manager [None req-3546ccd0-a828-4223-adf8-26cfe2159be9 tempest-GroupSnapshotsTest-1322119883 None] Group snapshot 5802bf01-23be-4283-91ef-d3db9d9ad023: creating. {{(pid=82857) create_group_snapshot /opt/stack/cinder/cinder/volume/manager.py:4175}}
Feb 26 17:19:36 devstack cinder-volume[82857]: DEBUG oslo_concurrency.lockutils [None req-3546ccd0-a828-4223-adf8-26cfe2159be9 tempest-GroupSnapshotsTest-1322119883 None] Acquiring lock "quobyte" by "cinder.volume.drivers.quobyte.QuobyteDriver.create_snapshot" {{(pid=82857) inner /opt/stack/data/venv/lib/python3.10/site-packages/oslo_concurrency/lockutils.py:506}}
Feb 26 17:19:36 devstack cinder-volume[82857]: DEBUG cinder.coordination [None req-33feef26-8295-4a84-b6d2-26247058a411 tempest-VolumesActionsTest-1398068399 None] Acquiring lock "cinder-9d7bad88-e5f4-4b69-8c85-091035d7529c-delete_volume" by "delete_volume" {{(pid=82857) __acquire /opt/stack/cinder/cinder/coordination.py:138}}
Feb 26 17:19:36 devstack cinder-volume[82857]: DEBUG cinder.coordination [None req-33feef26-8295-4a84-b6d2-26247058a411 tempest-VolumesActionsTest-1398068399 None] Lock "cinder-9d7bad88-e5f4-4b69-8c85-091035d7529c-delete_volume" acquired by "delete_volume" :: waited 0.015s {{(pid=82857) __acquire /opt/stack/cinder/cinder/coordination.py:141}}
Feb 26 17:19:36 devstack cinder-volume[82857]: DEBUG cinder.coordination [None req-33feef26-8295-4a84-b6d2-26247058a411 tempest-VolumesActionsTest-1398068399 None] Acquiring lock "cinder-quobyte-9d7bad88-e5f4-4b69-8c85-091035d7529c" by "delete_volume" {{(pid=82857) __acquire /opt/stack/cinder/cinder/coordination.py:138}}
Feb 26 17:19:36 devstack cinder-volume[82857]: DEBUG cinder.coordination [None req-33feef26-8295-4a84-b6d2-26247058a411 tempest-VolumesActionsTest-1398068399 None] Lock "cinder-quobyte-9d7bad88-e5f4-4b69-8c85-091035d7529c" acquired by "delete_volume" :: waited 0.013s {{(pid=82857) __acquire /opt/stack/cinder/cinder/coordination.py:141}}
Feb 26 17:19:36 devstack cinder-volume[82857]: DEBUG oslo.privsep.daemon [-] privsep: reply[48f46cbc-6df5-4b7e-b47b-1dd2b8e88dc5]: (4, 'qcow2') {{(pid=83736) _call_back /opt/stack/data/venv/lib/python3.10/site-packages/oslo_privsep/daemon.py:573}}
Feb 26 17:19:36 devstack cinder-volume[82857]: DEBUG oslo_concurrency.processutils [None req-33feef26-8295-4a84-b6d2-26247058a411 tempest-VolumesActionsTest-1398068399 None] Running cmd (subprocess): /opt/stack/data/venv/bin/python3.10 -m oslo_concurrency.prlimit --as=1073741824 --cpu=60 -- sudo cinder-rootwrap /etc/cinder/rootwrap.conf env LC_ALL=C qemu-img info -f qcow2 --output=json --force-share /opt/stack/data/cinder/mnt/329885e4e34b790abfa2389b079d7567/volume-9d7bad88-e5f4-4b69-8c85-091035d7529c {{(pid=82857) execute /opt/stack/data/venv/lib/python3.10/site-packages/oslo_concurrency/processutils.py:440}}
Feb 26 17:19:36 devstack sudo[85462]: quobyte : PWD=/ ; USER=root ; COMMAND=/opt/stack/data/venv/bin/cinder-rootwrap /etc/cinder/rootwrap.conf env LC_ALL=C qemu-img info -f qcow2 --output=json --force-share /opt/stack/data/cinder/mnt/329885e4e34b790abfa2389b079d7567/volume-9d7bad88-e5f4-4b69-8c85-091035d7529c
Feb 26 17:19:36 devstack sudo[85462]: pam_unix(sudo:session): session opened for user root(uid=0) by (uid=1000)
Feb 26 17:19:36 devstack sudo[85457]: pam_unix(sudo:session): session closed for user root
Feb 26 17:19:36 devstack cinder-volume[82857]: DEBUG oslo_concurrency.processutils [None req-7f1186d6-2e53-4c66-a3ed-d10dcc00026d tempest-GroupSnapshotsV319Test-2116896232 None] CMD "sudo cinder-rootwrap /etc/cinder/rootwrap.conf qemu-img create -f qcow2 -o preallocation=metadata /opt/stack/data/cinder/mnt/329885e4e34b790abfa2389b079d7567/volume-68c65861-ebea-4680-84a2-5de3c68e7f5c 1073741824" returned: 0 in 0.908s {{(pid=82857) execute /opt/stack/data/venv/lib/python3.10/site-packages/oslo_concurrency/processutils.py:468}}
Feb 26 17:19:36 devstack cinder-volume[82857]: DEBUG oslo_concurrency.processutils [None req-7f1186d6-2e53-4c66-a3ed-d10dcc00026d tempest-GroupSnapshotsV319Test-2116896232 None] Running cmd (subprocess): sudo cinder-rootwrap /etc/cinder/rootwrap.conf chmod ugo+rw /opt/stack/data/cinder/mnt/329885e4e34b790abfa2389b079d7567/volume-68c65861-ebea-4680-84a2-5de3c68e7f5c {{(pid=82857) execute /opt/stack/data/venv/lib/python3.10/site-packages/oslo_concurrency/processutils.py:440}}
Feb 26 17:19:36 devstack sudo[85464]: quobyte : PWD=/ ; USER=root ; COMMAND=/opt/stack/data/venv/bin/cinder-rootwrap /etc/cinder/rootwrap.conf chmod ugo+rw /opt/stack/data/cinder/mnt/329885e4e34b790abfa2389b079d7567/volume-68c65861-ebea-4680-84a2-5de3c68e7f5c
Feb 26 17:19:36 devstack sudo[85464]: pam_unix(sudo:session): session opened for user root(uid=0) by (uid=1000)
Feb 26 17:19:37 devstack sudo[85462]: pam_unix(sudo:session): session closed for user root
Feb 26 17:19:37 devstack cinder-volume[82857]: DEBUG oslo_concurrency.processutils [None req-33feef26-8295-4a84-b6d2-26247058a411 tempest-VolumesActionsTest-1398068399 None] CMD "/opt/stack/data/venv/bin/python3.10 -m oslo_concurrency.prlimit --as=1073741824 --cpu=60 -- sudo cinder-rootwrap /etc/cinder/rootwrap.conf env LC_ALL=C qemu-img info -f qcow2 --output=json --force-share /opt/stack/data/cinder/mnt/329885e4e34b790abfa2389b079d7567/volume-9d7bad88-e5f4-4b69-8c85-091035d7529c" returned: 0 in 0.740s {{(pid=82857) execute /opt/stack/data/venv/lib/python3.10/site-packages/oslo_concurrency/processutils.py:468}}
Feb 26 17:19:37 devstack cinder-volume[82857]: DEBUG oslo_concurrency.processutils [None req-33feef26-8295-4a84-b6d2-26247058a411 tempest-VolumesActionsTest-1398068399 None] Running cmd (subprocess): sudo cinder-rootwrap /etc/cinder/rootwrap.conf rm -f /opt/stack/data/cinder/mnt/329885e4e34b790abfa2389b079d7567/volume-9d7bad88-e5f4-4b69-8c85-091035d7529c {{(pid=82857) execute /opt/stack/data/venv/lib/python3.10/site-packages/oslo_concurrency/processutils.py:440}}
Feb 26 17:19:37 devstack sudo[85470]: quobyte : PWD=/ ; USER=root ; COMMAND=/opt/stack/data/venv/bin/cinder-rootwrap /etc/cinder/rootwrap.conf rm -f /opt/stack/data/cinder/mnt/329885e4e34b790abfa2389b079d7567/volume-9d7bad88-e5f4-4b69-8c85-091035d7529c
Feb 26 17:19:37 devstack sudo[85470]: pam_unix(sudo:session): session opened for user root(uid=0) by (uid=1000)
Feb 26 17:19:37 devstack sudo[85464]: pam_unix(sudo:session): session closed for user root
Feb 26 17:19:37 devstack cinder-volume[82857]: DEBUG oslo_concurrency.processutils [None req-7f1186d6-2e53-4c66-a3ed-d10dcc00026d tempest-GroupSnapshotsV319Test-2116896232 None] CMD "sudo cinder-rootwrap /etc/cinder/rootwrap.conf chmod ugo+rw /opt/stack/data/cinder/mnt/329885e4e34b790abfa2389b079d7567/volume-68c65861-ebea-4680-84a2-5de3c68e7f5c" returned: 0 in 0.612s {{(pid=82857) execute /opt/stack/data/venv/lib/python3.10/site-packages/oslo_concurrency/processutils.py:468}}
Feb 26 17:19:37 devstack cinder-volume[82857]: DEBUG cinder.volume.drivers.quobyte [None req-7f1186d6-2e53-4c66-a3ed-d10dcc00026d tempest-GroupSnapshotsV319Test-2116896232 None] <== create_volume: return (1565ms) {'provider_location': 'osci02.corp.quobyte.com/cinder-vol-bb4aa04a-dd56-45bd-a4df-e0ed548679bd'} {{(pid=82857) trace_logging_wrapper /opt/stack/cinder/cinder/volume/volume_utils.py:1523}}
Feb 26 17:19:37 devstack cinder-volume[82857]: DEBUG oslo_concurrency.lockutils [None req-7f1186d6-2e53-4c66-a3ed-d10dcc00026d tempest-GroupSnapshotsV319Test-2116896232 None] Lock "quobyte" "released" by "cinder.volume.drivers.quobyte.QuobyteDriver.create_volume" :: held 1.568s {{(pid=82857) inner /opt/stack/data/venv/lib/python3.10/site-packages/oslo_concurrency/lockutils.py:538}}
Feb 26 17:19:37 devstack cinder-volume[82857]: DEBUG oslo_concurrency.lockutils [None req-3546ccd0-a828-4223-adf8-26cfe2159be9 tempest-GroupSnapshotsTest-1322119883 None] Lock "quobyte" acquired by "cinder.volume.drivers.quobyte.QuobyteDriver.create_snapshot" :: waited 1.083s {{(pid=82857) inner /opt/stack/data/venv/lib/python3.10/site-packages/oslo_concurrency/lockutils.py:519}}
Feb 26 17:19:37 devstack cinder-volume[82857]: DEBUG cinder.volume.manager [None req-7f1186d6-2e53-4c66-a3ed-d10dcc00026d tempest-GroupSnapshotsV319Test-2116896232 None] Task 'cinder.volume.flows.manager.create_volume.CreateVolumeFromSpecTask;volume:create' (d4172f48-1b9e-4d15-92e6-43ba4a3e5b9c) transitioned into state 'SUCCESS' from state 'RUNNING' with result '{'status': 'creating', 'volume_name': 'volume-68c65861-ebea-4680-84a2-5de3c68e7f5c', 'volume_size': 1}' {{(pid=82857) _task_receiver /opt/stack/data/venv/lib/python3.10/site-packages/taskflow/listeners/logging.py:182}}
Feb 26 17:19:37 devstack cinder-volume[82857]: DEBUG cinder.volume.manager [None req-7f1186d6-2e53-4c66-a3ed-d10dcc00026d tempest-GroupSnapshotsV319Test-2116896232 None] Task 'cinder.volume.flows.manager.create_volume.CreateVolumeOnFinishTask;volume:create, create.end' (6208b2e6-cf47-465a-8f64-3ebdca9e3cb4) transitioned into state 'RUNNING' from state 'PENDING' {{(pid=82857) _task_receiver /opt/stack/data/venv/lib/python3.10/site-packages/taskflow/listeners/logging.py:194}}
Feb 26 17:19:37 devstack cinder-volume[82857]: DEBUG cinder.volume.drivers.remotefs [None req-3546ccd0-a828-4223-adf8-26cfe2159be9 tempest-GroupSnapshotsTest-1322119883 None] Creating offline snapshot 5273b3f9-e1e6-41a1-9eee-2a4af5514177 of volume 4f81136a-5d75-41d8-afc4-afc9ffa1476e {{(pid=82857) _create_snapshot /opt/stack/cinder/cinder/volume/drivers/remotefs.py:1815}}
Feb 26 17:19:37 devstack cinder-volume[82857]: INFO cinder.volume.flows.manager.create_volume [None req-7f1186d6-2e53-4c66-a3ed-d10dcc00026d tempest-GroupSnapshotsV319Test-2116896232 None] Volume volume-68c65861-ebea-4680-84a2-5de3c68e7f5c (68c65861-ebea-4680-84a2-5de3c68e7f5c): created successfully
Feb 26 17:19:37 devstack cinder-volume[82857]: DEBUG cinder.volume.manager [None req-7f1186d6-2e53-4c66-a3ed-d10dcc00026d tempest-GroupSnapshotsV319Test-2116896232 None] Task 'cinder.volume.flows.manager.create_volume.CreateVolumeOnFinishTask;volume:create, create.end' (6208b2e6-cf47-465a-8f64-3ebdca9e3cb4) transitioned into state 'SUCCESS' from state 'RUNNING' with result 'None' {{(pid=82857) _task_receiver /opt/stack/data/venv/lib/python3.10/site-packages/taskflow/listeners/logging.py:182}}
Feb 26 17:19:37 devstack cinder-volume[82857]: DEBUG cinder.volume.manager [None req-7f1186d6-2e53-4c66-a3ed-d10dcc00026d tempest-GroupSnapshotsV319Test-2116896232 None] Flow 'volume_create_manager' (cbc1cac0-e09d-4c35-a736-1754102b2792) transitioned into state 'SUCCESS' from state 'RUNNING' {{(pid=82857) _flow_receiver /opt/stack/data/venv/lib/python3.10/site-packages/taskflow/listeners/logging.py:145}}
Feb 26 17:19:37 devstack cinder-volume[82857]: INFO cinder.volume.manager [None req-7f1186d6-2e53-4c66-a3ed-d10dcc00026d tempest-GroupSnapshotsV319Test-2116896232 None] Created volume successfully.
Feb 26 17:19:37 devstack cinder-volume[82857]: DEBUG oslo.privsep.daemon [-] privsep: reply[da0fef12-342d-4224-8350-8566231da8d3]: (4, 'qcow2') {{(pid=83736) _call_back /opt/stack/data/venv/lib/python3.10/site-packages/oslo_privsep/daemon.py:573}}
Feb 26 17:19:37 devstack cinder-volume[82857]: DEBUG oslo_concurrency.processutils [None req-3546ccd0-a828-4223-adf8-26cfe2159be9 tempest-GroupSnapshotsTest-1322119883 None] Running cmd (subprocess): /opt/stack/data/venv/bin/python3.10 -m oslo_concurrency.prlimit --as=1073741824 --cpu=60 -- sudo cinder-rootwrap /etc/cinder/rootwrap.conf env LC_ALL=C qemu-img info -f qcow2 --output=json --force-share /opt/stack/data/cinder/mnt/329885e4e34b790abfa2389b079d7567/volume-4f81136a-5d75-41d8-afc4-afc9ffa1476e {{(pid=82857) execute /opt/stack/data/venv/lib/python3.10/site-packages/oslo_concurrency/processutils.py:440}}
Feb 26 17:19:37 devstack sudo[85472]: quobyte : PWD=/ ; USER=root ; COMMAND=/opt/stack/data/venv/bin/cinder-rootwrap /etc/cinder/rootwrap.conf env LC_ALL=C qemu-img info -f qcow2 --output=json --force-share /opt/stack/data/cinder/mnt/329885e4e34b790abfa2389b079d7567/volume-4f81136a-5d75-41d8-afc4-afc9ffa1476e
Feb 26 17:19:37 devstack sudo[85472]: pam_unix(sudo:session): session opened for user root(uid=0) by (uid=1000)
Feb 26 17:19:37 devstack sudo[85470]: pam_unix(sudo:session): session closed for user root
Feb 26 17:19:37 devstack cinder-volume[82857]: DEBUG oslo_concurrency.processutils [None req-33feef26-8295-4a84-b6d2-26247058a411 tempest-VolumesActionsTest-1398068399 None] CMD "sudo cinder-rootwrap /etc/cinder/rootwrap.conf rm -f /opt/stack/data/cinder/mnt/329885e4e34b790abfa2389b079d7567/volume-9d7bad88-e5f4-4b69-8c85-091035d7529c" returned: 0 in 0.478s {{(pid=82857) execute /opt/stack/data/venv/lib/python3.10/site-packages/oslo_concurrency/processutils.py:468}}
Feb 26 17:19:37 devstack cinder-volume[82857]: DEBUG cinder.coordination [None req-33feef26-8295-4a84-b6d2-26247058a411 tempest-VolumesActionsTest-1398068399 None] Lock "cinder-quobyte-9d7bad88-e5f4-4b69-8c85-091035d7529c" released by "delete_volume" :: held 1.249s {{(pid=82857) __release /opt/stack/cinder/cinder/coordination.py:152}}
Feb 26 17:19:37 devstack cinder-volume[82857]: DEBUG cinder.quota [None req-33feef26-8295-4a84-b6d2-26247058a411 tempest-VolumesActionsTest-1398068399 None] Created reservations ['b4b8421b-6be5-4c47-97cb-8d7c495c7d9b', '14dd6cc6-b1f7-4790-837d-50e5eeacdbdb', '143ce2e7-8105-43f5-a383-7bfef92ff223', 'a735c31e-f083-4cfb-a688-032698c2262f'] {{(pid=82857) reserve /opt/stack/cinder/cinder/quota.py:752}}
Feb 26 17:19:37 devstack cinder-volume[82857]: DEBUG oslo_concurrency.lockutils [None req-33feef26-8295-4a84-b6d2-26247058a411 tempest-VolumesActionsTest-1398068399 None] Acquiring lock "quobyte_ensure" by "cinder.volume.drivers.quobyte.QuobyteDriver._ensure_shares_mounted" {{(pid=82857) inner /opt/stack/data/venv/lib/python3.10/site-packages/oslo_concurrency/lockutils.py:506}}
Feb 26 17:19:37 devstack cinder-volume[82857]: DEBUG oslo_concurrency.lockutils [None req-33feef26-8295-4a84-b6d2-26247058a411 tempest-VolumesActionsTest-1398068399 None] Lock "quobyte_ensure" acquired by "cinder.volume.drivers.quobyte.QuobyteDriver._ensure_shares_mounted" :: waited 0.001s {{(pid=82857) inner /opt/stack/data/venv/lib/python3.10/site-packages/oslo_concurrency/lockutils.py:519}}
Feb 26 17:19:37 devstack cinder-volume[82857]: DEBUG cinder.volume.drivers.quobyte [None req-33feef26-8295-4a84-b6d2-26247058a411 tempest-VolumesActionsTest-1398068399 None] Quobyte Volume URL set to: {'osci02.corp.quobyte.com/cinder-vol-bb4aa04a-dd56-45bd-a4df-e0ed548679bd': None} {{(pid=82857) _load_shares_config /opt/stack/cinder/cinder/volume/drivers/quobyte.py:617}}
Feb 26 17:19:37 devstack cinder-volume[82857]: DEBUG cinder.volume.drivers.quobyte [None req-33feef26-8295-4a84-b6d2-26247058a411 tempest-VolumesActionsTest-1398068399 None] Available shares ['osci02.corp.quobyte.com/cinder-vol-bb4aa04a-dd56-45bd-a4df-e0ed548679bd'] {{(pid=82857) _ensure_shares_mounted /opt/stack/cinder/cinder/volume/drivers/quobyte.py:647}}
Feb 26 17:19:37 devstack cinder-volume[82857]: DEBUG oslo_concurrency.lockutils [None req-33feef26-8295-4a84-b6d2-26247058a411 tempest-VolumesActionsTest-1398068399 None] Lock "quobyte_ensure" "released" by "cinder.volume.drivers.quobyte.QuobyteDriver._ensure_shares_mounted" :: held 0.004s {{(pid=82857) inner /opt/stack/data/venv/lib/python3.10/site-packages/oslo_concurrency/lockutils.py:538}}
Feb 26 17:19:37 devstack cinder-volume[82857]: DEBUG oslo_concurrency.processutils [None req-33feef26-8295-4a84-b6d2-26247058a411 tempest-VolumesActionsTest-1398068399 None] Running cmd (subprocess): sudo cinder-rootwrap /etc/cinder/rootwrap.conf df --portability --block-size 1 /opt/stack/data/cinder/mnt/329885e4e34b790abfa2389b079d7567 {{(pid=82857) execute /opt/stack/data/venv/lib/python3.10/site-packages/oslo_concurrency/processutils.py:440}}
Feb 26 17:19:37 devstack sudo[85475]: quobyte : PWD=/ ; USER=root ; COMMAND=/opt/stack/data/venv/bin/cinder-rootwrap /etc/cinder/rootwrap.conf df --portability --block-size 1 /opt/stack/data/cinder/mnt/329885e4e34b790abfa2389b079d7567
Feb 26 17:19:37 devstack sudo[85475]: pam_unix(sudo:session): session opened for user root(uid=0) by (uid=1000)
Feb 26 17:19:37 devstack sudo[85472]: pam_unix(sudo:session): session closed for user root
Feb 26 17:19:37 devstack cinder-volume[82857]: DEBUG oslo_concurrency.processutils [None req-3546ccd0-a828-4223-adf8-26cfe2159be9 tempest-GroupSnapshotsTest-1322119883 None] CMD "/opt/stack/data/venv/bin/python3.10 -m oslo_concurrency.prlimit --as=1073741824 --cpu=60 -- sudo cinder-rootwrap /etc/cinder/rootwrap.conf env LC_ALL=C qemu-img info -f qcow2 --output=json --force-share /opt/stack/data/cinder/mnt/329885e4e34b790abfa2389b079d7567/volume-4f81136a-5d75-41d8-afc4-afc9ffa1476e" returned: 0 in 0.545s {{(pid=82857) execute /opt/stack/data/venv/lib/python3.10/site-packages/oslo_concurrency/processutils.py:468}}
Feb 26 17:19:38 devstack cinder-volume[82857]: DEBUG oslo_concurrency.processutils [None req-3546ccd0-a828-4223-adf8-26cfe2159be9 tempest-GroupSnapshotsTest-1322119883 None] Running cmd (subprocess): sudo cinder-rootwrap /etc/cinder/rootwrap.conf qemu-img create -f qcow2 -o backing_file=/opt/stack/data/cinder/mnt/329885e4e34b790abfa2389b079d7567/volume-4f81136a-5d75-41d8-afc4-afc9ffa1476e,backing_fmt=qcow2 /opt/stack/data/cinder/mnt/329885e4e34b790abfa2389b079d7567/volume-4f81136a-5d75-41d8-afc4-afc9ffa1476e.5273b3f9-e1e6-41a1-9eee-2a4af5514177 1G {{(pid=82857) execute /opt/stack/data/venv/lib/python3.10/site-packages/oslo_concurrency/processutils.py:440}}
Feb 26 17:19:38 devstack sudo[85480]: quobyte : PWD=/ ; USER=root ; COMMAND=/opt/stack/data/venv/bin/cinder-rootwrap /etc/cinder/rootwrap.conf qemu-img create -f qcow2 -o backing_file=/opt/stack/data/cinder/mnt/329885e4e34b790abfa2389b079d7567/volume-4f81136a-5d75-41d8-afc4-afc9ffa1476e,backing_fmt=qcow2 /opt/stack/data/cinder/mnt/329885e4e34b790abfa2389b079d7567/volume-4f81136a-5d75-41d8-afc4-afc9ffa1476e.5273b3f9-e1e6-41a1-9eee-2a4af5514177 1G
Feb 26 17:19:38 devstack sudo[85480]: pam_unix(sudo:session): session opened for user root(uid=0) by (uid=1000)
Feb 26 17:19:38 devstack cinder-volume[82857]: INFO cinder.volume.manager [None req-f2f208be-a7a6-448b-af6d-216eed74f6ac tempest-GroupSnapshotsV319Test-2116896232 None] GroupSnapshot 82ab5874-7c62-4235-a3a3-5802a6f4b9a0: creating.
Feb 26 17:19:38 devstack cinder-volume[82857]: DEBUG cinder.volume.manager [None req-f2f208be-a7a6-448b-af6d-216eed74f6ac tempest-GroupSnapshotsV319Test-2116896232 None] Group snapshot 82ab5874-7c62-4235-a3a3-5802a6f4b9a0: creating. {{(pid=82857) create_group_snapshot /opt/stack/cinder/cinder/volume/manager.py:4175}}
Feb 26 17:19:38 devstack cinder-volume[82857]: DEBUG oslo_concurrency.lockutils [None req-f2f208be-a7a6-448b-af6d-216eed74f6ac tempest-GroupSnapshotsV319Test-2116896232 None] Acquiring lock "quobyte" by "cinder.volume.drivers.quobyte.QuobyteDriver.create_snapshot" {{(pid=82857) inner /opt/stack/data/venv/lib/python3.10/site-packages/oslo_concurrency/lockutils.py:506}}
Feb 26 17:19:38 devstack sudo[85475]: pam_unix(sudo:session): session closed for user root
Feb 26 17:19:38 devstack cinder-volume[82857]: DEBUG oslo_concurrency.processutils [None req-33feef26-8295-4a84-b6d2-26247058a411 tempest-VolumesActionsTest-1398068399 None] CMD "sudo cinder-rootwrap /etc/cinder/rootwrap.conf df --portability --block-size 1 /opt/stack/data/cinder/mnt/329885e4e34b790abfa2389b079d7567" returned: 0 in 0.472s {{(pid=82857) execute /opt/stack/data/venv/lib/python3.10/site-packages/oslo_concurrency/processutils.py:468}}
Feb 26 17:19:38 devstack cinder-volume[82857]: DEBUG cinder.manager [None req-33feef26-8295-4a84-b6d2-26247058a411 tempest-VolumesActionsTest-1398068399 None] Notifying Schedulers of capabilities ... {{(pid=82857) _publish_service_capabilities /opt/stack/cinder/cinder/manager.py:202}}
Feb 26 17:19:38 devstack cinder-volume[82857]: INFO cinder.volume.manager [None req-33feef26-8295-4a84-b6d2-26247058a411 tempest-VolumesActionsTest-1398068399 None] Deleted volume successfully.
Feb 26 17:19:38 devstack cinder-volume[82857]: DEBUG cinder.coordination [None req-33feef26-8295-4a84-b6d2-26247058a411 tempest-VolumesActionsTest-1398068399 None] Lock "cinder-9d7bad88-e5f4-4b69-8c85-091035d7529c-delete_volume" released by "delete_volume" :: held 1.869s {{(pid=82857) __release /opt/stack/cinder/cinder/coordination.py:152}}
Feb 26 17:19:38 devstack sudo[85480]: pam_unix(sudo:session): session closed for user root
Feb 26 17:19:38 devstack cinder-volume[82857]: DEBUG oslo_concurrency.processutils [None req-3546ccd0-a828-4223-adf8-26cfe2159be9 tempest-GroupSnapshotsTest-1322119883 None] CMD "sudo cinder-rootwrap /etc/cinder/rootwrap.conf qemu-img create -f qcow2 -o backing_file=/opt/stack/data/cinder/mnt/329885e4e34b790abfa2389b079d7567/volume-4f81136a-5d75-41d8-afc4-afc9ffa1476e,backing_fmt=qcow2 /opt/stack/data/cinder/mnt/329885e4e34b790abfa2389b079d7567/volume-4f81136a-5d75-41d8-afc4-afc9ffa1476e.5273b3f9-e1e6-41a1-9eee-2a4af5514177 1G" returned: 0 in 0.574s {{(pid=82857) execute /opt/stack/data/venv/lib/python3.10/site-packages/oslo_concurrency/processutils.py:468}}
Feb 26 17:19:38 devstack cinder-volume[82857]: DEBUG oslo_concurrency.processutils [None req-3546ccd0-a828-4223-adf8-26cfe2159be9 tempest-GroupSnapshotsTest-1322119883 None] Running cmd (subprocess): sudo cinder-rootwrap /etc/cinder/rootwrap.conf qemu-img rebase -u -b volume-4f81136a-5d75-41d8-afc4-afc9ffa1476e -F qcow2 /opt/stack/data/cinder/mnt/329885e4e34b790abfa2389b079d7567/volume-4f81136a-5d75-41d8-afc4-afc9ffa1476e.5273b3f9-e1e6-41a1-9eee-2a4af5514177 {{(pid=82857) execute /opt/stack/data/venv/lib/python3.10/site-packages/oslo_concurrency/processutils.py:440}}
Feb 26 17:19:38 devstack sudo[85486]: quobyte : PWD=/ ; USER=root ; COMMAND=/opt/stack/data/venv/bin/cinder-rootwrap /etc/cinder/rootwrap.conf qemu-img rebase -u -b volume-4f81136a-5d75-41d8-afc4-afc9ffa1476e -F qcow2 /opt/stack/data/cinder/mnt/329885e4e34b790abfa2389b079d7567/volume-4f81136a-5d75-41d8-afc4-afc9ffa1476e.5273b3f9-e1e6-41a1-9eee-2a4af5514177
Feb 26 17:19:38 devstack sudo[85486]: pam_unix(sudo:session): session opened for user root(uid=0) by (uid=1000)
Feb 26 17:19:39 devstack sudo[85486]: pam_unix(sudo:session): session closed for user root
Feb 26 17:19:39 devstack cinder-volume[82857]: DEBUG oslo_concurrency.processutils [None req-3546ccd0-a828-4223-adf8-26cfe2159be9 tempest-GroupSnapshotsTest-1322119883 None] CMD "sudo cinder-rootwrap /etc/cinder/rootwrap.conf qemu-img rebase -u -b volume-4f81136a-5d75-41d8-afc4-afc9ffa1476e -F qcow2 /opt/stack/data/cinder/mnt/329885e4e34b790abfa2389b079d7567/volume-4f81136a-5d75-41d8-afc4-afc9ffa1476e.5273b3f9-e1e6-41a1-9eee-2a4af5514177" returned: 0 in 0.698s {{(pid=82857) execute /opt/stack/data/venv/lib/python3.10/site-packages/oslo_concurrency/processutils.py:468}}
Feb 26 17:19:39 devstack cinder-volume[82857]: WARNING cinder.volume.drivers.remotefs [None req-3546ccd0-a828-4223-adf8-26cfe2159be9 tempest-GroupSnapshotsTest-1322119883 None] /opt/stack/data/cinder/mnt/329885e4e34b790abfa2389b079d7567/volume-4f81136a-5d75-41d8-afc4-afc9ffa1476e.5273b3f9-e1e6-41a1-9eee-2a4af5514177 is being set with open permissions: ugo+rw: NotImplementedError
Feb 26 17:19:39 devstack cinder-volume[82857]: DEBUG oslo_concurrency.processutils [None req-3546ccd0-a828-4223-adf8-26cfe2159be9 tempest-GroupSnapshotsTest-1322119883 None] Running cmd (subprocess): sudo cinder-rootwrap /etc/cinder/rootwrap.conf chmod ugo+rw /opt/stack/data/cinder/mnt/329885e4e34b790abfa2389b079d7567/volume-4f81136a-5d75-41d8-afc4-afc9ffa1476e.5273b3f9-e1e6-41a1-9eee-2a4af5514177 {{(pid=82857) execute /opt/stack/data/venv/lib/python3.10/site-packages/oslo_concurrency/processutils.py:440}}
Feb 26 17:19:39 devstack sudo[85513]: quobyte : PWD=/ ; USER=root ; COMMAND=/opt/stack/data/venv/bin/cinder-rootwrap /etc/cinder/rootwrap.conf chmod ugo+rw /opt/stack/data/cinder/mnt/329885e4e34b790abfa2389b079d7567/volume-4f81136a-5d75-41d8-afc4-afc9ffa1476e.5273b3f9-e1e6-41a1-9eee-2a4af5514177
Feb 26 17:19:39 devstack sudo[85513]: pam_unix(sudo:session): session opened for user root(uid=0) by (uid=1000)
Feb 26 17:19:39 devstack sudo[85513]: pam_unix(sudo:session): session closed for user root
Feb 26 17:19:39 devstack cinder-volume[82857]: DEBUG oslo_concurrency.processutils [None req-3546ccd0-a828-4223-adf8-26cfe2159be9 tempest-GroupSnapshotsTest-1322119883 None] CMD "sudo cinder-rootwrap /etc/cinder/rootwrap.conf chmod ugo+rw /opt/stack/data/cinder/mnt/329885e4e34b790abfa2389b079d7567/volume-4f81136a-5d75-41d8-afc4-afc9ffa1476e.5273b3f9-e1e6-41a1-9eee-2a4af5514177" returned: 0 in 0.435s {{(pid=82857) execute /opt/stack/data/venv/lib/python3.10/site-packages/oslo_concurrency/processutils.py:468}}
Feb 26 17:19:39 devstack cinder-volume[82857]: DEBUG dbcounter [-] [82857] Writing DB stats cinder:UPDATE=128,cinder:SELECT=122,cinder:DELETE=8,cinder:INSERT=25 {{(pid=82857) stat_writer /opt/stack/data/venv/lib/python3.10/site-packages/dbcounter.py:115}}
Feb 26 17:19:39 devstack cinder-volume[82857]: DEBUG oslo_concurrency.processutils [None req-3546ccd0-a828-4223-adf8-26cfe2159be9 tempest-GroupSnapshotsTest-1322119883 None] Running cmd (subprocess): sudo cinder-rootwrap /etc/cinder/rootwrap.conf truncate -s0 /opt/stack/data/cinder/mnt/329885e4e34b790abfa2389b079d7567/volume-4f81136a-5d75-41d8-afc4-afc9ffa1476e.info {{(pid=82857) execute /opt/stack/data/venv/lib/python3.10/site-packages/oslo_concurrency/processutils.py:440}}
Feb 26 17:19:39 devstack sudo[85516]: quobyte : PWD=/ ; USER=root ; COMMAND=/opt/stack/data/venv/bin/cinder-rootwrap /etc/cinder/rootwrap.conf truncate -s0 /opt/stack/data/cinder/mnt/329885e4e34b790abfa2389b079d7567/volume-4f81136a-5d75-41d8-afc4-afc9ffa1476e.info
Feb 26 17:19:39 devstack sudo[85516]: pam_unix(sudo:session): session opened for user root(uid=0) by (uid=1000)
Feb 26 17:19:40 devstack sudo[85516]: pam_unix(sudo:session): session closed for user root
Feb 26 17:19:40 devstack cinder-volume[82857]: DEBUG oslo_concurrency.processutils [None req-3546ccd0-a828-4223-adf8-26cfe2159be9 tempest-GroupSnapshotsTest-1322119883 None] CMD "sudo cinder-rootwrap /etc/cinder/rootwrap.conf truncate -s0 /opt/stack/data/cinder/mnt/329885e4e34b790abfa2389b079d7567/volume-4f81136a-5d75-41d8-afc4-afc9ffa1476e.info" returned: 0 in 0.450s {{(pid=82857) execute /opt/stack/data/venv/lib/python3.10/site-packages/oslo_concurrency/processutils.py:468}}
Feb 26 17:19:40 devstack cinder-volume[82857]: WARNING cinder.volume.drivers.remotefs [None req-3546ccd0-a828-4223-adf8-26cfe2159be9 tempest-GroupSnapshotsTest-1322119883 None] /opt/stack/data/cinder/mnt/329885e4e34b790abfa2389b079d7567/volume-4f81136a-5d75-41d8-afc4-afc9ffa1476e.info is being set with open permissions: ugo+rw: NotImplementedError
Feb 26 17:19:40 devstack cinder-volume[82857]: DEBUG oslo_concurrency.processutils [None req-3546ccd0-a828-4223-adf8-26cfe2159be9 tempest-GroupSnapshotsTest-1322119883 None] Running cmd (subprocess): sudo cinder-rootwrap /etc/cinder/rootwrap.conf chmod ugo+rw /opt/stack/data/cinder/mnt/329885e4e34b790abfa2389b079d7567/volume-4f81136a-5d75-41d8-afc4-afc9ffa1476e.info {{(pid=82857) execute /opt/stack/data/venv/lib/python3.10/site-packages/oslo_concurrency/processutils.py:440}}
Feb 26 17:19:40 devstack sudo[85547]: quobyte : PWD=/ ; USER=root ; COMMAND=/opt/stack/data/venv/bin/cinder-rootwrap /etc/cinder/rootwrap.conf chmod ugo+rw /opt/stack/data/cinder/mnt/329885e4e34b790abfa2389b079d7567/volume-4f81136a-5d75-41d8-afc4-afc9ffa1476e.info
Feb 26 17:19:40 devstack sudo[85547]: pam_unix(sudo:session): session opened for user root(uid=0) by (uid=1000)
Feb 26 17:19:40 devstack sudo[85547]: pam_unix(sudo:session): session closed for user root
Feb 26 17:19:40 devstack cinder-volume[82857]: DEBUG oslo_concurrency.processutils [None req-3546ccd0-a828-4223-adf8-26cfe2159be9 tempest-GroupSnapshotsTest-1322119883 None] CMD "sudo cinder-rootwrap /etc/cinder/rootwrap.conf chmod ugo+rw /opt/stack/data/cinder/mnt/329885e4e34b790abfa2389b079d7567/volume-4f81136a-5d75-41d8-afc4-afc9ffa1476e.info" returned: 0 in 0.439s {{(pid=82857) execute /opt/stack/data/venv/lib/python3.10/site-packages/oslo_concurrency/processutils.py:468}}
Feb 26 17:19:40 devstack cinder-volume[82857]: DEBUG oslo_concurrency.lockutils [None req-3546ccd0-a828-4223-adf8-26cfe2159be9 tempest-GroupSnapshotsTest-1322119883 None] Lock "quobyte" "released" by "cinder.volume.drivers.quobyte.QuobyteDriver.create_snapshot" :: held 3.287s {{(pid=82857) inner /opt/stack/data/venv/lib/python3.10/site-packages/oslo_concurrency/lockutils.py:538}}
Feb 26 17:19:40 devstack cinder-volume[82857]: DEBUG oslo_concurrency.lockutils [None req-3546ccd0-a828-4223-adf8-26cfe2159be9 tempest-GroupSnapshotsTest-1322119883 None] Acquiring lock "quobyte" by "cinder.volume.drivers.quobyte.QuobyteDriver.create_snapshot" {{(pid=82857) inner /opt/stack/data/venv/lib/python3.10/site-packages/oslo_concurrency/lockutils.py:506}}
Feb 26 17:19:40 devstack cinder-volume[82857]: DEBUG oslo_concurrency.lockutils [None req-3546ccd0-a828-4223-adf8-26cfe2159be9 tempest-GroupSnapshotsTest-1322119883 None] Lock "quobyte" acquired by "cinder.volume.drivers.quobyte.QuobyteDriver.create_snapshot" :: waited 0.001s {{(pid=82857) inner /opt/stack/data/venv/lib/python3.10/site-packages/oslo_concurrency/lockutils.py:519}}
Feb 26 17:19:40 devstack cinder-volume[82857]: DEBUG cinder.volume.drivers.remotefs [None req-3546ccd0-a828-4223-adf8-26cfe2159be9 tempest-GroupSnapshotsTest-1322119883 None] Creating offline snapshot a732a8d6-31cd-4250-8b04-5d3c3a6d42b5 of volume 0280cccf-f361-4d19-b904-3d32a620435f {{(pid=82857) _create_snapshot /opt/stack/cinder/cinder/volume/drivers/remotefs.py:1815}}
Feb 26 17:19:40 devstack cinder-volume[82857]: DEBUG oslo.privsep.daemon [-] privsep: reply[a34e5d6c-71e9-46ee-a7bc-db22394f8b05]: (4, 'qcow2') {{(pid=83736) _call_back /opt/stack/data/venv/lib/python3.10/site-packages/oslo_privsep/daemon.py:573}}
Feb 26 17:19:40 devstack cinder-volume[82857]: DEBUG oslo_concurrency.processutils [None req-3546ccd0-a828-4223-adf8-26cfe2159be9 tempest-GroupSnapshotsTest-1322119883 None] Running cmd (subprocess): /opt/stack/data/venv/bin/python3.10 -m oslo_concurrency.prlimit --as=1073741824 --cpu=60 -- sudo cinder-rootwrap /etc/cinder/rootwrap.conf env LC_ALL=C qemu-img info -f qcow2 --output=json --force-share /opt/stack/data/cinder/mnt/329885e4e34b790abfa2389b079d7567/volume-0280cccf-f361-4d19-b904-3d32a620435f {{(pid=82857) execute /opt/stack/data/venv/lib/python3.10/site-packages/oslo_concurrency/processutils.py:440}}
Feb 26 17:19:40 devstack sudo[85569]: quobyte : PWD=/ ; USER=root ; COMMAND=/opt/stack/data/venv/bin/cinder-rootwrap /etc/cinder/rootwrap.conf env LC_ALL=C qemu-img info -f qcow2 --output=json --force-share /opt/stack/data/cinder/mnt/329885e4e34b790abfa2389b079d7567/volume-0280cccf-f361-4d19-b904-3d32a620435f
Feb 26 17:19:40 devstack sudo[85569]: pam_unix(sudo:session): session opened for user root(uid=0) by (uid=1000)
Feb 26 17:19:41 devstack sudo[85569]: pam_unix(sudo:session): session closed for user root
Feb 26 17:19:41 devstack cinder-volume[82857]: DEBUG oslo_concurrency.processutils [None req-3546ccd0-a828-4223-adf8-26cfe2159be9 tempest-GroupSnapshotsTest-1322119883 None] CMD "/opt/stack/data/venv/bin/python3.10 -m oslo_concurrency.prlimit --as=1073741824 --cpu=60 -- sudo cinder-rootwrap /etc/cinder/rootwrap.conf env LC_ALL=C qemu-img info -f qcow2 --output=json --force-share /opt/stack/data/cinder/mnt/329885e4e34b790abfa2389b079d7567/volume-0280cccf-f361-4d19-b904-3d32a620435f" returned: 0 in 0.476s {{(pid=82857) execute /opt/stack/data/venv/lib/python3.10/site-packages/oslo_concurrency/processutils.py:468}}
Feb 26 17:19:41 devstack cinder-volume[82857]: DEBUG oslo_concurrency.processutils [None req-3546ccd0-a828-4223-adf8-26cfe2159be9 tempest-GroupSnapshotsTest-1322119883 None] Running cmd (subprocess): sudo cinder-rootwrap /etc/cinder/rootwrap.conf qemu-img create -f qcow2 -o backing_file=/opt/stack/data/cinder/mnt/329885e4e34b790abfa2389b079d7567/volume-0280cccf-f361-4d19-b904-3d32a620435f,backing_fmt=qcow2 /opt/stack/data/cinder/mnt/329885e4e34b790abfa2389b079d7567/volume-0280cccf-f361-4d19-b904-3d32a620435f.a732a8d6-31cd-4250-8b04-5d3c3a6d42b5 1G {{(pid=82857) execute /opt/stack/data/venv/lib/python3.10/site-packages/oslo_concurrency/processutils.py:440}}
Feb 26 17:19:41 devstack sudo[85580]: quobyte : PWD=/ ; USER=root ; COMMAND=/opt/stack/data/venv/bin/cinder-rootwrap /etc/cinder/rootwrap.conf qemu-img create -f qcow2 -o backing_file=/opt/stack/data/cinder/mnt/329885e4e34b790abfa2389b079d7567/volume-0280cccf-f361-4d19-b904-3d32a620435f,backing_fmt=qcow2 /opt/stack/data/cinder/mnt/329885e4e34b790abfa2389b079d7567/volume-0280cccf-f361-4d19-b904-3d32a620435f.a732a8d6-31cd-4250-8b04-5d3c3a6d42b5 1G
Feb 26 17:19:41 devstack sudo[85580]: pam_unix(sudo:session): session opened for user root(uid=0) by (uid=1000)
Feb 26 17:19:41 devstack sudo[85580]: pam_unix(sudo:session): session closed for user root
Feb 26 17:19:41 devstack cinder-volume[82857]: DEBUG oslo_concurrency.processutils [None req-3546ccd0-a828-4223-adf8-26cfe2159be9 tempest-GroupSnapshotsTest-1322119883 None] CMD "sudo cinder-rootwrap /etc/cinder/rootwrap.conf qemu-img create -f qcow2 -o backing_file=/opt/stack/data/cinder/mnt/329885e4e34b790abfa2389b079d7567/volume-0280cccf-f361-4d19-b904-3d32a620435f,backing_fmt=qcow2 /opt/stack/data/cinder/mnt/329885e4e34b790abfa2389b079d7567/volume-0280cccf-f361-4d19-b904-3d32a620435f.a732a8d6-31cd-4250-8b04-5d3c3a6d42b5 1G" returned: 0 in 0.526s {{(pid=82857) execute /opt/stack/data/venv/lib/python3.10/site-packages/oslo_concurrency/processutils.py:468}}
Feb 26 17:19:41 devstack cinder-volume[82857]: DEBUG oslo_concurrency.processutils [None req-3546ccd0-a828-4223-adf8-26cfe2159be9 tempest-GroupSnapshotsTest-1322119883 None] Running cmd (subprocess): sudo cinder-rootwrap /etc/cinder/rootwrap.conf qemu-img rebase -u -b volume-0280cccf-f361-4d19-b904-3d32a620435f -F qcow2 /opt/stack/data/cinder/mnt/329885e4e34b790abfa2389b079d7567/volume-0280cccf-f361-4d19-b904-3d32a620435f.a732a8d6-31cd-4250-8b04-5d3c3a6d42b5 {{(pid=82857) execute /opt/stack/data/venv/lib/python3.10/site-packages/oslo_concurrency/processutils.py:440}}
Feb 26 17:19:41 devstack sudo[85586]: quobyte : PWD=/ ; USER=root ; COMMAND=/opt/stack/data/venv/bin/cinder-rootwrap /etc/cinder/rootwrap.conf qemu-img rebase -u -b volume-0280cccf-f361-4d19-b904-3d32a620435f -F qcow2 /opt/stack/data/cinder/mnt/329885e4e34b790abfa2389b079d7567/volume-0280cccf-f361-4d19-b904-3d32a620435f.a732a8d6-31cd-4250-8b04-5d3c3a6d42b5
Feb 26 17:19:41 devstack sudo[85586]: pam_unix(sudo:session): session opened for user root(uid=0) by (uid=1000)
Feb 26 17:19:42 devstack sudo[85586]: pam_unix(sudo:session): session closed for user root
Feb 26 17:19:42 devstack cinder-volume[82857]: DEBUG oslo_concurrency.processutils [None req-3546ccd0-a828-4223-adf8-26cfe2159be9 tempest-GroupSnapshotsTest-1322119883 None] CMD "sudo cinder-rootwrap /etc/cinder/rootwrap.conf qemu-img rebase -u -b volume-0280cccf-f361-4d19-b904-3d32a620435f -F qcow2 /opt/stack/data/cinder/mnt/329885e4e34b790abfa2389b079d7567/volume-0280cccf-f361-4d19-b904-3d32a620435f.a732a8d6-31cd-4250-8b04-5d3c3a6d42b5" returned: 0 in 0.486s {{(pid=82857) execute /opt/stack/data/venv/lib/python3.10/site-packages/oslo_concurrency/processutils.py:468}}
Feb 26 17:19:42 devstack cinder-volume[82857]: WARNING cinder.volume.drivers.remotefs [None req-3546ccd0-a828-4223-adf8-26cfe2159be9 tempest-GroupSnapshotsTest-1322119883 None] /opt/stack/data/cinder/mnt/329885e4e34b790abfa2389b079d7567/volume-0280cccf-f361-4d19-b904-3d32a620435f.a732a8d6-31cd-4250-8b04-5d3c3a6d42b5 is being set with open permissions: ugo+rw: NotImplementedError
Feb 26 17:19:42 devstack cinder-volume[82857]: DEBUG oslo_concurrency.processutils [None req-3546ccd0-a828-4223-adf8-26cfe2159be9 tempest-GroupSnapshotsTest-1322119883 None] Running cmd (subprocess): sudo cinder-rootwrap /etc/cinder/rootwrap.conf chmod ugo+rw /opt/stack/data/cinder/mnt/329885e4e34b790abfa2389b079d7567/volume-0280cccf-f361-4d19-b904-3d32a620435f.a732a8d6-31cd-4250-8b04-5d3c3a6d42b5 {{(pid=82857) execute /opt/stack/data/venv/lib/python3.10/site-packages/oslo_concurrency/processutils.py:440}}
Feb 26 17:19:42 devstack sudo[85591]: quobyte : PWD=/ ; USER=root ; COMMAND=/opt/stack/data/venv/bin/cinder-rootwrap /etc/cinder/rootwrap.conf chmod ugo+rw /opt/stack/data/cinder/mnt/329885e4e34b790abfa2389b079d7567/volume-0280cccf-f361-4d19-b904-3d32a620435f.a732a8d6-31cd-4250-8b04-5d3c3a6d42b5
Feb 26 17:19:42 devstack sudo[85591]: pam_unix(sudo:session): session opened for user root(uid=0) by (uid=1000)
Feb 26 17:19:42 devstack sudo[85591]: pam_unix(sudo:session): session closed for user root
Feb 26 17:19:42 devstack cinder-volume[82857]: DEBUG oslo_concurrency.processutils [None req-3546ccd0-a828-4223-adf8-26cfe2159be9 tempest-GroupSnapshotsTest-1322119883 None] CMD "sudo cinder-rootwrap /etc/cinder/rootwrap.conf chmod ugo+rw /opt/stack/data/cinder/mnt/329885e4e34b790abfa2389b079d7567/volume-0280cccf-f361-4d19-b904-3d32a620435f.a732a8d6-31cd-4250-8b04-5d3c3a6d42b5" returned: 0 in 0.409s {{(pid=82857) execute /opt/stack/data/venv/lib/python3.10/site-packages/oslo_concurrency/processutils.py:468}}
Feb 26 17:19:42 devstack cinder-volume[82857]: DEBUG dbcounter [-] [82857] Writing DB stats cinder:SELECT=130,cinder:INSERT=28,cinder:UPDATE=130,cinder:DELETE=9 {{(pid=82857) stat_writer /opt/stack/data/venv/lib/python3.10/site-packages/dbcounter.py:115}}
Feb 26 17:19:42 devstack cinder-volume[82857]: DEBUG oslo_concurrency.processutils [None req-3546ccd0-a828-4223-adf8-26cfe2159be9 tempest-GroupSnapshotsTest-1322119883 None] Running cmd (subprocess): sudo cinder-rootwrap /etc/cinder/rootwrap.conf truncate -s0 /opt/stack/data/cinder/mnt/329885e4e34b790abfa2389b079d7567/volume-0280cccf-f361-4d19-b904-3d32a620435f.info {{(pid=82857) execute /opt/stack/data/venv/lib/python3.10/site-packages/oslo_concurrency/processutils.py:440}}
Feb 26 17:19:42 devstack sudo[85594]: quobyte : PWD=/ ; USER=root ; COMMAND=/opt/stack/data/venv/bin/cinder-rootwrap /etc/cinder/rootwrap.conf truncate -s0 /opt/stack/data/cinder/mnt/329885e4e34b790abfa2389b079d7567/volume-0280cccf-f361-4d19-b904-3d32a620435f.info
Feb 26 17:19:42 devstack sudo[85594]: pam_unix(sudo:session): session opened for user root(uid=0) by (uid=1000)
Feb 26 17:19:42 devstack sudo[85594]: pam_unix(sudo:session): session closed for user root
Feb 26 17:19:43 devstack cinder-volume[82857]: DEBUG oslo_concurrency.processutils [None req-3546ccd0-a828-4223-adf8-26cfe2159be9 tempest-GroupSnapshotsTest-1322119883 None] CMD "sudo cinder-rootwrap /etc/cinder/rootwrap.conf truncate -s0 /opt/stack/data/cinder/mnt/329885e4e34b790abfa2389b079d7567/volume-0280cccf-f361-4d19-b904-3d32a620435f.info" returned: 0 in 0.411s {{(pid=82857) execute /opt/stack/data/venv/lib/python3.10/site-packages/oslo_concurrency/processutils.py:468}}
Feb 26 17:19:43 devstack cinder-volume[82857]: WARNING cinder.volume.drivers.remotefs [None req-3546ccd0-a828-4223-adf8-26cfe2159be9 tempest-GroupSnapshotsTest-1322119883 None] /opt/stack/data/cinder/mnt/329885e4e34b790abfa2389b079d7567/volume-0280cccf-f361-4d19-b904-3d32a620435f.info is being set with open permissions: ugo+rw: NotImplementedError
Feb 26 17:19:43 devstack cinder-volume[82857]: DEBUG oslo_concurrency.processutils [None req-3546ccd0-a828-4223-adf8-26cfe2159be9 tempest-GroupSnapshotsTest-1322119883 None] Running cmd (subprocess): sudo cinder-rootwrap /etc/cinder/rootwrap.conf chmod ugo+rw /opt/stack/data/cinder/mnt/329885e4e34b790abfa2389b079d7567/volume-0280cccf-f361-4d19-b904-3d32a620435f.info {{(pid=82857) execute /opt/stack/data/venv/lib/python3.10/site-packages/oslo_concurrency/processutils.py:440}}
Feb 26 17:19:43 devstack sudo[85597]: quobyte : PWD=/ ; USER=root ; COMMAND=/opt/stack/data/venv/bin/cinder-rootwrap /etc/cinder/rootwrap.conf chmod ugo+rw /opt/stack/data/cinder/mnt/329885e4e34b790abfa2389b079d7567/volume-0280cccf-f361-4d19-b904-3d32a620435f.info
Feb 26 17:19:43 devstack sudo[85597]: pam_unix(sudo:session): session opened for user root(uid=0) by (uid=1000)
Feb 26 17:19:43 devstack sudo[85597]: pam_unix(sudo:session): session closed for user root
Feb 26 17:19:43 devstack cinder-volume[82857]: DEBUG oslo_concurrency.processutils [None req-3546ccd0-a828-4223-adf8-26cfe2159be9 tempest-GroupSnapshotsTest-1322119883 None] CMD "sudo cinder-rootwrap /etc/cinder/rootwrap.conf chmod ugo+rw /opt/stack/data/cinder/mnt/329885e4e34b790abfa2389b079d7567/volume-0280cccf-f361-4d19-b904-3d32a620435f.info" returned: 0 in 0.463s {{(pid=82857) execute /opt/stack/data/venv/lib/python3.10/site-packages/oslo_concurrency/processutils.py:468}}
Feb 26 17:19:43 devstack cinder-volume[82857]: DEBUG oslo_concurrency.lockutils [None req-3546ccd0-a828-4223-adf8-26cfe2159be9 tempest-GroupSnapshotsTest-1322119883 None] Lock "quobyte" "released" by "cinder.volume.drivers.quobyte.QuobyteDriver.create_snapshot" :: held 2.840s {{(pid=82857) inner /opt/stack/data/venv/lib/python3.10/site-packages/oslo_concurrency/lockutils.py:538}}
Feb 26 17:19:43 devstack cinder-volume[82857]: DEBUG oslo_concurrency.lockutils [None req-f2f208be-a7a6-448b-af6d-216eed74f6ac tempest-GroupSnapshotsV319Test-2116896232 None] Lock "quobyte" acquired by "cinder.volume.drivers.quobyte.QuobyteDriver.create_snapshot" :: waited 5.380s {{(pid=82857) inner /opt/stack/data/venv/lib/python3.10/site-packages/oslo_concurrency/lockutils.py:519}}
Feb 26 17:19:43 devstack cinder-volume[82857]: DEBUG cinder.volume.drivers.remotefs [None req-f2f208be-a7a6-448b-af6d-216eed74f6ac tempest-GroupSnapshotsV319Test-2116896232 None] Creating offline snapshot b6f573f0-33e0-491f-a77a-644d22328482 of volume 68c65861-ebea-4680-84a2-5de3c68e7f5c {{(pid=82857) _create_snapshot /opt/stack/cinder/cinder/volume/drivers/remotefs.py:1815}}
Feb 26 17:19:43 devstack cinder-volume[82857]: DEBUG oslo.privsep.daemon [-] privsep: reply[2838b32c-2f30-4c50-b316-fb7dec33ba42]: (4, 'qcow2') {{(pid=83736) _call_back /opt/stack/data/venv/lib/python3.10/site-packages/oslo_privsep/daemon.py:573}}
Feb 26 17:19:43 devstack cinder-volume[82857]: DEBUG oslo_concurrency.processutils [None req-f2f208be-a7a6-448b-af6d-216eed74f6ac tempest-GroupSnapshotsV319Test-2116896232 None] Running cmd (subprocess): /opt/stack/data/venv/bin/python3.10 -m oslo_concurrency.prlimit --as=1073741824 --cpu=60 -- sudo cinder-rootwrap /etc/cinder/rootwrap.conf env LC_ALL=C qemu-img info -f qcow2 --output=json --force-share /opt/stack/data/cinder/mnt/329885e4e34b790abfa2389b079d7567/volume-68c65861-ebea-4680-84a2-5de3c68e7f5c {{(pid=82857) execute /opt/stack/data/venv/lib/python3.10/site-packages/oslo_concurrency/processutils.py:440}}
Feb 26 17:19:43 devstack sudo[85601]: quobyte : PWD=/ ; USER=root ; COMMAND=/opt/stack/data/venv/bin/cinder-rootwrap /etc/cinder/rootwrap.conf env LC_ALL=C qemu-img info -f qcow2 --output=json --force-share /opt/stack/data/cinder/mnt/329885e4e34b790abfa2389b079d7567/volume-68c65861-ebea-4680-84a2-5de3c68e7f5c
Feb 26 17:19:43 devstack sudo[85601]: pam_unix(sudo:session): session opened for user root(uid=0) by (uid=1000)
Feb 26 17:19:43 devstack cinder-volume[82857]: INFO cinder.volume.manager [None req-3546ccd0-a828-4223-adf8-26cfe2159be9 tempest-GroupSnapshotsTest-1322119883 None] group_snapshot 5802bf01-23be-4283-91ef-d3db9d9ad023: created successfully
Feb 26 17:19:43 devstack sudo[85601]: pam_unix(sudo:session): session closed for user root
Feb 26 17:19:44 devstack cinder-volume[82857]: DEBUG oslo_concurrency.processutils [None req-f2f208be-a7a6-448b-af6d-216eed74f6ac tempest-GroupSnapshotsV319Test-2116896232 None] CMD "/opt/stack/data/venv/bin/python3.10 -m oslo_concurrency.prlimit --as=1073741824 --cpu=60 -- sudo cinder-rootwrap /etc/cinder/rootwrap.conf env LC_ALL=C qemu-img info -f qcow2 --output=json --force-share /opt/stack/data/cinder/mnt/329885e4e34b790abfa2389b079d7567/volume-68c65861-ebea-4680-84a2-5de3c68e7f5c" returned: 0 in 0.490s {{(pid=82857) execute /opt/stack/data/venv/lib/python3.10/site-packages/oslo_concurrency/processutils.py:468}}
Feb 26 17:19:44 devstack cinder-volume[82857]: DEBUG oslo_concurrency.processutils [None req-f2f208be-a7a6-448b-af6d-216eed74f6ac tempest-GroupSnapshotsV319Test-2116896232 None] Running cmd (subprocess): sudo cinder-rootwrap /etc/cinder/rootwrap.conf qemu-img create -f qcow2 -o backing_file=/opt/stack/data/cinder/mnt/329885e4e34b790abfa2389b079d7567/volume-68c65861-ebea-4680-84a2-5de3c68e7f5c,backing_fmt=qcow2 /opt/stack/data/cinder/mnt/329885e4e34b790abfa2389b079d7567/volume-68c65861-ebea-4680-84a2-5de3c68e7f5c.b6f573f0-33e0-491f-a77a-644d22328482 1G {{(pid=82857) execute /opt/stack/data/venv/lib/python3.10/site-packages/oslo_concurrency/processutils.py:440}}
Feb 26 17:19:44 devstack sudo[85606]: quobyte : PWD=/ ; USER=root ; COMMAND=/opt/stack/data/venv/bin/cinder-rootwrap /etc/cinder/rootwrap.conf qemu-img create -f qcow2 -o backing_file=/opt/stack/data/cinder/mnt/329885e4e34b790abfa2389b079d7567/volume-68c65861-ebea-4680-84a2-5de3c68e7f5c,backing_fmt=qcow2 /opt/stack/data/cinder/mnt/329885e4e34b790abfa2389b079d7567/volume-68c65861-ebea-4680-84a2-5de3c68e7f5c.b6f573f0-33e0-491f-a77a-644d22328482 1G
Feb 26 17:19:44 devstack sudo[85606]: pam_unix(sudo:session): session opened for user root(uid=0) by (uid=1000)
Feb 26 17:19:44 devstack sudo[85606]: pam_unix(sudo:session): session closed for user root
Feb 26 17:19:44 devstack cinder-volume[82857]: DEBUG oslo_concurrency.processutils [None req-f2f208be-a7a6-448b-af6d-216eed74f6ac tempest-GroupSnapshotsV319Test-2116896232 None] CMD "sudo cinder-rootwrap /etc/cinder/rootwrap.conf qemu-img create -f qcow2 -o backing_file=/opt/stack/data/cinder/mnt/329885e4e34b790abfa2389b079d7567/volume-68c65861-ebea-4680-84a2-5de3c68e7f5c,backing_fmt=qcow2 /opt/stack/data/cinder/mnt/329885e4e34b790abfa2389b079d7567/volume-68c65861-ebea-4680-84a2-5de3c68e7f5c.b6f573f0-33e0-491f-a77a-644d22328482 1G" returned: 0 in 0.530s {{(pid=82857) execute /opt/stack/data/venv/lib/python3.10/site-packages/oslo_concurrency/processutils.py:468}}
