Jun 11 17:38:35 devstack cinder-volume[92079]: DEBUG cinder.volume.manager [None req-846823a1-f0ca-49ff-9bd8-46f5537c444a tempest-SnapshotsActionsTest-1306607018 None] Task 'cinder.volume.flows.manager.create_volume.OnFailureRescheduleTask;volume:create' (0df1c5e1-0573-49b9-ae36-a4cce8a68b76) transitioned into state 'RUNNING' from state 'PENDING' {{(pid=92079) _task_receiver /opt/stack/data/venv/lib/python3.12/site-packages/taskflow/listeners/logging.py:194}}
Jun 11 17:38:35 devstack cinder-volume[92079]: DEBUG cinder.volume.manager [None req-846823a1-f0ca-49ff-9bd8-46f5537c444a tempest-SnapshotsActionsTest-1306607018 None] Task 'cinder.volume.flows.manager.create_volume.OnFailureRescheduleTask;volume:create' (0df1c5e1-0573-49b9-ae36-a4cce8a68b76) transitioned into state 'SUCCESS' from state 'RUNNING' with result 'None' {{(pid=92079) _task_receiver /opt/stack/data/venv/lib/python3.12/site-packages/taskflow/listeners/logging.py:182}}
Jun 11 17:38:35 devstack cinder-volume[92079]: DEBUG cinder.volume.manager [None req-846823a1-f0ca-49ff-9bd8-46f5537c444a tempest-SnapshotsActionsTest-1306607018 None] Task 'cinder.volume.flows.manager.create_volume.ExtractVolumeSpecTask;volume:create' (084d09f7-3de8-49c7-9cc8-0b55ad292515) transitioned into state 'RUNNING' from state 'PENDING' {{(pid=92079) _task_receiver /opt/stack/data/venv/lib/python3.12/site-packages/taskflow/listeners/logging.py:194}}
Jun 11 17:38:35 devstack cinder-volume[92079]: DEBUG cinder.volume.manager [None req-846823a1-f0ca-49ff-9bd8-46f5537c444a tempest-SnapshotsActionsTest-1306607018 None] Task 'cinder.volume.flows.manager.create_volume.ExtractVolumeSpecTask;volume:create' (084d09f7-3de8-49c7-9cc8-0b55ad292515) transitioned into state 'SUCCESS' from state 'RUNNING' with result '{'status': 'creating', 'type': 'raw', 'volume_id': 'b6ea5e5d-1ebf-420b-b050-fbf254eb325e', 'volume_name': 'volume-b6ea5e5d-1ebf-420b-b050-fbf254eb325e', 'volume_size': 1}' {{(pid=92079) _task_receiver /opt/stack/data/venv/lib/python3.12/site-packages/taskflow/listeners/logging.py:182}}
Jun 11 17:38:35 devstack cinder-volume[92079]: DEBUG cinder.volume.manager [None req-846823a1-f0ca-49ff-9bd8-46f5537c444a tempest-SnapshotsActionsTest-1306607018 None] Task 'cinder.volume.flows.manager.create_volume.NotifyVolumeActionTask;volume:create, create.start' (338a2001-a89a-4d52-81f4-e39112039bb1) transitioned into state 'RUNNING' from state 'PENDING' {{(pid=92079) _task_receiver /opt/stack/data/venv/lib/python3.12/site-packages/taskflow/listeners/logging.py:194}}
Jun 11 17:38:35 devstack cinder-volume[92079]: DEBUG cinder.volume.manager [None req-846823a1-f0ca-49ff-9bd8-46f5537c444a tempest-SnapshotsActionsTest-1306607018 None] Task 'cinder.volume.flows.manager.create_volume.NotifyVolumeActionTask;volume:create, create.start' (338a2001-a89a-4d52-81f4-e39112039bb1) transitioned into state 'SUCCESS' from state 'RUNNING' with result 'None' {{(pid=92079) _task_receiver /opt/stack/data/venv/lib/python3.12/site-packages/taskflow/listeners/logging.py:182}}
Jun 11 17:38:35 devstack cinder-volume[92079]: DEBUG cinder.volume.manager [None req-846823a1-f0ca-49ff-9bd8-46f5537c444a tempest-SnapshotsActionsTest-1306607018 None] Task 'cinder.volume.flows.manager.create_volume.CreateVolumeFromSpecTask;volume:create' (23e574d0-ebb4-4463-a094-ca0be67a095e) transitioned into state 'RUNNING' from state 'PENDING' {{(pid=92079) _task_receiver /opt/stack/data/venv/lib/python3.12/site-packages/taskflow/listeners/logging.py:194}}
Jun 11 17:38:35 devstack cinder-volume[92079]: INFO cinder.volume.flows.manager.create_volume [None req-846823a1-f0ca-49ff-9bd8-46f5537c444a tempest-SnapshotsActionsTest-1306607018 None] Volume b6ea5e5d-1ebf-420b-b050-fbf254eb325e: being created as raw with specification: {'status': 'creating', 'volume_name': 'volume-b6ea5e5d-1ebf-420b-b050-fbf254eb325e', 'volume_size': 1}
Jun 11 17:38:35 devstack cinder-volume[92079]: DEBUG oslo_concurrency.lockutils [None req-846823a1-f0ca-49ff-9bd8-46f5537c444a tempest-SnapshotsActionsTest-1306607018 None] Acquiring lock "quobyte" by "cinder.volume.drivers.quobyte.QuobyteDriver.create_volume" {{(pid=92079) inner /opt/stack/data/venv/lib/python3.12/site-packages/oslo_concurrency/lockutils.py:506}}
Jun 11 17:38:36 devstack sudo[100454]: pam_unix(sudo:session): session closed for user root
Jun 11 17:38:36 devstack cinder-volume[92079]: DEBUG oslo_concurrency.processutils [req-37cd9965-da7f-453a-911e-9fbe0e6c57b0 req-fa97fd08-f144-40dd-9c53-29548b298485 tempest-VolumesSnapshotsTestJSON-891062403 None] CMD "/opt/stack/data/venv/bin/python3.12 -m oslo_concurrency.prlimit --as=1073741824 --cpu=60 -- sudo cinder-rootwrap /etc/cinder/rootwrap.conf env LC_ALL=C qemu-img info -f qcow2 --output=json --force-share /opt/stack/data/cinder/mnt/4c65230cf66206df05d885684b5473a3/volume-e39f5f7e-8d4d-4bee-9296-0f80283875cb" returned: 0 in 1.061s {{(pid=92079) execute /opt/stack/data/venv/lib/python3.12/site-packages/oslo_concurrency/processutils.py:468}}
Jun 11 17:38:36 devstack cinder-volume[92079]: DEBUG oslo_concurrency.processutils [req-37cd9965-da7f-453a-911e-9fbe0e6c57b0 req-fa97fd08-f144-40dd-9c53-29548b298485 tempest-VolumesSnapshotsTestJSON-891062403 None] Running cmd (subprocess): sudo cinder-rootwrap /etc/cinder/rootwrap.conf rm -f /opt/stack/data/cinder/mnt/4c65230cf66206df05d885684b5473a3/volume-e39f5f7e-8d4d-4bee-9296-0f80283875cb {{(pid=92079) execute /opt/stack/data/venv/lib/python3.12/site-packages/oslo_concurrency/processutils.py:440}}
Jun 11 17:38:36 devstack sudo[100465]: quobyte : PWD=/ ; USER=root ; COMMAND=/opt/stack/data/venv/bin/cinder-rootwrap /etc/cinder/rootwrap.conf rm -f /opt/stack/data/cinder/mnt/4c65230cf66206df05d885684b5473a3/volume-e39f5f7e-8d4d-4bee-9296-0f80283875cb
Jun 11 17:38:36 devstack sudo[100465]: pam_unix(sudo:session): session opened for user root(uid=0) by (uid=1000)
Jun 11 17:38:36 devstack sudo[100456]: pam_unix(sudo:session): session closed for user root
Jun 11 17:38:36 devstack cinder-volume[92079]: DEBUG oslo_concurrency.processutils [None req-91b0a051-eb0d-4a70-be50-aff465b67e3c tempest-TestServerVolumeAttachmentScenario-1154134423 None] CMD "sudo cinder-rootwrap /etc/cinder/rootwrap.conf qemu-img create -f qcow2 -o preallocation=metadata /opt/stack/data/cinder/mnt/4c65230cf66206df05d885684b5473a3/volume-37d5850a-6725-4979-afd1-61fab3dcfe1c 1073741824" returned: 0 in 1.130s {{(pid=92079) execute /opt/stack/data/venv/lib/python3.12/site-packages/oslo_concurrency/processutils.py:468}}
Jun 11 17:38:36 devstack cinder-volume[92079]: DEBUG oslo_concurrency.processutils [None req-91b0a051-eb0d-4a70-be50-aff465b67e3c tempest-TestServerVolumeAttachmentScenario-1154134423 None] Running cmd (subprocess): sudo cinder-rootwrap /etc/cinder/rootwrap.conf chmod ugo+rw /opt/stack/data/cinder/mnt/4c65230cf66206df05d885684b5473a3/volume-37d5850a-6725-4979-afd1-61fab3dcfe1c {{(pid=92079) execute /opt/stack/data/venv/lib/python3.12/site-packages/oslo_concurrency/processutils.py:440}}
Jun 11 17:38:36 devstack sudo[100467]: quobyte : PWD=/ ; USER=root ; COMMAND=/opt/stack/data/venv/bin/cinder-rootwrap /etc/cinder/rootwrap.conf chmod ugo+rw /opt/stack/data/cinder/mnt/4c65230cf66206df05d885684b5473a3/volume-37d5850a-6725-4979-afd1-61fab3dcfe1c
Jun 11 17:38:36 devstack sudo[100467]: pam_unix(sudo:session): session opened for user root(uid=0) by (uid=1000)
Jun 11 17:38:36 devstack sudo[100465]: pam_unix(sudo:session): session closed for user root
Jun 11 17:38:36 devstack cinder-volume[92079]: DEBUG oslo_concurrency.processutils [req-37cd9965-da7f-453a-911e-9fbe0e6c57b0 req-fa97fd08-f144-40dd-9c53-29548b298485 tempest-VolumesSnapshotsTestJSON-891062403 None] CMD "sudo cinder-rootwrap /etc/cinder/rootwrap.conf rm -f /opt/stack/data/cinder/mnt/4c65230cf66206df05d885684b5473a3/volume-e39f5f7e-8d4d-4bee-9296-0f80283875cb" returned: 0 in 0.693s {{(pid=92079) execute /opt/stack/data/venv/lib/python3.12/site-packages/oslo_concurrency/processutils.py:468}}
Jun 11 17:38:36 devstack cinder-volume[92079]: DEBUG cinder.coordination [req-37cd9965-da7f-453a-911e-9fbe0e6c57b0 req-fa97fd08-f144-40dd-9c53-29548b298485 tempest-VolumesSnapshotsTestJSON-891062403 None] Lock "cinder-quobyte-e39f5f7e-8d4d-4bee-9296-0f80283875cb" released by "delete_volume" :: held 1.846s {{(pid=92079) __release /opt/stack/cinder/cinder/coordination.py:152}}
Jun 11 17:38:36 devstack cinder-volume[92079]: DEBUG cinder.quota [req-37cd9965-da7f-453a-911e-9fbe0e6c57b0 req-fa97fd08-f144-40dd-9c53-29548b298485 tempest-VolumesSnapshotsTestJSON-891062403 None] Created reservations ['f9db7751-9b49-40f0-9a8d-d35d2222f679', 'ba25a393-5a51-4d8f-8c08-5fa4dea42ccd', 'f093bad5-6c6a-40b3-a1f2-ce2e2b1933f6', 'dba57028-e2ee-4a45-a1f8-de0de271abbf'] {{(pid=92079) reserve /opt/stack/cinder/cinder/quota.py:752}}
Jun 11 17:38:36 devstack cinder-volume[92079]: DEBUG oslo_concurrency.lockutils [req-37cd9965-da7f-453a-911e-9fbe0e6c57b0 req-fa97fd08-f144-40dd-9c53-29548b298485 tempest-VolumesSnapshotsTestJSON-891062403 None] Acquiring lock "quobyte_ensure" by "cinder.volume.drivers.quobyte.QuobyteDriver._ensure_shares_mounted" {{(pid=92079) inner /opt/stack/data/venv/lib/python3.12/site-packages/oslo_concurrency/lockutils.py:506}}
Jun 11 17:38:36 devstack cinder-volume[92079]: DEBUG oslo_concurrency.lockutils [req-37cd9965-da7f-453a-911e-9fbe0e6c57b0 req-fa97fd08-f144-40dd-9c53-29548b298485 tempest-VolumesSnapshotsTestJSON-891062403 None] Lock "quobyte_ensure" acquired by "cinder.volume.drivers.quobyte.QuobyteDriver._ensure_shares_mounted" :: waited 0.001s {{(pid=92079) inner /opt/stack/data/venv/lib/python3.12/site-packages/oslo_concurrency/lockutils.py:519}}
Jun 11 17:38:36 devstack cinder-volume[92079]: DEBUG cinder.volume.drivers.quobyte [req-37cd9965-da7f-453a-911e-9fbe0e6c57b0 req-fa97fd08-f144-40dd-9c53-29548b298485 tempest-VolumesSnapshotsTestJSON-891062403 None] Quobyte Volume URL set to: {'osci02.corp.quobyte.com/cinder-vol-abf22ae2-39d5-4482-b538-edfeec6698ba': None} {{(pid=92079) _load_shares_config /opt/stack/cinder/cinder/volume/drivers/quobyte.py:617}}
Jun 11 17:38:36 devstack cinder-volume[92079]: DEBUG cinder.volume.drivers.quobyte [req-37cd9965-da7f-453a-911e-9fbe0e6c57b0 req-fa97fd08-f144-40dd-9c53-29548b298485 tempest-VolumesSnapshotsTestJSON-891062403 None] Available shares ['osci02.corp.quobyte.com/cinder-vol-abf22ae2-39d5-4482-b538-edfeec6698ba'] {{(pid=92079) _ensure_shares_mounted /opt/stack/cinder/cinder/volume/drivers/quobyte.py:647}}
Jun 11 17:38:36 devstack cinder-volume[92079]: DEBUG oslo_concurrency.lockutils [req-37cd9965-da7f-453a-911e-9fbe0e6c57b0 req-fa97fd08-f144-40dd-9c53-29548b298485 tempest-VolumesSnapshotsTestJSON-891062403 None] Lock "quobyte_ensure" "released" by "cinder.volume.drivers.quobyte.QuobyteDriver._ensure_shares_mounted" :: held 0.012s {{(pid=92079) inner /opt/stack/data/venv/lib/python3.12/site-packages/oslo_concurrency/lockutils.py:538}}
Jun 11 17:38:36 devstack cinder-volume[92079]: DEBUG oslo_concurrency.processutils [req-37cd9965-da7f-453a-911e-9fbe0e6c57b0 req-fa97fd08-f144-40dd-9c53-29548b298485 tempest-VolumesSnapshotsTestJSON-891062403 None] Running cmd (subprocess): sudo cinder-rootwrap /etc/cinder/rootwrap.conf df --portability --block-size 1 /opt/stack/data/cinder/mnt/4c65230cf66206df05d885684b5473a3 {{(pid=92079) execute /opt/stack/data/venv/lib/python3.12/site-packages/oslo_concurrency/processutils.py:440}}
Jun 11 17:38:36 devstack sudo[100467]: pam_unix(sudo:session): session closed for user root
Jun 11 17:38:36 devstack cinder-volume[92079]: DEBUG oslo_concurrency.processutils [None req-91b0a051-eb0d-4a70-be50-aff465b67e3c tempest-TestServerVolumeAttachmentScenario-1154134423 None] CMD "sudo cinder-rootwrap /etc/cinder/rootwrap.conf chmod ugo+rw /opt/stack/data/cinder/mnt/4c65230cf66206df05d885684b5473a3/volume-37d5850a-6725-4979-afd1-61fab3dcfe1c" returned: 0 in 0.662s {{(pid=92079) execute /opt/stack/data/venv/lib/python3.12/site-packages/oslo_concurrency/processutils.py:468}}
Jun 11 17:38:36 devstack cinder-volume[92079]: DEBUG cinder.volume.drivers.quobyte [None req-91b0a051-eb0d-4a70-be50-aff465b67e3c tempest-TestServerVolumeAttachmentScenario-1154134423 None] <== create_volume: return (1840ms) {'provider_location': 'osci02.corp.quobyte.com/cinder-vol-abf22ae2-39d5-4482-b538-edfeec6698ba'} {{(pid=92079) trace_logging_wrapper /opt/stack/cinder/cinder/volume/volume_utils.py:1522}}
Jun 11 17:38:36 devstack cinder-volume[92079]: DEBUG oslo_concurrency.lockutils [None req-91b0a051-eb0d-4a70-be50-aff465b67e3c tempest-TestServerVolumeAttachmentScenario-1154134423 None] Lock "quobyte" "released" by "cinder.volume.drivers.quobyte.QuobyteDriver.create_volume" :: held 1.843s {{(pid=92079) inner /opt/stack/data/venv/lib/python3.12/site-packages/oslo_concurrency/lockutils.py:538}}
Jun 11 17:38:36 devstack sudo[100473]: quobyte : PWD=/ ; USER=root ; COMMAND=/opt/stack/data/venv/bin/cinder-rootwrap /etc/cinder/rootwrap.conf df --portability --block-size 1 /opt/stack/data/cinder/mnt/4c65230cf66206df05d885684b5473a3
Jun 11 17:38:36 devstack cinder-volume[92079]: DEBUG oslo_concurrency.lockutils [None req-846823a1-f0ca-49ff-9bd8-46f5537c444a tempest-SnapshotsActionsTest-1306607018 None] Lock "quobyte" acquired by "cinder.volume.drivers.quobyte.QuobyteDriver.create_volume" :: waited 1.168s {{(pid=92079) inner /opt/stack/data/venv/lib/python3.12/site-packages/oslo_concurrency/lockutils.py:519}}
Jun 11 17:38:36 devstack cinder-volume[92079]: DEBUG cinder.volume.drivers.quobyte [None req-846823a1-f0ca-49ff-9bd8-46f5537c444a tempest-SnapshotsActionsTest-1306607018 None] ==> create_volume: call "{'self': , 'volume': Volume(_name_id=None,admin_metadata=,attach_status='detached',availability_zone='nova',bootable=False,cluster=,cluster_name=None,consistencygroup=,consistencygroup_id=None,created_at=2026-06-11T15:38:35Z,deleted=False,deleted_at=None,display_description=None,display_name='tempest-SnapshotsActionsTest-Volume-113415451',ec2_id=None,encryption_key_id=None,glance_metadata=,group=,group_id=None,host='devstack@QuobyteHD#QuobyteHD',id=b6ea5e5d-1ebf-420b-b050-fbf254eb325e,launched_at=None,metadata={},migration_status=None,multiattach=False,previous_status=None,project_id='89f1a2c0e5184edd846edca03937c6ba',provider_auth=None,provider_geometry=None,provider_id=None,provider_location=None,replication_driver_data=None,replication_extended_status=None,replication_status=None,scheduled_at=2026-06-11T15:38:36Z,service_uuid=None,shared_targets=True,size=1,snapshot_id=None,snapshots=,source_volid=None,status='creating',terminated_at=None,updated_at=2026-06-11T15:38:36Z,use_quota=True,user_id='65226b9ca52d4a68982537a54edc0166',volume_attachment=VolumeAttachmentList,volume_type=VolumeType(9dd65cac-0245-4e6c-adc6-86e874e18de5),volume_type_id=9dd65cac-0245-4e6c-adc6-86e874e18de5)}" {{(pid=92079) trace_logging_wrapper /opt/stack/cinder/cinder/volume/volume_utils.py:1497}}
Jun 11 17:38:36 devstack sudo[100473]: pam_unix(sudo:session): session opened for user root(uid=0) by (uid=1000)
Jun 11 17:38:36 devstack cinder-volume[92079]: DEBUG cinder.volume.drivers.remotefs [None req-846823a1-f0ca-49ff-9bd8-46f5537c444a tempest-SnapshotsActionsTest-1306607018 None] Creating volume b6ea5e5d-1ebf-420b-b050-fbf254eb325e {{(pid=92079) create_volume /opt/stack/cinder/cinder/volume/drivers/remotefs.py:292}}
Jun 11 17:38:36 devstack cinder-volume[92079]: DEBUG oslo_concurrency.lockutils [None req-846823a1-f0ca-49ff-9bd8-46f5537c444a tempest-SnapshotsActionsTest-1306607018 None] Acquiring lock "quobyte_ensure" by "cinder.volume.drivers.quobyte.QuobyteDriver._ensure_shares_mounted" {{(pid=92079) inner /opt/stack/data/venv/lib/python3.12/site-packages/oslo_concurrency/lockutils.py:506}}
Jun 11 17:38:36 devstack cinder-volume[92079]: DEBUG oslo_concurrency.lockutils [None req-846823a1-f0ca-49ff-9bd8-46f5537c444a tempest-SnapshotsActionsTest-1306607018 None] Lock "quobyte_ensure" acquired by "cinder.volume.drivers.quobyte.QuobyteDriver._ensure_shares_mounted" :: waited 0.001s {{(pid=92079) inner /opt/stack/data/venv/lib/python3.12/site-packages/oslo_concurrency/lockutils.py:519}}
Jun 11 17:38:36 devstack cinder-volume[92079]: DEBUG cinder.volume.drivers.quobyte [None req-846823a1-f0ca-49ff-9bd8-46f5537c444a tempest-SnapshotsActionsTest-1306607018 None] Quobyte Volume URL set to: {'osci02.corp.quobyte.com/cinder-vol-abf22ae2-39d5-4482-b538-edfeec6698ba': None} {{(pid=92079) _load_shares_config /opt/stack/cinder/cinder/volume/drivers/quobyte.py:617}}
Jun 11 17:38:36 devstack cinder-volume[92079]: DEBUG cinder.volume.drivers.quobyte [None req-846823a1-f0ca-49ff-9bd8-46f5537c444a tempest-SnapshotsActionsTest-1306607018 None] Available shares ['osci02.corp.quobyte.com/cinder-vol-abf22ae2-39d5-4482-b538-edfeec6698ba'] {{(pid=92079) _ensure_shares_mounted /opt/stack/cinder/cinder/volume/drivers/quobyte.py:647}}
Jun 11 17:38:36 devstack cinder-volume[92079]: DEBUG oslo_concurrency.lockutils [None req-846823a1-f0ca-49ff-9bd8-46f5537c444a tempest-SnapshotsActionsTest-1306607018 None] Lock "quobyte_ensure" "released" by "cinder.volume.drivers.quobyte.QuobyteDriver._ensure_shares_mounted" :: held 0.006s {{(pid=92079) inner /opt/stack/data/venv/lib/python3.12/site-packages/oslo_concurrency/lockutils.py:538}}
Jun 11 17:38:36 devstack cinder-volume[92079]: DEBUG cinder.volume.drivers.quobyte [None req-846823a1-f0ca-49ff-9bd8-46f5537c444a tempest-SnapshotsActionsTest-1306607018 None] Selected osci02.corp.quobyte.com/cinder-vol-abf22ae2-39d5-4482-b538-edfeec6698ba as target Quobyte volume. {{(pid=92079) _find_share /opt/stack/cinder/cinder/volume/drivers/quobyte.py:668}}
Jun 11 17:38:36 devstack cinder-volume[92079]: INFO cinder.volume.drivers.remotefs [None req-846823a1-f0ca-49ff-9bd8-46f5537c444a tempest-SnapshotsActionsTest-1306607018 None] casted to osci02.corp.quobyte.com/cinder-vol-abf22ae2-39d5-4482-b538-edfeec6698ba
Jun 11 17:38:36 devstack cinder-volume[92079]: DEBUG oslo_concurrency.processutils [None req-846823a1-f0ca-49ff-9bd8-46f5537c444a tempest-SnapshotsActionsTest-1306607018 None] Running cmd (subprocess): sudo cinder-rootwrap /etc/cinder/rootwrap.conf qemu-img create -f qcow2 -o preallocation=metadata /opt/stack/data/cinder/mnt/4c65230cf66206df05d885684b5473a3/volume-b6ea5e5d-1ebf-420b-b050-fbf254eb325e 1073741824 {{(pid=92079) execute /opt/stack/data/venv/lib/python3.12/site-packages/oslo_concurrency/processutils.py:440}}
Jun 11 17:38:37 devstack sudo[100475]: quobyte : PWD=/ ; USER=root ; COMMAND=/opt/stack/data/venv/bin/cinder-rootwrap /etc/cinder/rootwrap.conf qemu-img create -f qcow2 -o preallocation=metadata /opt/stack/data/cinder/mnt/4c65230cf66206df05d885684b5473a3/volume-b6ea5e5d-1ebf-420b-b050-fbf254eb325e 1073741824
Jun 11 17:38:37 devstack sudo[100475]: pam_unix(sudo:session): session opened for user root(uid=0) by (uid=1000)
Jun 11 17:38:37 devstack cinder-volume[92079]: DEBUG cinder.volume.manager [None req-91b0a051-eb0d-4a70-be50-aff465b67e3c tempest-TestServerVolumeAttachmentScenario-1154134423 None] Task 'cinder.volume.flows.manager.create_volume.CreateVolumeFromSpecTask;volume:create' (be720076-d202-48e2-8e89-6444deca557d) transitioned into state 'SUCCESS' from state 'RUNNING' with result '{'status': 'creating', 'volume_name': 'volume-37d5850a-6725-4979-afd1-61fab3dcfe1c', 'volume_size': 1}' {{(pid=92079) _task_receiver /opt/stack/data/venv/lib/python3.12/site-packages/taskflow/listeners/logging.py:182}}
Jun 11 17:38:37 devstack cinder-volume[92079]: DEBUG cinder.volume.manager [None req-91b0a051-eb0d-4a70-be50-aff465b67e3c tempest-TestServerVolumeAttachmentScenario-1154134423 None] Task 'cinder.volume.flows.manager.create_volume.CreateVolumeOnFinishTask;volume:create, create.end' (b2a5aee1-55bb-4fbf-a41c-979ecce6f10e) transitioned into state 'RUNNING' from state 'PENDING' {{(pid=92079) _task_receiver /opt/stack/data/venv/lib/python3.12/site-packages/taskflow/listeners/logging.py:194}}
Jun 11 17:38:37 devstack cinder-volume[92079]: INFO cinder.volume.flows.manager.create_volume [None req-91b0a051-eb0d-4a70-be50-aff465b67e3c tempest-TestServerVolumeAttachmentScenario-1154134423 None] Volume volume-37d5850a-6725-4979-afd1-61fab3dcfe1c (37d5850a-6725-4979-afd1-61fab3dcfe1c): created successfully
Jun 11 17:38:37 devstack cinder-volume[92079]: DEBUG cinder.volume.manager [None req-91b0a051-eb0d-4a70-be50-aff465b67e3c tempest-TestServerVolumeAttachmentScenario-1154134423 None] Task 'cinder.volume.flows.manager.create_volume.CreateVolumeOnFinishTask;volume:create, create.end' (b2a5aee1-55bb-4fbf-a41c-979ecce6f10e) transitioned into state 'SUCCESS' from state 'RUNNING' with result 'None' {{(pid=92079) _task_receiver /opt/stack/data/venv/lib/python3.12/site-packages/taskflow/listeners/logging.py:182}}
Jun 11 17:38:37 devstack cinder-volume[92079]: DEBUG cinder.volume.manager [None req-91b0a051-eb0d-4a70-be50-aff465b67e3c tempest-TestServerVolumeAttachmentScenario-1154134423 None] Flow 'volume_create_manager' (2bd49971-71f1-45b4-bbc9-166d3b0451c1) transitioned into state 'SUCCESS' from state 'RUNNING' {{(pid=92079) _flow_receiver /opt/stack/data/venv/lib/python3.12/site-packages/taskflow/listeners/logging.py:145}}
Jun 11 17:38:37 devstack cinder-volume[92079]: INFO cinder.volume.manager [None req-91b0a051-eb0d-4a70-be50-aff465b67e3c tempest-TestServerVolumeAttachmentScenario-1154134423 None] Created volume successfully.
Jun 11 17:38:37 devstack sudo[100473]: pam_unix(sudo:session): session closed for user root
Jun 11 17:38:37 devstack cinder-volume[92079]: DEBUG oslo_concurrency.processutils [req-37cd9965-da7f-453a-911e-9fbe0e6c57b0 req-fa97fd08-f144-40dd-9c53-29548b298485 tempest-VolumesSnapshotsTestJSON-891062403 None] CMD "sudo cinder-rootwrap /etc/cinder/rootwrap.conf df --portability --block-size 1 /opt/stack/data/cinder/mnt/4c65230cf66206df05d885684b5473a3" returned: 0 in 0.804s {{(pid=92079) execute /opt/stack/data/venv/lib/python3.12/site-packages/oslo_concurrency/processutils.py:468}}
Jun 11 17:38:37 devstack cinder-volume[92079]: DEBUG cinder.manager [req-37cd9965-da7f-453a-911e-9fbe0e6c57b0 req-fa97fd08-f144-40dd-9c53-29548b298485 tempest-VolumesSnapshotsTestJSON-891062403 None] Notifying Schedulers of capabilities ... {{(pid=92079) _publish_service_capabilities /opt/stack/cinder/cinder/manager.py:219}}
Jun 11 17:38:37 devstack cinder-volume[92079]: INFO cinder.volume.manager [req-37cd9965-da7f-453a-911e-9fbe0e6c57b0 req-fa97fd08-f144-40dd-9c53-29548b298485 tempest-VolumesSnapshotsTestJSON-891062403 None] Deleted volume successfully.
Jun 11 17:38:37 devstack cinder-volume[92079]: DEBUG cinder.coordination [req-37cd9965-da7f-453a-911e-9fbe0e6c57b0 req-fa97fd08-f144-40dd-9c53-29548b298485 tempest-VolumesSnapshotsTestJSON-891062403 None] Lock "cinder-e39f5f7e-8d4d-4bee-9296-0f80283875cb-delete_volume" released by "delete_volume" :: held 2.947s {{(pid=92079) __release /opt/stack/cinder/cinder/coordination.py:152}}
Jun 11 17:38:37 devstack sudo[100475]: pam_unix(sudo:session): session closed for user root
Jun 11 17:38:37 devstack cinder-volume[92079]: DEBUG oslo_concurrency.processutils [None req-846823a1-f0ca-49ff-9bd8-46f5537c444a tempest-SnapshotsActionsTest-1306607018 None] CMD "sudo cinder-rootwrap /etc/cinder/rootwrap.conf qemu-img create -f qcow2 -o preallocation=metadata /opt/stack/data/cinder/mnt/4c65230cf66206df05d885684b5473a3/volume-b6ea5e5d-1ebf-420b-b050-fbf254eb325e 1073741824" returned: 0 in 1.004s {{(pid=92079) execute /opt/stack/data/venv/lib/python3.12/site-packages/oslo_concurrency/processutils.py:468}}
Jun 11 17:38:38 devstack cinder-volume[92079]: DEBUG oslo_concurrency.processutils [None req-846823a1-f0ca-49ff-9bd8-46f5537c444a tempest-SnapshotsActionsTest-1306607018 None] Running cmd (subprocess): sudo cinder-rootwrap /etc/cinder/rootwrap.conf chmod ugo+rw /opt/stack/data/cinder/mnt/4c65230cf66206df05d885684b5473a3/volume-b6ea5e5d-1ebf-420b-b050-fbf254eb325e {{(pid=92079) execute /opt/stack/data/venv/lib/python3.12/site-packages/oslo_concurrency/processutils.py:440}}
Jun 11 17:38:38 devstack sudo[100484]: quobyte : PWD=/ ; USER=root ; COMMAND=/opt/stack/data/venv/bin/cinder-rootwrap /etc/cinder/rootwrap.conf chmod ugo+rw /opt/stack/data/cinder/mnt/4c65230cf66206df05d885684b5473a3/volume-b6ea5e5d-1ebf-420b-b050-fbf254eb325e
Jun 11 17:38:38 devstack sudo[100484]: pam_unix(sudo:session): session opened for user root(uid=0) by (uid=1000)
Jun 11 17:38:38 devstack sudo[100484]: pam_unix(sudo:session): session closed for user root
Jun 11 17:38:38 devstack cinder-volume[92079]: DEBUG oslo_concurrency.processutils [None req-846823a1-f0ca-49ff-9bd8-46f5537c444a tempest-SnapshotsActionsTest-1306607018 None] CMD "sudo cinder-rootwrap /etc/cinder/rootwrap.conf chmod ugo+rw /opt/stack/data/cinder/mnt/4c65230cf66206df05d885684b5473a3/volume-b6ea5e5d-1ebf-420b-b050-fbf254eb325e" returned: 0 in 0.682s {{(pid=92079) execute /opt/stack/data/venv/lib/python3.12/site-packages/oslo_concurrency/processutils.py:468}}
Jun 11 17:38:38 devstack cinder-volume[92079]: DEBUG cinder.volume.drivers.quobyte [None req-846823a1-f0ca-49ff-9bd8-46f5537c444a tempest-SnapshotsActionsTest-1306607018 None] <== create_volume: return (1727ms) {'provider_location': 'osci02.corp.quobyte.com/cinder-vol-abf22ae2-39d5-4482-b538-edfeec6698ba'} {{(pid=92079) trace_logging_wrapper /opt/stack/cinder/cinder/volume/volume_utils.py:1522}}
Jun 11 17:38:38 devstack cinder-volume[92079]: DEBUG oslo_concurrency.lockutils [None req-846823a1-f0ca-49ff-9bd8-46f5537c444a tempest-SnapshotsActionsTest-1306607018 None] Lock "quobyte" "released" by "cinder.volume.drivers.quobyte.QuobyteDriver.create_volume" :: held 1.730s {{(pid=92079) inner /opt/stack/data/venv/lib/python3.12/site-packages/oslo_concurrency/lockutils.py:538}}
Jun 11 17:38:38 devstack cinder-volume[92079]: DEBUG cinder.volume.manager [None req-846823a1-f0ca-49ff-9bd8-46f5537c444a tempest-SnapshotsActionsTest-1306607018 None] Task 'cinder.volume.flows.manager.create_volume.CreateVolumeFromSpecTask;volume:create' (23e574d0-ebb4-4463-a094-ca0be67a095e) transitioned into state 'SUCCESS' from state 'RUNNING' with result '{'status': 'creating', 'volume_name': 'volume-b6ea5e5d-1ebf-420b-b050-fbf254eb325e', 'volume_size': 1}' {{(pid=92079) _task_receiver /opt/stack/data/venv/lib/python3.12/site-packages/taskflow/listeners/logging.py:182}}
Jun 11 17:38:38 devstack cinder-volume[92079]: DEBUG cinder.volume.manager [None req-846823a1-f0ca-49ff-9bd8-46f5537c444a tempest-SnapshotsActionsTest-1306607018 None] Task 'cinder.volume.flows.manager.create_volume.CreateVolumeOnFinishTask;volume:create, create.end' (79226b38-1a76-4c67-accb-ac0ddf98cccf) transitioned into state 'RUNNING' from state 'PENDING' {{(pid=92079) _task_receiver /opt/stack/data/venv/lib/python3.12/site-packages/taskflow/listeners/logging.py:194}}
Jun 11 17:38:38 devstack cinder-volume[92079]: INFO cinder.volume.flows.manager.create_volume [None req-846823a1-f0ca-49ff-9bd8-46f5537c444a tempest-SnapshotsActionsTest-1306607018 None] Volume volume-b6ea5e5d-1ebf-420b-b050-fbf254eb325e (b6ea5e5d-1ebf-420b-b050-fbf254eb325e): created successfully
Jun 11 17:38:38 devstack cinder-volume[92079]: DEBUG cinder.volume.manager [None req-846823a1-f0ca-49ff-9bd8-46f5537c444a tempest-SnapshotsActionsTest-1306607018 None] Task 'cinder.volume.flows.manager.create_volume.CreateVolumeOnFinishTask;volume:create, create.end' (79226b38-1a76-4c67-accb-ac0ddf98cccf) transitioned into state 'SUCCESS' from state 'RUNNING' with result 'None' {{(pid=92079) _task_receiver /opt/stack/data/venv/lib/python3.12/site-packages/taskflow/listeners/logging.py:182}}
Jun 11 17:38:38 devstack cinder-volume[92079]: DEBUG cinder.volume.manager [None req-846823a1-f0ca-49ff-9bd8-46f5537c444a tempest-SnapshotsActionsTest-1306607018 None] Flow 'volume_create_manager' (4442e818-562d-4d74-9eae-a8badfcc7fba) transitioned into state 'SUCCESS' from state 'RUNNING' {{(pid=92079) _flow_receiver /opt/stack/data/venv/lib/python3.12/site-packages/taskflow/listeners/logging.py:145}}
Jun 11 17:38:38 devstack cinder-volume[92079]: INFO cinder.volume.manager [None req-846823a1-f0ca-49ff-9bd8-46f5537c444a tempest-SnapshotsActionsTest-1306607018 None] Created volume successfully.
Jun 11 17:38:39 devstack cinder-volume[92079]: DEBUG oslo_concurrency.lockutils [None req-5247b6d7-18fb-4af2-ac4b-c4634f04c423 tempest-SnapshotsActionsTest-1306607018 None] Acquiring lock "quobyte" by "cinder.volume.drivers.quobyte.QuobyteDriver.create_snapshot" {{(pid=92079) inner /opt/stack/data/venv/lib/python3.12/site-packages/oslo_concurrency/lockutils.py:506}}
Jun 11 17:38:39 devstack cinder-volume[92079]: DEBUG oslo_concurrency.lockutils [None req-5247b6d7-18fb-4af2-ac4b-c4634f04c423 tempest-SnapshotsActionsTest-1306607018 None] Lock "quobyte" acquired by "cinder.volume.drivers.quobyte.QuobyteDriver.create_snapshot" :: waited 0.001s {{(pid=92079) inner /opt/stack/data/venv/lib/python3.12/site-packages/oslo_concurrency/lockutils.py:519}}
Jun 11 17:38:39 devstack cinder-volume[92079]: DEBUG cinder.volume.drivers.remotefs [None req-5247b6d7-18fb-4af2-ac4b-c4634f04c423 tempest-SnapshotsActionsTest-1306607018 None] Creating offline snapshot b401bade-b1a1-4e36-be39-f8b783b81148 of volume b6ea5e5d-1ebf-420b-b050-fbf254eb325e {{(pid=92079) _create_snapshot /opt/stack/cinder/cinder/volume/drivers/remotefs.py:1816}}
Jun 11 17:38:39 devstack cinder-volume[92079]: DEBUG oslo.privsep.daemon [-] privsep: reply[1bc2bd22-f9d3-4f64-8d6e-0f06f9bc4def]: (4, 'qcow2') {{(pid=92966) _call_back /opt/stack/data/venv/lib/python3.12/site-packages/oslo_privsep/daemon.py:573}}
Jun 11 17:38:39 devstack cinder-volume[92079]: DEBUG oslo_concurrency.processutils [None req-5247b6d7-18fb-4af2-ac4b-c4634f04c423 tempest-SnapshotsActionsTest-1306607018 None] Running cmd (subprocess): /opt/stack/data/venv/bin/python3.12 -m oslo_concurrency.prlimit --as=1073741824 --cpu=60 -- sudo cinder-rootwrap /etc/cinder/rootwrap.conf env LC_ALL=C qemu-img info -f qcow2 --output=json --force-share /opt/stack/data/cinder/mnt/4c65230cf66206df05d885684b5473a3/volume-b6ea5e5d-1ebf-420b-b050-fbf254eb325e {{(pid=92079) execute /opt/stack/data/venv/lib/python3.12/site-packages/oslo_concurrency/processutils.py:440}}
Jun 11 17:38:39 devstack sudo[100487]: quobyte : PWD=/ ; USER=root ; COMMAND=/opt/stack/data/venv/bin/cinder-rootwrap /etc/cinder/rootwrap.conf env LC_ALL=C qemu-img info -f qcow2 --output=json --force-share /opt/stack/data/cinder/mnt/4c65230cf66206df05d885684b5473a3/volume-b6ea5e5d-1ebf-420b-b050-fbf254eb325e
Jun 11 17:38:39 devstack sudo[100487]: pam_unix(sudo:session): session opened for user root(uid=0) by (uid=1000)
Jun 11 17:38:40 devstack sudo[100487]: pam_unix(sudo:session): session closed for user root
Jun 11 17:38:40 devstack cinder-volume[92079]: DEBUG oslo_concurrency.processutils [None req-5247b6d7-18fb-4af2-ac4b-c4634f04c423 tempest-SnapshotsActionsTest-1306607018 None] CMD "/opt/stack/data/venv/bin/python3.12 -m oslo_concurrency.prlimit --as=1073741824 --cpu=60 -- sudo cinder-rootwrap /etc/cinder/rootwrap.conf env LC_ALL=C qemu-img info -f qcow2 --output=json --force-share /opt/stack/data/cinder/mnt/4c65230cf66206df05d885684b5473a3/volume-b6ea5e5d-1ebf-420b-b050-fbf254eb325e" returned: 0 in 1.017s {{(pid=92079) execute /opt/stack/data/venv/lib/python3.12/site-packages/oslo_concurrency/processutils.py:468}}
Jun 11 17:38:40 devstack cinder-volume[92079]: DEBUG oslo_concurrency.processutils [None req-5247b6d7-18fb-4af2-ac4b-c4634f04c423 tempest-SnapshotsActionsTest-1306607018 None] Running cmd (subprocess): sudo cinder-rootwrap /etc/cinder/rootwrap.conf qemu-img create -f qcow2 -o backing_file=/opt/stack/data/cinder/mnt/4c65230cf66206df05d885684b5473a3/volume-b6ea5e5d-1ebf-420b-b050-fbf254eb325e,backing_fmt=qcow2 /opt/stack/data/cinder/mnt/4c65230cf66206df05d885684b5473a3/volume-b6ea5e5d-1ebf-420b-b050-fbf254eb325e.b401bade-b1a1-4e36-be39-f8b783b81148 1G {{(pid=92079) execute /opt/stack/data/venv/lib/python3.12/site-packages/oslo_concurrency/processutils.py:440}}
Jun 11 17:38:40 devstack sudo[100493]: quobyte : PWD=/ ; USER=root ; COMMAND=/opt/stack/data/venv/bin/cinder-rootwrap /etc/cinder/rootwrap.conf qemu-img create -f qcow2 -o backing_file=/opt/stack/data/cinder/mnt/4c65230cf66206df05d885684b5473a3/volume-b6ea5e5d-1ebf-420b-b050-fbf254eb325e,backing_fmt=qcow2 /opt/stack/data/cinder/mnt/4c65230cf66206df05d885684b5473a3/volume-b6ea5e5d-1ebf-420b-b050-fbf254eb325e.b401bade-b1a1-4e36-be39-f8b783b81148 1G
Jun 11 17:38:40 devstack sudo[100493]: pam_unix(sudo:session): session opened for user root(uid=0) by (uid=1000)
Jun 11 17:38:41 devstack sudo[100493]: pam_unix(sudo:session): session closed for user root
Jun 11 17:38:41 devstack cinder-volume[92079]: DEBUG oslo_concurrency.processutils [None req-5247b6d7-18fb-4af2-ac4b-c4634f04c423 tempest-SnapshotsActionsTest-1306607018 None] CMD "sudo cinder-rootwrap /etc/cinder/rootwrap.conf qemu-img create -f qcow2 -o backing_file=/opt/stack/data/cinder/mnt/4c65230cf66206df05d885684b5473a3/volume-b6ea5e5d-1ebf-420b-b050-fbf254eb325e,backing_fmt=qcow2 /opt/stack/data/cinder/mnt/4c65230cf66206df05d885684b5473a3/volume-b6ea5e5d-1ebf-420b-b050-fbf254eb325e.b401bade-b1a1-4e36-be39-f8b783b81148 1G" returned: 0 in 0.897s {{(pid=92079) execute /opt/stack/data/venv/lib/python3.12/site-packages/oslo_concurrency/processutils.py:468}}
Jun 11 17:38:41 devstack cinder-volume[92079]: DEBUG oslo_concurrency.processutils [None req-5247b6d7-18fb-4af2-ac4b-c4634f04c423 tempest-SnapshotsActionsTest-1306607018 None] Running cmd (subprocess): sudo cinder-rootwrap /etc/cinder/rootwrap.conf qemu-img rebase -u -b volume-b6ea5e5d-1ebf-420b-b050-fbf254eb325e -F qcow2 /opt/stack/data/cinder/mnt/4c65230cf66206df05d885684b5473a3/volume-b6ea5e5d-1ebf-420b-b050-fbf254eb325e.b401bade-b1a1-4e36-be39-f8b783b81148 {{(pid=92079) execute /opt/stack/data/venv/lib/python3.12/site-packages/oslo_concurrency/processutils.py:440}}
Jun 11 17:38:41 devstack sudo[100499]: quobyte : PWD=/ ; USER=root ; COMMAND=/opt/stack/data/venv/bin/cinder-rootwrap /etc/cinder/rootwrap.conf qemu-img rebase -u -b volume-b6ea5e5d-1ebf-420b-b050-fbf254eb325e -F qcow2 /opt/stack/data/cinder/mnt/4c65230cf66206df05d885684b5473a3/volume-b6ea5e5d-1ebf-420b-b050-fbf254eb325e.b401bade-b1a1-4e36-be39-f8b783b81148
Jun 11 17:38:41 devstack sudo[100499]: pam_unix(sudo:session): session opened for user root(uid=0) by (uid=1000)
Jun 11 17:38:41 devstack sudo[100499]: pam_unix(sudo:session): session closed for user root
Jun 11 17:38:41 devstack cinder-volume[92079]: DEBUG oslo_concurrency.processutils [None req-5247b6d7-18fb-4af2-ac4b-c4634f04c423 tempest-SnapshotsActionsTest-1306607018 None] CMD "sudo cinder-rootwrap /etc/cinder/rootwrap.conf qemu-img rebase -u -b volume-b6ea5e5d-1ebf-420b-b050-fbf254eb325e -F qcow2 /opt/stack/data/cinder/mnt/4c65230cf66206df05d885684b5473a3/volume-b6ea5e5d-1ebf-420b-b050-fbf254eb325e.b401bade-b1a1-4e36-be39-f8b783b81148" returned: 0 in 0.778s {{(pid=92079) execute /opt/stack/data/venv/lib/python3.12/site-packages/oslo_concurrency/processutils.py:468}}
Jun 11 17:38:41 devstack cinder-volume[92079]: WARNING cinder.volume.drivers.remotefs [None req-5247b6d7-18fb-4af2-ac4b-c4634f04c423 tempest-SnapshotsActionsTest-1306607018 None] /opt/stack/data/cinder/mnt/4c65230cf66206df05d885684b5473a3/volume-b6ea5e5d-1ebf-420b-b050-fbf254eb325e.b401bade-b1a1-4e36-be39-f8b783b81148 is being set with open permissions: ugo+rw
Jun 11 17:38:41 devstack cinder-volume[92079]: DEBUG oslo_concurrency.processutils [None req-5247b6d7-18fb-4af2-ac4b-c4634f04c423 tempest-SnapshotsActionsTest-1306607018 None] Running cmd (subprocess): sudo cinder-rootwrap /etc/cinder/rootwrap.conf chmod ugo+rw /opt/stack/data/cinder/mnt/4c65230cf66206df05d885684b5473a3/volume-b6ea5e5d-1ebf-420b-b050-fbf254eb325e.b401bade-b1a1-4e36-be39-f8b783b81148 {{(pid=92079) execute /opt/stack/data/venv/lib/python3.12/site-packages/oslo_concurrency/processutils.py:440}}
Jun 11 17:38:41 devstack sudo[100504]: quobyte : PWD=/ ; USER=root ; COMMAND=/opt/stack/data/venv/bin/cinder-rootwrap /etc/cinder/rootwrap.conf chmod ugo+rw /opt/stack/data/cinder/mnt/4c65230cf66206df05d885684b5473a3/volume-b6ea5e5d-1ebf-420b-b050-fbf254eb325e.b401bade-b1a1-4e36-be39-f8b783b81148
Jun 11 17:38:41 devstack sudo[100504]: pam_unix(sudo:session): session opened for user root(uid=0) by (uid=1000)
Jun 11 17:38:42 devstack sudo[100504]: pam_unix(sudo:session): session closed for user root
Jun 11 17:38:42 devstack cinder-volume[92079]: DEBUG oslo_concurrency.processutils [None req-5247b6d7-18fb-4af2-ac4b-c4634f04c423 tempest-SnapshotsActionsTest-1306607018 None] CMD "sudo cinder-rootwrap /etc/cinder/rootwrap.conf chmod ugo+rw /opt/stack/data/cinder/mnt/4c65230cf66206df05d885684b5473a3/volume-b6ea5e5d-1ebf-420b-b050-fbf254eb325e.b401bade-b1a1-4e36-be39-f8b783b81148" returned: 0 in 0.953s {{(pid=92079) execute /opt/stack/data/venv/lib/python3.12/site-packages/oslo_concurrency/processutils.py:468}}
Jun 11 17:38:42 devstack cinder-volume[92079]: DEBUG oslo_concurrency.processutils [None req-5247b6d7-18fb-4af2-ac4b-c4634f04c423 tempest-SnapshotsActionsTest-1306607018 None] Running cmd (subprocess): sudo cinder-rootwrap /etc/cinder/rootwrap.conf truncate -s0 /opt/stack/data/cinder/mnt/4c65230cf66206df05d885684b5473a3/volume-b6ea5e5d-1ebf-420b-b050-fbf254eb325e.info {{(pid=92079) execute /opt/stack/data/venv/lib/python3.12/site-packages/oslo_concurrency/processutils.py:440}}
Jun 11 17:38:42 devstack sudo[100508]: quobyte : PWD=/ ; USER=root ; COMMAND=/opt/stack/data/venv/bin/cinder-rootwrap /etc/cinder/rootwrap.conf truncate -s0 /opt/stack/data/cinder/mnt/4c65230cf66206df05d885684b5473a3/volume-b6ea5e5d-1ebf-420b-b050-fbf254eb325e.info
Jun 11 17:38:42 devstack sudo[100508]: pam_unix(sudo:session): session opened for user root(uid=0) by (uid=1000)
Jun 11 17:38:43 devstack sudo[100508]: pam_unix(sudo:session): session closed for user root
Jun 11 17:38:43 devstack cinder-volume[92079]: DEBUG oslo_concurrency.processutils [None req-5247b6d7-18fb-4af2-ac4b-c4634f04c423 tempest-SnapshotsActionsTest-1306607018 None] CMD "sudo cinder-rootwrap /etc/cinder/rootwrap.conf truncate -s0 /opt/stack/data/cinder/mnt/4c65230cf66206df05d885684b5473a3/volume-b6ea5e5d-1ebf-420b-b050-fbf254eb325e.info" returned: 0 in 0.824s {{(pid=92079) execute /opt/stack/data/venv/lib/python3.12/site-packages/oslo_concurrency/processutils.py:468}}
Jun 11 17:38:43 devstack cinder-volume[92079]: WARNING cinder.volume.drivers.remotefs [None req-5247b6d7-18fb-4af2-ac4b-c4634f04c423 tempest-SnapshotsActionsTest-1306607018 None] /opt/stack/data/cinder/mnt/4c65230cf66206df05d885684b5473a3/volume-b6ea5e5d-1ebf-420b-b050-fbf254eb325e.info is being set with open permissions: ugo+rw
Jun 11 17:38:43 devstack cinder-volume[92079]: DEBUG oslo_concurrency.processutils [None req-5247b6d7-18fb-4af2-ac4b-c4634f04c423 tempest-SnapshotsActionsTest-1306607018 None] Running cmd (subprocess): sudo cinder-rootwrap /etc/cinder/rootwrap.conf chmod ugo+rw /opt/stack/data/cinder/mnt/4c65230cf66206df05d885684b5473a3/volume-b6ea5e5d-1ebf-420b-b050-fbf254eb325e.info {{(pid=92079) execute /opt/stack/data/venv/lib/python3.12/site-packages/oslo_concurrency/processutils.py:440}}
Jun 11 17:38:43 devstack sudo[100514]: quobyte : PWD=/ ; USER=root ; COMMAND=/opt/stack/data/venv/bin/cinder-rootwrap /etc/cinder/rootwrap.conf chmod ugo+rw /opt/stack/data/cinder/mnt/4c65230cf66206df05d885684b5473a3/volume-b6ea5e5d-1ebf-420b-b050-fbf254eb325e.info
Jun 11 17:38:43 devstack sudo[100514]: pam_unix(sudo:session): session opened for user root(uid=0) by (uid=1000)
Jun 11 17:38:44 devstack sudo[100514]: pam_unix(sudo:session): session closed for user root
Jun 11 17:38:44 devstack cinder-volume[92079]: DEBUG oslo_concurrency.processutils [None req-5247b6d7-18fb-4af2-ac4b-c4634f04c423 tempest-SnapshotsActionsTest-1306607018 None] CMD "sudo cinder-rootwrap /etc/cinder/rootwrap.conf chmod ugo+rw /opt/stack/data/cinder/mnt/4c65230cf66206df05d885684b5473a3/volume-b6ea5e5d-1ebf-420b-b050-fbf254eb325e.info" returned: 0 in 0.744s {{(pid=92079) execute /opt/stack/data/venv/lib/python3.12/site-packages/oslo_concurrency/processutils.py:468}}
Jun 11 17:38:44 devstack cinder-volume[92079]: DEBUG oslo_concurrency.lockutils [None req-5247b6d7-18fb-4af2-ac4b-c4634f04c423 tempest-SnapshotsActionsTest-1306607018 None] Lock "quobyte" "released" by "cinder.volume.drivers.quobyte.QuobyteDriver.create_snapshot" :: held 5.359s {{(pid=92079) inner /opt/stack/data/venv/lib/python3.12/site-packages/oslo_concurrency/lockutils.py:538}}
Jun 11 17:38:44 devstack cinder-volume[92079]: INFO cinder.volume.manager [None req-5247b6d7-18fb-4af2-ac4b-c4634f04c423 tempest-SnapshotsActionsTest-1306607018 None] Create snapshot completed successfully
Jun 11 17:38:46 devstack cinder-volume[92079]: DEBUG oslo_concurrency.lockutils [None req-159109b5-4521-4c51-8d75-97986b3c24a0 tempest-SnapshotsActionsTest-1306607018 None] Acquiring lock "quobyte" by "cinder.volume.drivers.quobyte.QuobyteDriver.create_snapshot" {{(pid=92079) inner /opt/stack/data/venv/lib/python3.12/site-packages/oslo_concurrency/lockutils.py:506}}
Jun 11 17:38:46 devstack cinder-volume[92079]: DEBUG oslo_concurrency.lockutils [None req-159109b5-4521-4c51-8d75-97986b3c24a0 tempest-SnapshotsActionsTest-1306607018 None] Lock "quobyte" acquired by "cinder.volume.drivers.quobyte.QuobyteDriver.create_snapshot" :: waited 0.002s {{(pid=92079) inner /opt/stack/data/venv/lib/python3.12/site-packages/oslo_concurrency/lockutils.py:519}}
Jun 11 17:38:46 devstack cinder-volume[92079]: DEBUG cinder.volume.drivers.remotefs [None req-159109b5-4521-4c51-8d75-97986b3c24a0 tempest-SnapshotsActionsTest-1306607018 None] Creating offline snapshot e0564b40-d34a-444f-9354-74a8f6de11e2 of volume b6ea5e5d-1ebf-420b-b050-fbf254eb325e {{(pid=92079) _create_snapshot /opt/stack/cinder/cinder/volume/drivers/remotefs.py:1816}}
Jun 11 17:38:46 devstack cinder-volume[92079]: DEBUG oslo.privsep.daemon [-] privsep: reply[55eef6c6-22b4-4fbd-afac-7b1100c8500b]: (4, 'qcow2') {{(pid=92966) _call_back /opt/stack/data/venv/lib/python3.12/site-packages/oslo_privsep/daemon.py:573}}
Jun 11 17:38:46 devstack cinder-volume[92079]: DEBUG oslo_concurrency.processutils [None req-159109b5-4521-4c51-8d75-97986b3c24a0 tempest-SnapshotsActionsTest-1306607018 None] Running cmd (subprocess): /opt/stack/data/venv/bin/python3.12 -m oslo_concurrency.prlimit --as=1073741824 --cpu=60 -- sudo cinder-rootwrap /etc/cinder/rootwrap.conf env LC_ALL=C qemu-img info -f qcow2 --output=json --force-share /opt/stack/data/cinder/mnt/4c65230cf66206df05d885684b5473a3/volume-b6ea5e5d-1ebf-420b-b050-fbf254eb325e.b401bade-b1a1-4e36-be39-f8b783b81148 {{(pid=92079) execute /opt/stack/data/venv/lib/python3.12/site-packages/oslo_concurrency/processutils.py:440}}
Jun 11 17:38:46 devstack sudo[100534]: quobyte : PWD=/ ; USER=root ; COMMAND=/opt/stack/data/venv/bin/cinder-rootwrap /etc/cinder/rootwrap.conf env LC_ALL=C qemu-img info -f qcow2 --output=json --force-share /opt/stack/data/cinder/mnt/4c65230cf66206df05d885684b5473a3/volume-b6ea5e5d-1ebf-420b-b050-fbf254eb325e.b401bade-b1a1-4e36-be39-f8b783b81148
Jun 11 17:38:46 devstack sudo[100534]: pam_unix(sudo:session): session opened for user root(uid=0) by (uid=1000)
Jun 11 17:38:47 devstack sudo[100534]: pam_unix(sudo:session): session closed for user root
Jun 11 17:38:47 devstack cinder-volume[92079]: DEBUG oslo_concurrency.processutils [None req-159109b5-4521-4c51-8d75-97986b3c24a0 tempest-SnapshotsActionsTest-1306607018 None] CMD "/opt/stack/data/venv/bin/python3.12 -m oslo_concurrency.prlimit --as=1073741824 --cpu=60 -- sudo cinder-rootwrap /etc/cinder/rootwrap.conf env LC_ALL=C qemu-img info -f qcow2 --output=json --force-share /opt/stack/data/cinder/mnt/4c65230cf66206df05d885684b5473a3/volume-b6ea5e5d-1ebf-420b-b050-fbf254eb325e.b401bade-b1a1-4e36-be39-f8b783b81148" returned: 0 in 0.811s {{(pid=92079) execute /opt/stack/data/venv/lib/python3.12/site-packages/oslo_concurrency/processutils.py:468}}
Jun 11 17:38:47 devstack cinder-volume[92079]: DEBUG cinder.volume.drivers.remotefs [None req-159109b5-4521-4c51-8d75-97986b3c24a0 tempest-SnapshotsActionsTest-1306607018 None] Fetching qemu-img info with special backing_file_template: (/opt/stack/data/cinder/mnt/[0-9a-f]+/)?(volume-b6ea5e5d-1ebf-420b-b050-fbf254eb325e(.(tmp-snap-)?[0-9a-f-]+)?|volume_from_snapshot_cache/(tmp-snap-)?[0-9a-f-]+(.(child-|parent-)[0-9a-f-]+)?)$ {{(pid=92079) _qemu_img_info_base /opt/stack/cinder/cinder/volume/drivers/remotefs.py:896}}
Jun 11 17:38:47 devstack cinder-volume[92079]: DEBUG oslo_concurrency.processutils [None req-159109b5-4521-4c51-8d75-97986b3c24a0 tempest-SnapshotsActionsTest-1306607018 None] Running cmd (subprocess): sudo cinder-rootwrap /etc/cinder/rootwrap.conf qemu-img create -f qcow2 -o backing_file=/opt/stack/data/cinder/mnt/4c65230cf66206df05d885684b5473a3/volume-b6ea5e5d-1ebf-420b-b050-fbf254eb325e.b401bade-b1a1-4e36-be39-f8b783b81148,backing_fmt=qcow2 /opt/stack/data/cinder/mnt/4c65230cf66206df05d885684b5473a3/volume-b6ea5e5d-1ebf-420b-b050-fbf254eb325e.e0564b40-d34a-444f-9354-74a8f6de11e2 1G {{(pid=92079) execute /opt/stack/data/venv/lib/python3.12/site-packages/oslo_concurrency/processutils.py:440}}
Jun 11 17:38:47 devstack sudo[100540]: quobyte : PWD=/ ; USER=root ; COMMAND=/opt/stack/data/venv/bin/cinder-rootwrap /etc/cinder/rootwrap.conf qemu-img create -f qcow2 -o backing_file=/opt/stack/data/cinder/mnt/4c65230cf66206df05d885684b5473a3/volume-b6ea5e5d-1ebf-420b-b050-fbf254eb325e.b401bade-b1a1-4e36-be39-f8b783b81148,backing_fmt=qcow2 /opt/stack/data/cinder/mnt/4c65230cf66206df05d885684b5473a3/volume-b6ea5e5d-1ebf-420b-b050-fbf254eb325e.e0564b40-d34a-444f-9354-74a8f6de11e2 1G
Jun 11 17:38:47 devstack sudo[100540]: pam_unix(sudo:session): session opened for user root(uid=0) by (uid=1000)
Jun 11 17:38:48 devstack sudo[100540]: pam_unix(sudo:session): session closed for user root
Jun 11 17:38:48 devstack cinder-volume[92079]: DEBUG oslo_concurrency.processutils [None req-159109b5-4521-4c51-8d75-97986b3c24a0 tempest-SnapshotsActionsTest-1306607018 None] CMD "sudo cinder-rootwrap /etc/cinder/rootwrap.conf qemu-img create -f qcow2 -o backing_file=/opt/stack/data/cinder/mnt/4c65230cf66206df05d885684b5473a3/volume-b6ea5e5d-1ebf-420b-b050-fbf254eb325e.b401bade-b1a1-4e36-be39-f8b783b81148,backing_fmt=qcow2 /opt/stack/data/cinder/mnt/4c65230cf66206df05d885684b5473a3/volume-b6ea5e5d-1ebf-420b-b050-fbf254eb325e.e0564b40-d34a-444f-9354-74a8f6de11e2 1G" returned: 0 in 0.917s {{(pid=92079) execute /opt/stack/data/venv/lib/python3.12/site-packages/oslo_concurrency/processutils.py:468}}
Jun 11 17:38:48 devstack cinder-volume[92079]: DEBUG oslo_concurrency.processutils [None req-159109b5-4521-4c51-8d75-97986b3c24a0 tempest-SnapshotsActionsTest-1306607018 None] Running cmd (subprocess): sudo cinder-rootwrap /etc/cinder/rootwrap.conf qemu-img rebase -u -b volume-b6ea5e5d-1ebf-420b-b050-fbf254eb325e.b401bade-b1a1-4e36-be39-f8b783b81148 -F qcow2 /opt/stack/data/cinder/mnt/4c65230cf66206df05d885684b5473a3/volume-b6ea5e5d-1ebf-420b-b050-fbf254eb325e.e0564b40-d34a-444f-9354-74a8f6de11e2 {{(pid=92079) execute /opt/stack/data/venv/lib/python3.12/site-packages/oslo_concurrency/processutils.py:440}}
Jun 11 17:38:48 devstack sudo[100546]: quobyte : PWD=/ ; USER=root ; COMMAND=/opt/stack/data/venv/bin/cinder-rootwrap /etc/cinder/rootwrap.conf qemu-img rebase -u -b volume-b6ea5e5d-1ebf-420b-b050-fbf254eb325e.b401bade-b1a1-4e36-be39-f8b783b81148 -F qcow2 /opt/stack/data/cinder/mnt/4c65230cf66206df05d885684b5473a3/volume-b6ea5e5d-1ebf-420b-b050-fbf254eb325e.e0564b40-d34a-444f-9354-74a8f6de11e2
Jun 11 17:38:48 devstack sudo[100546]: pam_unix(sudo:session): session opened for user root(uid=0) by (uid=1000)
Jun 11 17:38:49 devstack sudo[100546]: pam_unix(sudo:session): session closed for user root
Jun 11 17:38:49 devstack cinder-volume[92079]: DEBUG oslo_concurrency.processutils [None req-159109b5-4521-4c51-8d75-97986b3c24a0 tempest-SnapshotsActionsTest-1306607018 None] CMD "sudo cinder-rootwrap /etc/cinder/rootwrap.conf qemu-img rebase -u -b volume-b6ea5e5d-1ebf-420b-b050-fbf254eb325e.b401bade-b1a1-4e36-be39-f8b783b81148 -F qcow2 /opt/stack/data/cinder/mnt/4c65230cf66206df05d885684b5473a3/volume-b6ea5e5d-1ebf-420b-b050-fbf254eb325e.e0564b40-d34a-444f-9354-74a8f6de11e2" returned: 0 in 0.884s {{(pid=92079) execute /opt/stack/data/venv/lib/python3.12/site-packages/oslo_concurrency/processutils.py:468}}
Jun 11 17:38:49 devstack cinder-volume[92079]: WARNING cinder.volume.drivers.remotefs [None req-159109b5-4521-4c51-8d75-97986b3c24a0 tempest-SnapshotsActionsTest-1306607018 None] /opt/stack/data/cinder/mnt/4c65230cf66206df05d885684b5473a3/volume-b6ea5e5d-1ebf-420b-b050-fbf254eb325e.e0564b40-d34a-444f-9354-74a8f6de11e2 is being set with open permissions: ugo+rw
Jun 11 17:38:49 devstack cinder-volume[92079]: DEBUG oslo_concurrency.processutils [None req-159109b5-4521-4c51-8d75-97986b3c24a0 tempest-SnapshotsActionsTest-1306607018 None] Running cmd (subprocess): sudo cinder-rootwrap /etc/cinder/rootwrap.conf chmod ugo+rw /opt/stack/data/cinder/mnt/4c65230cf66206df05d885684b5473a3/volume-b6ea5e5d-1ebf-420b-b050-fbf254eb325e.e0564b40-d34a-444f-9354-74a8f6de11e2 {{(pid=92079) execute /opt/stack/data/venv/lib/python3.12/site-packages/oslo_concurrency/processutils.py:440}}
Jun 11 17:38:49 devstack sudo[100556]: quobyte : PWD=/ ; USER=root ; COMMAND=/opt/stack/data/venv/bin/cinder-rootwrap /etc/cinder/rootwrap.conf chmod ugo+rw /opt/stack/data/cinder/mnt/4c65230cf66206df05d885684b5473a3/volume-b6ea5e5d-1ebf-420b-b050-fbf254eb325e.e0564b40-d34a-444f-9354-74a8f6de11e2
Jun 11 17:38:49 devstack sudo[100556]: pam_unix(sudo:session): session opened for user root(uid=0) by (uid=1000)
Jun 11 17:38:49 devstack sudo[100556]: pam_unix(sudo:session): session closed for user root
