Jan 12 14:00:43 devstack cinder-volume[81642]: INFO cinder.volume.drivers.remotefs [req-e7739106-a873-45e7-b8f7-03a6e3c9c1ed req-c26bb23a-304f-4c55-9034-65b3064fb799 tempest-VolumesSnapshotsTestJSON-437939130 None] casted to osci02.corp.quobyte.com/cinder-vol-373860c0-7acc-4ee8-b3f2-cb35a89f5a01
Jan 12 14:00:43 devstack cinder-volume[81642]: DEBUG oslo_concurrency.processutils [req-e7739106-a873-45e7-b8f7-03a6e3c9c1ed req-c26bb23a-304f-4c55-9034-65b3064fb799 tempest-VolumesSnapshotsTestJSON-437939130 None] Running cmd (subprocess): sudo cinder-rootwrap /etc/cinder/rootwrap.conf qemu-img create -f qcow2 -o preallocation=metadata /opt/stack/data/cinder/mnt/4cc69441db5d9bfc5561750e2b12ef5a/volume-c9a4b6fb-df56-4730-9e41-32cf50854c67 1073741824 {{(pid=81642) execute /opt/stack/data/venv/lib/python3.10/site-packages/oslo_concurrency/processutils.py:349}}
Jan 12 14:00:43 devstack sudo[82699]: quobyte : PWD=/ ; USER=root ; COMMAND=/opt/stack/data/venv/bin/cinder-rootwrap /etc/cinder/rootwrap.conf qemu-img create -f qcow2 -o preallocation=metadata /opt/stack/data/cinder/mnt/4cc69441db5d9bfc5561750e2b12ef5a/volume-c9a4b6fb-df56-4730-9e41-32cf50854c67 1073741824
Jan 12 14:00:43 devstack sudo[82699]: pam_unix(sudo:session): session opened for user root(uid=0) by (uid=1000)
Jan 12 14:00:44 devstack sudo[82699]: pam_unix(sudo:session): session closed for user root
Jan 12 14:00:44 devstack cinder-volume[81642]: DEBUG oslo_concurrency.processutils [req-e7739106-a873-45e7-b8f7-03a6e3c9c1ed req-c26bb23a-304f-4c55-9034-65b3064fb799 tempest-VolumesSnapshotsTestJSON-437939130 None] CMD "sudo cinder-rootwrap /etc/cinder/rootwrap.conf qemu-img create -f qcow2 -o preallocation=metadata /opt/stack/data/cinder/mnt/4cc69441db5d9bfc5561750e2b12ef5a/volume-c9a4b6fb-df56-4730-9e41-32cf50854c67 1073741824" returned: 0 in 0.540s {{(pid=81642) execute /opt/stack/data/venv/lib/python3.10/site-packages/oslo_concurrency/processutils.py:372}}
Jan 12 14:00:44 devstack cinder-volume[81642]: DEBUG oslo_concurrency.processutils [req-e7739106-a873-45e7-b8f7-03a6e3c9c1ed req-c26bb23a-304f-4c55-9034-65b3064fb799 tempest-VolumesSnapshotsTestJSON-437939130 None] Running cmd (subprocess): sudo cinder-rootwrap /etc/cinder/rootwrap.conf chmod ugo+rw /opt/stack/data/cinder/mnt/4cc69441db5d9bfc5561750e2b12ef5a/volume-c9a4b6fb-df56-4730-9e41-32cf50854c67 {{(pid=81642) execute /opt/stack/data/venv/lib/python3.10/site-packages/oslo_concurrency/processutils.py:349}}
Jan 12 14:00:44 devstack sudo[82704]: quobyte : PWD=/ ; USER=root ; COMMAND=/opt/stack/data/venv/bin/cinder-rootwrap /etc/cinder/rootwrap.conf chmod ugo+rw /opt/stack/data/cinder/mnt/4cc69441db5d9bfc5561750e2b12ef5a/volume-c9a4b6fb-df56-4730-9e41-32cf50854c67
Jan 12 14:00:44 devstack sudo[82704]: pam_unix(sudo:session): session opened for user root(uid=0) by (uid=1000)
Jan 12 14:00:44 devstack cinder-volume[81642]: DEBUG oslo_concurrency.processutils [req-e7739106-a873-45e7-b8f7-03a6e3c9c1ed req-c26bb23a-304f-4c55-9034-65b3064fb799 tempest-VolumesSnapshotsTestJSON-437939130 None] CMD "sudo cinder-rootwrap /etc/cinder/rootwrap.conf chmod ugo+rw /opt/stack/data/cinder/mnt/4cc69441db5d9bfc5561750e2b12ef5a/volume-c9a4b6fb-df56-4730-9e41-32cf50854c67" returned: 0 in 0.459s {{(pid=81642) execute /opt/stack/data/venv/lib/python3.10/site-packages/oslo_concurrency/processutils.py:372}}
Jan 12 14:00:44 devstack sudo[82704]: pam_unix(sudo:session): session closed for user root
Jan 12 14:00:44 devstack cinder-volume[81642]: DEBUG cinder.volume.drivers.quobyte [req-e7739106-a873-45e7-b8f7-03a6e3c9c1ed req-c26bb23a-304f-4c55-9034-65b3064fb799 tempest-VolumesSnapshotsTestJSON-437939130 None] <== create_volume: return (1026ms) {'provider_location': 'osci02.corp.quobyte.com/cinder-vol-373860c0-7acc-4ee8-b3f2-cb35a89f5a01'} {{(pid=81642) trace_logging_wrapper /opt/stack/cinder/cinder/volume/volume_utils.py:1523}}
Jan 12 14:00:44 devstack cinder-volume[81642]: DEBUG oslo_concurrency.lockutils [req-e7739106-a873-45e7-b8f7-03a6e3c9c1ed req-c26bb23a-304f-4c55-9034-65b3064fb799 tempest-VolumesSnapshotsTestJSON-437939130 None] Lock "quobyte" "released" by "cinder.volume.drivers.quobyte.QuobyteDriver.create_volume" :: held 1.028s {{(pid=81642) inner /opt/stack/data/venv/lib/python3.10/site-packages/oslo_concurrency/lockutils.py:424}}
Jan 12 14:00:44 devstack cinder-volume[81642]: DEBUG cinder.volume.manager [req-e7739106-a873-45e7-b8f7-03a6e3c9c1ed req-c26bb23a-304f-4c55-9034-65b3064fb799 tempest-VolumesSnapshotsTestJSON-437939130 None] Task 'cinder.volume.flows.manager.create_volume.CreateVolumeFromSpecTask;volume:create' (c5bddb37-3ab1-4b79-8f78-6422c9a2e3fa) transitioned into state 'SUCCESS' from state 'RUNNING' with result '{'status': 'creating', 'volume_name': 'volume-c9a4b6fb-df56-4730-9e41-32cf50854c67', 'volume_size': 1}' {{(pid=81642) _task_receiver /opt/stack/data/venv/lib/python3.10/site-packages/taskflow/listeners/logging.py:182}}
Jan 12 14:00:44 devstack cinder-volume[81642]: DEBUG cinder.volume.manager [req-e7739106-a873-45e7-b8f7-03a6e3c9c1ed req-c26bb23a-304f-4c55-9034-65b3064fb799 tempest-VolumesSnapshotsTestJSON-437939130 None] Task 'cinder.volume.flows.manager.create_volume.CreateVolumeOnFinishTask;volume:create, create.end' (97c7a1a3-d339-4565-82e7-3cd41693f683) transitioned into state 'RUNNING' from state 'PENDING' {{(pid=81642) _task_receiver /opt/stack/data/venv/lib/python3.10/site-packages/taskflow/listeners/logging.py:194}}
Jan 12 14:00:44 devstack cinder-volume[81642]: INFO cinder.volume.flows.manager.create_volume [req-e7739106-a873-45e7-b8f7-03a6e3c9c1ed req-c26bb23a-304f-4c55-9034-65b3064fb799 tempest-VolumesSnapshotsTestJSON-437939130 None] Volume volume-c9a4b6fb-df56-4730-9e41-32cf50854c67 (c9a4b6fb-df56-4730-9e41-32cf50854c67): created successfully
Jan 12 14:00:44 devstack cinder-volume[81642]: DEBUG cinder.volume.manager [req-e7739106-a873-45e7-b8f7-03a6e3c9c1ed req-c26bb23a-304f-4c55-9034-65b3064fb799 tempest-VolumesSnapshotsTestJSON-437939130 None] Task 'cinder.volume.flows.manager.create_volume.CreateVolumeOnFinishTask;volume:create, create.end' (97c7a1a3-d339-4565-82e7-3cd41693f683) transitioned into state 'SUCCESS' from state 'RUNNING' with result 'None' {{(pid=81642) _task_receiver /opt/stack/data/venv/lib/python3.10/site-packages/taskflow/listeners/logging.py:182}}
Jan 12 14:00:44 devstack cinder-volume[81642]: DEBUG cinder.volume.manager [req-e7739106-a873-45e7-b8f7-03a6e3c9c1ed req-c26bb23a-304f-4c55-9034-65b3064fb799 tempest-VolumesSnapshotsTestJSON-437939130 None] Flow 'volume_create_manager' (2ac9ef08-62c7-49a9-8633-5598718adf4b) transitioned into state 'SUCCESS' from state 'RUNNING' {{(pid=81642) _flow_receiver /opt/stack/data/venv/lib/python3.10/site-packages/taskflow/listeners/logging.py:145}}
Jan 12 14:00:44 devstack cinder-volume[81642]: INFO cinder.volume.manager [req-e7739106-a873-45e7-b8f7-03a6e3c9c1ed req-c26bb23a-304f-4c55-9034-65b3064fb799 tempest-VolumesSnapshotsTestJSON-437939130 None] Created volume successfully.
Jan 12 14:00:45 devstack cinder-volume[81642]: WARNING cinder.volume.volume_utils [req-73f28779-8749-433c-bee5-6a498befd570 req-c3e2f6df-8724-4e77-8594-3c09de185566 tempest-VolumesSnapshotsTestJSON-437939130 None] Volume driver (QuobyteDriver 1.1.13) is currently unsupported and may be removed in the next release of OpenStack. Use at your own risk.
Jan 12 14:00:45 devstack cinder-volume[81642]: DEBUG oslo_concurrency.lockutils [req-73f28779-8749-433c-bee5-6a498befd570 req-c3e2f6df-8724-4e77-8594-3c09de185566 tempest-VolumesSnapshotsTestJSON-437939130 None] Acquiring lock "quobyte" by "cinder.volume.drivers.quobyte.QuobyteDriver.create_snapshot" {{(pid=81642) inner /opt/stack/data/venv/lib/python3.10/site-packages/oslo_concurrency/lockutils.py:405}}
Jan 12 14:00:45 devstack cinder-volume[81642]: DEBUG oslo_concurrency.lockutils [req-73f28779-8749-433c-bee5-6a498befd570 req-c3e2f6df-8724-4e77-8594-3c09de185566 tempest-VolumesSnapshotsTestJSON-437939130 None] Lock "quobyte" acquired by "cinder.volume.drivers.quobyte.QuobyteDriver.create_snapshot" :: waited 0.000s {{(pid=81642) inner /opt/stack/data/venv/lib/python3.10/site-packages/oslo_concurrency/lockutils.py:410}}
Jan 12 14:00:45 devstack cinder-volume[81642]: DEBUG cinder.volume.drivers.remotefs [req-73f28779-8749-433c-bee5-6a498befd570 req-c3e2f6df-8724-4e77-8594-3c09de185566 tempest-VolumesSnapshotsTestJSON-437939130 None] Creating offline snapshot 767b06fa-cca9-493c-ade2-19024491d7e8 of volume c9a4b6fb-df56-4730-9e41-32cf50854c67 {{(pid=81642) _create_snapshot /opt/stack/cinder/cinder/volume/drivers/remotefs.py:1817}}
Jan 12 14:00:45 devstack cinder-volume[81642]: DEBUG oslo.privsep.daemon [-] privsep: reply[656056d7-1cc3-4875-821e-3c5ba7b6bafd]: (4, 'qcow2') {{(pid=82252) _call_back /opt/stack/data/venv/lib/python3.10/site-packages/oslo_privsep/daemon.py:515}}
Jan 12 14:00:45 devstack cinder-volume[81642]: DEBUG oslo_concurrency.processutils [req-73f28779-8749-433c-bee5-6a498befd570 req-c3e2f6df-8724-4e77-8594-3c09de185566 tempest-VolumesSnapshotsTestJSON-437939130 None] Running cmd (subprocess): /opt/stack/data/venv/bin/python3.10 -m oslo_concurrency.prlimit --as=1073741824 --cpu=60 -- sudo cinder-rootwrap /etc/cinder/rootwrap.conf env LC_ALL=C qemu-img info -f qcow2 --output=json --force-share /opt/stack/data/cinder/mnt/4cc69441db5d9bfc5561750e2b12ef5a/volume-c9a4b6fb-df56-4730-9e41-32cf50854c67 {{(pid=81642) execute /opt/stack/data/venv/lib/python3.10/site-packages/oslo_concurrency/processutils.py:349}}
Jan 12 14:00:46 devstack sudo[82708]: quobyte : PWD=/ ; USER=root ; COMMAND=/opt/stack/data/venv/bin/cinder-rootwrap /etc/cinder/rootwrap.conf env LC_ALL=C qemu-img info -f qcow2 --output=json --force-share /opt/stack/data/cinder/mnt/4cc69441db5d9bfc5561750e2b12ef5a/volume-c9a4b6fb-df56-4730-9e41-32cf50854c67
Jan 12 14:00:46 devstack sudo[82708]: pam_unix(sudo:session): session opened for user root(uid=0) by (uid=1000)
Jan 12 14:00:46 devstack sudo[82708]: pam_unix(sudo:session): session closed for user root
Jan 12 14:00:46 devstack cinder-volume[81642]: DEBUG oslo_concurrency.processutils [req-73f28779-8749-433c-bee5-6a498befd570 req-c3e2f6df-8724-4e77-8594-3c09de185566 tempest-VolumesSnapshotsTestJSON-437939130 None] CMD "/opt/stack/data/venv/bin/python3.10 -m oslo_concurrency.prlimit --as=1073741824 --cpu=60 -- sudo cinder-rootwrap /etc/cinder/rootwrap.conf env LC_ALL=C qemu-img info -f qcow2 --output=json --force-share /opt/stack/data/cinder/mnt/4cc69441db5d9bfc5561750e2b12ef5a/volume-c9a4b6fb-df56-4730-9e41-32cf50854c67" returned: 0 in 0.552s {{(pid=81642) execute /opt/stack/data/venv/lib/python3.10/site-packages/oslo_concurrency/processutils.py:372}}
Jan 12 14:00:46 devstack cinder-volume[81642]: DEBUG oslo_concurrency.processutils [req-73f28779-8749-433c-bee5-6a498befd570 req-c3e2f6df-8724-4e77-8594-3c09de185566 tempest-VolumesSnapshotsTestJSON-437939130 None] Running cmd (subprocess): sudo cinder-rootwrap /etc/cinder/rootwrap.conf qemu-img create -f qcow2 -o backing_file=/opt/stack/data/cinder/mnt/4cc69441db5d9bfc5561750e2b12ef5a/volume-c9a4b6fb-df56-4730-9e41-32cf50854c67,backing_fmt=qcow2 /opt/stack/data/cinder/mnt/4cc69441db5d9bfc5561750e2b12ef5a/volume-c9a4b6fb-df56-4730-9e41-32cf50854c67.767b06fa-cca9-493c-ade2-19024491d7e8 1G {{(pid=81642) execute /opt/stack/data/venv/lib/python3.10/site-packages/oslo_concurrency/processutils.py:349}}
Jan 12 14:00:46 devstack sudo[82713]: quobyte : PWD=/ ; USER=root ; COMMAND=/opt/stack/data/venv/bin/cinder-rootwrap /etc/cinder/rootwrap.conf qemu-img create -f qcow2 -o backing_file=/opt/stack/data/cinder/mnt/4cc69441db5d9bfc5561750e2b12ef5a/volume-c9a4b6fb-df56-4730-9e41-32cf50854c67,backing_fmt=qcow2 /opt/stack/data/cinder/mnt/4cc69441db5d9bfc5561750e2b12ef5a/volume-c9a4b6fb-df56-4730-9e41-32cf50854c67.767b06fa-cca9-493c-ade2-19024491d7e8 1G
Jan 12 14:00:46 devstack sudo[82713]: pam_unix(sudo:session): session opened for user root(uid=0) by (uid=1000)
Jan 12 14:00:47 devstack sudo[82713]: pam_unix(sudo:session): session closed for user root
Jan 12 14:00:47 devstack cinder-volume[81642]: DEBUG oslo_concurrency.processutils [req-73f28779-8749-433c-bee5-6a498befd570 req-c3e2f6df-8724-4e77-8594-3c09de185566 tempest-VolumesSnapshotsTestJSON-437939130 None] CMD "sudo cinder-rootwrap /etc/cinder/rootwrap.conf qemu-img create -f qcow2 -o backing_file=/opt/stack/data/cinder/mnt/4cc69441db5d9bfc5561750e2b12ef5a/volume-c9a4b6fb-df56-4730-9e41-32cf50854c67,backing_fmt=qcow2 /opt/stack/data/cinder/mnt/4cc69441db5d9bfc5561750e2b12ef5a/volume-c9a4b6fb-df56-4730-9e41-32cf50854c67.767b06fa-cca9-493c-ade2-19024491d7e8 1G" returned: 0 in 0.549s {{(pid=81642) execute /opt/stack/data/venv/lib/python3.10/site-packages/oslo_concurrency/processutils.py:372}}
Jan 12 14:00:47 devstack cinder-volume[81642]: DEBUG oslo_concurrency.processutils [req-73f28779-8749-433c-bee5-6a498befd570 req-c3e2f6df-8724-4e77-8594-3c09de185566 tempest-VolumesSnapshotsTestJSON-437939130 None] Running cmd (subprocess): sudo cinder-rootwrap /etc/cinder/rootwrap.conf qemu-img rebase -u -b volume-c9a4b6fb-df56-4730-9e41-32cf50854c67 -F qcow2 /opt/stack/data/cinder/mnt/4cc69441db5d9bfc5561750e2b12ef5a/volume-c9a4b6fb-df56-4730-9e41-32cf50854c67.767b06fa-cca9-493c-ade2-19024491d7e8 {{(pid=81642) execute /opt/stack/data/venv/lib/python3.10/site-packages/oslo_concurrency/processutils.py:349}}
Jan 12 14:00:47 devstack sudo[82719]: quobyte : PWD=/ ; USER=root ; COMMAND=/opt/stack/data/venv/bin/cinder-rootwrap /etc/cinder/rootwrap.conf qemu-img rebase -u -b volume-c9a4b6fb-df56-4730-9e41-32cf50854c67 -F qcow2 /opt/stack/data/cinder/mnt/4cc69441db5d9bfc5561750e2b12ef5a/volume-c9a4b6fb-df56-4730-9e41-32cf50854c67.767b06fa-cca9-493c-ade2-19024491d7e8
Jan 12 14:00:47 devstack sudo[82719]: pam_unix(sudo:session): session opened for user root(uid=0) by (uid=1000)
Jan 12 14:00:47 devstack sudo[82719]: pam_unix(sudo:session): session closed for user root
Jan 12 14:00:47 devstack cinder-volume[81642]: DEBUG oslo_concurrency.processutils [req-73f28779-8749-433c-bee5-6a498befd570 req-c3e2f6df-8724-4e77-8594-3c09de185566 tempest-VolumesSnapshotsTestJSON-437939130 None] CMD "sudo cinder-rootwrap /etc/cinder/rootwrap.conf qemu-img rebase -u -b volume-c9a4b6fb-df56-4730-9e41-32cf50854c67 -F qcow2 /opt/stack/data/cinder/mnt/4cc69441db5d9bfc5561750e2b12ef5a/volume-c9a4b6fb-df56-4730-9e41-32cf50854c67.767b06fa-cca9-493c-ade2-19024491d7e8" returned: 0 in 0.494s {{(pid=81642) execute /opt/stack/data/venv/lib/python3.10/site-packages/oslo_concurrency/processutils.py:372}}
Jan 12 14:00:47 devstack cinder-volume[81642]: WARNING cinder.volume.drivers.remotefs [req-73f28779-8749-433c-bee5-6a498befd570 req-c3e2f6df-8724-4e77-8594-3c09de185566 tempest-VolumesSnapshotsTestJSON-437939130 None] /opt/stack/data/cinder/mnt/4cc69441db5d9bfc5561750e2b12ef5a/volume-c9a4b6fb-df56-4730-9e41-32cf50854c67.767b06fa-cca9-493c-ade2-19024491d7e8 is being set with open permissions: ugo+rw
Jan 12 14:00:47 devstack cinder-volume[81642]: DEBUG oslo_concurrency.processutils [req-73f28779-8749-433c-bee5-6a498befd570 req-c3e2f6df-8724-4e77-8594-3c09de185566 tempest-VolumesSnapshotsTestJSON-437939130 None] Running cmd (subprocess): sudo cinder-rootwrap /etc/cinder/rootwrap.conf chmod ugo+rw /opt/stack/data/cinder/mnt/4cc69441db5d9bfc5561750e2b12ef5a/volume-c9a4b6fb-df56-4730-9e41-32cf50854c67.767b06fa-cca9-493c-ade2-19024491d7e8 {{(pid=81642) execute /opt/stack/data/venv/lib/python3.10/site-packages/oslo_concurrency/processutils.py:349}}
Jan 12 14:00:47 devstack sudo[82724]: quobyte : PWD=/ ; USER=root ; COMMAND=/opt/stack/data/venv/bin/cinder-rootwrap /etc/cinder/rootwrap.conf chmod ugo+rw /opt/stack/data/cinder/mnt/4cc69441db5d9bfc5561750e2b12ef5a/volume-c9a4b6fb-df56-4730-9e41-32cf50854c67.767b06fa-cca9-493c-ade2-19024491d7e8
Jan 12 14:00:47 devstack sudo[82724]: pam_unix(sudo:session): session opened for user root(uid=0) by (uid=1000)
Jan 12 14:00:48 devstack sudo[82724]: pam_unix(sudo:session): session closed for user root
Jan 12 14:00:48 devstack cinder-volume[81642]: DEBUG oslo_concurrency.processutils [req-73f28779-8749-433c-bee5-6a498befd570 req-c3e2f6df-8724-4e77-8594-3c09de185566 tempest-VolumesSnapshotsTestJSON-437939130 None] CMD "sudo cinder-rootwrap /etc/cinder/rootwrap.conf chmod ugo+rw /opt/stack/data/cinder/mnt/4cc69441db5d9bfc5561750e2b12ef5a/volume-c9a4b6fb-df56-4730-9e41-32cf50854c67.767b06fa-cca9-493c-ade2-19024491d7e8" returned: 0 in 0.464s {{(pid=81642) execute /opt/stack/data/venv/lib/python3.10/site-packages/oslo_concurrency/processutils.py:372}}
Jan 12 14:00:48 devstack cinder-volume[81642]: DEBUG oslo_concurrency.processutils [req-73f28779-8749-433c-bee5-6a498befd570 req-c3e2f6df-8724-4e77-8594-3c09de185566 tempest-VolumesSnapshotsTestJSON-437939130 None] Running cmd (subprocess): sudo cinder-rootwrap /etc/cinder/rootwrap.conf truncate -s0 /opt/stack/data/cinder/mnt/4cc69441db5d9bfc5561750e2b12ef5a/volume-c9a4b6fb-df56-4730-9e41-32cf50854c67.info {{(pid=81642) execute /opt/stack/data/venv/lib/python3.10/site-packages/oslo_concurrency/processutils.py:349}}
Jan 12 14:00:48 devstack sudo[82728]: quobyte : PWD=/ ; USER=root ; COMMAND=/opt/stack/data/venv/bin/cinder-rootwrap /etc/cinder/rootwrap.conf truncate -s0 /opt/stack/data/cinder/mnt/4cc69441db5d9bfc5561750e2b12ef5a/volume-c9a4b6fb-df56-4730-9e41-32cf50854c67.info
Jan 12 14:00:48 devstack sudo[82728]: pam_unix(sudo:session): session opened for user root(uid=0) by (uid=1000)
Jan 12 14:00:48 devstack sudo[82728]: pam_unix(sudo:session): session closed for user root
Jan 12 14:00:48 devstack cinder-volume[81642]: DEBUG oslo_concurrency.processutils [req-73f28779-8749-433c-bee5-6a498befd570 req-c3e2f6df-8724-4e77-8594-3c09de185566 tempest-VolumesSnapshotsTestJSON-437939130 None] CMD "sudo cinder-rootwrap /etc/cinder/rootwrap.conf truncate -s0 /opt/stack/data/cinder/mnt/4cc69441db5d9bfc5561750e2b12ef5a/volume-c9a4b6fb-df56-4730-9e41-32cf50854c67.info" returned: 0 in 0.495s {{(pid=81642) execute /opt/stack/data/venv/lib/python3.10/site-packages/oslo_concurrency/processutils.py:372}}
Jan 12 14:00:48 devstack cinder-volume[81642]: WARNING cinder.volume.drivers.remotefs [req-73f28779-8749-433c-bee5-6a498befd570 req-c3e2f6df-8724-4e77-8594-3c09de185566 tempest-VolumesSnapshotsTestJSON-437939130 None] /opt/stack/data/cinder/mnt/4cc69441db5d9bfc5561750e2b12ef5a/volume-c9a4b6fb-df56-4730-9e41-32cf50854c67.info is being set with open permissions: ugo+rw
Jan 12 14:00:48 devstack cinder-volume[81642]: DEBUG oslo_concurrency.processutils [req-73f28779-8749-433c-bee5-6a498befd570 req-c3e2f6df-8724-4e77-8594-3c09de185566 tempest-VolumesSnapshotsTestJSON-437939130 None] Running cmd (subprocess): sudo cinder-rootwrap /etc/cinder/rootwrap.conf chmod ugo+rw /opt/stack/data/cinder/mnt/4cc69441db5d9bfc5561750e2b12ef5a/volume-c9a4b6fb-df56-4730-9e41-32cf50854c67.info {{(pid=81642) execute /opt/stack/data/venv/lib/python3.10/site-packages/oslo_concurrency/processutils.py:349}}
Jan 12 14:00:48 devstack sudo[82731]: quobyte : PWD=/ ; USER=root ; COMMAND=/opt/stack/data/venv/bin/cinder-rootwrap /etc/cinder/rootwrap.conf chmod ugo+rw /opt/stack/data/cinder/mnt/4cc69441db5d9bfc5561750e2b12ef5a/volume-c9a4b6fb-df56-4730-9e41-32cf50854c67.info
Jan 12 14:00:48 devstack sudo[82731]: pam_unix(sudo:session): session opened for user root(uid=0) by (uid=1000)
Jan 12 14:00:49 devstack sudo[82731]: pam_unix(sudo:session): session closed for user root
Jan 12 14:00:49 devstack cinder-volume[81642]: DEBUG oslo_concurrency.processutils [req-73f28779-8749-433c-bee5-6a498befd570 req-c3e2f6df-8724-4e77-8594-3c09de185566 tempest-VolumesSnapshotsTestJSON-437939130 None] CMD "sudo cinder-rootwrap /etc/cinder/rootwrap.conf chmod ugo+rw /opt/stack/data/cinder/mnt/4cc69441db5d9bfc5561750e2b12ef5a/volume-c9a4b6fb-df56-4730-9e41-32cf50854c67.info" returned: 0 in 0.470s {{(pid=81642) execute /opt/stack/data/venv/lib/python3.10/site-packages/oslo_concurrency/processutils.py:372}}
Jan 12 14:00:49 devstack cinder-volume[81642]: DEBUG oslo_concurrency.lockutils [req-73f28779-8749-433c-bee5-6a498befd570 req-c3e2f6df-8724-4e77-8594-3c09de185566 tempest-VolumesSnapshotsTestJSON-437939130 None] Lock "quobyte" "released" by "cinder.volume.drivers.quobyte.QuobyteDriver.create_snapshot" :: held 3.098s {{(pid=81642) inner /opt/stack/data/venv/lib/python3.10/site-packages/oslo_concurrency/lockutils.py:424}}
Jan 12 14:00:49 devstack cinder-volume[81642]: INFO cinder.volume.manager [req-73f28779-8749-433c-bee5-6a498befd570 req-c3e2f6df-8724-4e77-8594-3c09de185566 tempest-VolumesSnapshotsTestJSON-437939130 None] Create snapshot completed successfully
Jan 12 14:00:49 devstack cinder-volume[81642]: DEBUG cinder.coordination [req-37599901-feb5-4e09-918b-5a66292642b9 req-448cee34-3858-4200-a50f-ed54632e644d tempest-VolumesSnapshotsTestJSON-437939130 None] Acquiring lock "cinder-767b06fa-cca9-493c-ade2-19024491d7e8-delete_snapshot" by "delete_snapshot" {{(pid=81642) __acquire /opt/stack/cinder/cinder/coordination.py:143}}
Jan 12 14:00:49 devstack cinder-volume[81642]: DEBUG cinder.coordination [req-37599901-feb5-4e09-918b-5a66292642b9 req-448cee34-3858-4200-a50f-ed54632e644d tempest-VolumesSnapshotsTestJSON-437939130 None] Lock "cinder-767b06fa-cca9-493c-ade2-19024491d7e8-delete_snapshot" acquired by "delete_snapshot" :: waited 0.010s {{(pid=81642) __acquire /opt/stack/cinder/cinder/coordination.py:146}}
Jan 12 14:00:49 devstack cinder-volume[81642]: WARNING cinder.volume.volume_utils [req-37599901-feb5-4e09-918b-5a66292642b9 req-448cee34-3858-4200-a50f-ed54632e644d tempest-VolumesSnapshotsTestJSON-437939130 None] Volume driver (QuobyteDriver 1.1.13) is currently unsupported and may be removed in the next release of OpenStack. Use at your own risk.
Jan 12 14:00:49 devstack cinder-volume[81642]: DEBUG cinder.coordination [req-37599901-feb5-4e09-918b-5a66292642b9 req-448cee34-3858-4200-a50f-ed54632e644d tempest-VolumesSnapshotsTestJSON-437939130 None] Acquiring lock "cinder-quobyte-c9a4b6fb-df56-4730-9e41-32cf50854c67" by "delete_snapshot" {{(pid=81642) __acquire /opt/stack/cinder/cinder/coordination.py:143}}
Jan 12 14:00:49 devstack cinder-volume[81642]: DEBUG cinder.coordination [req-37599901-feb5-4e09-918b-5a66292642b9 req-448cee34-3858-4200-a50f-ed54632e644d tempest-VolumesSnapshotsTestJSON-437939130 None] Lock "cinder-quobyte-c9a4b6fb-df56-4730-9e41-32cf50854c67" acquired by "delete_snapshot" :: waited 0.011s {{(pid=81642) __acquire /opt/stack/cinder/cinder/coordination.py:146}}
Jan 12 14:00:49 devstack cinder-volume[81642]: DEBUG cinder.coordination [req-37599901-feb5-4e09-918b-5a66292642b9 req-448cee34-3858-4200-a50f-ed54632e644d tempest-VolumesSnapshotsTestJSON-437939130 None] Acquiring lock "cinder-quobyte-767b06fa-cca9-493c-ade2-19024491d7e8" by "_delete_snapshot" {{(pid=81642) __acquire /opt/stack/cinder/cinder/coordination.py:143}}
Jan 12 14:00:49 devstack cinder-volume[81642]: DEBUG cinder.coordination [req-37599901-feb5-4e09-918b-5a66292642b9 req-448cee34-3858-4200-a50f-ed54632e644d tempest-VolumesSnapshotsTestJSON-437939130 None] Lock "cinder-quobyte-767b06fa-cca9-493c-ade2-19024491d7e8" acquired by "_delete_snapshot" :: waited 0.009s {{(pid=81642) __acquire /opt/stack/cinder/cinder/coordination.py:146}}
Jan 12 14:00:49 devstack cinder-volume[81642]: DEBUG cinder.volume.drivers.remotefs [req-37599901-feb5-4e09-918b-5a66292642b9 req-448cee34-3858-4200-a50f-ed54632e644d tempest-VolumesSnapshotsTestJSON-437939130 None] Deleting offline snapshot 767b06fa-cca9-493c-ade2-19024491d7e8 of volume c9a4b6fb-df56-4730-9e41-32cf50854c67 {{(pid=81642) _delete_snapshot /opt/stack/cinder/cinder/volume/drivers/remotefs.py:1290}}
Jan 12 14:00:49 devstack cinder-volume[81642]: DEBUG cinder.volume.drivers.remotefs [req-37599901-feb5-4e09-918b-5a66292642b9 req-448cee34-3858-4200-a50f-ed54632e644d tempest-VolumesSnapshotsTestJSON-437939130 None] snapshot_file for this snap is: volume-c9a4b6fb-df56-4730-9e41-32cf50854c67.767b06fa-cca9-493c-ade2-19024491d7e8 {{(pid=81642) _delete_snapshot /opt/stack/cinder/cinder/volume/drivers/remotefs.py:1319}}
Jan 12 14:00:49 devstack cinder-volume[81642]: DEBUG oslo.privsep.daemon [-] privsep: reply[c11af393-2ce4-48e2-bf5a-d11fb4db69dc]: (4, 'qcow2') {{(pid=82252) _call_back /opt/stack/data/venv/lib/python3.10/site-packages/oslo_privsep/daemon.py:515}}
Jan 12 14:00:49 devstack cinder-volume[81642]: DEBUG oslo_concurrency.processutils [req-37599901-feb5-4e09-918b-5a66292642b9 req-448cee34-3858-4200-a50f-ed54632e644d tempest-VolumesSnapshotsTestJSON-437939130 None] Running cmd (subprocess): /opt/stack/data/venv/bin/python3.10 -m oslo_concurrency.prlimit --as=1073741824 --cpu=60 -- sudo cinder-rootwrap /etc/cinder/rootwrap.conf env LC_ALL=C qemu-img info -f qcow2 --output=json --force-share /opt/stack/data/cinder/mnt/4cc69441db5d9bfc5561750e2b12ef5a/volume-c9a4b6fb-df56-4730-9e41-32cf50854c67.767b06fa-cca9-493c-ade2-19024491d7e8 {{(pid=81642) execute /opt/stack/data/venv/lib/python3.10/site-packages/oslo_concurrency/processutils.py:349}}
Jan 12 14:00:49 devstack sudo[82735]: quobyte : PWD=/ ; USER=root ; COMMAND=/opt/stack/data/venv/bin/cinder-rootwrap /etc/cinder/rootwrap.conf env LC_ALL=C qemu-img info -f qcow2 --output=json --force-share /opt/stack/data/cinder/mnt/4cc69441db5d9bfc5561750e2b12ef5a/volume-c9a4b6fb-df56-4730-9e41-32cf50854c67.767b06fa-cca9-493c-ade2-19024491d7e8
Jan 12 14:00:49 devstack sudo[82735]: pam_unix(sudo:session): session opened for user root(uid=0) by (uid=1000)
Jan 12 14:00:50 devstack sudo[82735]: pam_unix(sudo:session): session closed for user root
Jan 12 14:00:50 devstack cinder-volume[81642]: DEBUG oslo_concurrency.processutils [req-37599901-feb5-4e09-918b-5a66292642b9 req-448cee34-3858-4200-a50f-ed54632e644d tempest-VolumesSnapshotsTestJSON-437939130 None] CMD "/opt/stack/data/venv/bin/python3.10 -m oslo_concurrency.prlimit --as=1073741824 --cpu=60 -- sudo cinder-rootwrap /etc/cinder/rootwrap.conf env LC_ALL=C qemu-img info -f qcow2 --output=json --force-share /opt/stack/data/cinder/mnt/4cc69441db5d9bfc5561750e2b12ef5a/volume-c9a4b6fb-df56-4730-9e41-32cf50854c67.767b06fa-cca9-493c-ade2-19024491d7e8" returned: 0 in 0.694s {{(pid=81642) execute /opt/stack/data/venv/lib/python3.10/site-packages/oslo_concurrency/processutils.py:372}}
Jan 12 14:00:50 devstack cinder-volume[81642]: DEBUG cinder.volume.drivers.remotefs [req-37599901-feb5-4e09-918b-5a66292642b9 req-448cee34-3858-4200-a50f-ed54632e644d tempest-VolumesSnapshotsTestJSON-437939130 None] Fetching qemu-img info with special backing_file_template: (/opt/stack/data/cinder/mnt/[0-9a-f]+/)?(volume-c9a4b6fb-df56-4730-9e41-32cf50854c67(.(tmp-snap-)?[0-9a-f-]+)?|volume_from_snapshot_cache/(tmp-snap-)?[0-9a-f-]+(.(child-|parent-)[0-9a-f-]+)?)$ {{(pid=81642) _qemu_img_info_base /opt/stack/cinder/cinder/volume/drivers/remotefs.py:898}}
Jan 12 14:00:50 devstack cinder-volume[81642]: DEBUG oslo.privsep.daemon [-] privsep: reply[029fa0d4-65c9-4ee6-a95a-dd7c972f3431]: (4, 'qcow2') {{(pid=82252) _call_back /opt/stack/data/venv/lib/python3.10/site-packages/oslo_privsep/daemon.py:515}}
Jan 12 14:00:50 devstack cinder-volume[81642]: DEBUG oslo_concurrency.processutils [req-37599901-feb5-4e09-918b-5a66292642b9 req-448cee34-3858-4200-a50f-ed54632e644d tempest-VolumesSnapshotsTestJSON-437939130 None] Running cmd (subprocess): /opt/stack/data/venv/bin/python3.10 -m oslo_concurrency.prlimit --as=1073741824 --cpu=60 -- sudo cinder-rootwrap /etc/cinder/rootwrap.conf env LC_ALL=C qemu-img info -f qcow2 --output=json --force-share /opt/stack/data/cinder/mnt/4cc69441db5d9bfc5561750e2b12ef5a/volume-c9a4b6fb-df56-4730-9e41-32cf50854c67 {{(pid=81642) execute /opt/stack/data/venv/lib/python3.10/site-packages/oslo_concurrency/processutils.py:349}}
Jan 12 14:00:50 devstack sudo[82740]: quobyte : PWD=/ ; USER=root ; COMMAND=/opt/stack/data/venv/bin/cinder-rootwrap /etc/cinder/rootwrap.conf env LC_ALL=C qemu-img info -f qcow2 --output=json --force-share /opt/stack/data/cinder/mnt/4cc69441db5d9bfc5561750e2b12ef5a/volume-c9a4b6fb-df56-4730-9e41-32cf50854c67
Jan 12 14:00:50 devstack sudo[82740]: pam_unix(sudo:session): session opened for user root(uid=0) by (uid=1000)
Jan 12 14:00:50 devstack sudo[82740]: pam_unix(sudo:session): session closed for user root
Jan 12 14:00:50 devstack cinder-volume[81642]: DEBUG oslo_concurrency.processutils [req-37599901-feb5-4e09-918b-5a66292642b9 req-448cee34-3858-4200-a50f-ed54632e644d tempest-VolumesSnapshotsTestJSON-437939130 None] CMD "/opt/stack/data/venv/bin/python3.10 -m oslo_concurrency.prlimit --as=1073741824 --cpu=60 -- sudo cinder-rootwrap /etc/cinder/rootwrap.conf env LC_ALL=C qemu-img info -f qcow2 --output=json --force-share /opt/stack/data/cinder/mnt/4cc69441db5d9bfc5561750e2b12ef5a/volume-c9a4b6fb-df56-4730-9e41-32cf50854c67" returned: 0 in 0.636s {{(pid=81642) execute /opt/stack/data/venv/lib/python3.10/site-packages/oslo_concurrency/processutils.py:372}}
Jan 12 14:00:50 devstack cinder-volume[81642]: DEBUG oslo_concurrency.processutils [req-37599901-feb5-4e09-918b-5a66292642b9 req-448cee34-3858-4200-a50f-ed54632e644d tempest-VolumesSnapshotsTestJSON-437939130 None] Running cmd (subprocess): sudo cinder-rootwrap /etc/cinder/rootwrap.conf qemu-img commit -d /opt/stack/data/cinder/mnt/4cc69441db5d9bfc5561750e2b12ef5a/volume-c9a4b6fb-df56-4730-9e41-32cf50854c67.767b06fa-cca9-493c-ade2-19024491d7e8 {{(pid=81642) execute /opt/stack/data/venv/lib/python3.10/site-packages/oslo_concurrency/processutils.py:349}}
Jan 12 14:00:50 devstack sudo[82745]: quobyte : PWD=/ ; USER=root ; COMMAND=/opt/stack/data/venv/bin/cinder-rootwrap /etc/cinder/rootwrap.conf qemu-img commit -d /opt/stack/data/cinder/mnt/4cc69441db5d9bfc5561750e2b12ef5a/volume-c9a4b6fb-df56-4730-9e41-32cf50854c67.767b06fa-cca9-493c-ade2-19024491d7e8
Jan 12 14:00:50 devstack sudo[82745]: pam_unix(sudo:session): session opened for user root(uid=0) by (uid=1000)
Jan 12 14:00:50 devstack cinder-volume[81642]: WARNING cinder.volume.volume_utils [req-cf1d5477-25bc-4720-b9bd-e1fce69bf830 req-20286bbb-0b46-4e86-9c52-4f0e58a86835 tempest-VolumesGetTestJSON-861201041 None] Volume driver (QuobyteDriver 1.1.13) is currently unsupported and may be removed in the next release of OpenStack. Use at your own risk.
Jan 12 14:00:50 devstack cinder-volume[81642]: DEBUG cinder.volume.flows.manager.create_volume [req-cf1d5477-25bc-4720-b9bd-e1fce69bf830 req-20286bbb-0b46-4e86-9c52-4f0e58a86835 tempest-VolumesGetTestJSON-861201041 None] Volume reschedule parameters: True retry: {'num_attempts': 1, 'backends': ['devstack@QuobyteHD#QuobyteHD'], 'hosts': ['devstack@QuobyteHD#QuobyteHD']} {{(pid=81642) get_flow /opt/stack/cinder/cinder/volume/flows/manager/create_volume.py:1388}}
Jan 12 14:00:50 devstack cinder-volume[81642]: DEBUG cinder.volume.manager [req-cf1d5477-25bc-4720-b9bd-e1fce69bf830 req-20286bbb-0b46-4e86-9c52-4f0e58a86835 tempest-VolumesGetTestJSON-861201041 None] Flow 'volume_create_manager' (62a343d5-62a0-4466-99f7-875f8e3fbd62) transitioned into state 'RUNNING' from state 'PENDING' {{(pid=81642) _flow_receiver /opt/stack/data/venv/lib/python3.10/site-packages/taskflow/listeners/logging.py:145}}
Jan 12 14:00:50 devstack cinder-volume[81642]: DEBUG cinder.volume.manager [req-cf1d5477-25bc-4720-b9bd-e1fce69bf830 req-20286bbb-0b46-4e86-9c52-4f0e58a86835 tempest-VolumesGetTestJSON-861201041 None] Task 'cinder.volume.flows.manager.create_volume.ExtractVolumeRefTask;volume:create' (bf66e3cf-f327-465c-9635-33c7a4a87034) transitioned into state 'RUNNING' from state 'PENDING' {{(pid=81642) _task_receiver /opt/stack/data/venv/lib/python3.10/site-packages/taskflow/listeners/logging.py:194}}
Jan 12 14:00:50 devstack cinder-volume[81642]: DEBUG cinder.volume.manager [req-cf1d5477-25bc-4720-b9bd-e1fce69bf830 req-20286bbb-0b46-4e86-9c52-4f0e58a86835 tempest-VolumesGetTestJSON-861201041 None] Task 'cinder.volume.flows.manager.create_volume.ExtractVolumeRefTask;volume:create' (bf66e3cf-f327-465c-9635-33c7a4a87034) transitioned into state 'SUCCESS' from state 'RUNNING' with result 'Volume(_name_id=None,admin_metadata=,attach_status='detached',availability_zone='nova',bootable=False,cluster=,cluster_name=None,consistencygroup=,consistencygroup_id=None,created_at=2026-01-12T13:00:51Z,deleted=False,deleted_at=None,display_description=None,display_name='tempest-VolumesGetTestJSON-Volume-1797687682',ec2_id=None,encryption_key_id=None,glance_metadata=,group=,group_id=None,host='devstack@QuobyteHD#QuobyteHD',id=761793e2-bf56-4add-b4ee-11f587245f4f,launched_at=None,metadata={Type='work'},migration_status=None,multiattach=False,previous_status=None,project_id='67cb6fae6da74ae29e2f4dc67b6846a0',provider_auth=None,provider_geometry=None,provider_id=None,provider_location=None,replication_driver_data=None,replication_extended_status=None,replication_status=None,scheduled_at=2026-01-12T13:00:51Z,service_uuid=None,shared_targets=True,size=1,snapshot_id=None,snapshots=,source_volid=None,status='creating',terminated_at=None,updated_at=2026-01-12T13:00:51Z,use_quota=True,user_id='b5a2ea21ddcf4c53a7319f04a318d2b4',volume_attachment=VolumeAttachmentList,volume_type=VolumeType(af8207d0-4fe5-4b36-8955-3bda9b8ae50a),volume_type_id=af8207d0-4fe5-4b36-8955-3bda9b8ae50a)' {{(pid=81642) _task_receiver /opt/stack/data/venv/lib/python3.10/site-packages/taskflow/listeners/logging.py:182}}
Jan 12 14:00:50 devstack cinder-volume[81642]: DEBUG cinder.volume.manager [req-cf1d5477-25bc-4720-b9bd-e1fce69bf830 req-20286bbb-0b46-4e86-9c52-4f0e58a86835 tempest-VolumesGetTestJSON-861201041 None] Task 'cinder.volume.flows.manager.create_volume.OnFailureRescheduleTask;volume:create' (622b108e-b794-4f8d-93f8-f9c7d5c9c413) transitioned into state 'RUNNING' from state 'PENDING' {{(pid=81642) _task_receiver /opt/stack/data/venv/lib/python3.10/site-packages/taskflow/listeners/logging.py:194}}
Jan 12 14:00:50 devstack cinder-volume[81642]: DEBUG cinder.volume.manager [req-cf1d5477-25bc-4720-b9bd-e1fce69bf830 req-20286bbb-0b46-4e86-9c52-4f0e58a86835 tempest-VolumesGetTestJSON-861201041 None] Task 'cinder.volume.flows.manager.create_volume.OnFailureRescheduleTask;volume:create' (622b108e-b794-4f8d-93f8-f9c7d5c9c413) transitioned into state 'SUCCESS' from state 'RUNNING' with result 'None' {{(pid=81642) _task_receiver /opt/stack/data/venv/lib/python3.10/site-packages/taskflow/listeners/logging.py:182}}
Jan 12 14:00:50 devstack cinder-volume[81642]: DEBUG cinder.volume.manager [req-cf1d5477-25bc-4720-b9bd-e1fce69bf830 req-20286bbb-0b46-4e86-9c52-4f0e58a86835 tempest-VolumesGetTestJSON-861201041 None] Task 'cinder.volume.flows.manager.create_volume.ExtractVolumeSpecTask;volume:create' (6879e125-5c2a-4b56-8edb-c9101877d82e) transitioned into state 'RUNNING' from state 'PENDING' {{(pid=81642) _task_receiver /opt/stack/data/venv/lib/python3.10/site-packages/taskflow/listeners/logging.py:194}}
Jan 12 14:00:50 devstack cinder-volume[81642]: DEBUG cinder.volume.manager [req-cf1d5477-25bc-4720-b9bd-e1fce69bf830 req-20286bbb-0b46-4e86-9c52-4f0e58a86835 tempest-VolumesGetTestJSON-861201041 None] Task 'cinder.volume.flows.manager.create_volume.ExtractVolumeSpecTask;volume:create' (6879e125-5c2a-4b56-8edb-c9101877d82e) transitioned into state 'SUCCESS' from state 'RUNNING' with result '{'status': 'creating', 'type': 'raw', 'volume_id': '761793e2-bf56-4add-b4ee-11f587245f4f', 'volume_name': 'volume-761793e2-bf56-4add-b4ee-11f587245f4f', 'volume_size': 1}' {{(pid=81642) _task_receiver /opt/stack/data/venv/lib/python3.10/site-packages/taskflow/listeners/logging.py:182}}
Jan 12 14:00:50 devstack cinder-volume[81642]: DEBUG cinder.volume.manager [req-cf1d5477-25bc-4720-b9bd-e1fce69bf830 req-20286bbb-0b46-4e86-9c52-4f0e58a86835 tempest-VolumesGetTestJSON-861201041 None] Task 'cinder.volume.flows.manager.create_volume.NotifyVolumeActionTask;volume:create, create.start' (c2cb34d7-e8b6-406d-b94d-b3702362a51b) transitioned into state 'RUNNING' from state 'PENDING' {{(pid=81642) _task_receiver /opt/stack/data/venv/lib/python3.10/site-packages/taskflow/listeners/logging.py:194}}
Jan 12 14:00:50 devstack cinder-volume[81642]: DEBUG cinder.volume.manager [req-cf1d5477-25bc-4720-b9bd-e1fce69bf830 req-20286bbb-0b46-4e86-9c52-4f0e58a86835 tempest-VolumesGetTestJSON-861201041 None] Task 'cinder.volume.flows.manager.create_volume.NotifyVolumeActionTask;volume:create, create.start' (c2cb34d7-e8b6-406d-b94d-b3702362a51b) transitioned into state 'SUCCESS' from state 'RUNNING' with result 'None' {{(pid=81642) _task_receiver /opt/stack/data/venv/lib/python3.10/site-packages/taskflow/listeners/logging.py:182}}
Jan 12 14:00:50 devstack cinder-volume[81642]: DEBUG cinder.volume.manager [req-cf1d5477-25bc-4720-b9bd-e1fce69bf830 req-20286bbb-0b46-4e86-9c52-4f0e58a86835 tempest-VolumesGetTestJSON-861201041 None] Task 'cinder.volume.flows.manager.create_volume.CreateVolumeFromSpecTask;volume:create' (b5689cc5-67f5-4d23-a736-5d982038189e) transitioned into state 'RUNNING' from state 'PENDING' {{(pid=81642) _task_receiver /opt/stack/data/venv/lib/python3.10/site-packages/taskflow/listeners/logging.py:194}}
Jan 12 14:00:50 devstack cinder-volume[81642]: INFO cinder.volume.flows.manager.create_volume [req-cf1d5477-25bc-4720-b9bd-e1fce69bf830 req-20286bbb-0b46-4e86-9c52-4f0e58a86835 tempest-VolumesGetTestJSON-861201041 None] Volume 761793e2-bf56-4add-b4ee-11f587245f4f: being created as raw with specification: {'status': 'creating', 'volume_name': 'volume-761793e2-bf56-4add-b4ee-11f587245f4f', 'volume_size': 1}
Jan 12 14:00:50 devstack cinder-volume[81642]: DEBUG oslo_concurrency.lockutils [req-cf1d5477-25bc-4720-b9bd-e1fce69bf830 req-20286bbb-0b46-4e86-9c52-4f0e58a86835 tempest-VolumesGetTestJSON-861201041 None] Acquiring lock "quobyte" by "cinder.volume.drivers.quobyte.QuobyteDriver.create_volume" {{(pid=81642) inner /opt/stack/data/venv/lib/python3.10/site-packages/oslo_concurrency/lockutils.py:405}}
Jan 12 14:00:50 devstack cinder-volume[81642]: DEBUG oslo_concurrency.lockutils [req-cf1d5477-25bc-4720-b9bd-e1fce69bf830 req-20286bbb-0b46-4e86-9c52-4f0e58a86835 tempest-VolumesGetTestJSON-861201041 None] Lock "quobyte" acquired by "cinder.volume.drivers.quobyte.QuobyteDriver.create_volume" :: waited 0.001s {{(pid=81642) inner /opt/stack/data/venv/lib/python3.10/site-packages/oslo_concurrency/lockutils.py:410}}
Jan 12 14:00:50 devstack cinder-volume[81642]: DEBUG cinder.volume.drivers.quobyte [req-cf1d5477-25bc-4720-b9bd-e1fce69bf830 req-20286bbb-0b46-4e86-9c52-4f0e58a86835 tempest-VolumesGetTestJSON-861201041 None] ==> create_volume: call "{'self': , 'volume': Volume(_name_id=None,admin_metadata=,attach_status='detached',availability_zone='nova',bootable=False,cluster=,cluster_name=None,consistencygroup=,consistencygroup_id=None,created_at=2026-01-12T13:00:51Z,deleted=False,deleted_at=None,display_description=None,display_name='tempest-VolumesGetTestJSON-Volume-1797687682',ec2_id=None,encryption_key_id=None,glance_metadata=,group=,group_id=None,host='devstack@QuobyteHD#QuobyteHD',id=761793e2-bf56-4add-b4ee-11f587245f4f,launched_at=None,metadata={Type='work'},migration_status=None,multiattach=False,previous_status=None,project_id='67cb6fae6da74ae29e2f4dc67b6846a0',provider_auth=None,provider_geometry=None,provider_id=None,provider_location=None,replication_driver_data=None,replication_extended_status=None,replication_status=None,scheduled_at=2026-01-12T13:00:51Z,service_uuid=None,shared_targets=True,size=1,snapshot_id=None,snapshots=,source_volid=None,status='creating',terminated_at=None,updated_at=2026-01-12T13:00:51Z,use_quota=True,user_id='b5a2ea21ddcf4c53a7319f04a318d2b4',volume_attachment=VolumeAttachmentList,volume_type=VolumeType(af8207d0-4fe5-4b36-8955-3bda9b8ae50a),volume_type_id=af8207d0-4fe5-4b36-8955-3bda9b8ae50a)}" {{(pid=81642) trace_logging_wrapper /opt/stack/cinder/cinder/volume/volume_utils.py:1498}}
Jan 12 14:00:50 devstack cinder-volume[81642]: DEBUG cinder.volume.drivers.remotefs [req-cf1d5477-25bc-4720-b9bd-e1fce69bf830 req-20286bbb-0b46-4e86-9c52-4f0e58a86835 tempest-VolumesGetTestJSON-861201041 None] Creating volume 761793e2-bf56-4add-b4ee-11f587245f4f {{(pid=81642) create_volume /opt/stack/cinder/cinder/volume/drivers/remotefs.py:292}}
Jan 12 14:00:50 devstack cinder-volume[81642]: DEBUG oslo_concurrency.lockutils [req-cf1d5477-25bc-4720-b9bd-e1fce69bf830 req-20286bbb-0b46-4e86-9c52-4f0e58a86835 tempest-VolumesGetTestJSON-861201041 None] Acquiring lock "quobyte_ensure" by "cinder.volume.drivers.quobyte.QuobyteDriver._ensure_shares_mounted" {{(pid=81642) inner /opt/stack/data/venv/lib/python3.10/site-packages/oslo_concurrency/lockutils.py:405}}
Jan 12 14:00:50 devstack cinder-volume[81642]: DEBUG oslo_concurrency.lockutils [req-cf1d5477-25bc-4720-b9bd-e1fce69bf830 req-20286bbb-0b46-4e86-9c52-4f0e58a86835 tempest-VolumesGetTestJSON-861201041 None] Lock "quobyte_ensure" acquired by "cinder.volume.drivers.quobyte.QuobyteDriver._ensure_shares_mounted" :: waited 0.000s {{(pid=81642) inner /opt/stack/data/venv/lib/python3.10/site-packages/oslo_concurrency/lockutils.py:410}}
Jan 12 14:00:50 devstack cinder-volume[81642]: DEBUG cinder.volume.drivers.quobyte [req-cf1d5477-25bc-4720-b9bd-e1fce69bf830 req-20286bbb-0b46-4e86-9c52-4f0e58a86835 tempest-VolumesGetTestJSON-861201041 None] Quobyte Volume URL set to: {'osci02.corp.quobyte.com/cinder-vol-373860c0-7acc-4ee8-b3f2-cb35a89f5a01': None} {{(pid=81642) _load_shares_config /opt/stack/cinder/cinder/volume/drivers/quobyte.py:611}}
Jan 12 14:00:50 devstack cinder-volume[81642]: DEBUG cinder.volume.drivers.quobyte [req-cf1d5477-25bc-4720-b9bd-e1fce69bf830 req-20286bbb-0b46-4e86-9c52-4f0e58a86835 tempest-VolumesGetTestJSON-861201041 None] Available shares ['osci02.corp.quobyte.com/cinder-vol-373860c0-7acc-4ee8-b3f2-cb35a89f5a01'] {{(pid=81642) _ensure_shares_mounted /opt/stack/cinder/cinder/volume/drivers/quobyte.py:641}}
Jan 12 14:00:50 devstack cinder-volume[81642]: DEBUG oslo_concurrency.lockutils [req-cf1d5477-25bc-4720-b9bd-e1fce69bf830 req-20286bbb-0b46-4e86-9c52-4f0e58a86835 tempest-VolumesGetTestJSON-861201041 None] Lock "quobyte_ensure" "released" by "cinder.volume.drivers.quobyte.QuobyteDriver._ensure_shares_mounted" :: held 0.005s {{(pid=81642) inner /opt/stack/data/venv/lib/python3.10/site-packages/oslo_concurrency/lockutils.py:424}}
Jan 12 14:00:50 devstack cinder-volume[81642]: DEBUG cinder.volume.drivers.quobyte [req-cf1d5477-25bc-4720-b9bd-e1fce69bf830 req-20286bbb-0b46-4e86-9c52-4f0e58a86835 tempest-VolumesGetTestJSON-861201041 None] Selected osci02.corp.quobyte.com/cinder-vol-373860c0-7acc-4ee8-b3f2-cb35a89f5a01 as target Quobyte volume. {{(pid=81642) _find_share /opt/stack/cinder/cinder/volume/drivers/quobyte.py:662}}
Jan 12 14:00:50 devstack cinder-volume[81642]: INFO cinder.volume.drivers.remotefs [req-cf1d5477-25bc-4720-b9bd-e1fce69bf830 req-20286bbb-0b46-4e86-9c52-4f0e58a86835 tempest-VolumesGetTestJSON-861201041 None] casted to osci02.corp.quobyte.com/cinder-vol-373860c0-7acc-4ee8-b3f2-cb35a89f5a01
Jan 12 14:00:50 devstack cinder-volume[81642]: DEBUG oslo_concurrency.processutils [req-cf1d5477-25bc-4720-b9bd-e1fce69bf830 req-20286bbb-0b46-4e86-9c52-4f0e58a86835 tempest-VolumesGetTestJSON-861201041 None] Running cmd (subprocess): sudo cinder-rootwrap /etc/cinder/rootwrap.conf qemu-img create -f qcow2 -o preallocation=metadata /opt/stack/data/cinder/mnt/4cc69441db5d9bfc5561750e2b12ef5a/volume-761793e2-bf56-4add-b4ee-11f587245f4f 1073741824 {{(pid=81642) execute /opt/stack/data/venv/lib/python3.10/site-packages/oslo_concurrency/processutils.py:349}}
Jan 12 14:00:50 devstack sudo[82753]: quobyte : PWD=/ ; USER=root ; COMMAND=/opt/stack/data/venv/bin/cinder-rootwrap /etc/cinder/rootwrap.conf qemu-img create -f qcow2 -o preallocation=metadata /opt/stack/data/cinder/mnt/4cc69441db5d9bfc5561750e2b12ef5a/volume-761793e2-bf56-4add-b4ee-11f587245f4f 1073741824
Jan 12 14:00:50 devstack sudo[82753]: pam_unix(sudo:session): session opened for user root(uid=0) by (uid=1000)
Jan 12 14:00:51 devstack sudo[82745]: pam_unix(sudo:session): session closed for user root
Jan 12 14:00:51 devstack cinder-volume[81642]: DEBUG oslo_concurrency.processutils [req-37599901-feb5-4e09-918b-5a66292642b9 req-448cee34-3858-4200-a50f-ed54632e644d tempest-VolumesSnapshotsTestJSON-437939130 None] CMD "sudo cinder-rootwrap /etc/cinder/rootwrap.conf qemu-img commit -d /opt/stack/data/cinder/mnt/4cc69441db5d9bfc5561750e2b12ef5a/volume-c9a4b6fb-df56-4730-9e41-32cf50854c67.767b06fa-cca9-493c-ade2-19024491d7e8" returned: 0 in 0.515s {{(pid=81642) execute /opt/stack/data/venv/lib/python3.10/site-packages/oslo_concurrency/processutils.py:372}}
Jan 12 14:00:51 devstack cinder-volume[81642]: DEBUG oslo_concurrency.processutils [req-37599901-feb5-4e09-918b-5a66292642b9 req-448cee34-3858-4200-a50f-ed54632e644d tempest-VolumesSnapshotsTestJSON-437939130 None] Running cmd (subprocess): sudo cinder-rootwrap /etc/cinder/rootwrap.conf rm -f /opt/stack/data/cinder/mnt/4cc69441db5d9bfc5561750e2b12ef5a/volume-c9a4b6fb-df56-4730-9e41-32cf50854c67.767b06fa-cca9-493c-ade2-19024491d7e8 {{(pid=81642) execute /opt/stack/data/venv/lib/python3.10/site-packages/oslo_concurrency/processutils.py:349}}
Jan 12 14:00:51 devstack sudo[82758]: quobyte : PWD=/ ; USER=root ; COMMAND=/opt/stack/data/venv/bin/cinder-rootwrap /etc/cinder/rootwrap.conf rm -f /opt/stack/data/cinder/mnt/4cc69441db5d9bfc5561750e2b12ef5a/volume-c9a4b6fb-df56-4730-9e41-32cf50854c67.767b06fa-cca9-493c-ade2-19024491d7e8
Jan 12 14:00:51 devstack sudo[82758]: pam_unix(sudo:session): session opened for user root(uid=0) by (uid=1000)
Jan 12 14:00:51 devstack sudo[82753]: pam_unix(sudo:session): session closed for user root
Jan 12 14:00:51 devstack cinder-volume[81642]: DEBUG oslo_concurrency.processutils [req-cf1d5477-25bc-4720-b9bd-e1fce69bf830 req-20286bbb-0b46-4e86-9c52-4f0e58a86835 tempest-VolumesGetTestJSON-861201041 None] CMD "sudo cinder-rootwrap /etc/cinder/rootwrap.conf qemu-img create -f qcow2 -o preallocation=metadata /opt/stack/data/cinder/mnt/4cc69441db5d9bfc5561750e2b12ef5a/volume-761793e2-bf56-4add-b4ee-11f587245f4f 1073741824" returned: 0 in 0.557s {{(pid=81642) execute /opt/stack/data/venv/lib/python3.10/site-packages/oslo_concurrency/processutils.py:372}}
Jan 12 14:00:51 devstack cinder-volume[81642]: DEBUG oslo_concurrency.processutils [req-cf1d5477-25bc-4720-b9bd-e1fce69bf830 req-20286bbb-0b46-4e86-9c52-4f0e58a86835 tempest-VolumesGetTestJSON-861201041 None] Running cmd (subprocess): sudo cinder-rootwrap /etc/cinder/rootwrap.conf chmod ugo+rw /opt/stack/data/cinder/mnt/4cc69441db5d9bfc5561750e2b12ef5a/volume-761793e2-bf56-4add-b4ee-11f587245f4f {{(pid=81642) execute /opt/stack/data/venv/lib/python3.10/site-packages/oslo_concurrency/processutils.py:349}}
Jan 12 14:00:51 devstack sudo[82763]: quobyte : PWD=/ ; USER=root ; COMMAND=/opt/stack/data/venv/bin/cinder-rootwrap /etc/cinder/rootwrap.conf chmod ugo+rw /opt/stack/data/cinder/mnt/4cc69441db5d9bfc5561750e2b12ef5a/volume-761793e2-bf56-4add-b4ee-11f587245f4f
Jan 12 14:00:51 devstack sudo[82763]: pam_unix(sudo:session): session opened for user root(uid=0) by (uid=1000)
Jan 12 14:00:51 devstack sudo[82758]: pam_unix(sudo:session): session closed for user root
Jan 12 14:00:51 devstack cinder-volume[81642]: DEBUG oslo_concurrency.processutils [req-37599901-feb5-4e09-918b-5a66292642b9 req-448cee34-3858-4200-a50f-ed54632e644d tempest-VolumesSnapshotsTestJSON-437939130 None] CMD "sudo cinder-rootwrap /etc/cinder/rootwrap.conf rm -f /opt/stack/data/cinder/mnt/4cc69441db5d9bfc5561750e2b12ef5a/volume-c9a4b6fb-df56-4730-9e41-32cf50854c67.767b06fa-cca9-493c-ade2-19024491d7e8" returned: 0 in 0.445s {{(pid=81642) execute /opt/stack/data/venv/lib/python3.10/site-packages/oslo_concurrency/processutils.py:372}}
Jan 12 14:00:51 devstack cinder-volume[81642]: DEBUG cinder.coordination [req-37599901-feb5-4e09-918b-5a66292642b9 req-448cee34-3858-4200-a50f-ed54632e644d tempest-VolumesSnapshotsTestJSON-437939130 None] Lock "cinder-quobyte-767b06fa-cca9-493c-ade2-19024491d7e8" released by "_delete_snapshot" :: held 2.359s {{(pid=81642) __release /opt/stack/cinder/cinder/coordination.py:157}}
Jan 12 14:00:51 devstack cinder-volume[81642]: DEBUG cinder.coordination [req-37599901-feb5-4e09-918b-5a66292642b9 req-448cee34-3858-4200-a50f-ed54632e644d tempest-VolumesSnapshotsTestJSON-437939130 None] Lock "cinder-quobyte-c9a4b6fb-df56-4730-9e41-32cf50854c67" released by "delete_snapshot" :: held 2.372s {{(pid=81642) __release /opt/stack/cinder/cinder/coordination.py:157}}
Jan 12 14:00:51 devstack cinder-volume[81642]: WARNING cinder.quota [req-37599901-feb5-4e09-918b-5a66292642b9 req-448cee34-3858-4200-a50f-ed54632e644d tempest-VolumesSnapshotsTestJSON-437939130 None] Deprecated: Default quota for resource: snapshots_QuobyteHD is set by the default quota flag: quota_snapshots_QuobyteHD, it is now deprecated. Please use the default quota class for default quota.
Jan 12 14:00:51 devstack cinder-volume[81642]: DEBUG cinder.quota [req-37599901-feb5-4e09-918b-5a66292642b9 req-448cee34-3858-4200-a50f-ed54632e644d tempest-VolumesSnapshotsTestJSON-437939130 None] Created reservations ['07fe2340-d457-4f87-8880-87552331318b', 'b0f7a72c-ffe6-4147-8e34-0eab41caaec0', '5bc4c135-9182-4615-8cea-dd6b52fa2749', '952ed583-8cd6-4865-b992-7ed241adc352'] {{(pid=81642) reserve /opt/stack/cinder/cinder/quota.py:752}}
Jan 12 14:00:51 devstack cinder-volume[81642]: INFO cinder.volume.manager [req-37599901-feb5-4e09-918b-5a66292642b9 req-448cee34-3858-4200-a50f-ed54632e644d tempest-VolumesSnapshotsTestJSON-437939130 None] Delete snapshot completed successfully.
Jan 12 14:00:51 devstack cinder-volume[81642]: DEBUG cinder.coordination [req-37599901-feb5-4e09-918b-5a66292642b9 req-448cee34-3858-4200-a50f-ed54632e644d tempest-VolumesSnapshotsTestJSON-437939130 None] Lock "cinder-767b06fa-cca9-493c-ade2-19024491d7e8-delete_snapshot" released by "delete_snapshot" :: held 2.475s {{(pid=81642) __release /opt/stack/cinder/cinder/coordination.py:157}}
Jan 12 14:00:51 devstack sudo[82763]: pam_unix(sudo:session): session closed for user root
