Apr 10 13:06:19 devstack devstack@g-api.service[74334]: [uWSGI] getting INI configuration from /etc/glance/glance-uwsgi.ini
Apr 10 13:06:19 devstack devstack@g-api.service[74334]: *** Starting uWSGI 2.0.20-debian (64bit) on [Fri Apr 10 13:06:19 2026] ***
Apr 10 13:06:19 devstack devstack@g-api.service[74334]: compiled with version: 11.2.0 on 21 March 2022 11:00:44
Apr 10 13:06:19 devstack devstack@g-api.service[74334]: os: Linux-5.15.0-171-generic #181-Ubuntu SMP Fri Feb 6 22:44:50 UTC 2026
Apr 10 13:06:19 devstack devstack@g-api.service[74334]: nodename: devstack
Apr 10 13:06:19 devstack devstack@g-api.service[74334]: machine: x86_64
Apr 10 13:06:19 devstack devstack@g-api.service[74334]: clock source: unix
Apr 10 13:06:19 devstack devstack@g-api.service[74334]: pcre jit disabled
Apr 10 13:06:19 devstack devstack@g-api.service[74334]: detected number of CPU cores: 4
Apr 10 13:06:19 devstack devstack@g-api.service[74334]: current working directory: /
Apr 10 13:06:19 devstack devstack@g-api.service[74334]: detected binary path: /usr/bin/uwsgi-core
Apr 10 13:06:19 devstack devstack@g-api.service[74334]: your processes number limit is 47362
Apr 10 13:06:19 devstack devstack@g-api.service[74334]: your memory page size is 4096 bytes
Apr 10 13:06:19 devstack devstack@g-api.service[74334]: detected max file descriptor number: 2048
Apr 10 13:06:19 devstack devstack@g-api.service[74334]: lock engine: pthread robust mutexes
Apr 10 13:06:19 devstack devstack@g-api.service[74334]: thunder lock: enabled
Apr 10 13:06:19 devstack devstack@g-api.service[74334]: uwsgi socket 0 bound to TCP address 127.0.0.1:60999 fd 4
Apr 10 13:06:19 devstack devstack@g-api.service[74334]: Python version: 3.10.12 (main, Mar 3 2026, 11:56:32) [GCC 11.4.0]
Apr 10 13:06:19 devstack devstack@g-api.service[74334]: PEP 405 virtualenv detected: /opt/stack/data/venv
Apr 10 13:06:19 devstack devstack@g-api.service[74334]: Set PythonHome to /opt/stack/data/venv
Apr 10 13:06:19 devstack devstack@g-api.service[74334]: Python main interpreter initialized at 0x564d68ed66a0
Apr 10 13:06:19 devstack devstack@g-api.service[74334]: python threads support enabled
Apr 10 13:06:19 devstack devstack@g-api.service[74334]: your server socket listen backlog is limited to 100 connections
Apr 10 13:06:19 devstack devstack@g-api.service[74334]: your mercy for graceful operations on workers is 80 seconds
Apr 10 13:06:19 devstack devstack@g-api.service[74334]: mapped 403077 bytes (393 KB) for 2 cores
Apr 10 13:06:19 devstack devstack@g-api.service[74334]: *** Operational MODE: preforking ***
Apr 10 13:06:19 devstack devstack@g-api.service[74334]: *** uWSGI is running in multiple interpreter mode ***
Apr 10 13:06:19 devstack devstack@g-api.service[74334]: spawned uWSGI master process (pid: 74334)
Apr 10 13:06:19 devstack devstack@g-api.service[74334]: spawned uWSGI worker 1 (pid: 74339, cores: 1)
Apr 10 13:06:19 devstack devstack@g-api.service[74334]: spawned uWSGI worker 2 (pid: 74340, cores: 1)
Apr 10 13:06:19 devstack devstack@g-api.service[74334]: running "unix_signal:15 gracefully_kill_them_all" (master-start)...
Apr 10 13:06:19 devstack devstack@g-api.service[74339]: /opt/stack/data/venv/lib/python3.10/site-packages/oslo_utils/importutils.py:77: EventletDeprecationWarning:
Apr 10 13:06:19 devstack devstack@g-api.service[74339]: Eventlet is deprecated. It is currently being maintained in bugfix mode, and
Apr 10 13:06:19 devstack devstack@g-api.service[74339]: we strongly recommend against using it for new projects.
Apr 10 13:06:19 devstack devstack@g-api.service[74339]: If you are already using Eventlet, we recommend migrating to a different
Apr 10 13:06:19 devstack devstack@g-api.service[74339]: framework. For more detail see
Apr 10 13:06:19 devstack devstack@g-api.service[74339]: https://eventlet.readthedocs.io/en/latest/asyncio/migration.html
Apr 10 13:06:19 devstack devstack@g-api.service[74339]: __import__(import_str)
Apr 10 13:06:19 devstack devstack@g-api.service[74340]: /opt/stack/data/venv/lib/python3.10/site-packages/oslo_utils/importutils.py:77: EventletDeprecationWarning:
Apr 10 13:06:19 devstack devstack@g-api.service[74340]: Eventlet is deprecated. It is currently being maintained in bugfix mode, and
Apr 10 13:06:19 devstack devstack@g-api.service[74340]: we strongly recommend against using it for new projects.
Apr 10 13:06:19 devstack devstack@g-api.service[74340]: If you are already using Eventlet, we recommend migrating to a different
Apr 10 13:06:19 devstack devstack@g-api.service[74340]: framework. For more detail see
Apr 10 13:06:19 devstack devstack@g-api.service[74340]: https://eventlet.readthedocs.io/en/latest/asyncio/migration.html
Apr 10 13:06:19 devstack devstack@g-api.service[74340]: __import__(import_str)
Apr 10 13:06:20 devstack devstack@g-api.service[74339]: INFO glance.async_ [-] Threadpool model set to 'NativeThreadPoolModel'
Apr 10 13:06:20 devstack devstack@g-api.service[74340]: INFO glance.async_ [-] Threadpool model set to 'NativeThreadPoolModel'
Apr 10 13:06:20 devstack devstack@g-api.service[74339]: DEBUG oslo_concurrency.processutils [-] Running cmd (subprocess): grep -F node.session.scan /sbin/iscsiadm {{(pid=74339) execute /opt/stack/data/venv/lib/python3.10/site-packages/oslo_concurrency/processutils.py:440}}
Apr 10 13:06:20 devstack devstack@g-api.service[74339]: DEBUG oslo_concurrency.processutils [-] CMD "grep -F node.session.scan /sbin/iscsiadm" returned: 0 in 0.011s {{(pid=74339) execute /opt/stack/data/venv/lib/python3.10/site-packages/oslo_concurrency/processutils.py:468}}
Apr 10 13:06:20 devstack devstack@g-api.service[74340]: DEBUG oslo_concurrency.processutils [-] Running cmd (subprocess): grep -F node.session.scan /sbin/iscsiadm {{(pid=74340) execute /opt/stack/data/venv/lib/python3.10/site-packages/oslo_concurrency/processutils.py:440}}
Apr 10 13:06:20 devstack devstack@g-api.service[74340]: DEBUG oslo_concurrency.processutils [-] CMD "grep -F node.session.scan /sbin/iscsiadm" returned: 0 in 0.013s {{(pid=74340) execute /opt/stack/data/venv/lib/python3.10/site-packages/oslo_concurrency/processutils.py:468}}
Apr 10 13:06:20 devstack devstack@g-api.service[74339]: DEBUG glance_store.backend [-] Attempting to import store cinder {{(pid=74339) _load_store /opt/stack/data/venv/lib/python3.10/site-packages/glance_store/backend.py:215}}
Apr 10 13:06:20 devstack devstack@g-api.service[74339]: DEBUG glance_store.backend [-] Attempting to import store file {{(pid=74339) _load_store /opt/stack/data/venv/lib/python3.10/site-packages/glance_store/backend.py:215}}
Apr 10 13:06:20 devstack devstack@g-api.service[74339]: DEBUG glance_store.backend [-] Attempting to import store glance.store.cinder.Store {{(pid=74339) _load_store /opt/stack/data/venv/lib/python3.10/site-packages/glance_store/backend.py:215}}
Apr 10 13:06:20 devstack devstack@g-api.service[74339]: DEBUG glance_store.backend [-] Attempting to import store glance.store.filesystem.Store {{(pid=74339) _load_store /opt/stack/data/venv/lib/python3.10/site-packages/glance_store/backend.py:215}}
Apr 10 13:06:20 devstack devstack@g-api.service[74339]: DEBUG glance_store.backend [-] Attempting to import store glance.store.http.Store {{(pid=74339) _load_store /opt/stack/data/venv/lib/python3.10/site-packages/glance_store/backend.py:215}}
Apr 10 13:06:20 devstack devstack@g-api.service[74339]: DEBUG glance_store.backend [-] Attempting to import store glance.store.rbd.Store {{(pid=74339) _load_store /opt/stack/data/venv/lib/python3.10/site-packages/glance_store/backend.py:215}}
Apr 10 13:06:20 devstack devstack@g-api.service[74339]: DEBUG glance_store.backend [-] Attempting to import store glance.store.s3.Store {{(pid=74339) _load_store /opt/stack/data/venv/lib/python3.10/site-packages/glance_store/backend.py:215}}
Apr 10 13:06:20 devstack devstack@g-api.service[74339]: DEBUG glance_store.backend [-] Attempting to import store glance.store.swift.Store {{(pid=74339) _load_store /opt/stack/data/venv/lib/python3.10/site-packages/glance_store/backend.py:215}}
Apr 10 13:06:20 devstack devstack@g-api.service[74339]: DEBUG glance_store.backend [-] Attempting to import store glance.store.vmware_datastore.Store {{(pid=74339) _load_store /opt/stack/data/venv/lib/python3.10/site-packages/glance_store/backend.py:215}}
Apr 10 13:06:20 devstack devstack@g-api.service[74339]: DEBUG glance_store.backend [-] Attempting to import store http {{(pid=74339) _load_store /opt/stack/data/venv/lib/python3.10/site-packages/glance_store/backend.py:215}}
Apr 10 13:06:20 devstack devstack@g-api.service[74339]: DEBUG glance_store.backend [-] Attempting to import store no_conf {{(pid=74339) _load_store /opt/stack/data/venv/lib/python3.10/site-packages/glance_store/backend.py:215}}
Apr 10 13:06:20 devstack devstack@g-api.service[74339]: DEBUG glance_store.backend [-] Attempting to import store rbd {{(pid=74339) _load_store /opt/stack/data/venv/lib/python3.10/site-packages/glance_store/backend.py:215}}
Apr 10 13:06:20 devstack devstack@g-api.service[74339]: DEBUG glance_store.backend [-] Attempting to import store s3 {{(pid=74339) _load_store /opt/stack/data/venv/lib/python3.10/site-packages/glance_store/backend.py:215}}
Apr 10 13:06:20 devstack devstack@g-api.service[74339]: DEBUG glance_store.backend [-] Attempting to import store swift {{(pid=74339) _load_store /opt/stack/data/venv/lib/python3.10/site-packages/glance_store/backend.py:215}}
Apr 10 13:06:20 devstack devstack@g-api.service[74339]: DEBUG glance_store.backend [-] Attempting to import store vmware {{(pid=74339) _load_store /opt/stack/data/venv/lib/python3.10/site-packages/glance_store/backend.py:215}}
Apr 10 13:06:20 devstack devstack@g-api.service[74339]: DEBUG glance_store.backend [-] Registering options for group glance_store {{(pid=74339) register_opts /opt/stack/data/venv/lib/python3.10/site-packages/glance_store/backend.py:144}}
Apr 10 13:06:20 devstack devstack@g-api.service[74339]: DEBUG glance_store.backend [-] Registering options for group glance_store {{(pid=74339) register_opts /opt/stack/data/venv/lib/python3.10/site-packages/glance_store/backend.py:144}}
Apr 10 13:06:20 devstack devstack@g-api.service[74339]: DEBUG glance_store.backend [-] Attempting to import store file {{(pid=74339) _load_store /opt/stack/data/venv/lib/python3.10/site-packages/glance_store/backend.py:215}}
Apr 10 13:06:20 devstack devstack@g-api.service[74339]: DEBUG glance_store.capabilities [-] Store glance_store._drivers.filesystem.Store doesn't support updating dynamic storage capabilities. Please overwrite 'update_capabilities' method of the store to implement updating logics if needed. {{(pid=74339) update_capabilities /opt/stack/data/venv/lib/python3.10/site-packages/glance_store/capabilities.py:91}}
Apr 10 13:06:20 devstack devstack@g-api.service[74339]: DEBUG glance_store.backend [-] Registering store file with schemes ('file', 'filesystem') {{(pid=74339) create_stores /opt/stack/data/venv/lib/python3.10/site-packages/glance_store/backend.py:261}}
Apr 10 13:06:20 devstack devstack@g-api.service[74339]: DEBUG glance_store.driver [-] Late loading location class glance_store._drivers.filesystem.StoreLocation {{(pid=74339) get_store_location_class /opt/stack/data/venv/lib/python3.10/site-packages/glance_store/driver.py:134}}
Apr 10 13:06:20 devstack devstack@g-api.service[74339]: DEBUG glance_store.location [-] Registering scheme file with {'store': , 'location_class': , 'store_entry': 'file'} {{(pid=74339) register_scheme_map /opt/stack/data/venv/lib/python3.10/site-packages/glance_store/location.py:146}}
Apr 10 13:06:20 devstack devstack@g-api.service[74339]: DEBUG glance_store.location [-] Registering scheme filesystem with {'store': , 'location_class': , 'store_entry': 'file'} {{(pid=74339) register_scheme_map /opt/stack/data/venv/lib/python3.10/site-packages/glance_store/location.py:146}}
Apr 10 13:06:20 devstack devstack@g-api.service[74339]: DEBUG glance_store.backend [-] Attempting to import store http {{(pid=74339) _load_store /opt/stack/data/venv/lib/python3.10/site-packages/glance_store/backend.py:215}}
Apr 10 13:06:20 devstack devstack@g-api.service[74339]: DEBUG glance_store.capabilities [-] Store glance_store._drivers.http.Store doesn't support updating dynamic storage capabilities. Please overwrite 'update_capabilities' method of the store to implement updating logics if needed. {{(pid=74339) update_capabilities /opt/stack/data/venv/lib/python3.10/site-packages/glance_store/capabilities.py:91}}
Apr 10 13:06:20 devstack devstack@g-api.service[74339]: DEBUG glance_store.backend [-] Registering store http with schemes ('http', 'https') {{(pid=74339) create_stores /opt/stack/data/venv/lib/python3.10/site-packages/glance_store/backend.py:261}}
Apr 10 13:06:20 devstack devstack@g-api.service[74339]: DEBUG glance_store.driver [-] Late loading location class glance_store._drivers.http.StoreLocation {{(pid=74339) get_store_location_class /opt/stack/data/venv/lib/python3.10/site-packages/glance_store/driver.py:134}}
Apr 10 13:06:20 devstack devstack@g-api.service[74339]: DEBUG glance_store.location [-] Registering scheme http with {'store': , 'location_class': , 'store_entry': 'http'} {{(pid=74339) register_scheme_map /opt/stack/data/venv/lib/python3.10/site-packages/glance_store/location.py:146}}
Apr 10 13:06:20 devstack devstack@g-api.service[74339]: DEBUG glance_store.location [-] Registering scheme https with {'store': , 'location_class': , 'store_entry': 'http'} {{(pid=74339) register_scheme_map /opt/stack/data/venv/lib/python3.10/site-packages/glance_store/location.py:146}}
Apr 10 13:06:20 devstack devstack@g-api.service[74339]: DEBUG glance.sqlite_migration [-] SQLite caching database not located, skipping migration {{(pid=74339) get_db_path /opt/stack/glance/glance/sqlite_migration.py:68}}
Apr 10 13:06:20 devstack devstack@g-api.service[74339]: WARNING glance.common.wsgi_app [-] Import methods are enabled but staging directory /tmp/staging/ does not exist; Imports will fail!
Apr 10 13:06:20 devstack devstack@g-api.service[74340]: DEBUG glance_store.backend [-] Attempting to import store cinder {{(pid=74340) _load_store /opt/stack/data/venv/lib/python3.10/site-packages/glance_store/backend.py:215}}
Apr 10 13:06:20 devstack devstack@g-api.service[74340]: DEBUG glance_store.backend [-] Attempting to import store file {{(pid=74340) _load_store /opt/stack/data/venv/lib/python3.10/site-packages/glance_store/backend.py:215}}
Apr 10 13:06:20 devstack devstack@g-api.service[74340]: DEBUG glance_store.backend [-] Attempting to import store glance.store.cinder.Store {{(pid=74340) _load_store /opt/stack/data/venv/lib/python3.10/site-packages/glance_store/backend.py:215}}
Apr 10 13:06:20 devstack devstack@g-api.service[74340]: DEBUG glance_store.backend [-] Attempting to import store glance.store.filesystem.Store {{(pid=74340) _load_store /opt/stack/data/venv/lib/python3.10/site-packages/glance_store/backend.py:215}}
Apr 10 13:06:20 devstack devstack@g-api.service[74340]: DEBUG glance_store.backend [-] Attempting to import store glance.store.http.Store {{(pid=74340) _load_store /opt/stack/data/venv/lib/python3.10/site-packages/glance_store/backend.py:215}}
Apr 10 13:06:20 devstack devstack@g-api.service[74340]: DEBUG glance_store.backend [-] Attempting to import store glance.store.rbd.Store {{(pid=74340) _load_store /opt/stack/data/venv/lib/python3.10/site-packages/glance_store/backend.py:215}}
Apr 10 13:06:20 devstack devstack@g-api.service[74340]: DEBUG glance_store.backend [-] Attempting to import store glance.store.s3.Store {{(pid=74340) _load_store /opt/stack/data/venv/lib/python3.10/site-packages/glance_store/backend.py:215}}
Apr 10 13:06:20 devstack devstack@g-api.service[74340]: DEBUG glance_store.backend [-] Attempting to import store glance.store.swift.Store {{(pid=74340) _load_store /opt/stack/data/venv/lib/python3.10/site-packages/glance_store/backend.py:215}}
Apr 10 13:06:20 devstack devstack@g-api.service[74340]: DEBUG glance_store.backend [-] Attempting to import store glance.store.vmware_datastore.Store {{(pid=74340) _load_store /opt/stack/data/venv/lib/python3.10/site-packages/glance_store/backend.py:215}}
Apr 10 13:06:20 devstack devstack@g-api.service[74340]: DEBUG glance_store.backend [-] Attempting to import store http {{(pid=74340) _load_store /opt/stack/data/venv/lib/python3.10/site-packages/glance_store/backend.py:215}}
Apr 10 13:06:20 devstack devstack@g-api.service[74340]: DEBUG glance_store.backend [-] Attempting to import store no_conf {{(pid=74340) _load_store /opt/stack/data/venv/lib/python3.10/site-packages/glance_store/backend.py:215}}
Apr 10 13:06:20 devstack devstack@g-api.service[74340]: DEBUG glance_store.backend [-] Attempting to import store rbd {{(pid=74340) _load_store /opt/stack/data/venv/lib/python3.10/site-packages/glance_store/backend.py:215}}
Apr 10 13:06:20 devstack devstack@g-api.service[74340]: DEBUG glance_store.backend [-] Attempting to import store s3 {{(pid=74340) _load_store /opt/stack/data/venv/lib/python3.10/site-packages/glance_store/backend.py:215}}
Apr 10 13:06:20 devstack devstack@g-api.service[74340]: DEBUG glance_store.backend [-] Attempting to import store swift {{(pid=74340) _load_store /opt/stack/data/venv/lib/python3.10/site-packages/glance_store/backend.py:215}}
Apr 10 13:06:20 devstack devstack@g-api.service[74340]: DEBUG glance_store.backend [-] Attempting to import store vmware {{(pid=74340) _load_store /opt/stack/data/venv/lib/python3.10/site-packages/glance_store/backend.py:215}}
Apr 10 13:06:20 devstack devstack@g-api.service[74340]: DEBUG glance_store.backend [-] Registering options for group glance_store {{(pid=74340) register_opts /opt/stack/data/venv/lib/python3.10/site-packages/glance_store/backend.py:144}}
Apr 10 13:06:20 devstack devstack@g-api.service[74340]: DEBUG glance_store.backend [-] Registering options for group glance_store {{(pid=74340) register_opts /opt/stack/data/venv/lib/python3.10/site-packages/glance_store/backend.py:144}}
Apr 10 13:06:20 devstack devstack@g-api.service[74340]: DEBUG glance_store.backend [-] Attempting to import store file {{(pid=74340) _load_store /opt/stack/data/venv/lib/python3.10/site-packages/glance_store/backend.py:215}}
Apr 10 13:06:20 devstack devstack@g-api.service[74340]: DEBUG glance_store.capabilities [-] Store glance_store._drivers.filesystem.Store doesn't support updating dynamic storage capabilities. Please overwrite 'update_capabilities' method of the store to implement updating logics if needed. {{(pid=74340) update_capabilities /opt/stack/data/venv/lib/python3.10/site-packages/glance_store/capabilities.py:91}}
Apr 10 13:06:20 devstack devstack@g-api.service[74340]: DEBUG glance_store.backend [-] Registering store file with schemes ('file', 'filesystem') {{(pid=74340) create_stores /opt/stack/data/venv/lib/python3.10/site-packages/glance_store/backend.py:261}}
Apr 10 13:06:20 devstack devstack@g-api.service[74340]: DEBUG glance_store.driver [-] Late loading location class glance_store._drivers.filesystem.StoreLocation {{(pid=74340) get_store_location_class /opt/stack/data/venv/lib/python3.10/site-packages/glance_store/driver.py:134}}
Apr 10 13:06:20 devstack devstack@g-api.service[74340]: DEBUG glance_store.location [-] Registering scheme file with {'store': , 'location_class': , 'store_entry': 'file'} {{(pid=74340) register_scheme_map /opt/stack/data/venv/lib/python3.10/site-packages/glance_store/location.py:146}}
Apr 10 13:06:20 devstack devstack@g-api.service[74340]: DEBUG glance_store.location [-] Registering scheme filesystem with {'store': , 'location_class': , 'store_entry': 'file'} {{(pid=74340) register_scheme_map /opt/stack/data/venv/lib/python3.10/site-packages/glance_store/location.py:146}}
Apr 10 13:06:20 devstack devstack@g-api.service[74340]: DEBUG glance_store.backend [-] Attempting to import store http {{(pid=74340) _load_store /opt/stack/data/venv/lib/python3.10/site-packages/glance_store/backend.py:215}}
Apr 10 13:06:20 devstack devstack@g-api.service[74340]: DEBUG glance_store.capabilities [-] Store glance_store._drivers.http.Store doesn't support updating dynamic storage capabilities. Please overwrite 'update_capabilities' method of the store to implement updating logics if needed. {{(pid=74340) update_capabilities /opt/stack/data/venv/lib/python3.10/site-packages/glance_store/capabilities.py:91}}
Apr 10 13:06:20 devstack devstack@g-api.service[74340]: DEBUG glance_store.backend [-] Registering store http with schemes ('http', 'https') {{(pid=74340) create_stores /opt/stack/data/venv/lib/python3.10/site-packages/glance_store/backend.py:261}}
Apr 10 13:06:20 devstack devstack@g-api.service[74340]: DEBUG glance_store.driver [-] Late loading location class glance_store._drivers.http.StoreLocation {{(pid=74340) get_store_location_class /opt/stack/data/venv/lib/python3.10/site-packages/glance_store/driver.py:134}}
Apr 10 13:06:20 devstack devstack@g-api.service[74340]: DEBUG glance_store.location [-] Registering scheme http with {'store': , 'location_class': , 'store_entry': 'http'} {{(pid=74340) register_scheme_map /opt/stack/data/venv/lib/python3.10/site-packages/glance_store/location.py:146}}
Apr 10 13:06:20 devstack devstack@g-api.service[74340]: DEBUG glance_store.location [-] Registering scheme https with {'store': , 'location_class': , 'store_entry': 'http'} {{(pid=74340) register_scheme_map /opt/stack/data/venv/lib/python3.10/site-packages/glance_store/location.py:146}}
Apr 10 13:06:20 devstack devstack@g-api.service[74340]: DEBUG glance.sqlite_migration [-] SQLite caching database not located, skipping migration {{(pid=74340) get_db_path /opt/stack/glance/glance/sqlite_migration.py:68}}
Apr 10 13:06:20 devstack devstack@g-api.service[74340]: WARNING glance.common.wsgi_app [-] Import methods are enabled but staging directory /tmp/staging/ does not exist; Imports will fail!
Apr 10 13:06:21 devstack devstack@g-api.service[74339]: DEBUG glance.common.config [None req-e3f03051-7d80-434d-b7e7-064a34a0b789 None None] Loading glance-api-keystone+cachemanagement from /etc/glance/glance-api-paste.ini {{(pid=74339) load_paste_app /opt/stack/glance/glance/common/config.py:758}}
Apr 10 13:06:21 devstack devstack@g-api.service[74340]: DEBUG glance.common.config [None req-98da2f71-f62b-4c7d-a39f-069ed082ab7a None None] Loading glance-api-keystone+cachemanagement from /etc/glance/glance-api-paste.ini {{(pid=74340) load_paste_app /opt/stack/glance/glance/common/config.py:758}}
Apr 10 13:06:22 devstack devstack@g-api.service[74340]: INFO glance.image_cache [None req-98da2f71-f62b-4c7d-a39f-069ed082ab7a None None] Image cache loaded driver 'centralized_db'.
Apr 10 13:06:22 devstack devstack@g-api.service[74339]: INFO glance.image_cache [None req-e3f03051-7d80-434d-b7e7-064a34a0b789 None None] Image cache loaded driver 'centralized_db'.
Apr 10 13:06:22 devstack devstack@g-api.service[74340]: INFO dbcounter [None req-98da2f71-f62b-4c7d-a39f-069ed082ab7a None None] Registered counter for database glance
Apr 10 13:06:22 devstack devstack@g-api.service[74339]: INFO dbcounter [None req-e3f03051-7d80-434d-b7e7-064a34a0b789 None None] Registered counter for database glance
Apr 10 13:06:22 devstack devstack@g-api.service[74340]: DEBUG oslo_db.sqlalchemy.engines [None req-98da2f71-f62b-4c7d-a39f-069ed082ab7a None None] MySQL server mode set to STRICT_TRANS_TABLES,STRICT_ALL_TABLES,NO_ZERO_IN_DATE,NO_ZERO_DATE,ERROR_FOR_DIVISION_BY_ZERO,TRADITIONAL,NO_ENGINE_SUBSTITUTION {{(pid=74340) _check_effective_sql_mode /opt/stack/data/venv/lib/python3.10/site-packages/oslo_db/sqlalchemy/engines.py:325}}
Apr 10 13:06:22 devstack devstack@g-api.service[74339]: DEBUG oslo_db.sqlalchemy.engines [None req-e3f03051-7d80-434d-b7e7-064a34a0b789 None None] MySQL server mode set to STRICT_TRANS_TABLES,STRICT_ALL_TABLES,NO_ZERO_IN_DATE,NO_ZERO_DATE,ERROR_FOR_DIVISION_BY_ZERO,TRADITIONAL,NO_ENGINE_SUBSTITUTION {{(pid=74339) _check_effective_sql_mode /opt/stack/data/venv/lib/python3.10/site-packages/oslo_db/sqlalchemy/engines.py:325}}
Apr 10 13:06:22 devstack devstack@g-api.service[74340]: DEBUG dbcounter [-] [74340] Writer thread running {{(pid=74340) stat_writer /opt/stack/data/venv/lib/python3.10/site-packages/dbcounter.py:102}}
Apr 10 13:06:22 devstack devstack@g-api.service[74340]: INFO glance.image_cache [None req-98da2f71-f62b-4c7d-a39f-069ed082ab7a None None] Image cache loaded driver 'centralized_db'.
Apr 10 13:06:22 devstack devstack@g-api.service[74339]: DEBUG dbcounter [-] [74339] Writer thread running {{(pid=74339) stat_writer /opt/stack/data/venv/lib/python3.10/site-packages/dbcounter.py:102}}
Apr 10 13:06:22 devstack devstack@g-api.service[74340]: DEBUG glance.image_cache.drivers.centralized_db [None req-98da2f71-f62b-4c7d-a39f-069ed082ab7a None None] Node reference is already recorded, ignoring it {{(pid=74340) configure /opt/stack/glance/glance/image_cache/drivers/centralized_db.py:71}}
Apr 10 13:06:22 devstack devstack@g-api.service[74339]: DEBUG glance.image_cache.drivers.centralized_db [None req-e3f03051-7d80-434d-b7e7-064a34a0b789 None None] Node reference is already recorded, ignoring it {{(pid=74339) configure /opt/stack/glance/glance/image_cache/drivers/centralized_db.py:71}}
Apr 10 13:06:22 devstack devstack@g-api.service[74340]: DEBUG glance.api.v2.cached_images [None req-98da2f71-f62b-4c7d-a39f-069ed082ab7a None None] Started cache worker thread {{(pid=74340) __init__ /opt/stack/glance/glance/api/v2/cached_images.py:69}}
Apr 10 13:06:22 devstack devstack@g-api.service[74340]: INFO glance.image_cache [None req-98da2f71-f62b-4c7d-a39f-069ed082ab7a None None] Image cache loaded driver 'centralized_db'.
Apr 10 13:06:22 devstack devstack@g-api.service[74339]: INFO glance.image_cache [None req-e3f03051-7d80-434d-b7e7-064a34a0b789 None None] Image cache loaded driver 'centralized_db'.
Apr 10 13:06:22 devstack devstack@g-api.service[74340]: DEBUG glance.image_cache.drivers.centralized_db [None req-98da2f71-f62b-4c7d-a39f-069ed082ab7a None None] Node reference is already recorded, ignoring it {{(pid=74340) configure /opt/stack/glance/glance/image_cache/drivers/centralized_db.py:71}}
Apr 10 13:06:22 devstack devstack@g-api.service[74339]: DEBUG glance.image_cache.drivers.centralized_db [None req-e3f03051-7d80-434d-b7e7-064a34a0b789 None None] Node reference is already recorded, ignoring it {{(pid=74339) configure /opt/stack/glance/glance/image_cache/drivers/centralized_db.py:71}}
Apr 10 13:06:22 devstack devstack@g-api.service[74340]: INFO glance.api.middleware.cache_manage [None req-98da2f71-f62b-4c7d-a39f-069ed082ab7a None None] Initialized image cache management middleware
Apr 10 13:06:22 devstack devstack@g-api.service[74340]: INFO glance.image_cache [None req-98da2f71-f62b-4c7d-a39f-069ed082ab7a None None] Image cache loaded driver 'centralized_db'.
Apr 10 13:06:22 devstack devstack@g-api.service[74339]: DEBUG glance.api.v2.cached_images [None req-e3f03051-7d80-434d-b7e7-064a34a0b789 None None] Started cache worker thread {{(pid=74339) __init__ /opt/stack/glance/glance/api/v2/cached_images.py:69}}
Apr 10 13:06:22 devstack devstack@g-api.service[74339]: INFO glance.image_cache [None req-e3f03051-7d80-434d-b7e7-064a34a0b789 None None] Image cache loaded driver 'centralized_db'.
Apr 10 13:06:22 devstack devstack@g-api.service[74340]: DEBUG glance.image_cache.drivers.centralized_db [None req-98da2f71-f62b-4c7d-a39f-069ed082ab7a None None] Node reference is already recorded, ignoring it {{(pid=74340) configure /opt/stack/glance/glance/image_cache/drivers/centralized_db.py:71}}
Apr 10 13:06:22 devstack devstack@g-api.service[74339]: DEBUG glance.image_cache.drivers.centralized_db [None req-e3f03051-7d80-434d-b7e7-064a34a0b789 None None] Node reference is already recorded, ignoring it {{(pid=74339) configure /opt/stack/glance/glance/image_cache/drivers/centralized_db.py:71}}
Apr 10 13:06:22 devstack devstack@g-api.service[74340]: INFO glance.api.middleware.cache [None req-98da2f71-f62b-4c7d-a39f-069ed082ab7a None None] Initialized image cache middleware
Apr 10 13:06:22 devstack devstack@g-api.service[74339]: INFO glance.api.middleware.cache_manage [None req-e3f03051-7d80-434d-b7e7-064a34a0b789 None None] Initialized image cache management middleware
Apr 10 13:06:22 devstack devstack@g-api.service[74339]: INFO glance.image_cache [None req-e3f03051-7d80-434d-b7e7-064a34a0b789 None None] Image cache loaded driver 'centralized_db'.
Apr 10 13:06:22 devstack devstack@g-api.service[74340]: WARNING keystonemiddleware.auth_token [None req-98da2f71-f62b-4c7d-a39f-069ed082ab7a None None] AuthToken middleware is set with keystone_authtoken.service_token_roles_required set to False. This is backwards compatible but deprecated behaviour. Please set this to True.
Apr 10 13:06:22 devstack devstack@g-api.service[74339]: DEBUG glance.image_cache.drivers.centralized_db [None req-e3f03051-7d80-434d-b7e7-064a34a0b789 None None] Node reference is already recorded, ignoring it {{(pid=74339) configure /opt/stack/glance/glance/image_cache/drivers/centralized_db.py:71}}
Apr 10 13:06:22 devstack devstack@g-api.service[74340]: DEBUG glance.common.config [None req-98da2f71-f62b-4c7d-a39f-069ed082ab7a None None] ******************************************************************************** {{(pid=74340) log_opt_values /opt/stack/data/venv/lib/python3.10/site-packages/oslo_config/cfg.py:2979}}
Apr 10 13:06:22 devstack devstack@g-api.service[74340]: DEBUG glance.common.config [None req-98da2f71-f62b-4c7d-a39f-069ed082ab7a None None] Configuration options gathered from: {{(pid=74340) log_opt_values /opt/stack/data/venv/lib/python3.10/site-packages/oslo_config/cfg.py:2980}}
Apr 10 13:06:22 devstack devstack@g-api.service[74340]: DEBUG glance.common.config [None req-98da2f71-f62b-4c7d-a39f-069ed082ab7a None None] command line args: [] {{(pid=74340) log_opt_values /opt/stack/data/venv/lib/python3.10/site-packages/oslo_config/cfg.py:2981}}
Apr 10 13:06:22 devstack devstack@g-api.service[74340]: DEBUG glance.common.config [None req-98da2f71-f62b-4c7d-a39f-069ed082ab7a None None] config files: ['/etc/glance/glance-image-import.conf', '/etc/glance/glance-api.conf'] {{(pid=74340) log_opt_values /opt/stack/data/venv/lib/python3.10/site-packages/oslo_config/cfg.py:2982}}
Apr 10 13:06:22 devstack devstack@g-api.service[74340]: DEBUG glance.common.config [None req-98da2f71-f62b-4c7d-a39f-069ed082ab7a None None] ================================================================================ {{(pid=74340) log_opt_values /opt/stack/data/venv/lib/python3.10/site-packages/oslo_config/cfg.py:2987}}
Apr 10 13:06:22 devstack devstack@g-api.service[74340]: DEBUG glance.common.config [None req-98da2f71-f62b-4c7d-a39f-069ed082ab7a None None] allow_anonymous_access = False {{(pid=74340) log_opt_values /opt/stack/data/venv/lib/python3.10/site-packages/oslo_config/cfg.py:2995}}
Apr 10 13:06:22 devstack devstack@g-api.service[74340]: DEBUG glance.common.config [None req-98da2f71-f62b-4c7d-a39f-069ed082ab7a None None] api_limit_max = 1000 {{(pid=74340) log_opt_values /opt/stack/data/venv/lib/python3.10/site-packages/oslo_config/cfg.py:2995}}
Apr 10 13:06:22 devstack devstack@g-api.service[74340]: DEBUG glance.common.config [None req-98da2f71-f62b-4c7d-a39f-069ed082ab7a None None] backlog = 4096 {{(pid=74340) log_opt_values /opt/stack/data/venv/lib/python3.10/site-packages/oslo_config/cfg.py:2995}}
Apr 10 13:06:22 devstack devstack@g-api.service[74340]: DEBUG glance.common.config [None req-98da2f71-f62b-4c7d-a39f-069ed082ab7a None None] bind_host = 0.0.0.0 {{(pid=74340) log_opt_values /opt/stack/data/venv/lib/python3.10/site-packages/oslo_config/cfg.py:2995}}
Apr 10 13:06:22 devstack devstack@g-api.service[74340]: DEBUG glance.common.config [None req-98da2f71-f62b-4c7d-a39f-069ed082ab7a None None] bind_port = None {{(pid=74340) log_opt_values /opt/stack/data/venv/lib/python3.10/site-packages/oslo_config/cfg.py:2995}}
Apr 10 13:06:22 devstack devstack@g-api.service[74340]: DEBUG glance.common.config [None req-98da2f71-f62b-4c7d-a39f-069ed082ab7a None None] client_socket_timeout = 900 {{(pid=74340) log_opt_values /opt/stack/data/venv/lib/python3.10/site-packages/oslo_config/cfg.py:2995}}
Apr 10 13:06:22 devstack devstack@g-api.service[74340]: DEBUG glance.common.config [None req-98da2f71-f62b-4c7d-a39f-069ed082ab7a None None] config_dir = [] {{(pid=74340) log_opt_values /opt/stack/data/venv/lib/python3.10/site-packages/oslo_config/cfg.py:2995}}
Apr 10 13:06:22 devstack devstack@g-api.service[74340]: DEBUG glance.common.config [None req-98da2f71-f62b-4c7d-a39f-069ed082ab7a None None] config_file = ['/etc/glance/glance-image-import.conf', '/etc/glance/glance-api.conf'] {{(pid=74340) log_opt_values /opt/stack/data/venv/lib/python3.10/site-packages/oslo_config/cfg.py:2995}}
Apr 10 13:06:22 devstack devstack@g-api.service[74340]: DEBUG glance.common.config [None req-98da2f71-f62b-4c7d-a39f-069ed082ab7a None None] config_source = [] {{(pid=74340) log_opt_values /opt/stack/data/venv/lib/python3.10/site-packages/oslo_config/cfg.py:2995}}
Apr 10 13:06:22 devstack devstack@g-api.service[74339]: INFO glance.api.middleware.cache [None req-e3f03051-7d80-434d-b7e7-064a34a0b789 None None] Initialized image cache middleware
Apr 10 13:06:22 devstack devstack@g-api.service[74340]: DEBUG glance.common.config [None req-98da2f71-f62b-4c7d-a39f-069ed082ab7a None None] control_exchange = glance {{(pid=74340) log_opt_values /opt/stack/data/venv/lib/python3.10/site-packages/oslo_config/cfg.py:2995}}
Apr 10 13:06:22 devstack devstack@g-api.service[74340]: DEBUG glance.common.config [None req-98da2f71-f62b-4c7d-a39f-069ed082ab7a None None] debug = True {{(pid=74340) log_opt_values /opt/stack/data/venv/lib/python3.10/site-packages/oslo_config/cfg.py:2995}}
Apr 10 13:06:22 devstack devstack@g-api.service[74340]: DEBUG glance.common.config [None req-98da2f71-f62b-4c7d-a39f-069ed082ab7a None None] default_log_levels = ['amqp=WARN', 'boto=WARN', 'sqlalchemy=WARN', 'suds=INFO', 'oslo.messaging=INFO', 'oslo_messaging=INFO', 'iso8601=WARN', 'requests.packages.urllib3.connectionpool=WARN', 'urllib3.connectionpool=WARN', 'websocket=WARN', 'requests.packages.urllib3.util.retry=WARN', 'urllib3.util.retry=WARN', 'keystonemiddleware=WARN', 'routes.middleware=WARN', 'stevedore=WARN', 'taskflow=WARN', 'keystoneauth=WARN', 'oslo.cache=INFO', 'oslo_policy=INFO', 'dogpile.core.dogpile=INFO'] {{(pid=74340) log_opt_values /opt/stack/data/venv/lib/python3.10/site-packages/oslo_config/cfg.py:2995}}
Apr 10 13:06:22 devstack devstack@g-api.service[74340]: DEBUG glance.common.config [None req-98da2f71-f62b-4c7d-a39f-069ed082ab7a None None] default_publisher_id = image.localhost {{(pid=74340) log_opt_values /opt/stack/data/venv/lib/python3.10/site-packages/oslo_config/cfg.py:2995}}
Apr 10 13:06:22 devstack devstack@g-api.service[74340]: DEBUG glance.common.config [None req-98da2f71-f62b-4c7d-a39f-069ed082ab7a None None] delayed_delete = False {{(pid=74340) log_opt_values /opt/stack/data/venv/lib/python3.10/site-packages/oslo_config/cfg.py:2995}}
Apr 10 13:06:22 devstack devstack@g-api.service[74340]: DEBUG glance.common.config [None req-98da2f71-f62b-4c7d-a39f-069ed082ab7a None None] digest_algorithm = sha256 {{(pid=74340) log_opt_values /opt/stack/data/venv/lib/python3.10/site-packages/oslo_config/cfg.py:2995}}
Apr 10 13:06:22 devstack devstack@g-api.service[74340]: DEBUG glance.common.config [None req-98da2f71-f62b-4c7d-a39f-069ed082ab7a None None] disabled_notifications = [] {{(pid=74340) log_opt_values /opt/stack/data/venv/lib/python3.10/site-packages/oslo_config/cfg.py:2995}}
Apr 10 13:06:22 devstack devstack@g-api.service[74340]: DEBUG glance.common.config [None req-98da2f71-f62b-4c7d-a39f-069ed082ab7a None None] do_secure_hash = True {{(pid=74340) log_opt_values /opt/stack/data/venv/lib/python3.10/site-packages/oslo_config/cfg.py:2995}}
Apr 10 13:06:22 devstack devstack@g-api.service[74340]: DEBUG glance.common.config [None req-98da2f71-f62b-4c7d-a39f-069ed082ab7a None None] enabled_backends = None {{(pid=74340) log_opt_values /opt/stack/data/venv/lib/python3.10/site-packages/oslo_config/cfg.py:2995}}
Apr 10 13:06:22 devstack devstack@g-api.service[74340]: DEBUG glance.common.config [None req-98da2f71-f62b-4c7d-a39f-069ed082ab7a None None] enabled_import_methods = ['glance-direct', 'web-download', 'copy-image'] {{(pid=74340) log_opt_values /opt/stack/data/venv/lib/python3.10/site-packages/oslo_config/cfg.py:2995}}
Apr 10 13:06:22 devstack devstack@g-api.service[74340]: DEBUG glance.common.config [None req-98da2f71-f62b-4c7d-a39f-069ed082ab7a None None] hashing_algorithm = sha512 {{(pid=74340) log_opt_values /opt/stack/data/venv/lib/python3.10/site-packages/oslo_config/cfg.py:2995}}
Apr 10 13:06:22 devstack devstack@g-api.service[74340]: DEBUG glance.common.config [None req-98da2f71-f62b-4c7d-a39f-069ed082ab7a None None] http_keepalive = True {{(pid=74340) log_opt_values /opt/stack/data/venv/lib/python3.10/site-packages/oslo_config/cfg.py:2995}}
Apr 10 13:06:22 devstack devstack@g-api.service[74340]: DEBUG glance.common.config [None req-98da2f71-f62b-4c7d-a39f-069ed082ab7a None None] http_retries = 3 {{(pid=74340) log_opt_values /opt/stack/data/venv/lib/python3.10/site-packages/oslo_config/cfg.py:2995}}
Apr 10 13:06:22 devstack devstack@g-api.service[74340]: DEBUG glance.common.config [None req-98da2f71-f62b-4c7d-a39f-069ed082ab7a None None] image_cache_dir = /opt/stack/data/glance/cache/ {{(pid=74340) log_opt_values /opt/stack/data/venv/lib/python3.10/site-packages/oslo_config/cfg.py:2995}}
Apr 10 13:06:22 devstack devstack@g-api.service[74340]: DEBUG glance.common.config [None req-98da2f71-f62b-4c7d-a39f-069ed082ab7a None None] image_cache_driver = centralized_db {{(pid=74340) log_opt_values /opt/stack/data/venv/lib/python3.10/site-packages/oslo_config/cfg.py:2995}}
Apr 10 13:06:22 devstack devstack@g-api.service[74340]: DEBUG glance.common.config [None req-98da2f71-f62b-4c7d-a39f-069ed082ab7a None None] image_cache_max_size = 10737418240 {{(pid=74340) log_opt_values /opt/stack/data/venv/lib/python3.10/site-packages/oslo_config/cfg.py:2995}}
Apr 10 13:06:22 devstack devstack@g-api.service[74340]: DEBUG glance.common.config [None req-98da2f71-f62b-4c7d-a39f-069ed082ab7a None None] image_cache_sqlite_db = cache.db {{(pid=74340) log_opt_values /opt/stack/data/venv/lib/python3.10/site-packages/oslo_config/cfg.py:2995}}
Apr 10 13:06:22 devstack devstack@g-api.service[74340]: DEBUG glance.common.config [None req-98da2f71-f62b-4c7d-a39f-069ed082ab7a None None] image_cache_stall_time = 86400 {{(pid=74340) log_opt_values /opt/stack/data/venv/lib/python3.10/site-packages/oslo_config/cfg.py:2995}}
Apr 10 13:06:22 devstack devstack@g-api.service[74340]: DEBUG glance.common.config [None req-98da2f71-f62b-4c7d-a39f-069ed082ab7a None None] image_location_quota = 10 {{(pid=74340) log_opt_values /opt/stack/data/venv/lib/python3.10/site-packages/oslo_config/cfg.py:2995}}
Apr 10 13:06:22 devstack devstack@g-api.service[74340]: DEBUG glance.common.config [None req-98da2f71-f62b-4c7d-a39f-069ed082ab7a None None] image_member_quota = 128 {{(pid=74340) log_opt_values /opt/stack/data/venv/lib/python3.10/site-packages/oslo_config/cfg.py:2995}}
Apr 10 13:06:22 devstack devstack@g-api.service[74340]: DEBUG glance.common.config [None req-98da2f71-f62b-4c7d-a39f-069ed082ab7a None None] image_property_quota = 128 {{(pid=74340) log_opt_values /opt/stack/data/venv/lib/python3.10/site-packages/oslo_config/cfg.py:2995}}
Apr 10 13:06:22 devstack devstack@g-api.service[74340]: DEBUG glance.common.config [None req-98da2f71-f62b-4c7d-a39f-069ed082ab7a None None] image_size_cap = 1099511627776 {{(pid=74340) log_opt_values /opt/stack/data/venv/lib/python3.10/site-packages/oslo_config/cfg.py:2995}}
Apr 10 13:06:22 devstack devstack@g-api.service[74340]: DEBUG glance.common.config [None req-98da2f71-f62b-4c7d-a39f-069ed082ab7a None None] image_tag_quota = 128 {{(pid=74340) log_opt_values /opt/stack/data/venv/lib/python3.10/site-packages/oslo_config/cfg.py:2995}}
Apr 10 13:06:22 devstack devstack@g-api.service[74340]: DEBUG glance.common.config [None req-98da2f71-f62b-4c7d-a39f-069ed082ab7a None None] instance_format = [instance: %(uuid)s] {{(pid=74340) log_opt_values /opt/stack/data/venv/lib/python3.10/site-packages/oslo_config/cfg.py:2995}}
Apr 10 13:06:22 devstack devstack@g-api.service[74340]: DEBUG glance.common.config [None req-98da2f71-f62b-4c7d-a39f-069ed082ab7a None None] instance_uuid_format = [instance: %(uuid)s] {{(pid=74340) log_opt_values /opt/stack/data/venv/lib/python3.10/site-packages/oslo_config/cfg.py:2995}}
Apr 10 13:06:22 devstack devstack@g-api.service[74340]: DEBUG glance.common.config [None req-98da2f71-f62b-4c7d-a39f-069ed082ab7a None None] limit_param_default = 25 {{(pid=74340) log_opt_values /opt/stack/data/venv/lib/python3.10/site-packages/oslo_config/cfg.py:2995}}
Apr 10 13:06:22 devstack devstack@g-api.service[74340]: DEBUG glance.common.config [None req-98da2f71-f62b-4c7d-a39f-069ed082ab7a None None] log_color = False {{(pid=74340) log_opt_values /opt/stack/data/venv/lib/python3.10/site-packages/oslo_config/cfg.py:2995}}
Apr 10 13:06:22 devstack devstack@g-api.service[74340]: DEBUG glance.common.config [None req-98da2f71-f62b-4c7d-a39f-069ed082ab7a None None] log_config_append = None {{(pid=74340) log_opt_values /opt/stack/data/venv/lib/python3.10/site-packages/oslo_config/cfg.py:2995}}
Apr 10 13:06:22 devstack devstack@g-api.service[74340]: DEBUG glance.common.config [None req-98da2f71-f62b-4c7d-a39f-069ed082ab7a None None] log_date_format = %Y-%m-%d %H:%M:%S {{(pid=74340) log_opt_values /opt/stack/data/venv/lib/python3.10/site-packages/oslo_config/cfg.py:2995}}
Apr 10 13:06:22 devstack devstack@g-api.service[74340]: DEBUG glance.common.config [None req-98da2f71-f62b-4c7d-a39f-069ed082ab7a None None] log_dir = None {{(pid=74340) log_opt_values /opt/stack/data/venv/lib/python3.10/site-packages/oslo_config/cfg.py:2995}}
Apr 10 13:06:22 devstack devstack@g-api.service[74340]: DEBUG glance.common.config [None req-98da2f71-f62b-4c7d-a39f-069ed082ab7a None None] log_file = None {{(pid=74340) log_opt_values /opt/stack/data/venv/lib/python3.10/site-packages/oslo_config/cfg.py:2995}}
Apr 10 13:06:22 devstack devstack@g-api.service[74340]: DEBUG glance.common.config [None req-98da2f71-f62b-4c7d-a39f-069ed082ab7a None None] log_rotate_interval = 1 {{(pid=74340) log_opt_values /opt/stack/data/venv/lib/python3.10/site-packages/oslo_config/cfg.py:2995}}
Apr 10 13:06:22 devstack devstack@g-api.service[74340]: DEBUG glance.common.config [None req-98da2f71-f62b-4c7d-a39f-069ed082ab7a None None] log_rotate_interval_type = days {{(pid=74340) log_opt_values /opt/stack/data/venv/lib/python3.10/site-packages/oslo_config/cfg.py:2995}}
Apr 10 13:06:22 devstack devstack@g-api.service[74339]: WARNING keystonemiddleware.auth_token [None req-e3f03051-7d80-434d-b7e7-064a34a0b789 None None] AuthToken middleware is set with keystone_authtoken.service_token_roles_required set to False. This is backwards compatible but deprecated behaviour. Please set this to True.
Apr 10 13:06:22 devstack devstack@g-api.service[74340]: DEBUG glance.common.config [None req-98da2f71-f62b-4c7d-a39f-069ed082ab7a None None] log_rotation_type = none {{(pid=74340) log_opt_values /opt/stack/data/venv/lib/python3.10/site-packages/oslo_config/cfg.py:2995}}
Apr 10 13:06:22 devstack devstack@g-api.service[74340]: DEBUG glance.common.config [None req-98da2f71-f62b-4c7d-a39f-069ed082ab7a None None] logging_context_format_string = %(color)s%(levelname)s %(name)s [%(global_request_id)s %(request_id)s %(project_name)s %(user_name)s%(color)s] %(instance)s%(color)s%(message)s {{(pid=74340) log_opt_values /opt/stack/data/venv/lib/python3.10/site-packages/oslo_config/cfg.py:2995}}
Apr 10 13:06:22 devstack devstack@g-api.service[74340]: DEBUG glance.common.config [None req-98da2f71-f62b-4c7d-a39f-069ed082ab7a None None] logging_debug_format_suffix = {{(pid=%(process)d) %(funcName)s %(pathname)s:%(lineno)d}} {{(pid=74340) log_opt_values /opt/stack/data/venv/lib/python3.10/site-packages/oslo_config/cfg.py:2995}}
Apr 10 13:06:22 devstack devstack@g-api.service[74340]: DEBUG glance.common.config [None req-98da2f71-f62b-4c7d-a39f-069ed082ab7a None None] logging_default_format_string = %(color)s%(levelname)s %(name)s [-%(color)s] %(instance)s%(color)s%(message)s {{(pid=74340) log_opt_values /opt/stack/data/venv/lib/python3.10/site-packages/oslo_config/cfg.py:2995}}
Apr 10 13:06:22 devstack devstack@g-api.service[74340]: DEBUG glance.common.config [None req-98da2f71-f62b-4c7d-a39f-069ed082ab7a None None] logging_exception_prefix = ERROR %(name)s %(instance)s {{(pid=74340) log_opt_values /opt/stack/data/venv/lib/python3.10/site-packages/oslo_config/cfg.py:2995}}
Apr 10 13:06:22 devstack devstack@g-api.service[74340]: DEBUG glance.common.config [None req-98da2f71-f62b-4c7d-a39f-069ed082ab7a None None] logging_user_identity_format = %(user)s %(project)s %(domain)s %(system_scope)s %(user_domain)s %(project_domain)s {{(pid=74340) log_opt_values /opt/stack/data/venv/lib/python3.10/site-packages/oslo_config/cfg.py:2995}}
Apr 10 13:06:22 devstack devstack@g-api.service[74340]: DEBUG glance.common.config [None req-98da2f71-f62b-4c7d-a39f-069ed082ab7a None None] max_header_line = 16384 {{(pid=74340) log_opt_values /opt/stack/data/venv/lib/python3.10/site-packages/oslo_config/cfg.py:2995}}
Apr 10 13:06:22 devstack devstack@g-api.service[74340]: DEBUG glance.common.config [None req-98da2f71-f62b-4c7d-a39f-069ed082ab7a None None] max_logfile_count = 30 {{(pid=74340) log_opt_values /opt/stack/data/venv/lib/python3.10/site-packages/oslo_config/cfg.py:2995}}
Apr 10 13:06:22 devstack devstack@g-api.service[74340]: DEBUG glance.common.config [None req-98da2f71-f62b-4c7d-a39f-069ed082ab7a None None] max_logfile_size_mb = 200 {{(pid=74340) log_opt_values /opt/stack/data/venv/lib/python3.10/site-packages/oslo_config/cfg.py:2995}}
Apr 10 13:06:22 devstack devstack@g-api.service[74340]: DEBUG glance.common.config [None req-98da2f71-f62b-4c7d-a39f-069ed082ab7a None None] max_request_id_length = 64 {{(pid=74340) log_opt_values /opt/stack/data/venv/lib/python3.10/site-packages/oslo_config/cfg.py:2995}}
Apr 10 13:06:22 devstack devstack@g-api.service[74340]: DEBUG glance.common.config [None req-98da2f71-f62b-4c7d-a39f-069ed082ab7a None None] metadata_encryption_key = **** {{(pid=74340) log_opt_values /opt/stack/data/venv/lib/python3.10/site-packages/oslo_config/cfg.py:2995}}
Apr 10 13:06:22 devstack devstack@g-api.service[74340]: DEBUG glance.common.config [None req-98da2f71-f62b-4c7d-a39f-069ed082ab7a None None] node_staging_uri = file:///tmp/staging/ {{(pid=74340) log_opt_values /opt/stack/data/venv/lib/python3.10/site-packages/oslo_config/cfg.py:2995}}
Apr 10 13:06:22 devstack devstack@g-api.service[74340]: DEBUG glance.common.config [None req-98da2f71-f62b-4c7d-a39f-069ed082ab7a None None] property_protection_file = None {{(pid=74340) log_opt_values /opt/stack/data/venv/lib/python3.10/site-packages/oslo_config/cfg.py:2995}}
Apr 10 13:06:22 devstack devstack@g-api.service[74340]: DEBUG glance.common.config [None req-98da2f71-f62b-4c7d-a39f-069ed082ab7a None None] property_protection_rule_format = roles {{(pid=74340) log_opt_values /opt/stack/data/venv/lib/python3.10/site-packages/oslo_config/cfg.py:2995}}
Apr 10 13:06:22 devstack devstack@g-api.service[74340]: DEBUG glance.common.config [None req-98da2f71-f62b-4c7d-a39f-069ed082ab7a None None] public_endpoint = http://192.168.122.117/image {{(pid=74340) log_opt_values /opt/stack/data/venv/lib/python3.10/site-packages/oslo_config/cfg.py:2995}}
Apr 10 13:06:22 devstack devstack@g-api.service[74340]: DEBUG glance.common.config [None req-98da2f71-f62b-4c7d-a39f-069ed082ab7a None None] publish_errors = False {{(pid=74340) log_opt_values /opt/stack/data/venv/lib/python3.10/site-packages/oslo_config/cfg.py:2995}}
Apr 10 13:06:22 devstack devstack@g-api.service[74340]: DEBUG glance.common.config [None req-98da2f71-f62b-4c7d-a39f-069ed082ab7a None None] pydev_worker_debug_host = None {{(pid=74340) log_opt_values /opt/stack/data/venv/lib/python3.10/site-packages/oslo_config/cfg.py:2995}}
Apr 10 13:06:22 devstack devstack@g-api.service[74340]: DEBUG glance.common.config [None req-98da2f71-f62b-4c7d-a39f-069ed082ab7a None None] pydev_worker_debug_port = 5678 {{(pid=74340) log_opt_values /opt/stack/data/venv/lib/python3.10/site-packages/oslo_config/cfg.py:2995}}
Apr 10 13:06:22 devstack devstack@g-api.service[74340]: DEBUG glance.common.config [None req-98da2f71-f62b-4c7d-a39f-069ed082ab7a None None] rate_limit_burst = 0 {{(pid=74340) log_opt_values /opt/stack/data/venv/lib/python3.10/site-packages/oslo_config/cfg.py:2995}}
Apr 10 13:06:22 devstack devstack@g-api.service[74340]: DEBUG glance.common.config [None req-98da2f71-f62b-4c7d-a39f-069ed082ab7a None None] rate_limit_except_level = CRITICAL {{(pid=74340) log_opt_values /opt/stack/data/venv/lib/python3.10/site-packages/oslo_config/cfg.py:2995}}
Apr 10 13:06:22 devstack devstack@g-api.service[74340]: DEBUG glance.common.config [None req-98da2f71-f62b-4c7d-a39f-069ed082ab7a None None] rate_limit_interval = 0 {{(pid=74340) log_opt_values /opt/stack/data/venv/lib/python3.10/site-packages/oslo_config/cfg.py:2995}}
Apr 10 13:06:22 devstack devstack@g-api.service[74340]: DEBUG glance.common.config [None req-98da2f71-f62b-4c7d-a39f-069ed082ab7a None None] scrub_pool_size = 1 {{(pid=74340) log_opt_values /opt/stack/data/venv/lib/python3.10/site-packages/oslo_config/cfg.py:2995}}
Apr 10 13:06:22 devstack devstack@g-api.service[74340]: DEBUG glance.common.config [None req-98da2f71-f62b-4c7d-a39f-069ed082ab7a None None] scrub_time = 0 {{(pid=74340) log_opt_values /opt/stack/data/venv/lib/python3.10/site-packages/oslo_config/cfg.py:2995}}
