Jun 24 04:12:30 devstack cinder-volume[93468]: DEBUG oslo_concurrency.processutils [None req-c313edf4-cccc-489d-ab32-5dc6014a0844 tempest-GroupsV314Test-218288902 None] Running cmd (subprocess): /opt/stack/data/venv/bin/python3.12 -m oslo_concurrency.prlimit --as=1073741824 --cpu=60 -- sudo cinder-rootwrap /etc/cinder/rootwrap.conf env LC_ALL=C qemu-img info -f qcow2 --output=json --force-share /opt/stack/data/cinder/mnt/61b6777e3c280661291955ee264c6019/volume-600cb64a-ed8f-4db7-8dbf-d611e69d8adc {{(pid=93468) execute /opt/stack/data/venv/lib/python3.12/site-packages/oslo_concurrency/processutils.py:440}}
Jun 24 04:12:30 devstack sudo[94821]: quobyte : PWD=/ ; USER=root ; COMMAND=/opt/stack/data/venv/bin/cinder-rootwrap /etc/cinder/rootwrap.conf env LC_ALL=C qemu-img info -f qcow2 --output=json --force-share /opt/stack/data/cinder/mnt/61b6777e3c280661291955ee264c6019/volume-600cb64a-ed8f-4db7-8dbf-d611e69d8adc
Jun 24 04:12:30 devstack sudo[94821]: pam_unix(sudo:session): session opened for user root(uid=0) by (uid=1000)
Jun 24 04:12:31 devstack sudo[94821]: pam_unix(sudo:session): session closed for user root
Jun 24 04:12:31 devstack cinder-volume[93468]: DEBUG oslo_concurrency.processutils [None req-c313edf4-cccc-489d-ab32-5dc6014a0844 tempest-GroupsV314Test-218288902 None] CMD "/opt/stack/data/venv/bin/python3.12 -m oslo_concurrency.prlimit --as=1073741824 --cpu=60 -- sudo cinder-rootwrap /etc/cinder/rootwrap.conf env LC_ALL=C qemu-img info -f qcow2 --output=json --force-share /opt/stack/data/cinder/mnt/61b6777e3c280661291955ee264c6019/volume-600cb64a-ed8f-4db7-8dbf-d611e69d8adc" returned: 0 in 1.616s {{(pid=93468) execute /opt/stack/data/venv/lib/python3.12/site-packages/oslo_concurrency/processutils.py:468}}
Jun 24 04:12:31 devstack cinder-volume[93468]: DEBUG oslo_concurrency.processutils [None req-c313edf4-cccc-489d-ab32-5dc6014a0844 tempest-GroupsV314Test-218288902 None] Running cmd (subprocess): sudo cinder-rootwrap /etc/cinder/rootwrap.conf qemu-img create -f qcow2 -o backing_file=/opt/stack/data/cinder/mnt/61b6777e3c280661291955ee264c6019/volume-600cb64a-ed8f-4db7-8dbf-d611e69d8adc,backing_fmt=qcow2 /opt/stack/data/cinder/mnt/61b6777e3c280661291955ee264c6019/volume-600cb64a-ed8f-4db7-8dbf-d611e69d8adc.a340f76e-2c98-4356-b57b-12ce88833b4a 1G {{(pid=93468) execute /opt/stack/data/venv/lib/python3.12/site-packages/oslo_concurrency/processutils.py:440}}
Jun 24 04:12:31 devstack sudo[94836]: quobyte : PWD=/ ; USER=root ; COMMAND=/opt/stack/data/venv/bin/cinder-rootwrap /etc/cinder/rootwrap.conf qemu-img create -f qcow2 -o backing_file=/opt/stack/data/cinder/mnt/61b6777e3c280661291955ee264c6019/volume-600cb64a-ed8f-4db7-8dbf-d611e69d8adc,backing_fmt=qcow2 /opt/stack/data/cinder/mnt/61b6777e3c280661291955ee264c6019/volume-600cb64a-ed8f-4db7-8dbf-d611e69d8adc.a340f76e-2c98-4356-b57b-12ce88833b4a 1G
Jun 24 04:12:31 devstack sudo[94836]: pam_unix(sudo:session): session opened for user root(uid=0) by (uid=1000)
Jun 24 04:12:32 devstack cinder-volume[93468]: DEBUG cinder.volume.flows.manager.create_volume [None req-7029ee39-6937-4e77-beed-a350e5ac2ee1 tempest-ServerRescueNegativeTestJSON-2092590911 None] Volume reschedule parameters: True retry: {'num_attempts': 1, 'backends': ['devstack@QuobyteHD#QuobyteHD'], 'hosts': ['devstack@QuobyteHD#QuobyteHD']} {{(pid=93468) get_flow /opt/stack/cinder/cinder/volume/flows/manager/create_volume.py:1397}}
Jun 24 04:12:32 devstack cinder-volume[93468]: DEBUG cinder.volume.manager [None req-7029ee39-6937-4e77-beed-a350e5ac2ee1 tempest-ServerRescueNegativeTestJSON-2092590911 None] Flow 'volume_create_manager' (29fcd308-dcc7-4975-867a-9a8ae17a503a) transitioned into state 'RUNNING' from state 'PENDING' {{(pid=93468) _flow_receiver /opt/stack/data/venv/lib/python3.12/site-packages/taskflow/listeners/logging.py:160}}
Jun 24 04:12:32 devstack cinder-volume[93468]: DEBUG cinder.volume.manager [None req-7029ee39-6937-4e77-beed-a350e5ac2ee1 tempest-ServerRescueNegativeTestJSON-2092590911 None] Task 'cinder.volume.flows.manager.create_volume.ExtractVolumeRefTask;volume:create' (7e9d3246-e896-488f-9d86-01ddb2523eb5) transitioned into state 'RUNNING' from state 'PENDING' {{(pid=93468) _task_receiver /opt/stack/data/venv/lib/python3.12/site-packages/taskflow/listeners/logging.py:242}}
Jun 24 04:12:32 devstack cinder-volume[93468]: DEBUG cinder.volume.manager [None req-7029ee39-6937-4e77-beed-a350e5ac2ee1 tempest-ServerRescueNegativeTestJSON-2092590911 None] Task 'cinder.volume.flows.manager.create_volume.ExtractVolumeRefTask;volume:create' (7e9d3246-e896-488f-9d86-01ddb2523eb5) transitioned into state 'SUCCESS' from state 'RUNNING' with result 'Volume(_name_id=None,admin_metadata=,attach_status='detached',availability_zone='nova',bootable=False,cluster=,cluster_name=None,consistencygroup=,consistencygroup_id=None,created_at=2026-06-24T02:12:32Z,deleted=False,deleted_at=None,display_description=None,display_name='tempest-ServerRescueNegativeTestJSON-volume-1795129724',ec2_id=None,encryption_key_id=None,glance_metadata=,group=,group_id=None,host='devstack@QuobyteHD#QuobyteHD',id=72b6f9bc-b567-4353-9358-e0fc3041c56e,launched_at=None,metadata={},migration_status=None,multiattach=False,previous_status=None,project_id='5ad17b48b4184bcd9c294a3ec401c94d',provider_auth=None,provider_geometry=None,provider_id=None,provider_location=None,replication_driver_data=None,replication_extended_status=None,replication_status=None,scheduled_at=2026-06-24T02:12:33Z,service_uuid=None,shared_targets=True,size=1,snapshot_id=None,snapshots=,source_volid=None,status='creating',terminated_at=None,updated_at=2026-06-24T02:12:33Z,use_quota=True,user_id='cd86ea94efa14c97824a86b24c04f1cb',volume_attachment=VolumeAttachmentList,volume_type=VolumeType(978db5d1-e36d-40b9-831f-ccc4a139a459),volume_type_id=978db5d1-e36d-40b9-831f-ccc4a139a459)' {{(pid=93468) _task_receiver /opt/stack/data/venv/lib/python3.12/site-packages/taskflow/listeners/logging.py:218}}
Jun 24 04:12:32 devstack cinder-volume[93468]: DEBUG cinder.volume.manager [None req-7029ee39-6937-4e77-beed-a350e5ac2ee1 tempest-ServerRescueNegativeTestJSON-2092590911 None] Task 'cinder.volume.flows.manager.create_volume.OnFailureRescheduleTask;volume:create' (346d045e-1ff1-4b6e-9ac9-0331f600a9a3) transitioned into state 'RUNNING' from state 'PENDING' {{(pid=93468) _task_receiver /opt/stack/data/venv/lib/python3.12/site-packages/taskflow/listeners/logging.py:242}}
Jun 24 04:12:32 devstack cinder-volume[93468]: DEBUG cinder.volume.manager [None req-7029ee39-6937-4e77-beed-a350e5ac2ee1 tempest-ServerRescueNegativeTestJSON-2092590911 None] Task 'cinder.volume.flows.manager.create_volume.OnFailureRescheduleTask;volume:create' (346d045e-1ff1-4b6e-9ac9-0331f600a9a3) transitioned into state 'SUCCESS' from state 'RUNNING' with result 'None' {{(pid=93468) _task_receiver /opt/stack/data/venv/lib/python3.12/site-packages/taskflow/listeners/logging.py:218}}
Jun 24 04:12:32 devstack cinder-volume[93468]: DEBUG cinder.volume.manager [None req-7029ee39-6937-4e77-beed-a350e5ac2ee1 tempest-ServerRescueNegativeTestJSON-2092590911 None] Task 'cinder.volume.flows.manager.create_volume.ExtractVolumeSpecTask;volume:create' (9762058e-8da6-4185-a96d-fe9af3670d96) transitioned into state 'RUNNING' from state 'PENDING' {{(pid=93468) _task_receiver /opt/stack/data/venv/lib/python3.12/site-packages/taskflow/listeners/logging.py:242}}
Jun 24 04:12:32 devstack cinder-volume[93468]: DEBUG cinder.volume.manager [None req-7029ee39-6937-4e77-beed-a350e5ac2ee1 tempest-ServerRescueNegativeTestJSON-2092590911 None] Task 'cinder.volume.flows.manager.create_volume.ExtractVolumeSpecTask;volume:create' (9762058e-8da6-4185-a96d-fe9af3670d96) transitioned into state 'SUCCESS' from state 'RUNNING' with result '{'status': 'creating', 'type': 'raw', 'volume_id': '72b6f9bc-b567-4353-9358-e0fc3041c56e', 'volume_name': 'volume-72b6f9bc-b567-4353-9358-e0fc3041c56e', 'volume_size': 1}' {{(pid=93468) _task_receiver /opt/stack/data/venv/lib/python3.12/site-packages/taskflow/listeners/logging.py:218}}
Jun 24 04:12:32 devstack cinder-volume[93468]: DEBUG cinder.volume.manager [None req-7029ee39-6937-4e77-beed-a350e5ac2ee1 tempest-ServerRescueNegativeTestJSON-2092590911 None] Task 'cinder.volume.flows.manager.create_volume.NotifyVolumeActionTask;volume:create, create.start' (777c44ad-c5a5-4bbe-8a76-f64162e40268) transitioned into state 'RUNNING' from state 'PENDING' {{(pid=93468) _task_receiver /opt/stack/data/venv/lib/python3.12/site-packages/taskflow/listeners/logging.py:242}}
Jun 24 04:12:32 devstack cinder-volume[93468]: DEBUG cinder.volume.manager [None req-7029ee39-6937-4e77-beed-a350e5ac2ee1 tempest-ServerRescueNegativeTestJSON-2092590911 None] Task 'cinder.volume.flows.manager.create_volume.NotifyVolumeActionTask;volume:create, create.start' (777c44ad-c5a5-4bbe-8a76-f64162e40268) transitioned into state 'SUCCESS' from state 'RUNNING' with result 'None' {{(pid=93468) _task_receiver /opt/stack/data/venv/lib/python3.12/site-packages/taskflow/listeners/logging.py:218}}
Jun 24 04:12:32 devstack cinder-volume[93468]: DEBUG cinder.volume.manager [None req-7029ee39-6937-4e77-beed-a350e5ac2ee1 tempest-ServerRescueNegativeTestJSON-2092590911 None] Task 'cinder.volume.flows.manager.create_volume.CreateVolumeFromSpecTask;volume:create' (cb5a29c6-b73d-463a-b93b-342203c6b809) transitioned into state 'RUNNING' from state 'PENDING' {{(pid=93468) _task_receiver /opt/stack/data/venv/lib/python3.12/site-packages/taskflow/listeners/logging.py:242}}
Jun 24 04:12:32 devstack cinder-volume[93468]: INFO cinder.volume.flows.manager.create_volume [None req-7029ee39-6937-4e77-beed-a350e5ac2ee1 tempest-ServerRescueNegativeTestJSON-2092590911 None] Volume 72b6f9bc-b567-4353-9358-e0fc3041c56e: being created as raw with specification: {'status': 'creating', 'volume_name': 'volume-72b6f9bc-b567-4353-9358-e0fc3041c56e', 'volume_size': 1}
Jun 24 04:12:32 devstack cinder-volume[93468]: DEBUG oslo_concurrency.lockutils [None req-7029ee39-6937-4e77-beed-a350e5ac2ee1 tempest-ServerRescueNegativeTestJSON-2092590911 None] Acquiring lock "quobyte" by "cinder.volume.drivers.quobyte.QuobyteDriver.create_volume" {{(pid=93468) inner /opt/stack/data/venv/lib/python3.12/site-packages/oslo_concurrency/lockutils.py:511}}
Jun 24 04:12:33 devstack sudo[94836]: pam_unix(sudo:session): session closed for user root
Jun 24 04:12:33 devstack cinder-volume[93468]: DEBUG oslo_concurrency.processutils [None req-c313edf4-cccc-489d-ab32-5dc6014a0844 tempest-GroupsV314Test-218288902 None] CMD "sudo cinder-rootwrap /etc/cinder/rootwrap.conf qemu-img create -f qcow2 -o backing_file=/opt/stack/data/cinder/mnt/61b6777e3c280661291955ee264c6019/volume-600cb64a-ed8f-4db7-8dbf-d611e69d8adc,backing_fmt=qcow2 /opt/stack/data/cinder/mnt/61b6777e3c280661291955ee264c6019/volume-600cb64a-ed8f-4db7-8dbf-d611e69d8adc.a340f76e-2c98-4356-b57b-12ce88833b4a 1G" returned: 0 in 1.823s {{(pid=93468) execute /opt/stack/data/venv/lib/python3.12/site-packages/oslo_concurrency/processutils.py:468}}
Jun 24 04:12:33 devstack cinder-volume[93468]: DEBUG oslo_concurrency.processutils [None req-c313edf4-cccc-489d-ab32-5dc6014a0844 tempest-GroupsV314Test-218288902 None] Running cmd (subprocess): sudo cinder-rootwrap /etc/cinder/rootwrap.conf qemu-img rebase -u -b volume-600cb64a-ed8f-4db7-8dbf-d611e69d8adc -F qcow2 /opt/stack/data/cinder/mnt/61b6777e3c280661291955ee264c6019/volume-600cb64a-ed8f-4db7-8dbf-d611e69d8adc.a340f76e-2c98-4356-b57b-12ce88833b4a {{(pid=93468) execute /opt/stack/data/venv/lib/python3.12/site-packages/oslo_concurrency/processutils.py:440}}
Jun 24 04:12:33 devstack sudo[94903]: quobyte : PWD=/ ; USER=root ; COMMAND=/opt/stack/data/venv/bin/cinder-rootwrap /etc/cinder/rootwrap.conf qemu-img rebase -u -b volume-600cb64a-ed8f-4db7-8dbf-d611e69d8adc -F qcow2 /opt/stack/data/cinder/mnt/61b6777e3c280661291955ee264c6019/volume-600cb64a-ed8f-4db7-8dbf-d611e69d8adc.a340f76e-2c98-4356-b57b-12ce88833b4a
Jun 24 04:12:33 devstack sudo[94903]: pam_unix(sudo:session): session opened for user root(uid=0) by (uid=1000)
Jun 24 04:12:34 devstack sudo[94903]: pam_unix(sudo:session): session closed for user root
Jun 24 04:12:34 devstack cinder-volume[93468]: DEBUG oslo_concurrency.processutils [None req-c313edf4-cccc-489d-ab32-5dc6014a0844 tempest-GroupsV314Test-218288902 None] CMD "sudo cinder-rootwrap /etc/cinder/rootwrap.conf qemu-img rebase -u -b volume-600cb64a-ed8f-4db7-8dbf-d611e69d8adc -F qcow2 /opt/stack/data/cinder/mnt/61b6777e3c280661291955ee264c6019/volume-600cb64a-ed8f-4db7-8dbf-d611e69d8adc.a340f76e-2c98-4356-b57b-12ce88833b4a" returned: 0 in 1.134s {{(pid=93468) execute /opt/stack/data/venv/lib/python3.12/site-packages/oslo_concurrency/processutils.py:468}}
Jun 24 04:12:34 devstack cinder-volume[93468]: WARNING cinder.volume.drivers.remotefs [None req-c313edf4-cccc-489d-ab32-5dc6014a0844 tempest-GroupsV314Test-218288902 None] /opt/stack/data/cinder/mnt/61b6777e3c280661291955ee264c6019/volume-600cb64a-ed8f-4db7-8dbf-d611e69d8adc.a340f76e-2c98-4356-b57b-12ce88833b4a is being set with open permissions: ugo+rw: NotImplementedError
Jun 24 04:12:34 devstack cinder-volume[93468]: DEBUG oslo_concurrency.processutils [None req-c313edf4-cccc-489d-ab32-5dc6014a0844 tempest-GroupsV314Test-218288902 None] Running cmd (subprocess): sudo cinder-rootwrap /etc/cinder/rootwrap.conf chmod ugo+rw /opt/stack/data/cinder/mnt/61b6777e3c280661291955ee264c6019/volume-600cb64a-ed8f-4db7-8dbf-d611e69d8adc.a340f76e-2c98-4356-b57b-12ce88833b4a {{(pid=93468) execute /opt/stack/data/venv/lib/python3.12/site-packages/oslo_concurrency/processutils.py:440}}
Jun 24 04:12:34 devstack sudo[94922]: quobyte : PWD=/ ; USER=root ; COMMAND=/opt/stack/data/venv/bin/cinder-rootwrap /etc/cinder/rootwrap.conf chmod ugo+rw /opt/stack/data/cinder/mnt/61b6777e3c280661291955ee264c6019/volume-600cb64a-ed8f-4db7-8dbf-d611e69d8adc.a340f76e-2c98-4356-b57b-12ce88833b4a
Jun 24 04:12:34 devstack sudo[94922]: pam_unix(sudo:session): session opened for user root(uid=0) by (uid=1000)
Jun 24 04:12:36 devstack sudo[94922]: pam_unix(sudo:session): session closed for user root
Jun 24 04:12:36 devstack cinder-volume[93468]: DEBUG oslo_concurrency.processutils [None req-c313edf4-cccc-489d-ab32-5dc6014a0844 tempest-GroupsV314Test-218288902 None] CMD "sudo cinder-rootwrap /etc/cinder/rootwrap.conf chmod ugo+rw /opt/stack/data/cinder/mnt/61b6777e3c280661291955ee264c6019/volume-600cb64a-ed8f-4db7-8dbf-d611e69d8adc.a340f76e-2c98-4356-b57b-12ce88833b4a" returned: 0 in 1.253s {{(pid=93468) execute /opt/stack/data/venv/lib/python3.12/site-packages/oslo_concurrency/processutils.py:468}}
Jun 24 04:12:36 devstack cinder-volume[93468]: DEBUG oslo_concurrency.processutils [None req-c313edf4-cccc-489d-ab32-5dc6014a0844 tempest-GroupsV314Test-218288902 None] Running cmd (subprocess): sudo cinder-rootwrap /etc/cinder/rootwrap.conf truncate -s0 /opt/stack/data/cinder/mnt/61b6777e3c280661291955ee264c6019/volume-600cb64a-ed8f-4db7-8dbf-d611e69d8adc.info {{(pid=93468) execute /opt/stack/data/venv/lib/python3.12/site-packages/oslo_concurrency/processutils.py:440}}
Jun 24 04:12:36 devstack sudo[94955]: quobyte : PWD=/ ; USER=root ; COMMAND=/opt/stack/data/venv/bin/cinder-rootwrap /etc/cinder/rootwrap.conf truncate -s0 /opt/stack/data/cinder/mnt/61b6777e3c280661291955ee264c6019/volume-600cb64a-ed8f-4db7-8dbf-d611e69d8adc.info
Jun 24 04:12:36 devstack sudo[94955]: pam_unix(sudo:session): session opened for user root(uid=0) by (uid=1000)
Jun 24 04:12:37 devstack sudo[94955]: pam_unix(sudo:session): session closed for user root
Jun 24 04:12:37 devstack cinder-volume[93468]: DEBUG oslo_concurrency.processutils [None req-c313edf4-cccc-489d-ab32-5dc6014a0844 tempest-GroupsV314Test-218288902 None] CMD "sudo cinder-rootwrap /etc/cinder/rootwrap.conf truncate -s0 /opt/stack/data/cinder/mnt/61b6777e3c280661291955ee264c6019/volume-600cb64a-ed8f-4db7-8dbf-d611e69d8adc.info" returned: 0 in 1.559s {{(pid=93468) execute /opt/stack/data/venv/lib/python3.12/site-packages/oslo_concurrency/processutils.py:468}}
Jun 24 04:12:37 devstack cinder-volume[93468]: WARNING cinder.volume.drivers.remotefs [None req-c313edf4-cccc-489d-ab32-5dc6014a0844 tempest-GroupsV314Test-218288902 None] /opt/stack/data/cinder/mnt/61b6777e3c280661291955ee264c6019/volume-600cb64a-ed8f-4db7-8dbf-d611e69d8adc.info is being set with open permissions: ugo+rw: NotImplementedError
Jun 24 04:12:37 devstack cinder-volume[93468]: DEBUG oslo_concurrency.processutils [None req-c313edf4-cccc-489d-ab32-5dc6014a0844 tempest-GroupsV314Test-218288902 None] Running cmd (subprocess): sudo cinder-rootwrap /etc/cinder/rootwrap.conf chmod ugo+rw /opt/stack/data/cinder/mnt/61b6777e3c280661291955ee264c6019/volume-600cb64a-ed8f-4db7-8dbf-d611e69d8adc.info {{(pid=93468) execute /opt/stack/data/venv/lib/python3.12/site-packages/oslo_concurrency/processutils.py:440}}
Jun 24 04:12:37 devstack sudo[94981]: quobyte : PWD=/ ; USER=root ; COMMAND=/opt/stack/data/venv/bin/cinder-rootwrap /etc/cinder/rootwrap.conf chmod ugo+rw /opt/stack/data/cinder/mnt/61b6777e3c280661291955ee264c6019/volume-600cb64a-ed8f-4db7-8dbf-d611e69d8adc.info
Jun 24 04:12:37 devstack sudo[94981]: pam_unix(sudo:session): session opened for user root(uid=0) by (uid=1000)
Jun 24 04:12:39 devstack sudo[94981]: pam_unix(sudo:session): session closed for user root
Jun 24 04:12:39 devstack cinder-volume[93468]: DEBUG oslo_concurrency.processutils [None req-c313edf4-cccc-489d-ab32-5dc6014a0844 tempest-GroupsV314Test-218288902 None] CMD "sudo cinder-rootwrap /etc/cinder/rootwrap.conf chmod ugo+rw /opt/stack/data/cinder/mnt/61b6777e3c280661291955ee264c6019/volume-600cb64a-ed8f-4db7-8dbf-d611e69d8adc.info" returned: 0 in 1.558s {{(pid=93468) execute /opt/stack/data/venv/lib/python3.12/site-packages/oslo_concurrency/processutils.py:468}}
Jun 24 04:12:39 devstack cinder-volume[93468]: DEBUG cinder.coordination [None req-c313edf4-cccc-489d-ab32-5dc6014a0844 tempest-GroupsV314Test-218288902 None] Acquiring lock "cinder-quobyte-7deae6b3-dd3c-47c8-bec3-2a2c542a5a4d" by "_copy_volume_from_snapshot" {{(pid=93468) __acquire /opt/stack/cinder/cinder/coordination.py:138}}
Jun 24 04:12:39 devstack cinder-volume[93468]: DEBUG cinder.coordination [None req-c313edf4-cccc-489d-ab32-5dc6014a0844 tempest-GroupsV314Test-218288902 None] Lock "cinder-quobyte-7deae6b3-dd3c-47c8-bec3-2a2c542a5a4d" acquired by "_copy_volume_from_snapshot" :: waited 0.056s {{(pid=93468) __acquire /opt/stack/cinder/cinder/coordination.py:141}}
Jun 24 04:12:39 devstack cinder-volume[93468]: DEBUG cinder.volume.drivers.quobyte [None req-c313edf4-cccc-489d-ab32-5dc6014a0844 tempest-GroupsV314Test-218288902 None] snapshot: a340f76e-2c98-4356-b57b-12ce88833b4a, volume: 7deae6b3-dd3c-47c8-bec3-2a2c542a5a4d, {{(pid=93468) _copy_volume_from_snapshot /opt/stack/cinder/cinder/volume/drivers/quobyte.py:401}}
Jun 24 04:12:39 devstack cinder-volume[93468]: DEBUG oslo_concurrency.lockutils [None req-c313edf4-cccc-489d-ab32-5dc6014a0844 tempest-GroupsV314Test-218288902 None] Acquiring lock "quobyte_ensure" by "cinder.volume.drivers.quobyte.QuobyteDriver._ensure_shares_mounted" {{(pid=93468) inner /opt/stack/data/venv/lib/python3.12/site-packages/oslo_concurrency/lockutils.py:511}}
Jun 24 04:12:39 devstack cinder-volume[93468]: DEBUG oslo_concurrency.lockutils [None req-c313edf4-cccc-489d-ab32-5dc6014a0844 tempest-GroupsV314Test-218288902 None] Lock "quobyte_ensure" acquired by "cinder.volume.drivers.quobyte.QuobyteDriver._ensure_shares_mounted" :: waited 0.001s {{(pid=93468) inner /opt/stack/data/venv/lib/python3.12/site-packages/oslo_concurrency/lockutils.py:524}}
Jun 24 04:12:39 devstack cinder-volume[93468]: DEBUG cinder.volume.drivers.quobyte [None req-c313edf4-cccc-489d-ab32-5dc6014a0844 tempest-GroupsV314Test-218288902 None] Quobyte Volume URL set to: {'osci02.corp.quobyte.com/cinder-vol-a5c54b3b-b8da-4f75-ad5e-979d197e2d6e': None} {{(pid=93468) _load_shares_config /opt/stack/cinder/cinder/volume/drivers/quobyte.py:617}}
Jun 24 04:12:39 devstack cinder-volume[93468]: DEBUG cinder.volume.drivers.quobyte [None req-c313edf4-cccc-489d-ab32-5dc6014a0844 tempest-GroupsV314Test-218288902 None] Available shares ['osci02.corp.quobyte.com/cinder-vol-a5c54b3b-b8da-4f75-ad5e-979d197e2d6e'] {{(pid=93468) _ensure_shares_mounted /opt/stack/cinder/cinder/volume/drivers/quobyte.py:647}}
Jun 24 04:12:39 devstack cinder-volume[93468]: DEBUG oslo_concurrency.lockutils [None req-c313edf4-cccc-489d-ab32-5dc6014a0844 tempest-GroupsV314Test-218288902 None] Lock "quobyte_ensure" "released" by "cinder.volume.drivers.quobyte.QuobyteDriver._ensure_shares_mounted" :: held 0.007s {{(pid=93468) inner /opt/stack/data/venv/lib/python3.12/site-packages/oslo_concurrency/lockutils.py:543}}
Jun 24 04:12:39 devstack cinder-volume[93468]: DEBUG oslo.privsep.daemon [-] privsep: reply[9ebe9436-c552-488b-be10-dc9949c1b899]: (4, 'qcow2') {{(pid=94794) _call_back /opt/stack/data/venv/lib/python3.12/site-packages/oslo_privsep/daemon.py:580}}
Jun 24 04:12:39 devstack cinder-volume[93468]: DEBUG oslo_concurrency.processutils [None req-c313edf4-cccc-489d-ab32-5dc6014a0844 tempest-GroupsV314Test-218288902 None] Running cmd (subprocess): /opt/stack/data/venv/bin/python3.12 -m oslo_concurrency.prlimit --as=1073741824 --cpu=60 -- sudo cinder-rootwrap /etc/cinder/rootwrap.conf env LC_ALL=C qemu-img info -f qcow2 --output=json --force-share /opt/stack/data/cinder/mnt/61b6777e3c280661291955ee264c6019/volume-600cb64a-ed8f-4db7-8dbf-d611e69d8adc.a340f76e-2c98-4356-b57b-12ce88833b4a {{(pid=93468) execute /opt/stack/data/venv/lib/python3.12/site-packages/oslo_concurrency/processutils.py:440}}
Jun 24 04:12:39 devstack sudo[94988]: quobyte : PWD=/ ; USER=root ; COMMAND=/opt/stack/data/venv/bin/cinder-rootwrap /etc/cinder/rootwrap.conf env LC_ALL=C qemu-img info -f qcow2 --output=json --force-share /opt/stack/data/cinder/mnt/61b6777e3c280661291955ee264c6019/volume-600cb64a-ed8f-4db7-8dbf-d611e69d8adc.a340f76e-2c98-4356-b57b-12ce88833b4a
Jun 24 04:12:39 devstack sudo[94988]: pam_unix(sudo:session): session opened for user root(uid=0) by (uid=1000)
Jun 24 04:12:41 devstack sudo[94988]: pam_unix(sudo:session): session closed for user root
Jun 24 04:12:41 devstack cinder-volume[93468]: DEBUG oslo_concurrency.processutils [None req-c313edf4-cccc-489d-ab32-5dc6014a0844 tempest-GroupsV314Test-218288902 None] CMD "/opt/stack/data/venv/bin/python3.12 -m oslo_concurrency.prlimit --as=1073741824 --cpu=60 -- sudo cinder-rootwrap /etc/cinder/rootwrap.conf env LC_ALL=C qemu-img info -f qcow2 --output=json --force-share /opt/stack/data/cinder/mnt/61b6777e3c280661291955ee264c6019/volume-600cb64a-ed8f-4db7-8dbf-d611e69d8adc.a340f76e-2c98-4356-b57b-12ce88833b4a" returned: 0 in 1.973s {{(pid=93468) execute /opt/stack/data/venv/lib/python3.12/site-packages/oslo_concurrency/processutils.py:468}}
Jun 24 04:12:41 devstack cinder-volume[93468]: DEBUG cinder.volume.drivers.remotefs [None req-c313edf4-cccc-489d-ab32-5dc6014a0844 tempest-GroupsV314Test-218288902 None] Fetching qemu-img info with special backing_file_template: (/opt/stack/data/cinder/mnt/[0-9a-f]+/)?(volume-600cb64a-ed8f-4db7-8dbf-d611e69d8adc(.(tmp-snap-)?[0-9a-f-]+)?|volume_from_snapshot_cache/(tmp-snap-)?[0-9a-f-]+(.(child-|parent-)[0-9a-f-]+)?)$ {{(pid=93468) _qemu_img_info_base /opt/stack/cinder/cinder/volume/drivers/remotefs.py:896}}
Jun 24 04:12:41 devstack cinder-volume[93468]: DEBUG cinder.volume.drivers.quobyte [None req-c313edf4-cccc-489d-ab32-5dc6014a0844 tempest-GroupsV314Test-218288902 None] will copy from snapshot at /opt/stack/data/cinder/mnt/61b6777e3c280661291955ee264c6019/volume-600cb64a-ed8f-4db7-8dbf-d611e69d8adc {{(pid=93468) _copy_volume_from_snapshot /opt/stack/cinder/cinder/volume/drivers/quobyte.py:420}}
Jun 24 04:12:41 devstack cinder-volume[93468]: DEBUG cinder.volume.drivers.quobyte [None req-c313edf4-cccc-489d-ab32-5dc6014a0844 tempest-GroupsV314Test-218288902 None] Creating direct copy from snapshot {{(pid=93468) _copy_volume_from_snapshot /opt/stack/cinder/cinder/volume/drivers/quobyte.py:428}}
Jun 24 04:12:41 devstack cinder-volume[93468]: DEBUG oslo.privsep.daemon [-] privsep: reply[16f66ee1-82ef-4d91-be35-10745d832b75]: (4, 'qcow2') {{(pid=94794) _call_back /opt/stack/data/venv/lib/python3.12/site-packages/oslo_privsep/daemon.py:580}}
Jun 24 04:12:41 devstack cinder-volume[93468]: DEBUG oslo_concurrency.processutils [None req-c313edf4-cccc-489d-ab32-5dc6014a0844 tempest-GroupsV314Test-218288902 None] Running cmd (subprocess): /opt/stack/data/venv/bin/python3.12 -m oslo_concurrency.prlimit --as=1073741824 --cpu=60 -- sudo cinder-rootwrap /etc/cinder/rootwrap.conf env LC_ALL=C qemu-img info -f qcow2 --output=json /opt/stack/data/cinder/mnt/61b6777e3c280661291955ee264c6019/volume-600cb64a-ed8f-4db7-8dbf-d611e69d8adc {{(pid=93468) execute /opt/stack/data/venv/lib/python3.12/site-packages/oslo_concurrency/processutils.py:440}}
Jun 24 04:12:41 devstack sudo[94995]: quobyte : PWD=/ ; USER=root ; COMMAND=/opt/stack/data/venv/bin/cinder-rootwrap /etc/cinder/rootwrap.conf env LC_ALL=C qemu-img info -f qcow2 --output=json /opt/stack/data/cinder/mnt/61b6777e3c280661291955ee264c6019/volume-600cb64a-ed8f-4db7-8dbf-d611e69d8adc
Jun 24 04:12:41 devstack sudo[94995]: pam_unix(sudo:session): session opened for user root(uid=0) by (uid=1000)
Jun 24 04:12:43 devstack sudo[94995]: pam_unix(sudo:session): session closed for user root
Jun 24 04:12:43 devstack cinder-volume[93468]: DEBUG oslo_concurrency.processutils [None req-c313edf4-cccc-489d-ab32-5dc6014a0844 tempest-GroupsV314Test-218288902 None] CMD "/opt/stack/data/venv/bin/python3.12 -m oslo_concurrency.prlimit --as=1073741824 --cpu=60 -- sudo cinder-rootwrap /etc/cinder/rootwrap.conf env LC_ALL=C qemu-img info -f qcow2 --output=json /opt/stack/data/cinder/mnt/61b6777e3c280661291955ee264c6019/volume-600cb64a-ed8f-4db7-8dbf-d611e69d8adc" returned: 0 in 1.679s {{(pid=93468) execute /opt/stack/data/venv/lib/python3.12/site-packages/oslo_concurrency/processutils.py:468}}
Jun 24 04:12:43 devstack cinder-volume[93468]: DEBUG cinder.utils [None req-c313edf4-cccc-489d-ab32-5dc6014a0844 tempest-GroupsV314Test-218288902 None] Path /opt/stack/data/cinder/mnt/61b6777e3c280661291955ee264c6019/volume-7deae6b3-dd3c-47c8-bec3-2a2c542a5a4d not found in is_blk_device check {{(pid=93468) is_blk_device /opt/stack/cinder/cinder/utils.py:615}}
Jun 24 04:12:43 devstack cinder-volume[93468]: DEBUG oslo_concurrency.processutils [None req-c313edf4-cccc-489d-ab32-5dc6014a0844 tempest-GroupsV314Test-218288902 None] Running cmd (subprocess): sudo cinder-rootwrap /etc/cinder/rootwrap.conf qemu-img convert -O qcow2 /opt/stack/data/cinder/mnt/61b6777e3c280661291955ee264c6019/volume-600cb64a-ed8f-4db7-8dbf-d611e69d8adc /opt/stack/data/cinder/mnt/61b6777e3c280661291955ee264c6019/volume-7deae6b3-dd3c-47c8-bec3-2a2c542a5a4d {{(pid=93468) execute /opt/stack/data/venv/lib/python3.12/site-packages/oslo_concurrency/processutils.py:440}}
Jun 24 04:12:43 devstack sudo[95042]: quobyte : PWD=/ ; USER=root ; COMMAND=/opt/stack/data/venv/bin/cinder-rootwrap /etc/cinder/rootwrap.conf qemu-img convert -O qcow2 /opt/stack/data/cinder/mnt/61b6777e3c280661291955ee264c6019/volume-600cb64a-ed8f-4db7-8dbf-d611e69d8adc /opt/stack/data/cinder/mnt/61b6777e3c280661291955ee264c6019/volume-7deae6b3-dd3c-47c8-bec3-2a2c542a5a4d
Jun 24 04:12:43 devstack sudo[95042]: pam_unix(sudo:session): session opened for user root(uid=0) by (uid=1000)
Jun 24 04:12:46 devstack cinder-volume[93468]: DEBUG dbcounter [-] [93468] Writing DB stats cinder:SELECT=9,cinder:UPDATE=5,cinder:INSERT=2,cinder:DELETE=1 {{(pid=93468) stat_writer /opt/stack/data/venv/lib/python3.12/site-packages/dbcounter.py:115}}
Jun 24 04:12:46 devstack cinder-volume[93468]: DEBUG dbcounter [-] [93468] Writing DB stats cinder:SELECT=11,cinder:UPDATE=5,cinder:INSERT=1 {{(pid=93468) stat_writer /opt/stack/data/venv/lib/python3.12/site-packages/dbcounter.py:115}}
Jun 24 04:12:50 devstack sudo[95042]: pam_unix(sudo:session): session closed for user root
Jun 24 04:12:50 devstack cinder-volume[93468]: DEBUG oslo_concurrency.processutils [None req-c313edf4-cccc-489d-ab32-5dc6014a0844 tempest-GroupsV314Test-218288902 None] CMD "sudo cinder-rootwrap /etc/cinder/rootwrap.conf qemu-img convert -O qcow2 /opt/stack/data/cinder/mnt/61b6777e3c280661291955ee264c6019/volume-600cb64a-ed8f-4db7-8dbf-d611e69d8adc /opt/stack/data/cinder/mnt/61b6777e3c280661291955ee264c6019/volume-7deae6b3-dd3c-47c8-bec3-2a2c542a5a4d" returned: 0 in 7.459s {{(pid=93468) execute /opt/stack/data/venv/lib/python3.12/site-packages/oslo_concurrency/processutils.py:468}}
Jun 24 04:12:50 devstack cinder-volume[93468]: DEBUG oslo.privsep.daemon [-] privsep: reply[d6b5eb1a-812e-4d1d-ae28-8c534f6885d1]: (4, 'qcow2') {{(pid=94794) _call_back /opt/stack/data/venv/lib/python3.12/site-packages/oslo_privsep/daemon.py:580}}
Jun 24 04:12:50 devstack cinder-volume[93468]: DEBUG oslo_concurrency.processutils [None req-c313edf4-cccc-489d-ab32-5dc6014a0844 tempest-GroupsV314Test-218288902 None] Running cmd (subprocess): /opt/stack/data/venv/bin/python3.12 -m oslo_concurrency.prlimit --as=1073741824 --cpu=60 -- sudo cinder-rootwrap /etc/cinder/rootwrap.conf env LC_ALL=C qemu-img info -f qcow2 --output=json /opt/stack/data/cinder/mnt/61b6777e3c280661291955ee264c6019/volume-600cb64a-ed8f-4db7-8dbf-d611e69d8adc {{(pid=93468) execute /opt/stack/data/venv/lib/python3.12/site-packages/oslo_concurrency/processutils.py:440}}
Jun 24 04:12:50 devstack cinder-volume[93468]: DEBUG cinder.volume.flows.manager.create_volume [None req-1e9021cc-8ed1-4845-a885-6793e0f9cb4e tempest-ServersNegativeTestJSON-608037068 None] Volume reschedule parameters: True retry: {'num_attempts': 1, 'backends': ['devstack@QuobyteHD#QuobyteHD'], 'hosts': ['devstack@QuobyteHD#QuobyteHD']} {{(pid=93468) get_flow /opt/stack/cinder/cinder/volume/flows/manager/create_volume.py:1397}}
Jun 24 04:12:50 devstack cinder-volume[93468]: DEBUG cinder.volume.manager [None req-1e9021cc-8ed1-4845-a885-6793e0f9cb4e tempest-ServersNegativeTestJSON-608037068 None] Flow 'volume_create_manager' (54ec714a-35e8-4950-b286-719d648b53d9) transitioned into state 'RUNNING' from state 'PENDING' {{(pid=93468) _flow_receiver /opt/stack/data/venv/lib/python3.12/site-packages/taskflow/listeners/logging.py:160}}
Jun 24 04:12:50 devstack cinder-volume[93468]: DEBUG cinder.volume.manager [None req-1e9021cc-8ed1-4845-a885-6793e0f9cb4e tempest-ServersNegativeTestJSON-608037068 None] Task 'cinder.volume.flows.manager.create_volume.ExtractVolumeRefTask;volume:create' (6e3fd50b-1db4-4f8b-a212-8a20cc131a86) transitioned into state 'RUNNING' from state 'PENDING' {{(pid=93468) _task_receiver /opt/stack/data/venv/lib/python3.12/site-packages/taskflow/listeners/logging.py:242}}
Jun 24 04:12:50 devstack sudo[95097]: quobyte : PWD=/ ; USER=root ; COMMAND=/opt/stack/data/venv/bin/cinder-rootwrap /etc/cinder/rootwrap.conf env LC_ALL=C qemu-img info -f qcow2 --output=json /opt/stack/data/cinder/mnt/61b6777e3c280661291955ee264c6019/volume-600cb64a-ed8f-4db7-8dbf-d611e69d8adc
Jun 24 04:12:50 devstack sudo[95097]: pam_unix(sudo:session): session opened for user root(uid=0) by (uid=1000)
Jun 24 04:12:51 devstack cinder-volume[93468]: DEBUG cinder.volume.manager [None req-1e9021cc-8ed1-4845-a885-6793e0f9cb4e tempest-ServersNegativeTestJSON-608037068 None] Task 'cinder.volume.flows.manager.create_volume.ExtractVolumeRefTask;volume:create' (6e3fd50b-1db4-4f8b-a212-8a20cc131a86) transitioned into state 'SUCCESS' from state 'RUNNING' with result 'Volume(_name_id=None,admin_metadata=,attach_status='detached',availability_zone='nova',bootable=False,cluster=,cluster_name=None,consistencygroup=,consistencygroup_id=None,created_at=2026-06-24T02:12:51Z,deleted=False,deleted_at=None,display_description=None,display_name='tempest-ServersNegativeTestJSON-volume-562623571',ec2_id=None,encryption_key_id=None,glance_metadata=,group=,group_id=None,host='devstack@QuobyteHD#QuobyteHD',id=6a59025b-07d7-405e-ab9d-023287b0271f,launched_at=None,metadata={},migration_status=None,multiattach=False,previous_status=None,project_id='25c546ad6d7f4fa280f30b7751cb7131',provider_auth=None,provider_geometry=None,provider_id=None,provider_location=None,replication_driver_data=None,replication_extended_status=None,replication_status=None,scheduled_at=2026-06-24T02:12:51Z,service_uuid=None,shared_targets=True,size=1,snapshot_id=None,snapshots=,source_volid=None,status='creating',terminated_at=None,updated_at=2026-06-24T02:12:51Z,use_quota=True,user_id='240c970aa91049f597077bae5dc20463',volume_attachment=VolumeAttachmentList,volume_type=VolumeType(978db5d1-e36d-40b9-831f-ccc4a139a459),volume_type_id=978db5d1-e36d-40b9-831f-ccc4a139a459)' {{(pid=93468) _task_receiver /opt/stack/data/venv/lib/python3.12/site-packages/taskflow/listeners/logging.py:218}}
Jun 24 04:12:51 devstack cinder-volume[93468]: DEBUG cinder.volume.manager [None req-1e9021cc-8ed1-4845-a885-6793e0f9cb4e tempest-ServersNegativeTestJSON-608037068 None] Task 'cinder.volume.flows.manager.create_volume.OnFailureRescheduleTask;volume:create' (0d1033cf-b6ad-4883-98aa-538cc25446c5) transitioned into state 'RUNNING' from state 'PENDING' {{(pid=93468) _task_receiver /opt/stack/data/venv/lib/python3.12/site-packages/taskflow/listeners/logging.py:242}}
Jun 24 04:12:51 devstack cinder-volume[93468]: DEBUG cinder.volume.manager [None req-1e9021cc-8ed1-4845-a885-6793e0f9cb4e tempest-ServersNegativeTestJSON-608037068 None] Task 'cinder.volume.flows.manager.create_volume.OnFailureRescheduleTask;volume:create' (0d1033cf-b6ad-4883-98aa-538cc25446c5) transitioned into state 'SUCCESS' from state 'RUNNING' with result 'None' {{(pid=93468) _task_receiver /opt/stack/data/venv/lib/python3.12/site-packages/taskflow/listeners/logging.py:218}}
Jun 24 04:12:51 devstack cinder-volume[93468]: DEBUG cinder.volume.manager [None req-1e9021cc-8ed1-4845-a885-6793e0f9cb4e tempest-ServersNegativeTestJSON-608037068 None] Task 'cinder.volume.flows.manager.create_volume.ExtractVolumeSpecTask;volume:create' (1ded7056-e66c-44bc-8767-8f91922d1e01) transitioned into state 'RUNNING' from state 'PENDING' {{(pid=93468) _task_receiver /opt/stack/data/venv/lib/python3.12/site-packages/taskflow/listeners/logging.py:242}}
Jun 24 04:12:51 devstack cinder-volume[93468]: DEBUG cinder.volume.manager [None req-1e9021cc-8ed1-4845-a885-6793e0f9cb4e tempest-ServersNegativeTestJSON-608037068 None] Task 'cinder.volume.flows.manager.create_volume.ExtractVolumeSpecTask;volume:create' (1ded7056-e66c-44bc-8767-8f91922d1e01) transitioned into state 'SUCCESS' from state 'RUNNING' with result '{'status': 'creating', 'type': 'raw', 'volume_id': '6a59025b-07d7-405e-ab9d-023287b0271f', 'volume_name': 'volume-6a59025b-07d7-405e-ab9d-023287b0271f', 'volume_size': 1}' {{(pid=93468) _task_receiver /opt/stack/data/venv/lib/python3.12/site-packages/taskflow/listeners/logging.py:218}}
Jun 24 04:12:51 devstack cinder-volume[93468]: DEBUG cinder.volume.manager [None req-1e9021cc-8ed1-4845-a885-6793e0f9cb4e tempest-ServersNegativeTestJSON-608037068 None] Task 'cinder.volume.flows.manager.create_volume.NotifyVolumeActionTask;volume:create, create.start' (9d86a61a-5fe0-49ee-a2d5-e7e8db7ca9ee) transitioned into state 'RUNNING' from state 'PENDING' {{(pid=93468) _task_receiver /opt/stack/data/venv/lib/python3.12/site-packages/taskflow/listeners/logging.py:242}}
Jun 24 04:12:51 devstack cinder-volume[93468]: DEBUG cinder.volume.manager [None req-1e9021cc-8ed1-4845-a885-6793e0f9cb4e tempest-ServersNegativeTestJSON-608037068 None] Task 'cinder.volume.flows.manager.create_volume.NotifyVolumeActionTask;volume:create, create.start' (9d86a61a-5fe0-49ee-a2d5-e7e8db7ca9ee) transitioned into state 'SUCCESS' from state 'RUNNING' with result 'None' {{(pid=93468) _task_receiver /opt/stack/data/venv/lib/python3.12/site-packages/taskflow/listeners/logging.py:218}}
Jun 24 04:12:51 devstack cinder-volume[93468]: DEBUG cinder.volume.manager [None req-1e9021cc-8ed1-4845-a885-6793e0f9cb4e tempest-ServersNegativeTestJSON-608037068 None] Task 'cinder.volume.flows.manager.create_volume.CreateVolumeFromSpecTask;volume:create' (3388a649-84cb-4fdc-a6f1-314beb017a6b) transitioned into state 'RUNNING' from state 'PENDING' {{(pid=93468) _task_receiver /opt/stack/data/venv/lib/python3.12/site-packages/taskflow/listeners/logging.py:242}}
Jun 24 04:12:51 devstack cinder-volume[93468]: INFO cinder.volume.flows.manager.create_volume [None req-1e9021cc-8ed1-4845-a885-6793e0f9cb4e tempest-ServersNegativeTestJSON-608037068 None] Volume 6a59025b-07d7-405e-ab9d-023287b0271f: being created as raw with specification: {'status': 'creating', 'volume_name': 'volume-6a59025b-07d7-405e-ab9d-023287b0271f', 'volume_size': 1}
Jun 24 04:12:51 devstack cinder-volume[93468]: DEBUG oslo_concurrency.lockutils [None req-1e9021cc-8ed1-4845-a885-6793e0f9cb4e tempest-ServersNegativeTestJSON-608037068 None] Acquiring lock "quobyte" by "cinder.volume.drivers.quobyte.QuobyteDriver.create_volume" {{(pid=93468) inner /opt/stack/data/venv/lib/python3.12/site-packages/oslo_concurrency/lockutils.py:511}}
Jun 24 04:12:51 devstack sudo[95097]: pam_unix(sudo:session): session closed for user root
Jun 24 04:12:51 devstack cinder-volume[93468]: DEBUG oslo_concurrency.processutils [None req-c313edf4-cccc-489d-ab32-5dc6014a0844 tempest-GroupsV314Test-218288902 None] CMD "/opt/stack/data/venv/bin/python3.12 -m oslo_concurrency.prlimit --as=1073741824 --cpu=60 -- sudo cinder-rootwrap /etc/cinder/rootwrap.conf env LC_ALL=C qemu-img info -f qcow2 --output=json /opt/stack/data/cinder/mnt/61b6777e3c280661291955ee264c6019/volume-600cb64a-ed8f-4db7-8dbf-d611e69d8adc" returned: 0 in 1.211s {{(pid=93468) execute /opt/stack/data/venv/lib/python3.12/site-packages/oslo_concurrency/processutils.py:468}}
Jun 24 04:12:51 devstack cinder-volume[93468]: DEBUG cinder.image.image_utils [None req-c313edf4-cccc-489d-ab32-5dc6014a0844 tempest-GroupsV314Test-218288902 None] Image conversion details: src /opt/stack/data/cinder/mnt/61b6777e3c280661291955ee264c6019/volume-600cb64a-ed8f-4db7-8dbf-d611e69d8adc, size 1024.00 MB, duration 7.46 sec, destination /opt/stack/data/cinder/mnt/61b6777e3c280661291955ee264c6019/volume-7deae6b3-dd3c-47c8-bec3-2a2c542a5a4d {{(pid=93468) _convert_image /opt/stack/cinder/cinder/image/image_utils.py:536}}
Jun 24 04:12:51 devstack cinder-volume[93468]: INFO cinder.image.image_utils [None req-c313edf4-cccc-489d-ab32-5dc6014a0844 tempest-GroupsV314Test-218288902 None] Converted 1024.00 MB image at 137.27 MB/s
Jun 24 04:12:51 devstack cinder-volume[93468]: WARNING cinder.volume.drivers.remotefs [None req-c313edf4-cccc-489d-ab32-5dc6014a0844 tempest-GroupsV314Test-218288902 None] /opt/stack/data/cinder/mnt/61b6777e3c280661291955ee264c6019/volume-7deae6b3-dd3c-47c8-bec3-2a2c542a5a4d is being set with open permissions: ugo+rw: NotImplementedError
Jun 24 04:12:51 devstack cinder-volume[93468]: DEBUG oslo_concurrency.processutils [None req-c313edf4-cccc-489d-ab32-5dc6014a0844 tempest-GroupsV314Test-218288902 None] Running cmd (subprocess): sudo cinder-rootwrap /etc/cinder/rootwrap.conf chmod ugo+rw /opt/stack/data/cinder/mnt/61b6777e3c280661291955ee264c6019/volume-7deae6b3-dd3c-47c8-bec3-2a2c542a5a4d {{(pid=93468) execute /opt/stack/data/venv/lib/python3.12/site-packages/oslo_concurrency/processutils.py:440}}
Jun 24 04:12:51 devstack sudo[95102]: quobyte : PWD=/ ; USER=root ; COMMAND=/opt/stack/data/venv/bin/cinder-rootwrap /etc/cinder/rootwrap.conf chmod ugo+rw /opt/stack/data/cinder/mnt/61b6777e3c280661291955ee264c6019/volume-7deae6b3-dd3c-47c8-bec3-2a2c542a5a4d
Jun 24 04:12:51 devstack sudo[95102]: pam_unix(sudo:session): session opened for user root(uid=0) by (uid=1000)
Jun 24 04:12:52 devstack sudo[95102]: pam_unix(sudo:session): session closed for user root
Jun 24 04:12:52 devstack cinder-volume[93468]: DEBUG oslo_concurrency.processutils [None req-c313edf4-cccc-489d-ab32-5dc6014a0844 tempest-GroupsV314Test-218288902 None] CMD "sudo cinder-rootwrap /etc/cinder/rootwrap.conf chmod ugo+rw /opt/stack/data/cinder/mnt/61b6777e3c280661291955ee264c6019/volume-7deae6b3-dd3c-47c8-bec3-2a2c542a5a4d" returned: 0 in 0.677s {{(pid=93468) execute /opt/stack/data/venv/lib/python3.12/site-packages/oslo_concurrency/processutils.py:468}}
Jun 24 04:12:52 devstack cinder-volume[93468]: DEBUG cinder.coordination [None req-c313edf4-cccc-489d-ab32-5dc6014a0844 tempest-GroupsV314Test-218288902 None] Lock "cinder-quobyte-7deae6b3-dd3c-47c8-bec3-2a2c542a5a4d" released by "_copy_volume_from_snapshot" :: held 13.231s {{(pid=93468) __release /opt/stack/cinder/cinder/coordination.py:152}}
Jun 24 04:12:52 devstack cinder-volume[93468]: DEBUG cinder.coordination [None req-c313edf4-cccc-489d-ab32-5dc6014a0844 tempest-GroupsV314Test-218288902 None] Acquiring lock "cinder-quobyte-a340f76e-2c98-4356-b57b-12ce88833b4a" by "_delete_snapshot" {{(pid=93468) __acquire /opt/stack/cinder/cinder/coordination.py:138}}
Jun 24 04:12:52 devstack cinder-volume[93468]: DEBUG cinder.coordination [None req-c313edf4-cccc-489d-ab32-5dc6014a0844 tempest-GroupsV314Test-218288902 None] Lock "cinder-quobyte-a340f76e-2c98-4356-b57b-12ce88833b4a" acquired by "_delete_snapshot" :: waited 0.016s {{(pid=93468) __acquire /opt/stack/cinder/cinder/coordination.py:141}}
Jun 24 04:12:52 devstack cinder-volume[93468]: DEBUG cinder.volume.drivers.remotefs [None req-c313edf4-cccc-489d-ab32-5dc6014a0844 tempest-GroupsV314Test-218288902 None] Deleting offline snapshot a340f76e-2c98-4356-b57b-12ce88833b4a of volume 600cb64a-ed8f-4db7-8dbf-d611e69d8adc {{(pid=93468) _delete_snapshot /opt/stack/cinder/cinder/volume/drivers/remotefs.py:1288}}
Jun 24 04:12:52 devstack cinder-volume[93468]: DEBUG cinder.volume.drivers.remotefs [None req-c313edf4-cccc-489d-ab32-5dc6014a0844 tempest-GroupsV314Test-218288902 None] snapshot_file for this snap is: volume-600cb64a-ed8f-4db7-8dbf-d611e69d8adc.a340f76e-2c98-4356-b57b-12ce88833b4a {{(pid=93468) _delete_snapshot /opt/stack/cinder/cinder/volume/drivers/remotefs.py:1317}}
Jun 24 04:12:52 devstack cinder-volume[93468]: DEBUG oslo.privsep.daemon [-] privsep: reply[656aa23b-d03c-4af5-9152-ceb8dd392b4b]: (4, 'qcow2') {{(pid=94794) _call_back /opt/stack/data/venv/lib/python3.12/site-packages/oslo_privsep/daemon.py:580}}
Jun 24 04:12:52 devstack cinder-volume[93468]: DEBUG oslo_concurrency.processutils [None req-c313edf4-cccc-489d-ab32-5dc6014a0844 tempest-GroupsV314Test-218288902 None] Running cmd (subprocess): /opt/stack/data/venv/bin/python3.12 -m oslo_concurrency.prlimit --as=1073741824 --cpu=60 -- sudo cinder-rootwrap /etc/cinder/rootwrap.conf env LC_ALL=C qemu-img info -f qcow2 --output=json --force-share /opt/stack/data/cinder/mnt/61b6777e3c280661291955ee264c6019/volume-600cb64a-ed8f-4db7-8dbf-d611e69d8adc.a340f76e-2c98-4356-b57b-12ce88833b4a {{(pid=93468) execute /opt/stack/data/venv/lib/python3.12/site-packages/oslo_concurrency/processutils.py:440}}
Jun 24 04:12:52 devstack sudo[95105]: quobyte : PWD=/ ; USER=root ; COMMAND=/opt/stack/data/venv/bin/cinder-rootwrap /etc/cinder/rootwrap.conf env LC_ALL=C qemu-img info -f qcow2 --output=json --force-share /opt/stack/data/cinder/mnt/61b6777e3c280661291955ee264c6019/volume-600cb64a-ed8f-4db7-8dbf-d611e69d8adc.a340f76e-2c98-4356-b57b-12ce88833b4a
Jun 24 04:12:52 devstack sudo[95105]: pam_unix(sudo:session): session opened for user root(uid=0) by (uid=1000)
Jun 24 04:12:53 devstack sudo[95105]: pam_unix(sudo:session): session closed for user root
Jun 24 04:12:53 devstack cinder-volume[93468]: DEBUG oslo_concurrency.processutils [None req-c313edf4-cccc-489d-ab32-5dc6014a0844 tempest-GroupsV314Test-218288902 None] CMD "/opt/stack/data/venv/bin/python3.12 -m oslo_concurrency.prlimit --as=1073741824 --cpu=60 -- sudo cinder-rootwrap /etc/cinder/rootwrap.conf env LC_ALL=C qemu-img info -f qcow2 --output=json --force-share /opt/stack/data/cinder/mnt/61b6777e3c280661291955ee264c6019/volume-600cb64a-ed8f-4db7-8dbf-d611e69d8adc.a340f76e-2c98-4356-b57b-12ce88833b4a" returned: 0 in 0.774s {{(pid=93468) execute /opt/stack/data/venv/lib/python3.12/site-packages/oslo_concurrency/processutils.py:468}}
Jun 24 04:12:53 devstack cinder-volume[93468]: DEBUG cinder.volume.drivers.remotefs [None req-c313edf4-cccc-489d-ab32-5dc6014a0844 tempest-GroupsV314Test-218288902 None] Fetching qemu-img info with special backing_file_template: (/opt/stack/data/cinder/mnt/[0-9a-f]+/)?(volume-600cb64a-ed8f-4db7-8dbf-d611e69d8adc(.(tmp-snap-)?[0-9a-f-]+)?|volume_from_snapshot_cache/(tmp-snap-)?[0-9a-f-]+(.(child-|parent-)[0-9a-f-]+)?)$ {{(pid=93468) _qemu_img_info_base /opt/stack/cinder/cinder/volume/drivers/remotefs.py:896}}
Jun 24 04:12:53 devstack cinder-volume[93468]: DEBUG oslo.privsep.daemon [-] privsep: reply[4333337f-16c9-4a69-9aac-6e1add0b0cb0]: (4, 'qcow2') {{(pid=94794) _call_back /opt/stack/data/venv/lib/python3.12/site-packages/oslo_privsep/daemon.py:580}}
Jun 24 04:12:53 devstack cinder-volume[93468]: DEBUG oslo_concurrency.processutils [None req-c313edf4-cccc-489d-ab32-5dc6014a0844 tempest-GroupsV314Test-218288902 None] Running cmd (subprocess): /opt/stack/data/venv/bin/python3.12 -m oslo_concurrency.prlimit --as=1073741824 --cpu=60 -- sudo cinder-rootwrap /etc/cinder/rootwrap.conf env LC_ALL=C qemu-img info -f qcow2 --output=json --force-share /opt/stack/data/cinder/mnt/61b6777e3c280661291955ee264c6019/volume-600cb64a-ed8f-4db7-8dbf-d611e69d8adc {{(pid=93468) execute /opt/stack/data/venv/lib/python3.12/site-packages/oslo_concurrency/processutils.py:440}}
Jun 24 04:12:53 devstack sudo[95110]: quobyte : PWD=/ ; USER=root ; COMMAND=/opt/stack/data/venv/bin/cinder-rootwrap /etc/cinder/rootwrap.conf env LC_ALL=C qemu-img info -f qcow2 --output=json --force-share /opt/stack/data/cinder/mnt/61b6777e3c280661291955ee264c6019/volume-600cb64a-ed8f-4db7-8dbf-d611e69d8adc
Jun 24 04:12:53 devstack sudo[95110]: pam_unix(sudo:session): session opened for user root(uid=0) by (uid=1000)
Jun 24 04:12:54 devstack sudo[95110]: pam_unix(sudo:session): session closed for user root
Jun 24 04:12:54 devstack cinder-volume[93468]: DEBUG oslo_concurrency.processutils [None req-c313edf4-cccc-489d-ab32-5dc6014a0844 tempest-GroupsV314Test-218288902 None] CMD "/opt/stack/data/venv/bin/python3.12 -m oslo_concurrency.prlimit --as=1073741824 --cpu=60 -- sudo cinder-rootwrap /etc/cinder/rootwrap.conf env LC_ALL=C qemu-img info -f qcow2 --output=json --force-share /opt/stack/data/cinder/mnt/61b6777e3c280661291955ee264c6019/volume-600cb64a-ed8f-4db7-8dbf-d611e69d8adc" returned: 0 in 0.799s {{(pid=93468) execute /opt/stack/data/venv/lib/python3.12/site-packages/oslo_concurrency/processutils.py:468}}
Jun 24 04:12:54 devstack cinder-volume[93468]: DEBUG oslo_concurrency.processutils [None req-c313edf4-cccc-489d-ab32-5dc6014a0844 tempest-GroupsV314Test-218288902 None] Running cmd (subprocess): sudo cinder-rootwrap /etc/cinder/rootwrap.conf qemu-img commit -d /opt/stack/data/cinder/mnt/61b6777e3c280661291955ee264c6019/volume-600cb64a-ed8f-4db7-8dbf-d611e69d8adc.a340f76e-2c98-4356-b57b-12ce88833b4a {{(pid=93468) execute /opt/stack/data/venv/lib/python3.12/site-packages/oslo_concurrency/processutils.py:440}}
Jun 24 04:12:54 devstack sudo[95116]: quobyte : PWD=/ ; USER=root ; COMMAND=/opt/stack/data/venv/bin/cinder-rootwrap /etc/cinder/rootwrap.conf qemu-img commit -d /opt/stack/data/cinder/mnt/61b6777e3c280661291955ee264c6019/volume-600cb64a-ed8f-4db7-8dbf-d611e69d8adc.a340f76e-2c98-4356-b57b-12ce88833b4a
Jun 24 04:12:54 devstack sudo[95116]: pam_unix(sudo:session): session opened for user root(uid=0) by (uid=1000)
Jun 24 04:12:55 devstack sudo[95116]: pam_unix(sudo:session): session closed for user root
Jun 24 04:12:55 devstack cinder-volume[93468]: DEBUG oslo_concurrency.processutils [None req-c313edf4-cccc-489d-ab32-5dc6014a0844 tempest-GroupsV314Test-218288902 None] CMD "sudo cinder-rootwrap /etc/cinder/rootwrap.conf qemu-img commit -d /opt/stack/data/cinder/mnt/61b6777e3c280661291955ee264c6019/volume-600cb64a-ed8f-4db7-8dbf-d611e69d8adc.a340f76e-2c98-4356-b57b-12ce88833b4a" returned: 0 in 0.760s {{(pid=93468) execute /opt/stack/data/venv/lib/python3.12/site-packages/oslo_concurrency/processutils.py:468}}
Jun 24 04:12:55 devstack cinder-volume[93468]: DEBUG oslo_concurrency.processutils [None req-c313edf4-cccc-489d-ab32-5dc6014a0844 tempest-GroupsV314Test-218288902 None] Running cmd (subprocess): sudo cinder-rootwrap /etc/cinder/rootwrap.conf rm -f /opt/stack/data/cinder/mnt/61b6777e3c280661291955ee264c6019/volume-600cb64a-ed8f-4db7-8dbf-d611e69d8adc.a340f76e-2c98-4356-b57b-12ce88833b4a {{(pid=93468) execute /opt/stack/data/venv/lib/python3.12/site-packages/oslo_concurrency/processutils.py:440}}
Jun 24 04:12:55 devstack sudo[95121]: quobyte : PWD=/ ; USER=root ; COMMAND=/opt/stack/data/venv/bin/cinder-rootwrap /etc/cinder/rootwrap.conf rm -f /opt/stack/data/cinder/mnt/61b6777e3c280661291955ee264c6019/volume-600cb64a-ed8f-4db7-8dbf-d611e69d8adc.a340f76e-2c98-4356-b57b-12ce88833b4a
Jun 24 04:12:55 devstack sudo[95121]: pam_unix(sudo:session): session opened for user root(uid=0) by (uid=1000)
Jun 24 04:12:55 devstack sudo[95121]: pam_unix(sudo:session): session closed for user root
Jun 24 04:12:55 devstack cinder-volume[93468]: DEBUG oslo_concurrency.processutils [None req-c313edf4-cccc-489d-ab32-5dc6014a0844 tempest-GroupsV314Test-218288902 None] CMD "sudo cinder-rootwrap /etc/cinder/rootwrap.conf rm -f /opt/stack/data/cinder/mnt/61b6777e3c280661291955ee264c6019/volume-600cb64a-ed8f-4db7-8dbf-d611e69d8adc.a340f76e-2c98-4356-b57b-12ce88833b4a" returned: 0 in 0.708s {{(pid=93468) execute /opt/stack/data/venv/lib/python3.12/site-packages/oslo_concurrency/processutils.py:468}}
Jun 24 04:12:55 devstack cinder-volume[93468]: DEBUG cinder.coordination [None req-c313edf4-cccc-489d-ab32-5dc6014a0844 tempest-GroupsV314Test-218288902 None] Lock "cinder-quobyte-a340f76e-2c98-4356-b57b-12ce88833b4a" released by "_delete_snapshot" :: held 3.149s {{(pid=93468) __release /opt/stack/cinder/cinder/coordination.py:152}}
