Jun 02 17:22:04 devstack devstack@n-api.service[61621]: DEBUG nova.policy [None req-3315bfbc-4065-4be0-8c27-62f210ac8430 tempest-TaggedAttachmentsTest-1035313286 tempest-TaggedAttachmentsTest-1035313286-project-member] Policy check for os_compute_api:servers:show:host_status failed with credentials {'is_admin': False, 'user_id': '9679a5d1f498405bb40ff887e2e78299', 'user_domain_id': 'default', 'system_scope': None, 'domain_id': None, 'project_id': '2f41ae58b2944f4abcc6b4fa2459e594', 'project_domain_id': 'default', 'roles': ['member', 'reader'], 'is_admin_project': True, 'service_user_id': None, 'service_user_domain_id': None, 'service_project_id': None, 'service_project_domain_id': None, 'service_roles': []} {{(pid=61621) authorize /opt/stack/nova/nova/policy.py:192}}
Jun 02 17:22:04 devstack devstack@n-api.service[61621]: DEBUG nova.policy [None req-3315bfbc-4065-4be0-8c27-62f210ac8430 tempest-TaggedAttachmentsTest-1035313286 tempest-TaggedAttachmentsTest-1035313286-project-member] Policy check for os_compute_api:servers:show:host_status:unknown-only failed with credentials {'is_admin': False, 'user_id': '9679a5d1f498405bb40ff887e2e78299', 'user_domain_id': 'default', 'system_scope': None, 'domain_id': None, 'project_id': '2f41ae58b2944f4abcc6b4fa2459e594', 'project_domain_id': 'default', 'roles': ['member', 'reader'], 'is_admin_project': True, 'service_user_id': None, 'service_user_domain_id': None, 'service_project_id': None, 'service_project_domain_id': None, 'service_roles': []} {{(pid=61621) authorize /opt/stack/nova/nova/policy.py:192}}
Jun 02 17:22:04 devstack devstack@n-api.service[61621]: INFO nova.api.openstack.requestlog [None req-3315bfbc-4065-4be0-8c27-62f210ac8430 tempest-TaggedAttachmentsTest-1035313286 tempest-TaggedAttachmentsTest-1035313286-project-member] 192.168.122.85 "GET /compute/v2.1/servers/22518f0d-a759-4083-b2c2-7a3f3b21369e" status: 200 len: 1457 microversion: 2.49 time: 0.687233
Jun 02 17:22:04 devstack devstack@n-api.service[61621]: [pid: 61621|app: 0|req: 46/96] 192.168.122.85 () {60 vars in 1274 bytes} [Tue Jun 2 17:22:03 2026] GET /compute/v2.1/servers/22518f0d-a759-4083-b2c2-7a3f3b21369e => generated 1457 bytes in 693 msecs (HTTP/1.1 200) 9 headers in 360 bytes (2 switches on core 0)
Jun 02 17:22:04 devstack devstack@n-api.service[61622]: DEBUG nova.api.openstack.wsgi [req-e13e7f4e-dfe2-4845-a7ae-1271a3574384 req-ccc21df9-326e-4e3c-8cc9-b45d832e4dbc service nova] Action: 'create', calling method: >, body: {"events": [{"server_uuid": "22518f0d-a759-4083-b2c2-7a3f3b21369e", "name": "network-vif-plugged", "status": "completed", "tag": "5bc3b9a1-ca3b-42f7-a481-1198498aaeea"}]} {{(pid=61622) _process_stack /opt/stack/nova/nova/api/openstack/wsgi.py:549}}
Jun 02 17:22:04 devstack devstack@n-api.service[61621]: DEBUG nova.api.openstack.wsgi [None req-e7e34dc1-fb81-4e3a-b0b2-8b600383cd01 tempest-VolumesSnapshotsTestJSON-1219075594 tempest-VolumesSnapshotsTestJSON-1219075594-project-member] Calling method '>' {{(pid=61621) _process_stack /opt/stack/nova/nova/api/openstack/wsgi.py:551}}
Jun 02 17:22:04 devstack devstack@n-api.service[61622]: DEBUG oslo_concurrency.lockutils [req-e13e7f4e-dfe2-4845-a7ae-1271a3574384 req-ccc21df9-326e-4e3c-8cc9-b45d832e4dbc service nova] Acquiring lock "2cb6b8e5-6e89-4154-a1c7-2b70382fd623" by "nova.context.set_target_cell..get_or_set_cached_cell_and_set_connections" {{(pid=61622) inner /opt/stack/data/venv/lib/python3.12/site-packages/oslo_concurrency/lockutils.py:506}}
Jun 02 17:22:04 devstack devstack@n-api.service[61622]: DEBUG oslo_concurrency.lockutils [req-e13e7f4e-dfe2-4845-a7ae-1271a3574384 req-ccc21df9-326e-4e3c-8cc9-b45d832e4dbc service nova] Lock "2cb6b8e5-6e89-4154-a1c7-2b70382fd623" acquired by "nova.context.set_target_cell..get_or_set_cached_cell_and_set_connections" :: waited 0.001s {{(pid=61622) inner /opt/stack/data/venv/lib/python3.12/site-packages/oslo_concurrency/lockutils.py:519}}
Jun 02 17:22:04 devstack devstack@n-api.service[61622]: DEBUG oslo_concurrency.lockutils [req-e13e7f4e-dfe2-4845-a7ae-1271a3574384 req-ccc21df9-326e-4e3c-8cc9-b45d832e4dbc service nova] Lock "2cb6b8e5-6e89-4154-a1c7-2b70382fd623" "released" by "nova.context.set_target_cell..get_or_set_cached_cell_and_set_connections" :: held 0.002s {{(pid=61622) inner /opt/stack/data/venv/lib/python3.12/site-packages/oslo_concurrency/lockutils.py:538}}
Jun 02 17:22:04 devstack devstack@n-api.service[61622]: INFO nova.api.openstack.compute.server_external_events [req-e13e7f4e-dfe2-4845-a7ae-1271a3574384 req-ccc21df9-326e-4e3c-8cc9-b45d832e4dbc service nova] Creating event network-vif-plugged:5bc3b9a1-ca3b-42f7-a481-1198498aaeea for instance 22518f0d-a759-4083-b2c2-7a3f3b21369e on devstack
Jun 02 17:22:04 devstack devstack@n-api.service[61622]: DEBUG nova.compute.rpcapi [req-e13e7f4e-dfe2-4845-a7ae-1271a3574384 req-ccc21df9-326e-4e3c-8cc9-b45d832e4dbc service nova] RPC: Sending the message to topic: compute-alt {{(pid=61622) prepare_for_alt_rpcserver /opt/stack/nova/nova/compute/rpcapi.py:595}}
Jun 02 17:22:04 devstack devstack@n-api.service[61622]: INFO nova.api.openstack.requestlog [req-e13e7f4e-dfe2-4845-a7ae-1271a3574384 req-ccc21df9-326e-4e3c-8cc9-b45d832e4dbc service nova] 192.168.122.85 "POST /compute/v2.1/os-server-external-events" status: 200 len: 183 microversion: 2.1 time: 0.112015
Jun 02 17:22:04 devstack devstack@n-api.service[61622]: [pid: 61622|app: 0|req: 51/97] 192.168.122.85 () {64 vars in 1316 bytes} [Tue Jun 2 17:22:04 2026] POST /compute/v2.1/os-server-external-events => generated 183 bytes in 121 msecs (HTTP/1.1 200) 9 headers in 357 bytes (1 switches on core 0)
Jun 02 17:22:05 devstack devstack@n-api.service[61621]: INFO nova.api.openstack.requestlog [None req-e7e34dc1-fb81-4e3a-b0b2-8b600383cd01 tempest-VolumesSnapshotsTestJSON-1219075594 tempest-VolumesSnapshotsTestJSON-1219075594-project-member] 192.168.122.85 "GET /compute/v2.1/os-volumes/8554c06c-bd58-44f5-ad46-2f138da267b7" status: 200 len: 342 microversion: 2.1 time: 0.216750
Jun 02 17:22:05 devstack devstack@n-api.service[61621]: [pid: 61621|app: 0|req: 47/98] 192.168.122.85 () {58 vars in 1242 bytes} [Tue Jun 2 17:22:04 2026] GET /compute/v2.1/os-volumes/8554c06c-bd58-44f5-ad46-2f138da267b7 => generated 342 bytes in 223 msecs (HTTP/1.1 200) 9 headers in 357 bytes (1 switches on core 0)
Jun 02 17:22:05 devstack devstack@n-api.service[61622]: DEBUG nova.api.openstack.wsgi [None req-09e458c6-644a-4e3f-8b82-e7686d1ccf6e tempest-TaggedAttachmentsTest-1035313286 tempest-TaggedAttachmentsTest-1035313286-project-member] Calling method '>' {{(pid=61622) _process_stack /opt/stack/nova/nova/api/openstack/wsgi.py:551}}
Jun 02 17:22:05 devstack devstack@n-api.service[61622]: DEBUG nova.compute.api [None req-09e458c6-644a-4e3f-8b82-e7686d1ccf6e tempest-TaggedAttachmentsTest-1035313286 tempest-TaggedAttachmentsTest-1035313286-project-member] [instance: 22518f0d-a759-4083-b2c2-7a3f3b21369e] Fetching instance by UUID {{(pid=61622) get /opt/stack/nova/nova/compute/api.py:3047}}
Jun 02 17:22:05 devstack devstack@n-api.service[61622]: DEBUG oslo_concurrency.lockutils [None req-09e458c6-644a-4e3f-8b82-e7686d1ccf6e tempest-TaggedAttachmentsTest-1035313286 tempest-TaggedAttachmentsTest-1035313286-project-member] Acquiring lock "2cb6b8e5-6e89-4154-a1c7-2b70382fd623" by "nova.context.set_target_cell..get_or_set_cached_cell_and_set_connections" {{(pid=61622) inner /opt/stack/data/venv/lib/python3.12/site-packages/oslo_concurrency/lockutils.py:506}}
Jun 02 17:22:05 devstack devstack@n-api.service[61622]: DEBUG oslo_concurrency.lockutils [None req-09e458c6-644a-4e3f-8b82-e7686d1ccf6e tempest-TaggedAttachmentsTest-1035313286 tempest-TaggedAttachmentsTest-1035313286-project-member] Lock "2cb6b8e5-6e89-4154-a1c7-2b70382fd623" acquired by "nova.context.set_target_cell..get_or_set_cached_cell_and_set_connections" :: waited 0.001s {{(pid=61622) inner /opt/stack/data/venv/lib/python3.12/site-packages/oslo_concurrency/lockutils.py:519}}
Jun 02 17:22:05 devstack devstack@n-api.service[61622]: DEBUG oslo_concurrency.lockutils [None req-09e458c6-644a-4e3f-8b82-e7686d1ccf6e tempest-TaggedAttachmentsTest-1035313286 tempest-TaggedAttachmentsTest-1035313286-project-member] Lock "2cb6b8e5-6e89-4154-a1c7-2b70382fd623" "released" by "nova.context.set_target_cell..get_or_set_cached_cell_and_set_connections" :: held 0.005s {{(pid=61622) inner /opt/stack/data/venv/lib/python3.12/site-packages/oslo_concurrency/lockutils.py:538}}
Jun 02 17:22:05 devstack devstack@n-api.service[61622]: DEBUG oslo_concurrency.lockutils [None req-09e458c6-644a-4e3f-8b82-e7686d1ccf6e tempest-TaggedAttachmentsTest-1035313286 tempest-TaggedAttachmentsTest-1035313286-project-member] Acquiring lock "2cb6b8e5-6e89-4154-a1c7-2b70382fd623" by "nova.context.set_target_cell..get_or_set_cached_cell_and_set_connections" {{(pid=61622) inner /opt/stack/data/venv/lib/python3.12/site-packages/oslo_concurrency/lockutils.py:506}}
Jun 02 17:22:05 devstack devstack@n-api.service[61622]: DEBUG oslo_concurrency.lockutils [None req-09e458c6-644a-4e3f-8b82-e7686d1ccf6e tempest-TaggedAttachmentsTest-1035313286 tempest-TaggedAttachmentsTest-1035313286-project-member] Lock "2cb6b8e5-6e89-4154-a1c7-2b70382fd623" acquired by "nova.context.set_target_cell..get_or_set_cached_cell_and_set_connections" :: waited 0.001s {{(pid=61622) inner /opt/stack/data/venv/lib/python3.12/site-packages/oslo_concurrency/lockutils.py:519}}
Jun 02 17:22:05 devstack devstack@n-api.service[61622]: DEBUG oslo_concurrency.lockutils [None req-09e458c6-644a-4e3f-8b82-e7686d1ccf6e tempest-TaggedAttachmentsTest-1035313286 tempest-TaggedAttachmentsTest-1035313286-project-member] Lock "2cb6b8e5-6e89-4154-a1c7-2b70382fd623" "released" by "nova.context.set_target_cell..get_or_set_cached_cell_and_set_connections" :: held 0.003s {{(pid=61622) inner /opt/stack/data/venv/lib/python3.12/site-packages/oslo_concurrency/lockutils.py:538}}
Jun 02 17:22:05 devstack devstack@n-api.service[61622]: WARNING neutronclient.v2_0.client [None req-09e458c6-644a-4e3f-8b82-e7686d1ccf6e tempest-TaggedAttachmentsTest-1035313286 tempest-TaggedAttachmentsTest-1035313286-project-member] The python binding code in neutronclient is deprecated in favor of OpenstackSDK, please use that as this will be removed in a future release.
Jun 02 17:22:06 devstack devstack@n-api.service[61622]: DEBUG nova.policy [None req-09e458c6-644a-4e3f-8b82-e7686d1ccf6e tempest-TaggedAttachmentsTest-1035313286 tempest-TaggedAttachmentsTest-1035313286-project-member] Policy check for os_compute_api:os-extended-server-attributes failed with credentials {'is_admin': False, 'user_id': '9679a5d1f498405bb40ff887e2e78299', 'user_domain_id': 'default', 'system_scope': None, 'domain_id': None, 'project_id': '2f41ae58b2944f4abcc6b4fa2459e594', 'project_domain_id': 'default', 'roles': ['member', 'reader'], 'is_admin_project': True, 'service_user_id': None, 'service_user_domain_id': None, 'service_project_id': None, 'service_project_domain_id': None, 'service_roles': []} {{(pid=61622) authorize /opt/stack/nova/nova/policy.py:192}}
Jun 02 17:22:06 devstack devstack@n-api.service[61622]: DEBUG nova.policy [None req-09e458c6-644a-4e3f-8b82-e7686d1ccf6e tempest-TaggedAttachmentsTest-1035313286 tempest-TaggedAttachmentsTest-1035313286-project-member] Policy check for os_compute_api:servers:show:host_status failed with credentials {'is_admin': False, 'user_id': '9679a5d1f498405bb40ff887e2e78299', 'user_domain_id': 'default', 'system_scope': None, 'domain_id': None, 'project_id': '2f41ae58b2944f4abcc6b4fa2459e594', 'project_domain_id': 'default', 'roles': ['member', 'reader'], 'is_admin_project': True, 'service_user_id': None, 'service_user_domain_id': None, 'service_project_id': None, 'service_project_domain_id': None, 'service_roles': []} {{(pid=61622) authorize /opt/stack/nova/nova/policy.py:192}}
Jun 02 17:22:06 devstack devstack@n-api.service[61622]: DEBUG nova.policy [None req-09e458c6-644a-4e3f-8b82-e7686d1ccf6e tempest-TaggedAttachmentsTest-1035313286 tempest-TaggedAttachmentsTest-1035313286-project-member] Policy check for os_compute_api:servers:show:host_status:unknown-only failed with credentials {'is_admin': False, 'user_id': '9679a5d1f498405bb40ff887e2e78299', 'user_domain_id': 'default', 'system_scope': None, 'domain_id': None, 'project_id': '2f41ae58b2944f4abcc6b4fa2459e594', 'project_domain_id': 'default', 'roles': ['member', 'reader'], 'is_admin_project': True, 'service_user_id': None, 'service_user_domain_id': None, 'service_project_id': None, 'service_project_domain_id': None, 'service_roles': []} {{(pid=61622) authorize /opt/stack/nova/nova/policy.py:192}}
Jun 02 17:22:06 devstack devstack@n-api.service[61621]: DEBUG nova.api.openstack.wsgi [None req-b22753c1-1343-4295-b288-ea0b501b5a0a tempest-VolumesSnapshotsTestJSON-1219075594 tempest-VolumesSnapshotsTestJSON-1219075594-project-member] Calling method '>' {{(pid=61621) _process_stack /opt/stack/nova/nova/api/openstack/wsgi.py:551}}
Jun 02 17:22:06 devstack devstack@n-api.service[61622]: INFO nova.api.openstack.requestlog [None req-09e458c6-644a-4e3f-8b82-e7686d1ccf6e tempest-TaggedAttachmentsTest-1035313286 tempest-TaggedAttachmentsTest-1035313286-project-member] 192.168.122.85 "GET /compute/v2.1/servers/22518f0d-a759-4083-b2c2-7a3f3b21369e" status: 200 len: 1457 microversion: 2.49 time: 0.890779
Jun 02 17:22:06 devstack devstack@n-api.service[61622]: [pid: 61622|app: 0|req: 52/99] 192.168.122.85 () {60 vars in 1274 bytes} [Tue Jun 2 17:22:05 2026] GET /compute/v2.1/servers/22518f0d-a759-4083-b2c2-7a3f3b21369e => generated 1457 bytes in 894 msecs (HTTP/1.1 200) 9 headers in 360 bytes (1 switches on core 0)
Jun 02 17:22:06 devstack devstack@n-api.service[61621]: INFO nova.api.openstack.requestlog [None req-b22753c1-1343-4295-b288-ea0b501b5a0a tempest-VolumesSnapshotsTestJSON-1219075594 tempest-VolumesSnapshotsTestJSON-1219075594-project-member] 192.168.122.85 "GET /compute/v2.1/os-volumes/8554c06c-bd58-44f5-ad46-2f138da267b7" status: 200 len: 342 microversion: 2.1 time: 0.092161
Jun 02 17:22:06 devstack devstack@n-api.service[61621]: [pid: 61621|app: 0|req: 48/100] 192.168.122.85 () {58 vars in 1242 bytes} [Tue Jun 2 17:22:06 2026] GET /compute/v2.1/os-volumes/8554c06c-bd58-44f5-ad46-2f138da267b7 => generated 342 bytes in 95 msecs (HTTP/1.1 200) 9 headers in 357 bytes (2 switches on core 0)
Jun 02 17:22:07 devstack devstack@n-api.service[61622]: DEBUG nova.api.openstack.wsgi [req-08010230-8dfd-4ef9-81dc-e3a2a60537aa req-9f63887f-6c64-4b88-ad33-cf96f2ab5980 service nova] Action: 'create', calling method: >, body: {"events": [{"server_uuid": "22518f0d-a759-4083-b2c2-7a3f3b21369e", "name": "network-vif-plugged", "status": "completed", "tag": "5bc3b9a1-ca3b-42f7-a481-1198498aaeea"}]} {{(pid=61622) _process_stack /opt/stack/nova/nova/api/openstack/wsgi.py:549}}
Jun 02 17:22:07 devstack devstack@n-api.service[61622]: DEBUG oslo_concurrency.lockutils [req-08010230-8dfd-4ef9-81dc-e3a2a60537aa req-9f63887f-6c64-4b88-ad33-cf96f2ab5980 service nova] Acquiring lock "2cb6b8e5-6e89-4154-a1c7-2b70382fd623" by "nova.context.set_target_cell..get_or_set_cached_cell_and_set_connections" {{(pid=61622) inner /opt/stack/data/venv/lib/python3.12/site-packages/oslo_concurrency/lockutils.py:506}}
Jun 02 17:22:07 devstack devstack@n-api.service[61622]: DEBUG oslo_concurrency.lockutils [req-08010230-8dfd-4ef9-81dc-e3a2a60537aa req-9f63887f-6c64-4b88-ad33-cf96f2ab5980 service nova] Lock "2cb6b8e5-6e89-4154-a1c7-2b70382fd623" acquired by "nova.context.set_target_cell..get_or_set_cached_cell_and_set_connections" :: waited 0.001s {{(pid=61622) inner /opt/stack/data/venv/lib/python3.12/site-packages/oslo_concurrency/lockutils.py:519}}
Jun 02 17:22:07 devstack devstack@n-api.service[61622]: DEBUG oslo_concurrency.lockutils [req-08010230-8dfd-4ef9-81dc-e3a2a60537aa req-9f63887f-6c64-4b88-ad33-cf96f2ab5980 service nova] Lock "2cb6b8e5-6e89-4154-a1c7-2b70382fd623" "released" by "nova.context.set_target_cell..get_or_set_cached_cell_and_set_connections" :: held 0.001s {{(pid=61622) inner /opt/stack/data/venv/lib/python3.12/site-packages/oslo_concurrency/lockutils.py:538}}
Jun 02 17:22:07 devstack devstack@n-api.service[61622]: INFO nova.api.openstack.compute.server_external_events [req-08010230-8dfd-4ef9-81dc-e3a2a60537aa req-9f63887f-6c64-4b88-ad33-cf96f2ab5980 service nova] Creating event network-vif-plugged:5bc3b9a1-ca3b-42f7-a481-1198498aaeea for instance 22518f0d-a759-4083-b2c2-7a3f3b21369e on devstack
Jun 02 17:22:07 devstack devstack@n-api.service[61622]: DEBUG nova.compute.rpcapi [req-08010230-8dfd-4ef9-81dc-e3a2a60537aa req-9f63887f-6c64-4b88-ad33-cf96f2ab5980 service nova] RPC: Sending the message to topic: compute-alt {{(pid=61622) prepare_for_alt_rpcserver /opt/stack/nova/nova/compute/rpcapi.py:595}}
Jun 02 17:22:07 devstack devstack@n-api.service[61622]: INFO nova.api.openstack.requestlog [req-08010230-8dfd-4ef9-81dc-e3a2a60537aa req-9f63887f-6c64-4b88-ad33-cf96f2ab5980 service nova] 192.168.122.85 "POST /compute/v2.1/os-server-external-events" status: 200 len: 183 microversion: 2.1 time: 0.048398
Jun 02 17:22:07 devstack devstack@n-api.service[61622]: [pid: 61622|app: 0|req: 53/101] 192.168.122.85 () {64 vars in 1316 bytes} [Tue Jun 2 17:22:07 2026] POST /compute/v2.1/os-server-external-events => generated 183 bytes in 51 msecs (HTTP/1.1 200) 9 headers in 357 bytes (1 switches on core 0)
Jun 02 17:22:07 devstack devstack@n-api.service[61621]: DEBUG nova.api.openstack.wsgi [None req-ee2dc0d5-70cc-43fb-ad97-5b3df6ea6eac tempest-TaggedAttachmentsTest-1035313286 tempest-TaggedAttachmentsTest-1035313286-project-member] Calling method '>' {{(pid=61621) _process_stack /opt/stack/nova/nova/api/openstack/wsgi.py:551}}
Jun 02 17:22:07 devstack devstack@n-api.service[61621]: DEBUG nova.compute.api [None req-ee2dc0d5-70cc-43fb-ad97-5b3df6ea6eac tempest-TaggedAttachmentsTest-1035313286 tempest-TaggedAttachmentsTest-1035313286-project-member] [instance: 22518f0d-a759-4083-b2c2-7a3f3b21369e] Fetching instance by UUID {{(pid=61621) get /opt/stack/nova/nova/compute/api.py:3047}}
Jun 02 17:22:07 devstack devstack@n-api.service[61621]: DEBUG oslo_concurrency.lockutils [None req-ee2dc0d5-70cc-43fb-ad97-5b3df6ea6eac tempest-TaggedAttachmentsTest-1035313286 tempest-TaggedAttachmentsTest-1035313286-project-member] Acquiring lock "2cb6b8e5-6e89-4154-a1c7-2b70382fd623" by "nova.context.set_target_cell..get_or_set_cached_cell_and_set_connections" {{(pid=61621) inner /opt/stack/data/venv/lib/python3.12/site-packages/oslo_concurrency/lockutils.py:506}}
Jun 02 17:22:07 devstack devstack@n-api.service[61621]: DEBUG oslo_concurrency.lockutils [None req-ee2dc0d5-70cc-43fb-ad97-5b3df6ea6eac tempest-TaggedAttachmentsTest-1035313286 tempest-TaggedAttachmentsTest-1035313286-project-member] Lock "2cb6b8e5-6e89-4154-a1c7-2b70382fd623" acquired by "nova.context.set_target_cell..get_or_set_cached_cell_and_set_connections" :: waited 0.001s {{(pid=61621) inner /opt/stack/data/venv/lib/python3.12/site-packages/oslo_concurrency/lockutils.py:519}}
Jun 02 17:22:07 devstack devstack@n-api.service[61621]: DEBUG oslo_concurrency.lockutils [None req-ee2dc0d5-70cc-43fb-ad97-5b3df6ea6eac tempest-TaggedAttachmentsTest-1035313286 tempest-TaggedAttachmentsTest-1035313286-project-member] Lock "2cb6b8e5-6e89-4154-a1c7-2b70382fd623" "released" by "nova.context.set_target_cell..get_or_set_cached_cell_and_set_connections" :: held 0.001s {{(pid=61621) inner /opt/stack/data/venv/lib/python3.12/site-packages/oslo_concurrency/lockutils.py:538}}
Jun 02 17:22:07 devstack devstack@n-api.service[61621]: DEBUG oslo_concurrency.lockutils [None req-ee2dc0d5-70cc-43fb-ad97-5b3df6ea6eac tempest-TaggedAttachmentsTest-1035313286 tempest-TaggedAttachmentsTest-1035313286-project-member] Acquiring lock "2cb6b8e5-6e89-4154-a1c7-2b70382fd623" by "nova.context.set_target_cell..get_or_set_cached_cell_and_set_connections" {{(pid=61621) inner /opt/stack/data/venv/lib/python3.12/site-packages/oslo_concurrency/lockutils.py:506}}
Jun 02 17:22:07 devstack devstack@n-api.service[61621]: DEBUG oslo_concurrency.lockutils [None req-ee2dc0d5-70cc-43fb-ad97-5b3df6ea6eac tempest-TaggedAttachmentsTest-1035313286 tempest-TaggedAttachmentsTest-1035313286-project-member] Lock "2cb6b8e5-6e89-4154-a1c7-2b70382fd623" acquired by "nova.context.set_target_cell..get_or_set_cached_cell_and_set_connections" :: waited 0.003s {{(pid=61621) inner /opt/stack/data/venv/lib/python3.12/site-packages/oslo_concurrency/lockutils.py:519}}
Jun 02 17:22:07 devstack devstack@n-api.service[61621]: DEBUG oslo_concurrency.lockutils [None req-ee2dc0d5-70cc-43fb-ad97-5b3df6ea6eac tempest-TaggedAttachmentsTest-1035313286 tempest-TaggedAttachmentsTest-1035313286-project-member] Lock "2cb6b8e5-6e89-4154-a1c7-2b70382fd623" "released" by "nova.context.set_target_cell..get_or_set_cached_cell_and_set_connections" :: held 0.002s {{(pid=61621) inner /opt/stack/data/venv/lib/python3.12/site-packages/oslo_concurrency/lockutils.py:538}}
Jun 02 17:22:07 devstack devstack@n-api.service[61622]: DEBUG nova.api.openstack.wsgi [None req-6ce63b70-1f5a-4700-8a8f-a3140f3eb4c8 tempest-VolumesSnapshotsTestJSON-1219075594 tempest-VolumesSnapshotsTestJSON-1219075594-project-member] Calling method '>' {{(pid=61622) _process_stack /opt/stack/nova/nova/api/openstack/wsgi.py:551}}
Jun 02 17:22:07 devstack devstack@n-api.service[61621]: WARNING neutronclient.v2_0.client [None req-ee2dc0d5-70cc-43fb-ad97-5b3df6ea6eac tempest-TaggedAttachmentsTest-1035313286 tempest-TaggedAttachmentsTest-1035313286-project-member] The python binding code in neutronclient is deprecated in favor of OpenstackSDK, please use that as this will be removed in a future release.
Jun 02 17:22:07 devstack devstack@n-api.service[61622]: INFO nova.api.openstack.requestlog [None req-6ce63b70-1f5a-4700-8a8f-a3140f3eb4c8 tempest-VolumesSnapshotsTestJSON-1219075594 tempest-VolumesSnapshotsTestJSON-1219075594-project-member] 192.168.122.85 "GET /compute/v2.1/os-volumes/8554c06c-bd58-44f5-ad46-2f138da267b7" status: 200 len: 343 microversion: 2.1 time: 0.153721
Jun 02 17:22:07 devstack devstack@n-api.service[61622]: [pid: 61622|app: 0|req: 54/102] 192.168.122.85 () {58 vars in 1242 bytes} [Tue Jun 2 17:22:07 2026] GET /compute/v2.1/os-volumes/8554c06c-bd58-44f5-ad46-2f138da267b7 => generated 343 bytes in 159 msecs (HTTP/1.1 200) 9 headers in 357 bytes (2 switches on core 0)
Jun 02 17:22:07 devstack devstack@n-api.service[61622]: DEBUG nova.api.openstack.wsgi [None req-a967594d-25a1-408f-8bbf-acc1de690780 tempest-VolumesSnapshotsTestJSON-1219075594 tempest-VolumesSnapshotsTestJSON-1219075594-project-member] Action: 'create', calling method: >, body: {"snapshot": {"volume_id": "8554c06c-bd58-44f5-ad46-2f138da267b7", "display_name": "tempest-VolumesSnapshotsTestJSON-Snapshot-659528893"}} {{(pid=61622) _process_stack /opt/stack/nova/nova/api/openstack/wsgi.py:549}}
Jun 02 17:22:07 devstack devstack@n-api.service[61621]: DEBUG nova.policy [None req-ee2dc0d5-70cc-43fb-ad97-5b3df6ea6eac tempest-TaggedAttachmentsTest-1035313286 tempest-TaggedAttachmentsTest-1035313286-project-member] Policy check for os_compute_api:os-extended-server-attributes failed with credentials {'is_admin': False, 'user_id': '9679a5d1f498405bb40ff887e2e78299', 'user_domain_id': 'default', 'system_scope': None, 'domain_id': None, 'project_id': '2f41ae58b2944f4abcc6b4fa2459e594', 'project_domain_id': 'default', 'roles': ['member', 'reader'], 'is_admin_project': True, 'service_user_id': None, 'service_user_domain_id': None, 'service_project_id': None, 'service_project_domain_id': None, 'service_roles': []} {{(pid=61621) authorize /opt/stack/nova/nova/policy.py:192}}
Jun 02 17:22:07 devstack devstack@n-api.service[61621]: DEBUG nova.policy [None req-ee2dc0d5-70cc-43fb-ad97-5b3df6ea6eac tempest-TaggedAttachmentsTest-1035313286 tempest-TaggedAttachmentsTest-1035313286-project-member] Policy check for os_compute_api:servers:show:host_status failed with credentials {'is_admin': False, 'user_id': '9679a5d1f498405bb40ff887e2e78299', 'user_domain_id': 'default', 'system_scope': None, 'domain_id': None, 'project_id': '2f41ae58b2944f4abcc6b4fa2459e594', 'project_domain_id': 'default', 'roles': ['member', 'reader'], 'is_admin_project': True, 'service_user_id': None, 'service_user_domain_id': None, 'service_project_id': None, 'service_project_domain_id': None, 'service_roles': []} {{(pid=61621) authorize /opt/stack/nova/nova/policy.py:192}}
Jun 02 17:22:07 devstack devstack@n-api.service[61621]: DEBUG nova.policy [None req-ee2dc0d5-70cc-43fb-ad97-5b3df6ea6eac tempest-TaggedAttachmentsTest-1035313286 tempest-TaggedAttachmentsTest-1035313286-project-member] Policy check for os_compute_api:servers:show:host_status:unknown-only failed with credentials {'is_admin': False, 'user_id': '9679a5d1f498405bb40ff887e2e78299', 'user_domain_id': 'default', 'system_scope': None, 'domain_id': None, 'project_id': '2f41ae58b2944f4abcc6b4fa2459e594', 'project_domain_id': 'default', 'roles': ['member', 'reader'], 'is_admin_project': True, 'service_user_id': None, 'service_user_domain_id': None, 'service_project_id': None, 'service_project_domain_id': None, 'service_roles': []} {{(pid=61621) authorize /opt/stack/nova/nova/policy.py:192}}
Jun 02 17:22:07 devstack devstack@n-api.service[61621]: INFO nova.api.openstack.requestlog [None req-ee2dc0d5-70cc-43fb-ad97-5b3df6ea6eac tempest-TaggedAttachmentsTest-1035313286 tempest-TaggedAttachmentsTest-1035313286-project-member] 192.168.122.85 "GET /compute/v2.1/servers/22518f0d-a759-4083-b2c2-7a3f3b21369e" status: 200 len: 1457 microversion: 2.49 time: 0.466221
Jun 02 17:22:07 devstack devstack@n-api.service[61621]: [pid: 61621|app: 0|req: 49/103] 192.168.122.85 () {60 vars in 1274 bytes} [Tue Jun 2 17:22:07 2026] GET /compute/v2.1/servers/22518f0d-a759-4083-b2c2-7a3f3b21369e => generated 1457 bytes in 468 msecs (HTTP/1.1 200) 9 headers in 360 bytes (1 switches on core 0)
Jun 02 17:22:07 devstack devstack@n-api.service[61622]: INFO nova.api.openstack.requestlog [None req-a967594d-25a1-408f-8bbf-acc1de690780 tempest-VolumesSnapshotsTestJSON-1219075594 tempest-VolumesSnapshotsTestJSON-1219075594-project-member] 192.168.122.85 "POST /compute/v2.1/os-snapshots" status: 200 len: 286 microversion: 2.1 time: 0.347638
Jun 02 17:22:07 devstack devstack@n-api.service[61622]: [pid: 61622|app: 0|req: 55/104] 192.168.122.85 () {60 vars in 1159 bytes} [Tue Jun 2 17:22:07 2026] POST /compute/v2.1/os-snapshots => generated 286 bytes in 350 msecs (HTTP/1.1 200) 9 headers in 357 bytes (1 switches on core 0)
Jun 02 17:22:07 devstack devstack@n-api.service[61621]: DEBUG nova.api.openstack.wsgi [None req-18665dfb-53db-4456-b367-45b46826bae1 tempest-VolumesSnapshotsTestJSON-1219075594 tempest-VolumesSnapshotsTestJSON-1219075594-project-reader] Calling method '>' {{(pid=61621) _process_stack /opt/stack/nova/nova/api/openstack/wsgi.py:551}}
Jun 02 17:22:08 devstack devstack@n-api.service[61621]: INFO nova.api.openstack.requestlog [None req-18665dfb-53db-4456-b367-45b46826bae1 tempest-VolumesSnapshotsTestJSON-1219075594 tempest-VolumesSnapshotsTestJSON-1219075594-project-reader] 192.168.122.85 "GET /compute/v2.1/os-snapshots/2436006d-969c-47af-80c9-c339a9e3aedc" status: 200 len: 286 microversion: 2.1 time: 0.290411
Jun 02 17:22:08 devstack devstack@n-api.service[61621]: [pid: 61621|app: 0|req: 50/105] 192.168.122.85 () {58 vars in 1248 bytes} [Tue Jun 2 17:22:07 2026] GET /compute/v2.1/os-snapshots/2436006d-969c-47af-80c9-c339a9e3aedc => generated 286 bytes in 292 msecs (HTTP/1.1 200) 9 headers in 357 bytes (1 switches on core 0)
Jun 02 17:22:08 devstack devstack@n-api.service[61622]: DEBUG nova.api.openstack.wsgi [None req-3602dd4f-dc73-4453-a3e2-f52ac037126d tempest-VolumesSnapshotsTestJSON-1219075594 tempest-VolumesSnapshotsTestJSON-1219075594-project-reader] Calling method '>' {{(pid=61622) _process_stack /opt/stack/nova/nova/api/openstack/wsgi.py:551}}
Jun 02 17:22:08 devstack devstack@n-api.service[61622]: INFO nova.api.openstack.requestlog [None req-3602dd4f-dc73-4453-a3e2-f52ac037126d tempest-VolumesSnapshotsTestJSON-1219075594 tempest-VolumesSnapshotsTestJSON-1219075594-project-reader] 192.168.122.85 "GET /compute/v2.1/os-snapshots" status: 200 len: 289 microversion: 2.1 time: 0.125422
Jun 02 17:22:08 devstack devstack@n-api.service[61622]: [pid: 61622|app: 0|req: 56/106] 192.168.122.85 () {58 vars in 1137 bytes} [Tue Jun 2 17:22:08 2026] GET /compute/v2.1/os-snapshots => generated 289 bytes in 131 msecs (HTTP/1.1 200) 9 headers in 357 bytes (1 switches on core 0)
Jun 02 17:22:08 devstack devstack@n-api.service[61621]: DEBUG nova.api.openstack.wsgi [None req-3dc613e1-ba9e-4939-8025-99cc2516db8a tempest-VolumesSnapshotsTestJSON-1219075594 tempest-VolumesSnapshotsTestJSON-1219075594-project-member] Calling method '>' {{(pid=61621) _process_stack /opt/stack/nova/nova/api/openstack/wsgi.py:551}}
Jun 02 17:22:08 devstack devstack@n-api.service[61621]: INFO nova.api.openstack.requestlog [None req-3dc613e1-ba9e-4939-8025-99cc2516db8a tempest-VolumesSnapshotsTestJSON-1219075594 tempest-VolumesSnapshotsTestJSON-1219075594-project-member] 192.168.122.85 "GET /compute/v2.1/os-snapshots/2436006d-969c-47af-80c9-c339a9e3aedc" status: 200 len: 286 microversion: 2.1 time: 0.082969
Jun 02 17:22:08 devstack devstack@n-api.service[61621]: [pid: 61621|app: 0|req: 51/107] 192.168.122.85 () {58 vars in 1248 bytes} [Tue Jun 2 17:22:08 2026] GET /compute/v2.1/os-snapshots/2436006d-969c-47af-80c9-c339a9e3aedc => generated 286 bytes in 85 msecs (HTTP/1.1 200) 9 headers in 357 bytes (1 switches on core 0)
Jun 02 17:22:08 devstack devstack@n-api.service[61622]: DEBUG nova.api.openstack.wsgi [None req-fb278d19-61fc-4890-bab6-8e5c0037dc47 tempest-TaggedAttachmentsTest-1035313286 tempest-TaggedAttachmentsTest-1035313286-project-member] Calling method '>' {{(pid=61622) _process_stack /opt/stack/nova/nova/api/openstack/wsgi.py:551}}
Jun 02 17:22:08 devstack devstack@n-api.service[61622]: DEBUG nova.compute.api [None req-fb278d19-61fc-4890-bab6-8e5c0037dc47 tempest-TaggedAttachmentsTest-1035313286 tempest-TaggedAttachmentsTest-1035313286-project-member] [instance: 22518f0d-a759-4083-b2c2-7a3f3b21369e] Fetching instance by UUID {{(pid=61622) get /opt/stack/nova/nova/compute/api.py:3047}}
Jun 02 17:22:08 devstack devstack@n-api.service[61622]: DEBUG oslo_concurrency.lockutils [None req-fb278d19-61fc-4890-bab6-8e5c0037dc47 tempest-TaggedAttachmentsTest-1035313286 tempest-TaggedAttachmentsTest-1035313286-project-member] Acquiring lock "2cb6b8e5-6e89-4154-a1c7-2b70382fd623" by "nova.context.set_target_cell..get_or_set_cached_cell_and_set_connections" {{(pid=61622) inner /opt/stack/data/venv/lib/python3.12/site-packages/oslo_concurrency/lockutils.py:506}}
Jun 02 17:22:08 devstack devstack@n-api.service[61622]: DEBUG oslo_concurrency.lockutils [None req-fb278d19-61fc-4890-bab6-8e5c0037dc47 tempest-TaggedAttachmentsTest-1035313286 tempest-TaggedAttachmentsTest-1035313286-project-member] Lock "2cb6b8e5-6e89-4154-a1c7-2b70382fd623" acquired by "nova.context.set_target_cell..get_or_set_cached_cell_and_set_connections" :: waited 0.001s {{(pid=61622) inner /opt/stack/data/venv/lib/python3.12/site-packages/oslo_concurrency/lockutils.py:519}}
Jun 02 17:22:08 devstack devstack@n-api.service[61622]: DEBUG oslo_concurrency.lockutils [None req-fb278d19-61fc-4890-bab6-8e5c0037dc47 tempest-TaggedAttachmentsTest-1035313286 tempest-TaggedAttachmentsTest-1035313286-project-member] Lock "2cb6b8e5-6e89-4154-a1c7-2b70382fd623" "released" by "nova.context.set_target_cell..get_or_set_cached_cell_and_set_connections" :: held 0.001s {{(pid=61622) inner /opt/stack/data/venv/lib/python3.12/site-packages/oslo_concurrency/lockutils.py:538}}
Jun 02 17:22:08 devstack devstack@n-api.service[61622]: DEBUG oslo_concurrency.lockutils [None req-fb278d19-61fc-4890-bab6-8e5c0037dc47 tempest-TaggedAttachmentsTest-1035313286 tempest-TaggedAttachmentsTest-1035313286-project-member] Acquiring lock "2cb6b8e5-6e89-4154-a1c7-2b70382fd623" by "nova.context.set_target_cell..get_or_set_cached_cell_and_set_connections" {{(pid=61622) inner /opt/stack/data/venv/lib/python3.12/site-packages/oslo_concurrency/lockutils.py:506}}
Jun 02 17:22:08 devstack devstack@n-api.service[61622]: DEBUG oslo_concurrency.lockutils [None req-fb278d19-61fc-4890-bab6-8e5c0037dc47 tempest-TaggedAttachmentsTest-1035313286 tempest-TaggedAttachmentsTest-1035313286-project-member] Lock "2cb6b8e5-6e89-4154-a1c7-2b70382fd623" acquired by "nova.context.set_target_cell..get_or_set_cached_cell_and_set_connections" :: waited 0.002s {{(pid=61622) inner /opt/stack/data/venv/lib/python3.12/site-packages/oslo_concurrency/lockutils.py:519}}
Jun 02 17:22:08 devstack devstack@n-api.service[61622]: DEBUG oslo_concurrency.lockutils [None req-fb278d19-61fc-4890-bab6-8e5c0037dc47 tempest-TaggedAttachmentsTest-1035313286 tempest-TaggedAttachmentsTest-1035313286-project-member] Lock "2cb6b8e5-6e89-4154-a1c7-2b70382fd623" "released" by "nova.context.set_target_cell..get_or_set_cached_cell_and_set_connections" :: held 0.002s {{(pid=61622) inner /opt/stack/data/venv/lib/python3.12/site-packages/oslo_concurrency/lockutils.py:538}}
Jun 02 17:22:08 devstack devstack@n-api.service[61622]: WARNING neutronclient.v2_0.client [None req-fb278d19-61fc-4890-bab6-8e5c0037dc47 tempest-TaggedAttachmentsTest-1035313286 tempest-TaggedAttachmentsTest-1035313286-project-member] The python binding code in neutronclient is deprecated in favor of OpenstackSDK, please use that as this will be removed in a future release.
Jun 02 17:22:08 devstack devstack@n-api.service[61622]: DEBUG nova.policy [None req-fb278d19-61fc-4890-bab6-8e5c0037dc47 tempest-TaggedAttachmentsTest-1035313286 tempest-TaggedAttachmentsTest-1035313286-project-member] Policy check for os_compute_api:os-extended-server-attributes failed with credentials {'is_admin': False, 'user_id': '9679a5d1f498405bb40ff887e2e78299', 'user_domain_id': 'default', 'system_scope': None, 'domain_id': None, 'project_id': '2f41ae58b2944f4abcc6b4fa2459e594', 'project_domain_id': 'default', 'roles': ['member', 'reader'], 'is_admin_project': True, 'service_user_id': None, 'service_user_domain_id': None, 'service_project_id': None, 'service_project_domain_id': None, 'service_roles': []} {{(pid=61622) authorize /opt/stack/nova/nova/policy.py:192}}
Jun 02 17:22:08 devstack devstack@n-api.service[61622]: DEBUG nova.policy [None req-fb278d19-61fc-4890-bab6-8e5c0037dc47 tempest-TaggedAttachmentsTest-1035313286 tempest-TaggedAttachmentsTest-1035313286-project-member] Policy check for os_compute_api:servers:show:host_status failed with credentials {'is_admin': False, 'user_id': '9679a5d1f498405bb40ff887e2e78299', 'user_domain_id': 'default', 'system_scope': None, 'domain_id': None, 'project_id': '2f41ae58b2944f4abcc6b4fa2459e594', 'project_domain_id': 'default', 'roles': ['member', 'reader'], 'is_admin_project': True, 'service_user_id': None, 'service_user_domain_id': None, 'service_project_id': None, 'service_project_domain_id': None, 'service_roles': []} {{(pid=61622) authorize /opt/stack/nova/nova/policy.py:192}}
Jun 02 17:22:08 devstack devstack@n-api.service[61622]: DEBUG nova.policy [None req-fb278d19-61fc-4890-bab6-8e5c0037dc47 tempest-TaggedAttachmentsTest-1035313286 tempest-TaggedAttachmentsTest-1035313286-project-member] Policy check for os_compute_api:servers:show:host_status:unknown-only failed with credentials {'is_admin': False, 'user_id': '9679a5d1f498405bb40ff887e2e78299', 'user_domain_id': 'default', 'system_scope': None, 'domain_id': None, 'project_id': '2f41ae58b2944f4abcc6b4fa2459e594', 'project_domain_id': 'default', 'roles': ['member', 'reader'], 'is_admin_project': True, 'service_user_id': None, 'service_user_domain_id': None, 'service_project_id': None, 'service_project_domain_id': None, 'service_roles': []} {{(pid=61622) authorize /opt/stack/nova/nova/policy.py:192}}
Jun 02 17:22:08 devstack devstack@n-api.service[61622]: INFO nova.api.openstack.requestlog [None req-fb278d19-61fc-4890-bab6-8e5c0037dc47 tempest-TaggedAttachmentsTest-1035313286 tempest-TaggedAttachmentsTest-1035313286-project-member] 192.168.122.85 "GET /compute/v2.1/servers/22518f0d-a759-4083-b2c2-7a3f3b21369e" status: 200 len: 1638 microversion: 2.49 time: 0.348427
Jun 02 17:22:08 devstack devstack@n-api.service[61622]: [pid: 61622|app: 0|req: 57/108] 192.168.122.85 () {60 vars in 1274 bytes} [Tue Jun 2 17:22:08 2026] GET /compute/v2.1/servers/22518f0d-a759-4083-b2c2-7a3f3b21369e => generated 1638 bytes in 351 msecs (HTTP/1.1 200) 9 headers in 360 bytes (1 switches on core 0)
Jun 02 17:22:09 devstack devstack@n-api.service[61621]: DEBUG nova.api.openstack.wsgi [None req-ccce41e6-f229-42e1-ba97-aa03157e013c tempest-TaggedAttachmentsTest-1035313286 tempest-TaggedAttachmentsTest-1035313286-project-member] Calling method '>' {{(pid=61621) _process_stack /opt/stack/nova/nova/api/openstack/wsgi.py:551}}
Jun 02 17:22:09 devstack devstack@n-api.service[61621]: DEBUG nova.compute.api [None req-ccce41e6-f229-42e1-ba97-aa03157e013c tempest-TaggedAttachmentsTest-1035313286 tempest-TaggedAttachmentsTest-1035313286-project-member] [instance: 22518f0d-a759-4083-b2c2-7a3f3b21369e] Fetching instance by UUID {{(pid=61621) get /opt/stack/nova/nova/compute/api.py:3047}}
Jun 02 17:22:09 devstack devstack@n-api.service[61621]: DEBUG oslo_concurrency.lockutils [None req-ccce41e6-f229-42e1-ba97-aa03157e013c tempest-TaggedAttachmentsTest-1035313286 tempest-TaggedAttachmentsTest-1035313286-project-member] Acquiring lock "2cb6b8e5-6e89-4154-a1c7-2b70382fd623" by "nova.context.set_target_cell..get_or_set_cached_cell_and_set_connections" {{(pid=61621) inner /opt/stack/data/venv/lib/python3.12/site-packages/oslo_concurrency/lockutils.py:506}}
Jun 02 17:22:09 devstack devstack@n-api.service[61621]: DEBUG oslo_concurrency.lockutils [None req-ccce41e6-f229-42e1-ba97-aa03157e013c tempest-TaggedAttachmentsTest-1035313286 tempest-TaggedAttachmentsTest-1035313286-project-member] Lock "2cb6b8e5-6e89-4154-a1c7-2b70382fd623" acquired by "nova.context.set_target_cell..get_or_set_cached_cell_and_set_connections" :: waited 0.001s {{(pid=61621) inner /opt/stack/data/venv/lib/python3.12/site-packages/oslo_concurrency/lockutils.py:519}}
Jun 02 17:22:09 devstack devstack@n-api.service[61621]: DEBUG oslo_concurrency.lockutils [None req-ccce41e6-f229-42e1-ba97-aa03157e013c tempest-TaggedAttachmentsTest-1035313286 tempest-TaggedAttachmentsTest-1035313286-project-member] Lock "2cb6b8e5-6e89-4154-a1c7-2b70382fd623" "released" by "nova.context.set_target_cell..get_or_set_cached_cell_and_set_connections" :: held 0.001s {{(pid=61621) inner /opt/stack/data/venv/lib/python3.12/site-packages/oslo_concurrency/lockutils.py:538}}
Jun 02 17:22:09 devstack devstack@n-api.service[61621]: DEBUG oslo_concurrency.lockutils [None req-ccce41e6-f229-42e1-ba97-aa03157e013c tempest-TaggedAttachmentsTest-1035313286 tempest-TaggedAttachmentsTest-1035313286-project-member] Acquiring lock "2cb6b8e5-6e89-4154-a1c7-2b70382fd623" by "nova.context.set_target_cell..get_or_set_cached_cell_and_set_connections" {{(pid=61621) inner /opt/stack/data/venv/lib/python3.12/site-packages/oslo_concurrency/lockutils.py:506}}
Jun 02 17:22:09 devstack devstack@n-api.service[61621]: DEBUG oslo_concurrency.lockutils [None req-ccce41e6-f229-42e1-ba97-aa03157e013c tempest-TaggedAttachmentsTest-1035313286 tempest-TaggedAttachmentsTest-1035313286-project-member] Lock "2cb6b8e5-6e89-4154-a1c7-2b70382fd623" acquired by "nova.context.set_target_cell..get_or_set_cached_cell_and_set_connections" :: waited 0.002s {{(pid=61621) inner /opt/stack/data/venv/lib/python3.12/site-packages/oslo_concurrency/lockutils.py:519}}
Jun 02 17:22:09 devstack devstack@n-api.service[61621]: DEBUG oslo_concurrency.lockutils [None req-ccce41e6-f229-42e1-ba97-aa03157e013c tempest-TaggedAttachmentsTest-1035313286 tempest-TaggedAttachmentsTest-1035313286-project-member] Lock "2cb6b8e5-6e89-4154-a1c7-2b70382fd623" "released" by "nova.context.set_target_cell..get_or_set_cached_cell_and_set_connections" :: held 0.000s {{(pid=61621) inner /opt/stack/data/venv/lib/python3.12/site-packages/oslo_concurrency/lockutils.py:538}}
Jun 02 17:22:09 devstack devstack@n-api.service[61621]: WARNING neutronclient.v2_0.client [None req-ccce41e6-f229-42e1-ba97-aa03157e013c tempest-TaggedAttachmentsTest-1035313286 tempest-TaggedAttachmentsTest-1035313286-project-member] The python binding code in neutronclient is deprecated in favor of OpenstackSDK, please use that as this will be removed in a future release.
Jun 02 17:22:09 devstack devstack@n-api.service[61621]: INFO nova.api.openstack.requestlog [None req-ccce41e6-f229-42e1-ba97-aa03157e013c tempest-TaggedAttachmentsTest-1035313286 tempest-TaggedAttachmentsTest-1035313286-project-member] 192.168.122.85 "GET /compute/v2.1/servers/22518f0d-a759-4083-b2c2-7a3f3b21369e/os-interface" status: 200 len: 283 microversion: 2.49 time: 0.189638
Jun 02 17:22:09 devstack devstack@n-api.service[61621]: [pid: 61621|app: 0|req: 52/109] 192.168.122.85 () {60 vars in 1313 bytes} [Tue Jun 2 17:22:09 2026] GET /compute/v2.1/servers/22518f0d-a759-4083-b2c2-7a3f3b21369e/os-interface => generated 283 bytes in 192 msecs (HTTP/1.1 200) 9 headers in 359 bytes (1 switches on core 0)
Jun 02 17:22:09 devstack devstack@n-api.service[61621]: DEBUG nova.api.openstack.wsgi [None req-be21e9c3-761b-4bdc-8e5e-dbff71e328ec tempest-VolumesSnapshotsTestJSON-1219075594 tempest-VolumesSnapshotsTestJSON-1219075594-project-member] Calling method '>' {{(pid=61621) _process_stack /opt/stack/nova/nova/api/openstack/wsgi.py:551}}
Jun 02 17:22:09 devstack devstack@n-api.service[61621]: INFO nova.api.openstack.requestlog [None req-be21e9c3-761b-4bdc-8e5e-dbff71e328ec tempest-VolumesSnapshotsTestJSON-1219075594 tempest-VolumesSnapshotsTestJSON-1219075594-project-member] 192.168.122.85 "GET /compute/v2.1/os-snapshots/2436006d-969c-47af-80c9-c339a9e3aedc" status: 200 len: 286 microversion: 2.1 time: 0.104722
Jun 02 17:22:09 devstack devstack@n-api.service[61621]: [pid: 61621|app: 0|req: 53/110] 192.168.122.85 () {58 vars in 1248 bytes} [Tue Jun 2 17:22:09 2026] GET /compute/v2.1/os-snapshots/2436006d-969c-47af-80c9-c339a9e3aedc => generated 286 bytes in 111 msecs (HTTP/1.1 200) 9 headers in 357 bytes (1 switches on core 0)
Jun 02 17:22:09 devstack devstack@n-api.service[61622]: DEBUG nova.api.openstack.wsgi [None req-387c4f8b-c271-483e-9ac5-ad59357e20de tempest-VolumesAdminNegativeTest-12773206 tempest-VolumesAdminNegativeTest-12773206-project] Action: 'update', calling method: >, body: {"volumeAttachment": {"volumeId": "caeb46d8-5a58-42be-b225-c2cea89bd5e0"}} {{(pid=61622) _process_stack /opt/stack/nova/nova/api/openstack/wsgi.py:549}}
Jun 02 17:22:09 devstack devstack@n-api.service[61622]: DEBUG nova.compute.api [None req-387c4f8b-c271-483e-9ac5-ad59357e20de tempest-VolumesAdminNegativeTest-12773206 tempest-VolumesAdminNegativeTest-12773206-project] [instance: 02be7878-d1b5-4723-b3c6-7333829f0417] Fetching instance by UUID {{(pid=61622) get /opt/stack/nova/nova/compute/api.py:3047}}
Jun 02 17:22:09 devstack devstack@n-api.service[61622]: DEBUG oslo_concurrency.lockutils [None req-387c4f8b-c271-483e-9ac5-ad59357e20de tempest-VolumesAdminNegativeTest-12773206 tempest-VolumesAdminNegativeTest-12773206-project] Acquiring lock "2cb6b8e5-6e89-4154-a1c7-2b70382fd623" by "nova.context.set_target_cell..get_or_set_cached_cell_and_set_connections" {{(pid=61622) inner /opt/stack/data/venv/lib/python3.12/site-packages/oslo_concurrency/lockutils.py:506}}
Jun 02 17:22:09 devstack devstack@n-api.service[61622]: DEBUG oslo_concurrency.lockutils [None req-387c4f8b-c271-483e-9ac5-ad59357e20de tempest-VolumesAdminNegativeTest-12773206 tempest-VolumesAdminNegativeTest-12773206-project] Lock "2cb6b8e5-6e89-4154-a1c7-2b70382fd623" acquired by "nova.context.set_target_cell..get_or_set_cached_cell_and_set_connections" :: waited 0.003s {{(pid=61622) inner /opt/stack/data/venv/lib/python3.12/site-packages/oslo_concurrency/lockutils.py:519}}
Jun 02 17:22:09 devstack devstack@n-api.service[61622]: DEBUG oslo_concurrency.lockutils [None req-387c4f8b-c271-483e-9ac5-ad59357e20de tempest-VolumesAdminNegativeTest-12773206 tempest-VolumesAdminNegativeTest-12773206-project] Lock "2cb6b8e5-6e89-4154-a1c7-2b70382fd623" "released" by "nova.context.set_target_cell..get_or_set_cached_cell_and_set_connections" :: held 0.001s {{(pid=61622) inner /opt/stack/data/venv/lib/python3.12/site-packages/oslo_concurrency/lockutils.py:538}}
Jun 02 17:22:09 devstack devstack@n-api.service[61622]: DEBUG oslo_concurrency.lockutils [None req-387c4f8b-c271-483e-9ac5-ad59357e20de tempest-VolumesAdminNegativeTest-12773206 tempest-VolumesAdminNegativeTest-12773206-project] Acquiring lock "2cb6b8e5-6e89-4154-a1c7-2b70382fd623" by "nova.context.set_target_cell..get_or_set_cached_cell_and_set_connections" {{(pid=61622) inner /opt/stack/data/venv/lib/python3.12/site-packages/oslo_concurrency/lockutils.py:506}}
Jun 02 17:22:09 devstack devstack@n-api.service[61622]: DEBUG oslo_concurrency.lockutils [None req-387c4f8b-c271-483e-9ac5-ad59357e20de tempest-VolumesAdminNegativeTest-12773206 tempest-VolumesAdminNegativeTest-12773206-project] Lock "2cb6b8e5-6e89-4154-a1c7-2b70382fd623" acquired by "nova.context.set_target_cell..get_or_set_cached_cell_and_set_connections" :: waited 0.001s {{(pid=61622) inner /opt/stack/data/venv/lib/python3.12/site-packages/oslo_concurrency/lockutils.py:519}}
Jun 02 17:22:09 devstack devstack@n-api.service[61622]: DEBUG oslo_concurrency.lockutils [None req-387c4f8b-c271-483e-9ac5-ad59357e20de tempest-VolumesAdminNegativeTest-12773206 tempest-VolumesAdminNegativeTest-12773206-project] Lock "2cb6b8e5-6e89-4154-a1c7-2b70382fd623" "released" by "nova.context.set_target_cell..get_or_set_cached_cell_and_set_connections" :: held 0.001s {{(pid=61622) inner /opt/stack/data/venv/lib/python3.12/site-packages/oslo_concurrency/lockutils.py:538}}
Jun 02 17:22:09 devstack devstack@n-api.service[61622]: INFO nova.api.openstack.wsgi [None req-387c4f8b-c271-483e-9ac5-ad59357e20de tempest-VolumesAdminNegativeTest-12773206 tempest-VolumesAdminNegativeTest-12773206-project] HTTP exception thrown: Volume a567404d-ed79-4d01-bf74-051c4c9edfa6 could not be found.
Jun 02 17:22:09 devstack devstack@n-api.service[61622]: DEBUG nova.api.openstack.wsgi [None req-387c4f8b-c271-483e-9ac5-ad59357e20de tempest-VolumesAdminNegativeTest-12773206 tempest-VolumesAdminNegativeTest-12773206-project] Returning 404 to user: Volume a567404d-ed79-4d01-bf74-051c4c9edfa6 could not be found. {{(pid=61622) __call__ /opt/stack/nova/nova/api/openstack/wsgi.py:908}}
Jun 02 17:22:09 devstack devstack@n-api.service[61622]: INFO nova.api.openstack.requestlog [None req-387c4f8b-c271-483e-9ac5-ad59357e20de tempest-VolumesAdminNegativeTest-12773206 tempest-VolumesAdminNegativeTest-12773206-project] 192.168.122.85 "PUT /compute/v2.1/servers/02be7878-d1b5-4723-b3c6-7333829f0417/os-volume_attachments/a567404d-ed79-4d01-bf74-051c4c9edfa6" status: 404 len: 109 microversion: 2.1 time: 0.746173
Jun 02 17:22:09 devstack devstack@n-api.service[61622]: [pid: 61622|app: 0|req: 58/111] 192.168.122.85 () {60 vars in 1430 bytes} [Tue Jun 2 17:22:09 2026] PUT /compute/v2.1/servers/02be7878-d1b5-4723-b3c6-7333829f0417/os-volume_attachments/a567404d-ed79-4d01-bf74-051c4c9edfa6 => generated 109 bytes in 749 msecs (HTTP/1.1 404) 9 headers in 379 bytes (1 switches on core 0)
Jun 02 17:22:10 devstack devstack@n-api.service[61621]: DEBUG nova.api.openstack.wsgi [None req-d5d3b5fc-0237-41ee-9530-195b750c1f0d tempest-VolumesSnapshotsTestJSON-1219075594 tempest-VolumesSnapshotsTestJSON-1219075594-project-member] Calling method '>' {{(pid=61621) _process_stack /opt/stack/nova/nova/api/openstack/wsgi.py:551}}
Jun 02 17:22:10 devstack devstack@n-api.service[61621]: INFO nova.api.openstack.requestlog [None req-d5d3b5fc-0237-41ee-9530-195b750c1f0d tempest-VolumesSnapshotsTestJSON-1219075594 tempest-VolumesSnapshotsTestJSON-1219075594-project-member] 192.168.122.85 "GET /compute/v2.1/os-snapshots/2436006d-969c-47af-80c9-c339a9e3aedc" status: 200 len: 286 microversion: 2.1 time: 0.095511
Jun 02 17:22:10 devstack devstack@n-api.service[61621]: [pid: 61621|app: 0|req: 54/112] 192.168.122.85 () {58 vars in 1248 bytes} [Tue Jun 2 17:22:10 2026] GET /compute/v2.1/os-snapshots/2436006d-969c-47af-80c9-c339a9e3aedc => generated 286 bytes in 97 msecs (HTTP/1.1 200) 9 headers in 357 bytes (1 switches on core 0)
Jun 02 17:22:11 devstack devstack@n-api.service[61622]: DEBUG nova.api.openstack.wsgi [None req-c99ae593-fec2-4855-bca0-79ca1d62c37f tempest-VolumesSnapshotsTestJSON-1219075594 tempest-VolumesSnapshotsTestJSON-1219075594-project-member] Calling method '>' {{(pid=61622) _process_stack /opt/stack/nova/nova/api/openstack/wsgi.py:551}}
Jun 02 17:22:11 devstack devstack@n-api.service[61622]: INFO nova.api.openstack.requestlog [None req-c99ae593-fec2-4855-bca0-79ca1d62c37f tempest-VolumesSnapshotsTestJSON-1219075594 tempest-VolumesSnapshotsTestJSON-1219075594-project-member] 192.168.122.85 "GET /compute/v2.1/os-snapshots/2436006d-969c-47af-80c9-c339a9e3aedc" status: 200 len: 286 microversion: 2.1 time: 0.106520
Jun 02 17:22:11 devstack devstack@n-api.service[61622]: [pid: 61622|app: 0|req: 59/113] 192.168.122.85 () {58 vars in 1248 bytes} [Tue Jun 2 17:22:11 2026] GET /compute/v2.1/os-snapshots/2436006d-969c-47af-80c9-c339a9e3aedc => generated 286 bytes in 114 msecs (HTTP/1.1 200) 9 headers in 357 bytes (1 switches on core 0)
Jun 02 17:22:12 devstack devstack@n-api.service[61621]: DEBUG nova.api.openstack.wsgi [req-0b44d649-7f54-4916-a7f2-b0245bdf0980 req-4ce189dd-f4c0-45bf-a078-a12ce67bae3c service nova] Action: 'create', calling method: >, body: {"events": [{"name": "network-changed", "server_uuid": "22518f0d-a759-4083-b2c2-7a3f3b21369e", "tag": "5bc3b9a1-ca3b-42f7-a481-1198498aaeea"}]} {{(pid=61621) _process_stack /opt/stack/nova/nova/api/openstack/wsgi.py:549}}
