Jan 05 16:20:08 devstack cinder-volume[80906]: DEBUG oslo_concurrency.lockutils [None req-0953089d-e5c2-4db3-ba38-8e1f3232fec5 tempest-TaggedAttachmentsTest-1165005747 None] Lock "quobyte_ensure" "released" by "cinder.volume.drivers.quobyte.QuobyteDriver._ensure_shares_mounted" :: held 0.006s {{(pid=80906) inner /opt/stack/data/venv/lib/python3.10/site-packages/oslo_concurrency/lockutils.py:424}}
Jan 05 16:20:08 devstack cinder-volume[80906]: DEBUG oslo_concurrency.processutils [None req-0953089d-e5c2-4db3-ba38-8e1f3232fec5 tempest-TaggedAttachmentsTest-1165005747 None] Running cmd (subprocess): sudo cinder-rootwrap /etc/cinder/rootwrap.conf df --portability --block-size 1 /opt/stack/data/cinder/mnt/cd623e7fd947a9ce0abcd14a96f636d6 {{(pid=80906) execute /opt/stack/data/venv/lib/python3.10/site-packages/oslo_concurrency/processutils.py:349}}
Jan 05 16:20:08 devstack sudo[84312]: quobyte : PWD=/ ; USER=root ; COMMAND=/opt/stack/data/venv/bin/cinder-rootwrap /etc/cinder/rootwrap.conf df --portability --block-size 1 /opt/stack/data/cinder/mnt/cd623e7fd947a9ce0abcd14a96f636d6
Jan 05 16:20:08 devstack sudo[84312]: pam_unix(sudo:session): session opened for user root(uid=0) by (uid=1000)
Jan 05 16:20:08 devstack cinder-volume[80906]: WARNING cinder.volume.volume_utils [None req-2e21b415-1a9a-4d22-bbb7-4ffb927f6fee tempest-GroupSnapshotsTest-665534778 None] Volume driver (QuobyteDriver 1.1.13) is currently unsupported and may be removed in the next release of OpenStack. Use at your own risk.
Jan 05 16:20:08 devstack cinder-volume[80906]: INFO cinder.volume.manager [None req-2e21b415-1a9a-4d22-bbb7-4ffb927f6fee tempest-GroupSnapshotsTest-665534778 None] Update group completed successfully.
Jan 05 16:20:08 devstack sudo[84312]: pam_unix(sudo:session): session closed for user root
Jan 05 16:20:08 devstack cinder-volume[80906]: DEBUG oslo_concurrency.processutils [None req-0953089d-e5c2-4db3-ba38-8e1f3232fec5 tempest-TaggedAttachmentsTest-1165005747 None] CMD "sudo cinder-rootwrap /etc/cinder/rootwrap.conf df --portability --block-size 1 /opt/stack/data/cinder/mnt/cd623e7fd947a9ce0abcd14a96f636d6" returned: 0 in 0.440s {{(pid=80906) execute /opt/stack/data/venv/lib/python3.10/site-packages/oslo_concurrency/processutils.py:372}}
Jan 05 16:20:08 devstack cinder-volume[80906]: DEBUG cinder.manager [None req-0953089d-e5c2-4db3-ba38-8e1f3232fec5 tempest-TaggedAttachmentsTest-1165005747 None] Notifying Schedulers of capabilities ... {{(pid=80906) _publish_service_capabilities /opt/stack/cinder/cinder/manager.py:202}}
Jan 05 16:20:08 devstack cinder-volume[80906]: INFO cinder.volume.manager [None req-0953089d-e5c2-4db3-ba38-8e1f3232fec5 tempest-TaggedAttachmentsTest-1165005747 None] Deleted volume successfully.
Jan 05 16:20:08 devstack cinder-volume[80906]: DEBUG cinder.coordination [None req-0953089d-e5c2-4db3-ba38-8e1f3232fec5 tempest-TaggedAttachmentsTest-1165005747 None] Lock "cinder-d875efe0-f666-4e18-b88d-5b45aaeed370-delete_volume" released by "delete_volume" :: held 1.917s {{(pid=80906) __release /opt/stack/cinder/cinder/coordination.py:157}}
Jan 05 16:20:09 devstack cinder-volume[80906]: WARNING cinder.volume.volume_utils [None req-7ebb5fd7-a51e-4205-88d6-e498e35dbda8 tempest-GroupSnapshotsTest-665534778 None] Volume driver (QuobyteDriver 1.1.13) is currently unsupported and may be removed in the next release of OpenStack. Use at your own risk.
Jan 05 16:20:09 devstack cinder-volume[80906]: INFO cinder.volume.manager [None req-7ebb5fd7-a51e-4205-88d6-e498e35dbda8 tempest-GroupSnapshotsTest-665534778 None] Update group completed successfully.
Jan 05 16:20:10 devstack cinder-volume[80906]: INFO cinder.volume.manager [None req-007d1a9d-4730-462e-8679-7fd5fca69d6e tempest-GroupSnapshotsTest-665534778 None] GroupSnapshot 6c731b58-1840-48f3-b709-fe01eb83e7f9: creating.
Jan 05 16:20:10 devstack cinder-volume[80906]: WARNING cinder.volume.volume_utils [None req-007d1a9d-4730-462e-8679-7fd5fca69d6e tempest-GroupSnapshotsTest-665534778 None] Volume driver (QuobyteDriver 1.1.13) is currently unsupported and may be removed in the next release of OpenStack. Use at your own risk.
Jan 05 16:20:10 devstack cinder-volume[80906]: DEBUG cinder.volume.manager [None req-007d1a9d-4730-462e-8679-7fd5fca69d6e tempest-GroupSnapshotsTest-665534778 None] Group snapshot 6c731b58-1840-48f3-b709-fe01eb83e7f9: creating. {{(pid=80906) create_group_snapshot /opt/stack/cinder/cinder/volume/manager.py:4144}}
Jan 05 16:20:10 devstack cinder-volume[80906]: DEBUG oslo_concurrency.lockutils [None req-007d1a9d-4730-462e-8679-7fd5fca69d6e tempest-GroupSnapshotsTest-665534778 None] Acquiring lock "quobyte" by "cinder.volume.drivers.quobyte.QuobyteDriver.create_snapshot" {{(pid=80906) inner /opt/stack/data/venv/lib/python3.10/site-packages/oslo_concurrency/lockutils.py:405}}
Jan 05 16:20:10 devstack cinder-volume[80906]: DEBUG oslo_concurrency.lockutils [None req-007d1a9d-4730-462e-8679-7fd5fca69d6e tempest-GroupSnapshotsTest-665534778 None] Lock "quobyte" acquired by "cinder.volume.drivers.quobyte.QuobyteDriver.create_snapshot" :: waited 0.001s {{(pid=80906) inner /opt/stack/data/venv/lib/python3.10/site-packages/oslo_concurrency/lockutils.py:410}}
Jan 05 16:20:10 devstack cinder-volume[80906]: DEBUG cinder.volume.drivers.remotefs [None req-007d1a9d-4730-462e-8679-7fd5fca69d6e tempest-GroupSnapshotsTest-665534778 None] Creating offline snapshot 39f4fe69-3835-43fa-9794-d778f410808b of volume 916f50d5-97e8-41dc-8cba-59397377fe1a {{(pid=80906) _create_snapshot /opt/stack/cinder/cinder/volume/drivers/remotefs.py:1817}}
Jan 05 16:20:10 devstack cinder-volume[80906]: DEBUG oslo.privsep.daemon [-] privsep: reply[61535164-c2d2-4583-81a8-b36232ea1d95]: (4, 'qcow2') {{(pid=81838) _call_back /opt/stack/data/venv/lib/python3.10/site-packages/oslo_privsep/daemon.py:515}}
Jan 05 16:20:10 devstack cinder-volume[80906]: DEBUG oslo_concurrency.processutils [None req-007d1a9d-4730-462e-8679-7fd5fca69d6e tempest-GroupSnapshotsTest-665534778 None] Running cmd (subprocess): /opt/stack/data/venv/bin/python3.10 -m oslo_concurrency.prlimit --as=1073741824 --cpu=60 -- sudo cinder-rootwrap /etc/cinder/rootwrap.conf env LC_ALL=C qemu-img info -f qcow2 --output=json --force-share /opt/stack/data/cinder/mnt/cd623e7fd947a9ce0abcd14a96f636d6/volume-916f50d5-97e8-41dc-8cba-59397377fe1a {{(pid=80906) execute /opt/stack/data/venv/lib/python3.10/site-packages/oslo_concurrency/processutils.py:349}}
Jan 05 16:20:10 devstack sudo[84316]: quobyte : PWD=/ ; USER=root ; COMMAND=/opt/stack/data/venv/bin/cinder-rootwrap /etc/cinder/rootwrap.conf env LC_ALL=C qemu-img info -f qcow2 --output=json --force-share /opt/stack/data/cinder/mnt/cd623e7fd947a9ce0abcd14a96f636d6/volume-916f50d5-97e8-41dc-8cba-59397377fe1a
Jan 05 16:20:10 devstack sudo[84316]: pam_unix(sudo:session): session opened for user root(uid=0) by (uid=1000)
Jan 05 16:20:11 devstack sudo[84316]: pam_unix(sudo:session): session closed for user root
Jan 05 16:20:11 devstack cinder-volume[80906]: DEBUG oslo_concurrency.processutils [None req-007d1a9d-4730-462e-8679-7fd5fca69d6e tempest-GroupSnapshotsTest-665534778 None] CMD "/opt/stack/data/venv/bin/python3.10 -m oslo_concurrency.prlimit --as=1073741824 --cpu=60 -- sudo cinder-rootwrap /etc/cinder/rootwrap.conf env LC_ALL=C qemu-img info -f qcow2 --output=json --force-share /opt/stack/data/cinder/mnt/cd623e7fd947a9ce0abcd14a96f636d6/volume-916f50d5-97e8-41dc-8cba-59397377fe1a" returned: 0 in 0.712s {{(pid=80906) execute /opt/stack/data/venv/lib/python3.10/site-packages/oslo_concurrency/processutils.py:372}}
Jan 05 16:20:11 devstack cinder-volume[80906]: DEBUG oslo_concurrency.processutils [None req-007d1a9d-4730-462e-8679-7fd5fca69d6e tempest-GroupSnapshotsTest-665534778 None] Running cmd (subprocess): sudo cinder-rootwrap /etc/cinder/rootwrap.conf qemu-img create -f qcow2 -o backing_file=/opt/stack/data/cinder/mnt/cd623e7fd947a9ce0abcd14a96f636d6/volume-916f50d5-97e8-41dc-8cba-59397377fe1a,backing_fmt=qcow2 /opt/stack/data/cinder/mnt/cd623e7fd947a9ce0abcd14a96f636d6/volume-916f50d5-97e8-41dc-8cba-59397377fe1a.39f4fe69-3835-43fa-9794-d778f410808b 1G {{(pid=80906) execute /opt/stack/data/venv/lib/python3.10/site-packages/oslo_concurrency/processutils.py:349}}
Jan 05 16:20:11 devstack sudo[84321]: quobyte : PWD=/ ; USER=root ; COMMAND=/opt/stack/data/venv/bin/cinder-rootwrap /etc/cinder/rootwrap.conf qemu-img create -f qcow2 -o backing_file=/opt/stack/data/cinder/mnt/cd623e7fd947a9ce0abcd14a96f636d6/volume-916f50d5-97e8-41dc-8cba-59397377fe1a,backing_fmt=qcow2 /opt/stack/data/cinder/mnt/cd623e7fd947a9ce0abcd14a96f636d6/volume-916f50d5-97e8-41dc-8cba-59397377fe1a.39f4fe69-3835-43fa-9794-d778f410808b 1G
Jan 05 16:20:11 devstack sudo[84321]: pam_unix(sudo:session): session opened for user root(uid=0) by (uid=1000)
Jan 05 16:20:12 devstack sudo[84321]: pam_unix(sudo:session): session closed for user root
Jan 05 16:20:12 devstack cinder-volume[80906]: DEBUG oslo_concurrency.processutils [None req-007d1a9d-4730-462e-8679-7fd5fca69d6e tempest-GroupSnapshotsTest-665534778 None] CMD "sudo cinder-rootwrap /etc/cinder/rootwrap.conf qemu-img create -f qcow2 -o backing_file=/opt/stack/data/cinder/mnt/cd623e7fd947a9ce0abcd14a96f636d6/volume-916f50d5-97e8-41dc-8cba-59397377fe1a,backing_fmt=qcow2 /opt/stack/data/cinder/mnt/cd623e7fd947a9ce0abcd14a96f636d6/volume-916f50d5-97e8-41dc-8cba-59397377fe1a.39f4fe69-3835-43fa-9794-d778f410808b 1G" returned: 0 in 0.722s {{(pid=80906) execute /opt/stack/data/venv/lib/python3.10/site-packages/oslo_concurrency/processutils.py:372}}
Jan 05 16:20:12 devstack cinder-volume[80906]: DEBUG oslo_concurrency.processutils [None req-007d1a9d-4730-462e-8679-7fd5fca69d6e tempest-GroupSnapshotsTest-665534778 None] Running cmd (subprocess): sudo cinder-rootwrap /etc/cinder/rootwrap.conf qemu-img rebase -u -b volume-916f50d5-97e8-41dc-8cba-59397377fe1a -F qcow2 /opt/stack/data/cinder/mnt/cd623e7fd947a9ce0abcd14a96f636d6/volume-916f50d5-97e8-41dc-8cba-59397377fe1a.39f4fe69-3835-43fa-9794-d778f410808b {{(pid=80906) execute /opt/stack/data/venv/lib/python3.10/site-packages/oslo_concurrency/processutils.py:349}}
Jan 05 16:20:12 devstack sudo[84327]: quobyte : PWD=/ ; USER=root ; COMMAND=/opt/stack/data/venv/bin/cinder-rootwrap /etc/cinder/rootwrap.conf qemu-img rebase -u -b volume-916f50d5-97e8-41dc-8cba-59397377fe1a -F qcow2 /opt/stack/data/cinder/mnt/cd623e7fd947a9ce0abcd14a96f636d6/volume-916f50d5-97e8-41dc-8cba-59397377fe1a.39f4fe69-3835-43fa-9794-d778f410808b
Jan 05 16:20:12 devstack sudo[84327]: pam_unix(sudo:session): session opened for user root(uid=0) by (uid=1000)
Jan 05 16:20:12 devstack sudo[84327]: pam_unix(sudo:session): session closed for user root
Jan 05 16:20:12 devstack cinder-volume[80906]: DEBUG oslo_concurrency.processutils [None req-007d1a9d-4730-462e-8679-7fd5fca69d6e tempest-GroupSnapshotsTest-665534778 None] CMD "sudo cinder-rootwrap /etc/cinder/rootwrap.conf qemu-img rebase -u -b volume-916f50d5-97e8-41dc-8cba-59397377fe1a -F qcow2 /opt/stack/data/cinder/mnt/cd623e7fd947a9ce0abcd14a96f636d6/volume-916f50d5-97e8-41dc-8cba-59397377fe1a.39f4fe69-3835-43fa-9794-d778f410808b" returned: 0 in 0.612s {{(pid=80906) execute /opt/stack/data/venv/lib/python3.10/site-packages/oslo_concurrency/processutils.py:372}}
Jan 05 16:20:12 devstack cinder-volume[80906]: WARNING cinder.volume.drivers.remotefs [None req-007d1a9d-4730-462e-8679-7fd5fca69d6e tempest-GroupSnapshotsTest-665534778 None] /opt/stack/data/cinder/mnt/cd623e7fd947a9ce0abcd14a96f636d6/volume-916f50d5-97e8-41dc-8cba-59397377fe1a.39f4fe69-3835-43fa-9794-d778f410808b is being set with open permissions: ugo+rw: NotImplementedError
Jan 05 16:20:12 devstack cinder-volume[80906]: DEBUG oslo_concurrency.processutils [None req-007d1a9d-4730-462e-8679-7fd5fca69d6e tempest-GroupSnapshotsTest-665534778 None] Running cmd (subprocess): sudo cinder-rootwrap /etc/cinder/rootwrap.conf chmod ugo+rw /opt/stack/data/cinder/mnt/cd623e7fd947a9ce0abcd14a96f636d6/volume-916f50d5-97e8-41dc-8cba-59397377fe1a.39f4fe69-3835-43fa-9794-d778f410808b {{(pid=80906) execute /opt/stack/data/venv/lib/python3.10/site-packages/oslo_concurrency/processutils.py:349}}
Jan 05 16:20:12 devstack sudo[84332]: quobyte : PWD=/ ; USER=root ; COMMAND=/opt/stack/data/venv/bin/cinder-rootwrap /etc/cinder/rootwrap.conf chmod ugo+rw /opt/stack/data/cinder/mnt/cd623e7fd947a9ce0abcd14a96f636d6/volume-916f50d5-97e8-41dc-8cba-59397377fe1a.39f4fe69-3835-43fa-9794-d778f410808b
Jan 05 16:20:12 devstack sudo[84332]: pam_unix(sudo:session): session opened for user root(uid=0) by (uid=1000)
Jan 05 16:20:13 devstack sudo[84332]: pam_unix(sudo:session): session closed for user root
Jan 05 16:20:13 devstack cinder-volume[80906]: DEBUG oslo_concurrency.processutils [None req-007d1a9d-4730-462e-8679-7fd5fca69d6e tempest-GroupSnapshotsTest-665534778 None] CMD "sudo cinder-rootwrap /etc/cinder/rootwrap.conf chmod ugo+rw /opt/stack/data/cinder/mnt/cd623e7fd947a9ce0abcd14a96f636d6/volume-916f50d5-97e8-41dc-8cba-59397377fe1a.39f4fe69-3835-43fa-9794-d778f410808b" returned: 0 in 0.590s {{(pid=80906) execute /opt/stack/data/venv/lib/python3.10/site-packages/oslo_concurrency/processutils.py:372}}
Jan 05 16:20:13 devstack cinder-volume[80906]: DEBUG dbcounter [-] [80906] Writing DB stats cinder:SELECT=98,cinder:UPDATE=83,cinder:INSERT=25,cinder:DELETE=5 {{(pid=80906) stat_writer /opt/stack/data/venv/lib/python3.10/site-packages/dbcounter.py:115}}
Jan 05 16:20:13 devstack cinder-volume[80906]: DEBUG dbcounter [-] [80906] Writing DB stats cinder:SELECT=96,cinder:UPDATE=86,cinder:DELETE=5,cinder:INSERT=23 {{(pid=80906) stat_writer /opt/stack/data/venv/lib/python3.10/site-packages/dbcounter.py:115}}
Jan 05 16:20:13 devstack cinder-volume[80906]: DEBUG oslo_concurrency.processutils [None req-007d1a9d-4730-462e-8679-7fd5fca69d6e tempest-GroupSnapshotsTest-665534778 None] Running cmd (subprocess): sudo cinder-rootwrap /etc/cinder/rootwrap.conf truncate -s0 /opt/stack/data/cinder/mnt/cd623e7fd947a9ce0abcd14a96f636d6/volume-916f50d5-97e8-41dc-8cba-59397377fe1a.info {{(pid=80906) execute /opt/stack/data/venv/lib/python3.10/site-packages/oslo_concurrency/processutils.py:349}}
Jan 05 16:20:13 devstack sudo[84336]: quobyte : PWD=/ ; USER=root ; COMMAND=/opt/stack/data/venv/bin/cinder-rootwrap /etc/cinder/rootwrap.conf truncate -s0 /opt/stack/data/cinder/mnt/cd623e7fd947a9ce0abcd14a96f636d6/volume-916f50d5-97e8-41dc-8cba-59397377fe1a.info
Jan 05 16:20:13 devstack sudo[84336]: pam_unix(sudo:session): session opened for user root(uid=0) by (uid=1000)
Jan 05 16:20:14 devstack sudo[84336]: pam_unix(sudo:session): session closed for user root
Jan 05 16:20:14 devstack cinder-volume[80906]: DEBUG oslo_concurrency.processutils [None req-007d1a9d-4730-462e-8679-7fd5fca69d6e tempest-GroupSnapshotsTest-665534778 None] CMD "sudo cinder-rootwrap /etc/cinder/rootwrap.conf truncate -s0 /opt/stack/data/cinder/mnt/cd623e7fd947a9ce0abcd14a96f636d6/volume-916f50d5-97e8-41dc-8cba-59397377fe1a.info" returned: 0 in 0.680s {{(pid=80906) execute /opt/stack/data/venv/lib/python3.10/site-packages/oslo_concurrency/processutils.py:372}}
Jan 05 16:20:14 devstack cinder-volume[80906]: WARNING cinder.volume.drivers.remotefs [None req-007d1a9d-4730-462e-8679-7fd5fca69d6e tempest-GroupSnapshotsTest-665534778 None] /opt/stack/data/cinder/mnt/cd623e7fd947a9ce0abcd14a96f636d6/volume-916f50d5-97e8-41dc-8cba-59397377fe1a.info is being set with open permissions: ugo+rw: NotImplementedError
Jan 05 16:20:14 devstack cinder-volume[80906]: DEBUG oslo_concurrency.processutils [None req-007d1a9d-4730-462e-8679-7fd5fca69d6e tempest-GroupSnapshotsTest-665534778 None] Running cmd (subprocess): sudo cinder-rootwrap /etc/cinder/rootwrap.conf chmod ugo+rw /opt/stack/data/cinder/mnt/cd623e7fd947a9ce0abcd14a96f636d6/volume-916f50d5-97e8-41dc-8cba-59397377fe1a.info {{(pid=80906) execute /opt/stack/data/venv/lib/python3.10/site-packages/oslo_concurrency/processutils.py:349}}
Jan 05 16:20:14 devstack sudo[84339]: quobyte : PWD=/ ; USER=root ; COMMAND=/opt/stack/data/venv/bin/cinder-rootwrap /etc/cinder/rootwrap.conf chmod ugo+rw /opt/stack/data/cinder/mnt/cd623e7fd947a9ce0abcd14a96f636d6/volume-916f50d5-97e8-41dc-8cba-59397377fe1a.info
Jan 05 16:20:14 devstack sudo[84339]: pam_unix(sudo:session): session opened for user root(uid=0) by (uid=1000)
Jan 05 16:20:14 devstack cinder-volume[80906]: DEBUG oslo_concurrency.lockutils [req-56711fc5-bda0-4524-b1eb-e224a0c59ed1 req-762a99ee-d1c4-4b58-bb06-6c5de3817946 tempest-TaggedBootDevicesTest-7713054 None] Acquiring lock "quobyte" by "cinder.volume.drivers.quobyte.QuobyteDriver.initialize_connection" {{(pid=80906) inner /opt/stack/data/venv/lib/python3.10/site-packages/oslo_concurrency/lockutils.py:405}}
Jan 05 16:20:15 devstack sudo[84339]: pam_unix(sudo:session): session closed for user root
Jan 05 16:20:15 devstack cinder-volume[80906]: DEBUG oslo_concurrency.processutils [None req-007d1a9d-4730-462e-8679-7fd5fca69d6e tempest-GroupSnapshotsTest-665534778 None] CMD "sudo cinder-rootwrap /etc/cinder/rootwrap.conf chmod ugo+rw /opt/stack/data/cinder/mnt/cd623e7fd947a9ce0abcd14a96f636d6/volume-916f50d5-97e8-41dc-8cba-59397377fe1a.info" returned: 0 in 0.872s {{(pid=80906) execute /opt/stack/data/venv/lib/python3.10/site-packages/oslo_concurrency/processutils.py:372}}
Jan 05 16:20:15 devstack cinder-volume[80906]: DEBUG oslo_concurrency.lockutils [None req-007d1a9d-4730-462e-8679-7fd5fca69d6e tempest-GroupSnapshotsTest-665534778 None] Lock "quobyte" "released" by "cinder.volume.drivers.quobyte.QuobyteDriver.create_snapshot" :: held 4.277s {{(pid=80906) inner /opt/stack/data/venv/lib/python3.10/site-packages/oslo_concurrency/lockutils.py:424}}
Jan 05 16:20:15 devstack cinder-volume[80906]: DEBUG oslo_concurrency.lockutils [None req-007d1a9d-4730-462e-8679-7fd5fca69d6e tempest-GroupSnapshotsTest-665534778 None] Acquiring lock "quobyte" by "cinder.volume.drivers.quobyte.QuobyteDriver.create_snapshot" {{(pid=80906) inner /opt/stack/data/venv/lib/python3.10/site-packages/oslo_concurrency/lockutils.py:405}}
Jan 05 16:20:15 devstack cinder-volume[80906]: DEBUG oslo_concurrency.lockutils [None req-007d1a9d-4730-462e-8679-7fd5fca69d6e tempest-GroupSnapshotsTest-665534778 None] Lock "quobyte" acquired by "cinder.volume.drivers.quobyte.QuobyteDriver.create_snapshot" :: waited 0.000s {{(pid=80906) inner /opt/stack/data/venv/lib/python3.10/site-packages/oslo_concurrency/lockutils.py:410}}
Jan 05 16:20:15 devstack cinder-volume[80906]: DEBUG cinder.volume.drivers.remotefs [None req-007d1a9d-4730-462e-8679-7fd5fca69d6e tempest-GroupSnapshotsTest-665534778 None] Creating offline snapshot 96ac0232-0255-409e-830c-b834dd4bb2c9 of volume 310cebfe-a231-493d-be7b-500aaf8bad6e {{(pid=80906) _create_snapshot /opt/stack/cinder/cinder/volume/drivers/remotefs.py:1817}}
Jan 05 16:20:15 devstack cinder-volume[80906]: DEBUG oslo.privsep.daemon [-] privsep: reply[2831db39-2ec7-4701-852e-099c9e22e1ee]: (4, 'qcow2') {{(pid=81838) _call_back /opt/stack/data/venv/lib/python3.10/site-packages/oslo_privsep/daemon.py:515}}
Jan 05 16:20:15 devstack cinder-volume[80906]: DEBUG oslo_concurrency.processutils [None req-007d1a9d-4730-462e-8679-7fd5fca69d6e tempest-GroupSnapshotsTest-665534778 None] Running cmd (subprocess): /opt/stack/data/venv/bin/python3.10 -m oslo_concurrency.prlimit --as=1073741824 --cpu=60 -- sudo cinder-rootwrap /etc/cinder/rootwrap.conf env LC_ALL=C qemu-img info -f qcow2 --output=json --force-share /opt/stack/data/cinder/mnt/cd623e7fd947a9ce0abcd14a96f636d6/volume-310cebfe-a231-493d-be7b-500aaf8bad6e {{(pid=80906) execute /opt/stack/data/venv/lib/python3.10/site-packages/oslo_concurrency/processutils.py:349}}
Jan 05 16:20:15 devstack sudo[84352]: quobyte : PWD=/ ; USER=root ; COMMAND=/opt/stack/data/venv/bin/cinder-rootwrap /etc/cinder/rootwrap.conf env LC_ALL=C qemu-img info -f qcow2 --output=json --force-share /opt/stack/data/cinder/mnt/cd623e7fd947a9ce0abcd14a96f636d6/volume-310cebfe-a231-493d-be7b-500aaf8bad6e
Jan 05 16:20:15 devstack sudo[84352]: pam_unix(sudo:session): session opened for user root(uid=0) by (uid=1000)
Jan 05 16:20:15 devstack sudo[84352]: pam_unix(sudo:session): session closed for user root
Jan 05 16:20:15 devstack cinder-volume[80906]: DEBUG oslo_concurrency.processutils [None req-007d1a9d-4730-462e-8679-7fd5fca69d6e tempest-GroupSnapshotsTest-665534778 None] CMD "/opt/stack/data/venv/bin/python3.10 -m oslo_concurrency.prlimit --as=1073741824 --cpu=60 -- sudo cinder-rootwrap /etc/cinder/rootwrap.conf env LC_ALL=C qemu-img info -f qcow2 --output=json --force-share /opt/stack/data/cinder/mnt/cd623e7fd947a9ce0abcd14a96f636d6/volume-310cebfe-a231-493d-be7b-500aaf8bad6e" returned: 0 in 0.835s {{(pid=80906) execute /opt/stack/data/venv/lib/python3.10/site-packages/oslo_concurrency/processutils.py:372}}
Jan 05 16:20:15 devstack cinder-volume[80906]: DEBUG oslo_concurrency.processutils [None req-007d1a9d-4730-462e-8679-7fd5fca69d6e tempest-GroupSnapshotsTest-665534778 None] Running cmd (subprocess): sudo cinder-rootwrap /etc/cinder/rootwrap.conf qemu-img create -f qcow2 -o backing_file=/opt/stack/data/cinder/mnt/cd623e7fd947a9ce0abcd14a96f636d6/volume-310cebfe-a231-493d-be7b-500aaf8bad6e,backing_fmt=qcow2 /opt/stack/data/cinder/mnt/cd623e7fd947a9ce0abcd14a96f636d6/volume-310cebfe-a231-493d-be7b-500aaf8bad6e.96ac0232-0255-409e-830c-b834dd4bb2c9 1G {{(pid=80906) execute /opt/stack/data/venv/lib/python3.10/site-packages/oslo_concurrency/processutils.py:349}}
Jan 05 16:20:15 devstack sudo[84358]: quobyte : PWD=/ ; USER=root ; COMMAND=/opt/stack/data/venv/bin/cinder-rootwrap /etc/cinder/rootwrap.conf qemu-img create -f qcow2 -o backing_file=/opt/stack/data/cinder/mnt/cd623e7fd947a9ce0abcd14a96f636d6/volume-310cebfe-a231-493d-be7b-500aaf8bad6e,backing_fmt=qcow2 /opt/stack/data/cinder/mnt/cd623e7fd947a9ce0abcd14a96f636d6/volume-310cebfe-a231-493d-be7b-500aaf8bad6e.96ac0232-0255-409e-830c-b834dd4bb2c9 1G
Jan 05 16:20:15 devstack sudo[84358]: pam_unix(sudo:session): session opened for user root(uid=0) by (uid=1000)
Jan 05 16:20:16 devstack cinder-volume[80906]: WARNING cinder.volume.volume_utils [None req-a7fcb9b1-6efd-41ad-9bee-87b1f80e8451 tempest-ServerActionsTestOtherB-772233648 None] Volume driver (QuobyteDriver 1.1.13) is currently unsupported and may be removed in the next release of OpenStack. Use at your own risk.
Jan 05 16:20:16 devstack cinder-volume[80906]: DEBUG cinder.volume.flows.manager.create_volume [None req-a7fcb9b1-6efd-41ad-9bee-87b1f80e8451 tempest-ServerActionsTestOtherB-772233648 None] Volume reschedule parameters: True retry: {'num_attempts': 1, 'backends': ['devstack@QuobyteHD#QuobyteHD'], 'hosts': ['devstack@QuobyteHD#QuobyteHD']} {{(pid=80906) get_flow /opt/stack/cinder/cinder/volume/flows/manager/create_volume.py:1384}}
Jan 05 16:20:16 devstack cinder-volume[80906]: DEBUG cinder.volume.manager [None req-a7fcb9b1-6efd-41ad-9bee-87b1f80e8451 tempest-ServerActionsTestOtherB-772233648 None] Flow 'volume_create_manager' (6158921a-76dd-49d9-8bec-c7c7761acbc0) transitioned into state 'RUNNING' from state 'PENDING' {{(pid=80906) _flow_receiver /opt/stack/data/venv/lib/python3.10/site-packages/taskflow/listeners/logging.py:145}}
Jan 05 16:20:16 devstack cinder-volume[80906]: DEBUG cinder.volume.manager [None req-a7fcb9b1-6efd-41ad-9bee-87b1f80e8451 tempest-ServerActionsTestOtherB-772233648 None] Task 'cinder.volume.flows.manager.create_volume.ExtractVolumeRefTask;volume:create' (726a19d1-cc97-4bb4-aaac-c0697cba14bd) transitioned into state 'RUNNING' from state 'PENDING' {{(pid=80906) _task_receiver /opt/stack/data/venv/lib/python3.10/site-packages/taskflow/listeners/logging.py:194}}
Jan 05 16:20:16 devstack cinder-volume[80906]: DEBUG cinder.volume.manager [None req-a7fcb9b1-6efd-41ad-9bee-87b1f80e8451 tempest-ServerActionsTestOtherB-772233648 None] Task 'cinder.volume.flows.manager.create_volume.ExtractVolumeRefTask;volume:create' (726a19d1-cc97-4bb4-aaac-c0697cba14bd) transitioned into state 'SUCCESS' from state 'RUNNING' with result 'Volume(_name_id=None,admin_metadata=,attach_status='detached',availability_zone='nova',bootable=False,cluster=,cluster_name=None,consistencygroup=,consistencygroup_id=None,created_at=2026-01-05T15:20:16Z,deleted=False,deleted_at=None,display_description=None,display_name='tempest-ServerActionsTestOtherB-volume-1294913121',ec2_id=None,encryption_key_id=None,glance_metadata=,group=,group_id=None,host='devstack@QuobyteHD#QuobyteHD',id=e925a3bf-9095-4c92-bc51-9997579e10da,launched_at=None,metadata={},migration_status=None,multiattach=False,previous_status=None,project_id='f2ba06cf460546dcb249efa0ae1b85e8',provider_auth=None,provider_geometry=None,provider_id=None,provider_location=None,replication_driver_data=None,replication_extended_status=None,replication_status=None,scheduled_at=2026-01-05T15:20:17Z,service_uuid=None,shared_targets=True,size=1,snapshot_id=None,snapshots=,source_volid=None,status='creating',terminated_at=None,updated_at=2026-01-05T15:20:17Z,use_quota=True,user_id='4729e0f4e2ff4b87ba4845c76b3ac457',volume_attachment=VolumeAttachmentList,volume_type=VolumeType(9c1b3521-b197-4f98-9992-686cf0457edc),volume_type_id=9c1b3521-b197-4f98-9992-686cf0457edc)' {{(pid=80906) _task_receiver /opt/stack/data/venv/lib/python3.10/site-packages/taskflow/listeners/logging.py:182}}
Jan 05 16:20:16 devstack cinder-volume[80906]: DEBUG cinder.volume.manager [None req-a7fcb9b1-6efd-41ad-9bee-87b1f80e8451 tempest-ServerActionsTestOtherB-772233648 None] Task 'cinder.volume.flows.manager.create_volume.OnFailureRescheduleTask;volume:create' (72641f07-f1d1-4b38-ac21-63fe4adffc65) transitioned into state 'RUNNING' from state 'PENDING' {{(pid=80906) _task_receiver /opt/stack/data/venv/lib/python3.10/site-packages/taskflow/listeners/logging.py:194}}
Jan 05 16:20:16 devstack cinder-volume[80906]: DEBUG cinder.volume.manager [None req-a7fcb9b1-6efd-41ad-9bee-87b1f80e8451 tempest-ServerActionsTestOtherB-772233648 None] Task 'cinder.volume.flows.manager.create_volume.OnFailureRescheduleTask;volume:create' (72641f07-f1d1-4b38-ac21-63fe4adffc65) transitioned into state 'SUCCESS' from state 'RUNNING' with result 'None' {{(pid=80906) _task_receiver /opt/stack/data/venv/lib/python3.10/site-packages/taskflow/listeners/logging.py:182}}
Jan 05 16:20:16 devstack cinder-volume[80906]: DEBUG cinder.volume.manager [None req-a7fcb9b1-6efd-41ad-9bee-87b1f80e8451 tempest-ServerActionsTestOtherB-772233648 None] Task 'cinder.volume.flows.manager.create_volume.ExtractVolumeSpecTask;volume:create' (09010468-1a8d-432b-ade6-a2bc82d69ddf) transitioned into state 'RUNNING' from state 'PENDING' {{(pid=80906) _task_receiver /opt/stack/data/venv/lib/python3.10/site-packages/taskflow/listeners/logging.py:194}}
Jan 05 16:20:16 devstack cinder-volume[80906]: DEBUG cinder.volume.manager [None req-a7fcb9b1-6efd-41ad-9bee-87b1f80e8451 tempest-ServerActionsTestOtherB-772233648 None] Task 'cinder.volume.flows.manager.create_volume.ExtractVolumeSpecTask;volume:create' (09010468-1a8d-432b-ade6-a2bc82d69ddf) transitioned into state 'SUCCESS' from state 'RUNNING' with result '{'status': 'creating', 'type': 'raw', 'volume_id': 'e925a3bf-9095-4c92-bc51-9997579e10da', 'volume_name': 'volume-e925a3bf-9095-4c92-bc51-9997579e10da', 'volume_size': 1}' {{(pid=80906) _task_receiver /opt/stack/data/venv/lib/python3.10/site-packages/taskflow/listeners/logging.py:182}}
Jan 05 16:20:16 devstack cinder-volume[80906]: DEBUG cinder.volume.manager [None req-a7fcb9b1-6efd-41ad-9bee-87b1f80e8451 tempest-ServerActionsTestOtherB-772233648 None] Task 'cinder.volume.flows.manager.create_volume.NotifyVolumeActionTask;volume:create, create.start' (cd35b57a-8728-40b0-87e5-46cdc2cf6386) transitioned into state 'RUNNING' from state 'PENDING' {{(pid=80906) _task_receiver /opt/stack/data/venv/lib/python3.10/site-packages/taskflow/listeners/logging.py:194}}
Jan 05 16:20:16 devstack cinder-volume[80906]: DEBUG cinder.volume.manager [None req-a7fcb9b1-6efd-41ad-9bee-87b1f80e8451 tempest-ServerActionsTestOtherB-772233648 None] Task 'cinder.volume.flows.manager.create_volume.NotifyVolumeActionTask;volume:create, create.start' (cd35b57a-8728-40b0-87e5-46cdc2cf6386) transitioned into state 'SUCCESS' from state 'RUNNING' with result 'None' {{(pid=80906) _task_receiver /opt/stack/data/venv/lib/python3.10/site-packages/taskflow/listeners/logging.py:182}}
Jan 05 16:20:16 devstack cinder-volume[80906]: DEBUG cinder.volume.manager [None req-a7fcb9b1-6efd-41ad-9bee-87b1f80e8451 tempest-ServerActionsTestOtherB-772233648 None] Task 'cinder.volume.flows.manager.create_volume.CreateVolumeFromSpecTask;volume:create' (f90d0cb2-446b-4ab3-8886-49c2a4487581) transitioned into state 'RUNNING' from state 'PENDING' {{(pid=80906) _task_receiver /opt/stack/data/venv/lib/python3.10/site-packages/taskflow/listeners/logging.py:194}}
Jan 05 16:20:16 devstack cinder-volume[80906]: INFO cinder.volume.flows.manager.create_volume [None req-a7fcb9b1-6efd-41ad-9bee-87b1f80e8451 tempest-ServerActionsTestOtherB-772233648 None] Volume e925a3bf-9095-4c92-bc51-9997579e10da: being created as raw with specification: {'status': 'creating', 'volume_name': 'volume-e925a3bf-9095-4c92-bc51-9997579e10da', 'volume_size': 1}
Jan 05 16:20:16 devstack cinder-volume[80906]: DEBUG oslo_concurrency.lockutils [None req-a7fcb9b1-6efd-41ad-9bee-87b1f80e8451 tempest-ServerActionsTestOtherB-772233648 None] Acquiring lock "quobyte" by "cinder.volume.drivers.quobyte.QuobyteDriver.create_volume" {{(pid=80906) inner /opt/stack/data/venv/lib/python3.10/site-packages/oslo_concurrency/lockutils.py:405}}
Jan 05 16:20:16 devstack sudo[84358]: pam_unix(sudo:session): session closed for user root
Jan 05 16:20:16 devstack cinder-volume[80906]: DEBUG oslo_concurrency.processutils [None req-007d1a9d-4730-462e-8679-7fd5fca69d6e tempest-GroupSnapshotsTest-665534778 None] CMD "sudo cinder-rootwrap /etc/cinder/rootwrap.conf qemu-img create -f qcow2 -o backing_file=/opt/stack/data/cinder/mnt/cd623e7fd947a9ce0abcd14a96f636d6/volume-310cebfe-a231-493d-be7b-500aaf8bad6e,backing_fmt=qcow2 /opt/stack/data/cinder/mnt/cd623e7fd947a9ce0abcd14a96f636d6/volume-310cebfe-a231-493d-be7b-500aaf8bad6e.96ac0232-0255-409e-830c-b834dd4bb2c9 1G" returned: 0 in 0.973s {{(pid=80906) execute /opt/stack/data/venv/lib/python3.10/site-packages/oslo_concurrency/processutils.py:372}}
Jan 05 16:20:16 devstack cinder-volume[80906]: DEBUG oslo_concurrency.processutils [None req-007d1a9d-4730-462e-8679-7fd5fca69d6e tempest-GroupSnapshotsTest-665534778 None] Running cmd (subprocess): sudo cinder-rootwrap /etc/cinder/rootwrap.conf qemu-img rebase -u -b volume-310cebfe-a231-493d-be7b-500aaf8bad6e -F qcow2 /opt/stack/data/cinder/mnt/cd623e7fd947a9ce0abcd14a96f636d6/volume-310cebfe-a231-493d-be7b-500aaf8bad6e.96ac0232-0255-409e-830c-b834dd4bb2c9 {{(pid=80906) execute /opt/stack/data/venv/lib/python3.10/site-packages/oslo_concurrency/processutils.py:349}}
Jan 05 16:20:16 devstack sudo[84364]: quobyte : PWD=/ ; USER=root ; COMMAND=/opt/stack/data/venv/bin/cinder-rootwrap /etc/cinder/rootwrap.conf qemu-img rebase -u -b volume-310cebfe-a231-493d-be7b-500aaf8bad6e -F qcow2 /opt/stack/data/cinder/mnt/cd623e7fd947a9ce0abcd14a96f636d6/volume-310cebfe-a231-493d-be7b-500aaf8bad6e.96ac0232-0255-409e-830c-b834dd4bb2c9
Jan 05 16:20:16 devstack sudo[84364]: pam_unix(sudo:session): session opened for user root(uid=0) by (uid=1000)
Jan 05 16:20:17 devstack sudo[84364]: pam_unix(sudo:session): session closed for user root
Jan 05 16:20:17 devstack cinder-volume[80906]: DEBUG oslo_concurrency.processutils [None req-007d1a9d-4730-462e-8679-7fd5fca69d6e tempest-GroupSnapshotsTest-665534778 None] CMD "sudo cinder-rootwrap /etc/cinder/rootwrap.conf qemu-img rebase -u -b volume-310cebfe-a231-493d-be7b-500aaf8bad6e -F qcow2 /opt/stack/data/cinder/mnt/cd623e7fd947a9ce0abcd14a96f636d6/volume-310cebfe-a231-493d-be7b-500aaf8bad6e.96ac0232-0255-409e-830c-b834dd4bb2c9" returned: 0 in 0.679s {{(pid=80906) execute /opt/stack/data/venv/lib/python3.10/site-packages/oslo_concurrency/processutils.py:372}}
Jan 05 16:20:17 devstack cinder-volume[80906]: WARNING cinder.volume.drivers.remotefs [None req-007d1a9d-4730-462e-8679-7fd5fca69d6e tempest-GroupSnapshotsTest-665534778 None] /opt/stack/data/cinder/mnt/cd623e7fd947a9ce0abcd14a96f636d6/volume-310cebfe-a231-493d-be7b-500aaf8bad6e.96ac0232-0255-409e-830c-b834dd4bb2c9 is being set with open permissions: ugo+rw: NotImplementedError
Jan 05 16:20:17 devstack cinder-volume[80906]: DEBUG oslo_concurrency.processutils [None req-007d1a9d-4730-462e-8679-7fd5fca69d6e tempest-GroupSnapshotsTest-665534778 None] Running cmd (subprocess): sudo cinder-rootwrap /etc/cinder/rootwrap.conf chmod ugo+rw /opt/stack/data/cinder/mnt/cd623e7fd947a9ce0abcd14a96f636d6/volume-310cebfe-a231-493d-be7b-500aaf8bad6e.96ac0232-0255-409e-830c-b834dd4bb2c9 {{(pid=80906) execute /opt/stack/data/venv/lib/python3.10/site-packages/oslo_concurrency/processutils.py:349}}
Jan 05 16:20:17 devstack sudo[84369]: quobyte : PWD=/ ; USER=root ; COMMAND=/opt/stack/data/venv/bin/cinder-rootwrap /etc/cinder/rootwrap.conf chmod ugo+rw /opt/stack/data/cinder/mnt/cd623e7fd947a9ce0abcd14a96f636d6/volume-310cebfe-a231-493d-be7b-500aaf8bad6e.96ac0232-0255-409e-830c-b834dd4bb2c9
Jan 05 16:20:17 devstack sudo[84369]: pam_unix(sudo:session): session opened for user root(uid=0) by (uid=1000)
Jan 05 16:20:18 devstack sudo[84369]: pam_unix(sudo:session): session closed for user root
Jan 05 16:20:18 devstack cinder-volume[80906]: DEBUG oslo_concurrency.processutils [None req-007d1a9d-4730-462e-8679-7fd5fca69d6e tempest-GroupSnapshotsTest-665534778 None] CMD "sudo cinder-rootwrap /etc/cinder/rootwrap.conf chmod ugo+rw /opt/stack/data/cinder/mnt/cd623e7fd947a9ce0abcd14a96f636d6/volume-310cebfe-a231-493d-be7b-500aaf8bad6e.96ac0232-0255-409e-830c-b834dd4bb2c9" returned: 0 in 0.583s {{(pid=80906) execute /opt/stack/data/venv/lib/python3.10/site-packages/oslo_concurrency/processutils.py:372}}
Jan 05 16:20:18 devstack cinder-volume[80906]: DEBUG oslo_concurrency.processutils [None req-007d1a9d-4730-462e-8679-7fd5fca69d6e tempest-GroupSnapshotsTest-665534778 None] Running cmd (subprocess): sudo cinder-rootwrap /etc/cinder/rootwrap.conf truncate -s0 /opt/stack/data/cinder/mnt/cd623e7fd947a9ce0abcd14a96f636d6/volume-310cebfe-a231-493d-be7b-500aaf8bad6e.info {{(pid=80906) execute /opt/stack/data/venv/lib/python3.10/site-packages/oslo_concurrency/processutils.py:349}}
Jan 05 16:20:18 devstack sudo[84373]: quobyte : PWD=/ ; USER=root ; COMMAND=/opt/stack/data/venv/bin/cinder-rootwrap /etc/cinder/rootwrap.conf truncate -s0 /opt/stack/data/cinder/mnt/cd623e7fd947a9ce0abcd14a96f636d6/volume-310cebfe-a231-493d-be7b-500aaf8bad6e.info
Jan 05 16:20:18 devstack sudo[84373]: pam_unix(sudo:session): session opened for user root(uid=0) by (uid=1000)
Jan 05 16:20:18 devstack sudo[84373]: pam_unix(sudo:session): session closed for user root
Jan 05 16:20:18 devstack cinder-volume[80906]: DEBUG oslo_concurrency.processutils [None req-007d1a9d-4730-462e-8679-7fd5fca69d6e tempest-GroupSnapshotsTest-665534778 None] CMD "sudo cinder-rootwrap /etc/cinder/rootwrap.conf truncate -s0 /opt/stack/data/cinder/mnt/cd623e7fd947a9ce0abcd14a96f636d6/volume-310cebfe-a231-493d-be7b-500aaf8bad6e.info" returned: 0 in 0.687s {{(pid=80906) execute /opt/stack/data/venv/lib/python3.10/site-packages/oslo_concurrency/processutils.py:372}}
Jan 05 16:20:18 devstack cinder-volume[80906]: WARNING cinder.volume.drivers.remotefs [None req-007d1a9d-4730-462e-8679-7fd5fca69d6e tempest-GroupSnapshotsTest-665534778 None] /opt/stack/data/cinder/mnt/cd623e7fd947a9ce0abcd14a96f636d6/volume-310cebfe-a231-493d-be7b-500aaf8bad6e.info is being set with open permissions: ugo+rw: NotImplementedError
Jan 05 16:20:18 devstack cinder-volume[80906]: DEBUG oslo_concurrency.processutils [None req-007d1a9d-4730-462e-8679-7fd5fca69d6e tempest-GroupSnapshotsTest-665534778 None] Running cmd (subprocess): sudo cinder-rootwrap /etc/cinder/rootwrap.conf chmod ugo+rw /opt/stack/data/cinder/mnt/cd623e7fd947a9ce0abcd14a96f636d6/volume-310cebfe-a231-493d-be7b-500aaf8bad6e.info {{(pid=80906) execute /opt/stack/data/venv/lib/python3.10/site-packages/oslo_concurrency/processutils.py:349}}
Jan 05 16:20:18 devstack sudo[84383]: quobyte : PWD=/ ; USER=root ; COMMAND=/opt/stack/data/venv/bin/cinder-rootwrap /etc/cinder/rootwrap.conf chmod ugo+rw /opt/stack/data/cinder/mnt/cd623e7fd947a9ce0abcd14a96f636d6/volume-310cebfe-a231-493d-be7b-500aaf8bad6e.info
Jan 05 16:20:18 devstack sudo[84383]: pam_unix(sudo:session): session opened for user root(uid=0) by (uid=1000)
Jan 05 16:20:19 devstack sudo[84383]: pam_unix(sudo:session): session closed for user root
Jan 05 16:20:19 devstack cinder-volume[80906]: DEBUG oslo_concurrency.processutils [None req-007d1a9d-4730-462e-8679-7fd5fca69d6e tempest-GroupSnapshotsTest-665534778 None] CMD "sudo cinder-rootwrap /etc/cinder/rootwrap.conf chmod ugo+rw /opt/stack/data/cinder/mnt/cd623e7fd947a9ce0abcd14a96f636d6/volume-310cebfe-a231-493d-be7b-500aaf8bad6e.info" returned: 0 in 0.551s {{(pid=80906) execute /opt/stack/data/venv/lib/python3.10/site-packages/oslo_concurrency/processutils.py:372}}
Jan 05 16:20:19 devstack cinder-volume[80906]: DEBUG oslo_concurrency.lockutils [None req-007d1a9d-4730-462e-8679-7fd5fca69d6e tempest-GroupSnapshotsTest-665534778 None] Lock "quobyte" "released" by "cinder.volume.drivers.quobyte.QuobyteDriver.create_snapshot" :: held 4.393s {{(pid=80906) inner /opt/stack/data/venv/lib/python3.10/site-packages/oslo_concurrency/lockutils.py:424}}
Jan 05 16:20:19 devstack cinder-volume[80906]: DEBUG oslo_concurrency.lockutils [req-56711fc5-bda0-4524-b1eb-e224a0c59ed1 req-762a99ee-d1c4-4b58-bb06-6c5de3817946 tempest-TaggedBootDevicesTest-7713054 None] Lock "quobyte" acquired by "cinder.volume.drivers.quobyte.QuobyteDriver.initialize_connection" :: waited 4.701s {{(pid=80906) inner /opt/stack/data/venv/lib/python3.10/site-packages/oslo_concurrency/lockutils.py:410}}
Jan 05 16:20:19 devstack cinder-volume[80906]: DEBUG oslo.privsep.daemon [-] privsep: reply[f0d12c6f-035d-4388-b6db-f0a863d041fe]: (4, 'raw') {{(pid=81838) _call_back /opt/stack/data/venv/lib/python3.10/site-packages/oslo_privsep/daemon.py:515}}
Jan 05 16:20:19 devstack cinder-volume[80906]: DEBUG oslo_concurrency.processutils [req-56711fc5-bda0-4524-b1eb-e224a0c59ed1 req-762a99ee-d1c4-4b58-bb06-6c5de3817946 tempest-TaggedBootDevicesTest-7713054 None] Running cmd (subprocess): /opt/stack/data/venv/bin/python3.10 -m oslo_concurrency.prlimit --as=1073741824 --cpu=60 -- sudo cinder-rootwrap /etc/cinder/rootwrap.conf env LC_ALL=C qemu-img info -f raw --output=json --force-share /opt/stack/data/cinder/mnt/cd623e7fd947a9ce0abcd14a96f636d6/volume-96753d24-8b15-407d-bdfa-eb3320f63832 {{(pid=80906) execute /opt/stack/data/venv/lib/python3.10/site-packages/oslo_concurrency/processutils.py:349}}
Jan 05 16:20:19 devstack cinder-volume[80906]: INFO cinder.volume.manager [None req-007d1a9d-4730-462e-8679-7fd5fca69d6e tempest-GroupSnapshotsTest-665534778 None] group_snapshot 6c731b58-1840-48f3-b709-fe01eb83e7f9: created successfully
Jan 05 16:20:19 devstack sudo[84386]: quobyte : PWD=/ ; USER=root ; COMMAND=/opt/stack/data/venv/bin/cinder-rootwrap /etc/cinder/rootwrap.conf env LC_ALL=C qemu-img info -f raw --output=json --force-share /opt/stack/data/cinder/mnt/cd623e7fd947a9ce0abcd14a96f636d6/volume-96753d24-8b15-407d-bdfa-eb3320f63832
Jan 05 16:20:19 devstack sudo[84386]: pam_unix(sudo:session): session opened for user root(uid=0) by (uid=1000)
Jan 05 16:20:20 devstack sudo[84386]: pam_unix(sudo:session): session closed for user root
Jan 05 16:20:20 devstack cinder-volume[80906]: DEBUG oslo_concurrency.processutils [req-56711fc5-bda0-4524-b1eb-e224a0c59ed1 req-762a99ee-d1c4-4b58-bb06-6c5de3817946 tempest-TaggedBootDevicesTest-7713054 None] CMD "/opt/stack/data/venv/bin/python3.10 -m oslo_concurrency.prlimit --as=1073741824 --cpu=60 -- sudo cinder-rootwrap /etc/cinder/rootwrap.conf env LC_ALL=C qemu-img info -f raw --output=json --force-share /opt/stack/data/cinder/mnt/cd623e7fd947a9ce0abcd14a96f636d6/volume-96753d24-8b15-407d-bdfa-eb3320f63832" returned: 0 in 0.705s {{(pid=80906) execute /opt/stack/data/venv/lib/python3.10/site-packages/oslo_concurrency/processutils.py:372}}
Jan 05 16:20:20 devstack cinder-volume[80906]: DEBUG oslo_concurrency.processutils [req-56711fc5-bda0-4524-b1eb-e224a0c59ed1 req-762a99ee-d1c4-4b58-bb06-6c5de3817946 tempest-TaggedBootDevicesTest-7713054 None] Running cmd (subprocess): /opt/stack/data/venv/bin/python3.10 -m oslo_concurrency.prlimit --as=1073741824 --cpu=60 -- sudo cinder-rootwrap /etc/cinder/rootwrap.conf env LC_ALL=C qemu-img info -f luks --output=json --force-share /opt/stack/data/cinder/mnt/cd623e7fd947a9ce0abcd14a96f636d6/volume-96753d24-8b15-407d-bdfa-eb3320f63832 {{(pid=80906) execute /opt/stack/data/venv/lib/python3.10/site-packages/oslo_concurrency/processutils.py:349}}
Jan 05 16:20:20 devstack sudo[84390]: quobyte : PWD=/ ; USER=root ; COMMAND=/opt/stack/data/venv/bin/cinder-rootwrap /etc/cinder/rootwrap.conf env LC_ALL=C qemu-img info -f luks --output=json --force-share /opt/stack/data/cinder/mnt/cd623e7fd947a9ce0abcd14a96f636d6/volume-96753d24-8b15-407d-bdfa-eb3320f63832
Jan 05 16:20:20 devstack sudo[84390]: pam_unix(sudo:session): session opened for user root(uid=0) by (uid=1000)
Jan 05 16:20:20 devstack cinder-volume[80906]: INFO cinder.volume.manager [None req-deb38a9a-669f-40e1-9e33-3e097e279f5d tempest-GroupSnapshotsTest-665534778 None] group_snapshot 6c731b58-1840-48f3-b709-fe01eb83e7f9: deleting
Jan 05 16:20:20 devstack cinder-volume[80906]: WARNING cinder.volume.volume_utils [None req-deb38a9a-669f-40e1-9e33-3e097e279f5d tempest-GroupSnapshotsTest-665534778 None] Volume driver (QuobyteDriver 1.1.13) is currently unsupported and may be removed in the next release of OpenStack. Use at your own risk.
Jan 05 16:20:20 devstack cinder-volume[80906]: DEBUG cinder.volume.manager [None req-deb38a9a-669f-40e1-9e33-3e097e279f5d tempest-GroupSnapshotsTest-665534778 None] group_snapshot 6c731b58-1840-48f3-b709-fe01eb83e7f9: deleting {{(pid=80906) delete_group_snapshot /opt/stack/cinder/cinder/volume/manager.py:4319}}
Jan 05 16:20:20 devstack cinder-volume[80906]: DEBUG cinder.coordination [None req-deb38a9a-669f-40e1-9e33-3e097e279f5d tempest-GroupSnapshotsTest-665534778 None] Acquiring lock "cinder-quobyte-916f50d5-97e8-41dc-8cba-59397377fe1a" by "delete_snapshot" {{(pid=80906) __acquire /opt/stack/cinder/cinder/coordination.py:143}}
Jan 05 16:20:20 devstack cinder-volume[80906]: DEBUG cinder.coordination [None req-deb38a9a-669f-40e1-9e33-3e097e279f5d tempest-GroupSnapshotsTest-665534778 None] Lock "cinder-quobyte-916f50d5-97e8-41dc-8cba-59397377fe1a" acquired by "delete_snapshot" :: waited 0.012s {{(pid=80906) __acquire /opt/stack/cinder/cinder/coordination.py:146}}
Jan 05 16:20:20 devstack cinder-volume[80906]: DEBUG cinder.coordination [None req-deb38a9a-669f-40e1-9e33-3e097e279f5d tempest-GroupSnapshotsTest-665534778 None] Acquiring lock "cinder-quobyte-39f4fe69-3835-43fa-9794-d778f410808b" by "_delete_snapshot" {{(pid=80906) __acquire /opt/stack/cinder/cinder/coordination.py:143}}
Jan 05 16:20:20 devstack cinder-volume[80906]: DEBUG cinder.coordination [None req-deb38a9a-669f-40e1-9e33-3e097e279f5d tempest-GroupSnapshotsTest-665534778 None] Lock "cinder-quobyte-39f4fe69-3835-43fa-9794-d778f410808b" acquired by "_delete_snapshot" :: waited 0.009s {{(pid=80906) __acquire /opt/stack/cinder/cinder/coordination.py:146}}
Jan 05 16:20:20 devstack cinder-volume[80906]: DEBUG cinder.volume.drivers.remotefs [None req-deb38a9a-669f-40e1-9e33-3e097e279f5d tempest-GroupSnapshotsTest-665534778 None] Deleting offline snapshot 39f4fe69-3835-43fa-9794-d778f410808b of volume 916f50d5-97e8-41dc-8cba-59397377fe1a {{(pid=80906) _delete_snapshot /opt/stack/cinder/cinder/volume/drivers/remotefs.py:1290}}
Jan 05 16:20:20 devstack cinder-volume[80906]: DEBUG cinder.volume.drivers.remotefs [None req-deb38a9a-669f-40e1-9e33-3e097e279f5d tempest-GroupSnapshotsTest-665534778 None] snapshot_file for this snap is: volume-916f50d5-97e8-41dc-8cba-59397377fe1a.39f4fe69-3835-43fa-9794-d778f410808b {{(pid=80906) _delete_snapshot /opt/stack/cinder/cinder/volume/drivers/remotefs.py:1319}}
Jan 05 16:20:20 devstack cinder-volume[80906]: DEBUG oslo.privsep.daemon [-] privsep: reply[52aecc51-5e87-4337-899c-340ce1e5d6f7]: (4, 'qcow2') {{(pid=81838) _call_back /opt/stack/data/venv/lib/python3.10/site-packages/oslo_privsep/daemon.py:515}}
Jan 05 16:20:20 devstack cinder-volume[80906]: DEBUG oslo_concurrency.processutils [None req-deb38a9a-669f-40e1-9e33-3e097e279f5d tempest-GroupSnapshotsTest-665534778 None] Running cmd (subprocess): /opt/stack/data/venv/bin/python3.10 -m oslo_concurrency.prlimit --as=1073741824 --cpu=60 -- sudo cinder-rootwrap /etc/cinder/rootwrap.conf env LC_ALL=C qemu-img info -f qcow2 --output=json --force-share /opt/stack/data/cinder/mnt/cd623e7fd947a9ce0abcd14a96f636d6/volume-916f50d5-97e8-41dc-8cba-59397377fe1a.39f4fe69-3835-43fa-9794-d778f410808b {{(pid=80906) execute /opt/stack/data/venv/lib/python3.10/site-packages/oslo_concurrency/processutils.py:349}}
Jan 05 16:20:20 devstack sudo[84393]: quobyte : PWD=/ ; USER=root ; COMMAND=/opt/stack/data/venv/bin/cinder-rootwrap /etc/cinder/rootwrap.conf env LC_ALL=C qemu-img info -f qcow2 --output=json --force-share /opt/stack/data/cinder/mnt/cd623e7fd947a9ce0abcd14a96f636d6/volume-916f50d5-97e8-41dc-8cba-59397377fe1a.39f4fe69-3835-43fa-9794-d778f410808b
Jan 05 16:20:20 devstack sudo[84393]: pam_unix(sudo:session): session opened for user root(uid=0) by (uid=1000)
Jan 05 16:20:21 devstack sudo[84390]: pam_unix(sudo:session): session closed for user root
Jan 05 16:20:21 devstack cinder-volume[80906]: DEBUG oslo_concurrency.processutils [req-56711fc5-bda0-4524-b1eb-e224a0c59ed1 req-762a99ee-d1c4-4b58-bb06-6c5de3817946 tempest-TaggedBootDevicesTest-7713054 None] CMD "/opt/stack/data/venv/bin/python3.10 -m oslo_concurrency.prlimit --as=1073741824 --cpu=60 -- sudo cinder-rootwrap /etc/cinder/rootwrap.conf env LC_ALL=C qemu-img info -f luks --output=json --force-share /opt/stack/data/cinder/mnt/cd623e7fd947a9ce0abcd14a96f636d6/volume-96753d24-8b15-407d-bdfa-eb3320f63832" returned: 1 in 0.901s {{(pid=80906) execute /opt/stack/data/venv/lib/python3.10/site-packages/oslo_concurrency/processutils.py:372}}
Jan 05 16:20:21 devstack cinder-volume[80906]: DEBUG oslo_concurrency.processutils [req-56711fc5-bda0-4524-b1eb-e224a0c59ed1 req-762a99ee-d1c4-4b58-bb06-6c5de3817946 tempest-TaggedBootDevicesTest-7713054 None] '/opt/stack/data/venv/bin/python3.10 -m oslo_concurrency.prlimit --as=1073741824 --cpu=60 -- sudo cinder-rootwrap /etc/cinder/rootwrap.conf env LC_ALL=C qemu-img info -f luks --output=json --force-share /opt/stack/data/cinder/mnt/cd623e7fd947a9ce0abcd14a96f636d6/volume-96753d24-8b15-407d-bdfa-eb3320f63832' failed. Not Retrying. {{(pid=80906) execute /opt/stack/data/venv/lib/python3.10/site-packages/oslo_concurrency/processutils.py:423}}
Jan 05 16:20:21 devstack cinder-volume[80906]: DEBUG oslo_concurrency.lockutils [req-56711fc5-bda0-4524-b1eb-e224a0c59ed1 req-762a99ee-d1c4-4b58-bb06-6c5de3817946 tempest-TaggedBootDevicesTest-7713054 None] Lock "quobyte" "released" by "cinder.volume.drivers.quobyte.QuobyteDriver.initialize_connection" :: held 1.647s {{(pid=80906) inner /opt/stack/data/venv/lib/python3.10/site-packages/oslo_concurrency/lockutils.py:424}}
Jan 05 16:20:21 devstack cinder-volume[80906]: DEBUG oslo_concurrency.lockutils [None req-a7fcb9b1-6efd-41ad-9bee-87b1f80e8451 tempest-ServerActionsTestOtherB-772233648 None] Lock "quobyte" acquired by "cinder.volume.drivers.quobyte.QuobyteDriver.create_volume" :: waited 4.371s {{(pid=80906) inner /opt/stack/data/venv/lib/python3.10/site-packages/oslo_concurrency/lockutils.py:410}}
Jan 05 16:20:21 devstack cinder-volume[80906]: DEBUG cinder.volume.drivers.quobyte [None req-a7fcb9b1-6efd-41ad-9bee-87b1f80e8451 tempest-ServerActionsTestOtherB-772233648 None] ==> create_volume: call "{'self': , 'volume': Volume(_name_id=None,admin_metadata=,attach_status='detached',availability_zone='nova',bootable=False,cluster=,cluster_name=None,consistencygroup=,consistencygroup_id=None,created_at=2026-01-05T15:20:16Z,deleted=False,deleted_at=None,display_description=None,display_name='tempest-ServerActionsTestOtherB-volume-1294913121',ec2_id=None,encryption_key_id=None,glance_metadata=,group=,group_id=None,host='devstack@QuobyteHD#QuobyteHD',id=e925a3bf-9095-4c92-bc51-9997579e10da,launched_at=None,metadata={},migration_status=None,multiattach=False,previous_status=None,project_id='f2ba06cf460546dcb249efa0ae1b85e8',provider_auth=None,provider_geometry=None,provider_id=None,provider_location=None,replication_driver_data=None,replication_extended_status=None,replication_status=None,scheduled_at=2026-01-05T15:20:17Z,service_uuid=None,shared_targets=True,size=1,snapshot_id=None,snapshots=,source_volid=None,status='creating',terminated_at=None,updated_at=2026-01-05T15:20:17Z,use_quota=True,user_id='4729e0f4e2ff4b87ba4845c76b3ac457',volume_attachment=VolumeAttachmentList,volume_type=VolumeType(9c1b3521-b197-4f98-9992-686cf0457edc),volume_type_id=9c1b3521-b197-4f98-9992-686cf0457edc)}" {{(pid=80906) trace_logging_wrapper /opt/stack/cinder/cinder/volume/volume_utils.py:1498}}
Jan 05 16:20:21 devstack cinder-volume[80906]: DEBUG cinder.volume.drivers.remotefs [None req-a7fcb9b1-6efd-41ad-9bee-87b1f80e8451 tempest-ServerActionsTestOtherB-772233648 None] Creating volume e925a3bf-9095-4c92-bc51-9997579e10da {{(pid=80906) create_volume /opt/stack/cinder/cinder/volume/drivers/remotefs.py:292}}
