Feb 25 14:02:25 devstack cinder-volume[83193]: DEBUG cinder.volume.drivers.quobyte [None req-f0b08e37-e981-4ba1-9f86-c161e6917240 tempest-SnapshotsActionsTest-898706769 None] Quobyte Volume URL set to: {'osci02.corp.quobyte.com/cinder-vol-54ae41fc-dcc7-4b38-8cd5-9c3227549c8b': None} {{(pid=83193) _load_shares_config /opt/stack/cinder/cinder/volume/drivers/quobyte.py:617}}
Feb 25 14:02:25 devstack cinder-volume[83193]: DEBUG cinder.volume.drivers.quobyte [None req-f0b08e37-e981-4ba1-9f86-c161e6917240 tempest-SnapshotsActionsTest-898706769 None] Available shares ['osci02.corp.quobyte.com/cinder-vol-54ae41fc-dcc7-4b38-8cd5-9c3227549c8b'] {{(pid=83193) _ensure_shares_mounted /opt/stack/cinder/cinder/volume/drivers/quobyte.py:647}}
Feb 25 14:02:25 devstack cinder-volume[83193]: DEBUG oslo_concurrency.lockutils [None req-f0b08e37-e981-4ba1-9f86-c161e6917240 tempest-SnapshotsActionsTest-898706769 None] Lock "quobyte_ensure" "released" by "cinder.volume.drivers.quobyte.QuobyteDriver._ensure_shares_mounted" :: held 0.003s {{(pid=83193) inner /opt/stack/data/venv/lib/python3.10/site-packages/oslo_concurrency/lockutils.py:538}}
Feb 25 14:02:25 devstack cinder-volume[83193]: DEBUG cinder.volume.drivers.quobyte [None req-f0b08e37-e981-4ba1-9f86-c161e6917240 tempest-SnapshotsActionsTest-898706769 None] Selected osci02.corp.quobyte.com/cinder-vol-54ae41fc-dcc7-4b38-8cd5-9c3227549c8b as target Quobyte volume. {{(pid=83193) _find_share /opt/stack/cinder/cinder/volume/drivers/quobyte.py:668}}
Feb 25 14:02:25 devstack cinder-volume[83193]: INFO cinder.volume.drivers.remotefs [None req-f0b08e37-e981-4ba1-9f86-c161e6917240 tempest-SnapshotsActionsTest-898706769 None] casted to osci02.corp.quobyte.com/cinder-vol-54ae41fc-dcc7-4b38-8cd5-9c3227549c8b
Feb 25 14:02:25 devstack cinder-volume[83193]: DEBUG oslo_concurrency.processutils [None req-f0b08e37-e981-4ba1-9f86-c161e6917240 tempest-SnapshotsActionsTest-898706769 None] Running cmd (subprocess): sudo cinder-rootwrap /etc/cinder/rootwrap.conf qemu-img create -f qcow2 -o preallocation=metadata /opt/stack/data/cinder/mnt/73b455699a5540840fcd8a8ad60f52f6/volume-b3408813-b960-40bd-8324-cc10f71e64f9 1073741824 {{(pid=83193) execute /opt/stack/data/venv/lib/python3.10/site-packages/oslo_concurrency/processutils.py:440}}
Feb 25 14:02:25 devstack sudo[85158]: quobyte : PWD=/ ; USER=root ; COMMAND=/opt/stack/data/venv/bin/cinder-rootwrap /etc/cinder/rootwrap.conf qemu-img create -f qcow2 -o preallocation=metadata /opt/stack/data/cinder/mnt/73b455699a5540840fcd8a8ad60f52f6/volume-b3408813-b960-40bd-8324-cc10f71e64f9 1073741824
Feb 25 14:02:25 devstack sudo[85158]: pam_unix(sudo:session): session opened for user root(uid=0) by (uid=1000)
Feb 25 14:02:25 devstack sudo[85152]: pam_unix(sudo:session): session closed for user root
Feb 25 14:02:25 devstack cinder-volume[83193]: DEBUG oslo_concurrency.processutils [req-a3b7c8b8-7d45-4468-8946-2d85238fe004 req-23057b75-20fe-4a4c-9fa4-0262bc3d3126 tempest-VolumesGetTestJSON-61982474 None] CMD "sudo cinder-rootwrap /etc/cinder/rootwrap.conf rm -f /opt/stack/data/cinder/mnt/73b455699a5540840fcd8a8ad60f52f6/volume-c0cd96bb-6437-47db-934b-95e934f3f770" returned: 0 in 0.659s {{(pid=83193) execute /opt/stack/data/venv/lib/python3.10/site-packages/oslo_concurrency/processutils.py:468}}
Feb 25 14:02:25 devstack cinder-volume[83193]: DEBUG cinder.coordination [req-a3b7c8b8-7d45-4468-8946-2d85238fe004 req-23057b75-20fe-4a4c-9fa4-0262bc3d3126 tempest-VolumesGetTestJSON-61982474 None] Lock "cinder-quobyte-c0cd96bb-6437-47db-934b-95e934f3f770" released by "delete_volume" :: held 1.824s {{(pid=83193) __release /opt/stack/cinder/cinder/coordination.py:152}}
Feb 25 14:02:25 devstack cinder-volume[83193]: DEBUG cinder.quota [req-a3b7c8b8-7d45-4468-8946-2d85238fe004 req-23057b75-20fe-4a4c-9fa4-0262bc3d3126 tempest-VolumesGetTestJSON-61982474 None] Created reservations ['dafa921b-8d45-4e03-a7b4-8cffe059fd17', 'ff1d1952-1f63-4e70-b8d8-58640ee1e54d', '1748163a-cc02-459a-b0eb-80abfb556625', '850734a9-8b4f-425b-9573-d9e911359b85'] {{(pid=83193) reserve /opt/stack/cinder/cinder/quota.py:752}}
Feb 25 14:02:25 devstack cinder-volume[83193]: DEBUG oslo_concurrency.lockutils [req-a3b7c8b8-7d45-4468-8946-2d85238fe004 req-23057b75-20fe-4a4c-9fa4-0262bc3d3126 tempest-VolumesGetTestJSON-61982474 None] Acquiring lock "quobyte_ensure" by "cinder.volume.drivers.quobyte.QuobyteDriver._ensure_shares_mounted" {{(pid=83193) inner /opt/stack/data/venv/lib/python3.10/site-packages/oslo_concurrency/lockutils.py:506}}
Feb 25 14:02:25 devstack cinder-volume[83193]: DEBUG oslo_concurrency.lockutils [req-a3b7c8b8-7d45-4468-8946-2d85238fe004 req-23057b75-20fe-4a4c-9fa4-0262bc3d3126 tempest-VolumesGetTestJSON-61982474 None] Lock "quobyte_ensure" acquired by "cinder.volume.drivers.quobyte.QuobyteDriver._ensure_shares_mounted" :: waited 0.001s {{(pid=83193) inner /opt/stack/data/venv/lib/python3.10/site-packages/oslo_concurrency/lockutils.py:519}}
Feb 25 14:02:25 devstack cinder-volume[83193]: DEBUG cinder.volume.drivers.quobyte [req-a3b7c8b8-7d45-4468-8946-2d85238fe004 req-23057b75-20fe-4a4c-9fa4-0262bc3d3126 tempest-VolumesGetTestJSON-61982474 None] Quobyte Volume URL set to: {'osci02.corp.quobyte.com/cinder-vol-54ae41fc-dcc7-4b38-8cd5-9c3227549c8b': None} {{(pid=83193) _load_shares_config /opt/stack/cinder/cinder/volume/drivers/quobyte.py:617}}
Feb 25 14:02:25 devstack cinder-volume[83193]: DEBUG cinder.volume.drivers.quobyte [req-a3b7c8b8-7d45-4468-8946-2d85238fe004 req-23057b75-20fe-4a4c-9fa4-0262bc3d3126 tempest-VolumesGetTestJSON-61982474 None] Available shares ['osci02.corp.quobyte.com/cinder-vol-54ae41fc-dcc7-4b38-8cd5-9c3227549c8b'] {{(pid=83193) _ensure_shares_mounted /opt/stack/cinder/cinder/volume/drivers/quobyte.py:647}}
Feb 25 14:02:25 devstack cinder-volume[83193]: DEBUG oslo_concurrency.lockutils [req-a3b7c8b8-7d45-4468-8946-2d85238fe004 req-23057b75-20fe-4a4c-9fa4-0262bc3d3126 tempest-VolumesGetTestJSON-61982474 None] Lock "quobyte_ensure" "released" by "cinder.volume.drivers.quobyte.QuobyteDriver._ensure_shares_mounted" :: held 0.006s {{(pid=83193) inner /opt/stack/data/venv/lib/python3.10/site-packages/oslo_concurrency/lockutils.py:538}}
Feb 25 14:02:25 devstack cinder-volume[83193]: DEBUG oslo_concurrency.processutils [req-a3b7c8b8-7d45-4468-8946-2d85238fe004 req-23057b75-20fe-4a4c-9fa4-0262bc3d3126 tempest-VolumesGetTestJSON-61982474 None] Running cmd (subprocess): sudo cinder-rootwrap /etc/cinder/rootwrap.conf df --portability --block-size 1 /opt/stack/data/cinder/mnt/73b455699a5540840fcd8a8ad60f52f6 {{(pid=83193) execute /opt/stack/data/venv/lib/python3.10/site-packages/oslo_concurrency/processutils.py:440}}
Feb 25 14:02:25 devstack sudo[85178]: quobyte : PWD=/ ; USER=root ; COMMAND=/opt/stack/data/venv/bin/cinder-rootwrap /etc/cinder/rootwrap.conf df --portability --block-size 1 /opt/stack/data/cinder/mnt/73b455699a5540840fcd8a8ad60f52f6
Feb 25 14:02:25 devstack sudo[85178]: pam_unix(sudo:session): session opened for user root(uid=0) by (uid=1000)
Feb 25 14:02:26 devstack sudo[85158]: pam_unix(sudo:session): session closed for user root
Feb 25 14:02:26 devstack cinder-volume[83193]: DEBUG oslo_concurrency.processutils [None req-f0b08e37-e981-4ba1-9f86-c161e6917240 tempest-SnapshotsActionsTest-898706769 None] CMD "sudo cinder-rootwrap /etc/cinder/rootwrap.conf qemu-img create -f qcow2 -o preallocation=metadata /opt/stack/data/cinder/mnt/73b455699a5540840fcd8a8ad60f52f6/volume-b3408813-b960-40bd-8324-cc10f71e64f9 1073741824" returned: 0 in 0.772s {{(pid=83193) execute /opt/stack/data/venv/lib/python3.10/site-packages/oslo_concurrency/processutils.py:468}}
Feb 25 14:02:26 devstack cinder-volume[83193]: DEBUG oslo_concurrency.processutils [None req-f0b08e37-e981-4ba1-9f86-c161e6917240 tempest-SnapshotsActionsTest-898706769 None] Running cmd (subprocess): sudo cinder-rootwrap /etc/cinder/rootwrap.conf chmod ugo+rw /opt/stack/data/cinder/mnt/73b455699a5540840fcd8a8ad60f52f6/volume-b3408813-b960-40bd-8324-cc10f71e64f9 {{(pid=83193) execute /opt/stack/data/venv/lib/python3.10/site-packages/oslo_concurrency/processutils.py:440}}
Feb 25 14:02:26 devstack sudo[85185]: quobyte : PWD=/ ; USER=root ; COMMAND=/opt/stack/data/venv/bin/cinder-rootwrap /etc/cinder/rootwrap.conf chmod ugo+rw /opt/stack/data/cinder/mnt/73b455699a5540840fcd8a8ad60f52f6/volume-b3408813-b960-40bd-8324-cc10f71e64f9
Feb 25 14:02:26 devstack sudo[85185]: pam_unix(sudo:session): session opened for user root(uid=0) by (uid=1000)
Feb 25 14:02:26 devstack sudo[85178]: pam_unix(sudo:session): session closed for user root
Feb 25 14:02:26 devstack cinder-volume[83193]: DEBUG oslo_concurrency.processutils [req-a3b7c8b8-7d45-4468-8946-2d85238fe004 req-23057b75-20fe-4a4c-9fa4-0262bc3d3126 tempest-VolumesGetTestJSON-61982474 None] CMD "sudo cinder-rootwrap /etc/cinder/rootwrap.conf df --portability --block-size 1 /opt/stack/data/cinder/mnt/73b455699a5540840fcd8a8ad60f52f6" returned: 0 in 0.732s {{(pid=83193) execute /opt/stack/data/venv/lib/python3.10/site-packages/oslo_concurrency/processutils.py:468}}
Feb 25 14:02:26 devstack cinder-volume[83193]: DEBUG cinder.manager [req-a3b7c8b8-7d45-4468-8946-2d85238fe004 req-23057b75-20fe-4a4c-9fa4-0262bc3d3126 tempest-VolumesGetTestJSON-61982474 None] Notifying Schedulers of capabilities ... {{(pid=83193) _publish_service_capabilities /opt/stack/cinder/cinder/manager.py:202}}
Feb 25 14:02:26 devstack cinder-volume[83193]: INFO cinder.volume.manager [req-a3b7c8b8-7d45-4468-8946-2d85238fe004 req-23057b75-20fe-4a4c-9fa4-0262bc3d3126 tempest-VolumesGetTestJSON-61982474 None] Deleted volume successfully.
Feb 25 14:02:26 devstack cinder-volume[83193]: DEBUG cinder.coordination [req-a3b7c8b8-7d45-4468-8946-2d85238fe004 req-23057b75-20fe-4a4c-9fa4-0262bc3d3126 tempest-VolumesGetTestJSON-61982474 None] Lock "cinder-c0cd96bb-6437-47db-934b-95e934f3f770-delete_volume" released by "delete_volume" :: held 2.742s {{(pid=83193) __release /opt/stack/cinder/cinder/coordination.py:152}}
Feb 25 14:02:26 devstack sudo[85185]: pam_unix(sudo:session): session closed for user root
Feb 25 14:02:26 devstack cinder-volume[83193]: DEBUG oslo_concurrency.processutils [None req-f0b08e37-e981-4ba1-9f86-c161e6917240 tempest-SnapshotsActionsTest-898706769 None] CMD "sudo cinder-rootwrap /etc/cinder/rootwrap.conf chmod ugo+rw /opt/stack/data/cinder/mnt/73b455699a5540840fcd8a8ad60f52f6/volume-b3408813-b960-40bd-8324-cc10f71e64f9" returned: 0 in 0.582s {{(pid=83193) execute /opt/stack/data/venv/lib/python3.10/site-packages/oslo_concurrency/processutils.py:468}}
Feb 25 14:02:26 devstack cinder-volume[83193]: DEBUG cinder.volume.drivers.quobyte [None req-f0b08e37-e981-4ba1-9f86-c161e6917240 tempest-SnapshotsActionsTest-898706769 None] <== create_volume: return (1391ms) {'provider_location': 'osci02.corp.quobyte.com/cinder-vol-54ae41fc-dcc7-4b38-8cd5-9c3227549c8b'} {{(pid=83193) trace_logging_wrapper /opt/stack/cinder/cinder/volume/volume_utils.py:1523}}
Feb 25 14:02:26 devstack cinder-volume[83193]: DEBUG oslo_concurrency.lockutils [None req-f0b08e37-e981-4ba1-9f86-c161e6917240 tempest-SnapshotsActionsTest-898706769 None] Lock "quobyte" "released" by "cinder.volume.drivers.quobyte.QuobyteDriver.create_volume" :: held 1.394s {{(pid=83193) inner /opt/stack/data/venv/lib/python3.10/site-packages/oslo_concurrency/lockutils.py:538}}
Feb 25 14:02:27 devstack cinder-volume[83193]: DEBUG cinder.volume.manager [None req-f0b08e37-e981-4ba1-9f86-c161e6917240 tempest-SnapshotsActionsTest-898706769 None] Task 'cinder.volume.flows.manager.create_volume.CreateVolumeFromSpecTask;volume:create' (58c6c703-75e0-4d13-9138-272a884cde11) transitioned into state 'SUCCESS' from state 'RUNNING' with result '{'status': 'creating', 'volume_name': 'volume-b3408813-b960-40bd-8324-cc10f71e64f9', 'volume_size': 1}' {{(pid=83193) _task_receiver /opt/stack/data/venv/lib/python3.10/site-packages/taskflow/listeners/logging.py:182}}
Feb 25 14:02:27 devstack cinder-volume[83193]: DEBUG cinder.volume.manager [None req-f0b08e37-e981-4ba1-9f86-c161e6917240 tempest-SnapshotsActionsTest-898706769 None] Task 'cinder.volume.flows.manager.create_volume.CreateVolumeOnFinishTask;volume:create, create.end' (ca4e0c9c-40fa-4449-8043-2e095daab638) transitioned into state 'RUNNING' from state 'PENDING' {{(pid=83193) _task_receiver /opt/stack/data/venv/lib/python3.10/site-packages/taskflow/listeners/logging.py:194}}
Feb 25 14:02:27 devstack cinder-volume[83193]: INFO cinder.volume.flows.manager.create_volume [None req-f0b08e37-e981-4ba1-9f86-c161e6917240 tempest-SnapshotsActionsTest-898706769 None] Volume volume-b3408813-b960-40bd-8324-cc10f71e64f9 (b3408813-b960-40bd-8324-cc10f71e64f9): created successfully
Feb 25 14:02:27 devstack cinder-volume[83193]: DEBUG cinder.volume.manager [None req-f0b08e37-e981-4ba1-9f86-c161e6917240 tempest-SnapshotsActionsTest-898706769 None] Task 'cinder.volume.flows.manager.create_volume.CreateVolumeOnFinishTask;volume:create, create.end' (ca4e0c9c-40fa-4449-8043-2e095daab638) transitioned into state 'SUCCESS' from state 'RUNNING' with result 'None' {{(pid=83193) _task_receiver /opt/stack/data/venv/lib/python3.10/site-packages/taskflow/listeners/logging.py:182}}
Feb 25 14:02:27 devstack cinder-volume[83193]: DEBUG cinder.volume.manager [None req-f0b08e37-e981-4ba1-9f86-c161e6917240 tempest-SnapshotsActionsTest-898706769 None] Flow 'volume_create_manager' (ad8d0f55-ebce-4fed-9940-304601251052) transitioned into state 'SUCCESS' from state 'RUNNING' {{(pid=83193) _flow_receiver /opt/stack/data/venv/lib/python3.10/site-packages/taskflow/listeners/logging.py:145}}
Feb 25 14:02:27 devstack cinder-volume[83193]: INFO cinder.volume.manager [None req-f0b08e37-e981-4ba1-9f86-c161e6917240 tempest-SnapshotsActionsTest-898706769 None] Created volume successfully.
Feb 25 14:02:27 devstack cinder-volume[83193]: DEBUG oslo_concurrency.lockutils [None req-e597988e-45cf-4a3e-bd51-c4a823c1ced1 tempest-SnapshotsActionsTest-898706769 None] Acquiring lock "quobyte" by "cinder.volume.drivers.quobyte.QuobyteDriver.create_snapshot" {{(pid=83193) inner /opt/stack/data/venv/lib/python3.10/site-packages/oslo_concurrency/lockutils.py:506}}
Feb 25 14:02:27 devstack cinder-volume[83193]: DEBUG oslo_concurrency.lockutils [None req-e597988e-45cf-4a3e-bd51-c4a823c1ced1 tempest-SnapshotsActionsTest-898706769 None] Lock "quobyte" acquired by "cinder.volume.drivers.quobyte.QuobyteDriver.create_snapshot" :: waited 0.001s {{(pid=83193) inner /opt/stack/data/venv/lib/python3.10/site-packages/oslo_concurrency/lockutils.py:519}}
Feb 25 14:02:27 devstack cinder-volume[83193]: DEBUG cinder.volume.drivers.remotefs [None req-e597988e-45cf-4a3e-bd51-c4a823c1ced1 tempest-SnapshotsActionsTest-898706769 None] Creating offline snapshot 6d1dee24-2034-403a-8feb-5ce17a8d3a5b of volume b3408813-b960-40bd-8324-cc10f71e64f9 {{(pid=83193) _create_snapshot /opt/stack/cinder/cinder/volume/drivers/remotefs.py:1815}}
Feb 25 14:02:27 devstack cinder-volume[83193]: DEBUG oslo.privsep.daemon [-] privsep: reply[5366aaac-3771-4908-a31f-8bc65c4c7c36]: (4, 'qcow2') {{(pid=84130) _call_back /opt/stack/data/venv/lib/python3.10/site-packages/oslo_privsep/daemon.py:573}}
Feb 25 14:02:27 devstack cinder-volume[83193]: DEBUG oslo_concurrency.processutils [None req-e597988e-45cf-4a3e-bd51-c4a823c1ced1 tempest-SnapshotsActionsTest-898706769 None] Running cmd (subprocess): /opt/stack/data/venv/bin/python3.10 -m oslo_concurrency.prlimit --as=1073741824 --cpu=60 -- sudo cinder-rootwrap /etc/cinder/rootwrap.conf env LC_ALL=C qemu-img info -f qcow2 --output=json --force-share /opt/stack/data/cinder/mnt/73b455699a5540840fcd8a8ad60f52f6/volume-b3408813-b960-40bd-8324-cc10f71e64f9 {{(pid=83193) execute /opt/stack/data/venv/lib/python3.10/site-packages/oslo_concurrency/processutils.py:440}}
Feb 25 14:02:27 devstack sudo[85191]: quobyte : PWD=/ ; USER=root ; COMMAND=/opt/stack/data/venv/bin/cinder-rootwrap /etc/cinder/rootwrap.conf env LC_ALL=C qemu-img info -f qcow2 --output=json --force-share /opt/stack/data/cinder/mnt/73b455699a5540840fcd8a8ad60f52f6/volume-b3408813-b960-40bd-8324-cc10f71e64f9
Feb 25 14:02:27 devstack sudo[85191]: pam_unix(sudo:session): session opened for user root(uid=0) by (uid=1000)
Feb 25 14:02:28 devstack sudo[85191]: pam_unix(sudo:session): session closed for user root
Feb 25 14:02:28 devstack cinder-volume[83193]: DEBUG oslo_concurrency.processutils [None req-e597988e-45cf-4a3e-bd51-c4a823c1ced1 tempest-SnapshotsActionsTest-898706769 None] CMD "/opt/stack/data/venv/bin/python3.10 -m oslo_concurrency.prlimit --as=1073741824 --cpu=60 -- sudo cinder-rootwrap /etc/cinder/rootwrap.conf env LC_ALL=C qemu-img info -f qcow2 --output=json --force-share /opt/stack/data/cinder/mnt/73b455699a5540840fcd8a8ad60f52f6/volume-b3408813-b960-40bd-8324-cc10f71e64f9" returned: 0 in 0.537s {{(pid=83193) execute /opt/stack/data/venv/lib/python3.10/site-packages/oslo_concurrency/processutils.py:468}}
Feb 25 14:02:28 devstack cinder-volume[83193]: DEBUG oslo_concurrency.processutils [None req-e597988e-45cf-4a3e-bd51-c4a823c1ced1 tempest-SnapshotsActionsTest-898706769 None] Running cmd (subprocess): sudo cinder-rootwrap /etc/cinder/rootwrap.conf qemu-img create -f qcow2 -o backing_file=/opt/stack/data/cinder/mnt/73b455699a5540840fcd8a8ad60f52f6/volume-b3408813-b960-40bd-8324-cc10f71e64f9,backing_fmt=qcow2 /opt/stack/data/cinder/mnt/73b455699a5540840fcd8a8ad60f52f6/volume-b3408813-b960-40bd-8324-cc10f71e64f9.6d1dee24-2034-403a-8feb-5ce17a8d3a5b 1G {{(pid=83193) execute /opt/stack/data/venv/lib/python3.10/site-packages/oslo_concurrency/processutils.py:440}}
Feb 25 14:02:28 devstack sudo[85197]: quobyte : PWD=/ ; USER=root ; COMMAND=/opt/stack/data/venv/bin/cinder-rootwrap /etc/cinder/rootwrap.conf qemu-img create -f qcow2 -o backing_file=/opt/stack/data/cinder/mnt/73b455699a5540840fcd8a8ad60f52f6/volume-b3408813-b960-40bd-8324-cc10f71e64f9,backing_fmt=qcow2 /opt/stack/data/cinder/mnt/73b455699a5540840fcd8a8ad60f52f6/volume-b3408813-b960-40bd-8324-cc10f71e64f9.6d1dee24-2034-403a-8feb-5ce17a8d3a5b 1G
Feb 25 14:02:28 devstack sudo[85197]: pam_unix(sudo:session): session opened for user root(uid=0) by (uid=1000)
Feb 25 14:02:28 devstack sudo[85197]: pam_unix(sudo:session): session closed for user root
Feb 25 14:02:28 devstack cinder-volume[83193]: DEBUG oslo_concurrency.processutils [None req-e597988e-45cf-4a3e-bd51-c4a823c1ced1 tempest-SnapshotsActionsTest-898706769 None] CMD "sudo cinder-rootwrap /etc/cinder/rootwrap.conf qemu-img create -f qcow2 -o backing_file=/opt/stack/data/cinder/mnt/73b455699a5540840fcd8a8ad60f52f6/volume-b3408813-b960-40bd-8324-cc10f71e64f9,backing_fmt=qcow2 /opt/stack/data/cinder/mnt/73b455699a5540840fcd8a8ad60f52f6/volume-b3408813-b960-40bd-8324-cc10f71e64f9.6d1dee24-2034-403a-8feb-5ce17a8d3a5b 1G" returned: 0 in 0.573s {{(pid=83193) execute /opt/stack/data/venv/lib/python3.10/site-packages/oslo_concurrency/processutils.py:468}}
Feb 25 14:02:28 devstack cinder-volume[83193]: DEBUG oslo_concurrency.processutils [None req-e597988e-45cf-4a3e-bd51-c4a823c1ced1 tempest-SnapshotsActionsTest-898706769 None] Running cmd (subprocess): sudo cinder-rootwrap /etc/cinder/rootwrap.conf qemu-img rebase -u -b volume-b3408813-b960-40bd-8324-cc10f71e64f9 -F qcow2 /opt/stack/data/cinder/mnt/73b455699a5540840fcd8a8ad60f52f6/volume-b3408813-b960-40bd-8324-cc10f71e64f9.6d1dee24-2034-403a-8feb-5ce17a8d3a5b {{(pid=83193) execute /opt/stack/data/venv/lib/python3.10/site-packages/oslo_concurrency/processutils.py:440}}
Feb 25 14:02:28 devstack sudo[85202]: quobyte : PWD=/ ; USER=root ; COMMAND=/opt/stack/data/venv/bin/cinder-rootwrap /etc/cinder/rootwrap.conf qemu-img rebase -u -b volume-b3408813-b960-40bd-8324-cc10f71e64f9 -F qcow2 /opt/stack/data/cinder/mnt/73b455699a5540840fcd8a8ad60f52f6/volume-b3408813-b960-40bd-8324-cc10f71e64f9.6d1dee24-2034-403a-8feb-5ce17a8d3a5b
Feb 25 14:02:28 devstack sudo[85202]: pam_unix(sudo:session): session opened for user root(uid=0) by (uid=1000)
Feb 25 14:02:29 devstack sudo[85202]: pam_unix(sudo:session): session closed for user root
Feb 25 14:02:29 devstack cinder-volume[83193]: DEBUG oslo_concurrency.processutils [None req-e597988e-45cf-4a3e-bd51-c4a823c1ced1 tempest-SnapshotsActionsTest-898706769 None] CMD "sudo cinder-rootwrap /etc/cinder/rootwrap.conf qemu-img rebase -u -b volume-b3408813-b960-40bd-8324-cc10f71e64f9 -F qcow2 /opt/stack/data/cinder/mnt/73b455699a5540840fcd8a8ad60f52f6/volume-b3408813-b960-40bd-8324-cc10f71e64f9.6d1dee24-2034-403a-8feb-5ce17a8d3a5b" returned: 0 in 0.434s {{(pid=83193) execute /opt/stack/data/venv/lib/python3.10/site-packages/oslo_concurrency/processutils.py:468}}
Feb 25 14:02:29 devstack cinder-volume[83193]: WARNING cinder.volume.drivers.remotefs [None req-e597988e-45cf-4a3e-bd51-c4a823c1ced1 tempest-SnapshotsActionsTest-898706769 None] /opt/stack/data/cinder/mnt/73b455699a5540840fcd8a8ad60f52f6/volume-b3408813-b960-40bd-8324-cc10f71e64f9.6d1dee24-2034-403a-8feb-5ce17a8d3a5b is being set with open permissions: ugo+rw
Feb 25 14:02:29 devstack cinder-volume[83193]: DEBUG oslo_concurrency.processutils [None req-e597988e-45cf-4a3e-bd51-c4a823c1ced1 tempest-SnapshotsActionsTest-898706769 None] Running cmd (subprocess): sudo cinder-rootwrap /etc/cinder/rootwrap.conf chmod ugo+rw /opt/stack/data/cinder/mnt/73b455699a5540840fcd8a8ad60f52f6/volume-b3408813-b960-40bd-8324-cc10f71e64f9.6d1dee24-2034-403a-8feb-5ce17a8d3a5b {{(pid=83193) execute /opt/stack/data/venv/lib/python3.10/site-packages/oslo_concurrency/processutils.py:440}}
Feb 25 14:02:29 devstack sudo[85207]: quobyte : PWD=/ ; USER=root ; COMMAND=/opt/stack/data/venv/bin/cinder-rootwrap /etc/cinder/rootwrap.conf chmod ugo+rw /opt/stack/data/cinder/mnt/73b455699a5540840fcd8a8ad60f52f6/volume-b3408813-b960-40bd-8324-cc10f71e64f9.6d1dee24-2034-403a-8feb-5ce17a8d3a5b
Feb 25 14:02:29 devstack sudo[85207]: pam_unix(sudo:session): session opened for user root(uid=0) by (uid=1000)
Feb 25 14:02:29 devstack sudo[85207]: pam_unix(sudo:session): session closed for user root
Feb 25 14:02:29 devstack cinder-volume[83193]: DEBUG oslo_concurrency.processutils [None req-e597988e-45cf-4a3e-bd51-c4a823c1ced1 tempest-SnapshotsActionsTest-898706769 None] CMD "sudo cinder-rootwrap /etc/cinder/rootwrap.conf chmod ugo+rw /opt/stack/data/cinder/mnt/73b455699a5540840fcd8a8ad60f52f6/volume-b3408813-b960-40bd-8324-cc10f71e64f9.6d1dee24-2034-403a-8feb-5ce17a8d3a5b" returned: 0 in 0.424s {{(pid=83193) execute /opt/stack/data/venv/lib/python3.10/site-packages/oslo_concurrency/processutils.py:468}}
Feb 25 14:02:29 devstack cinder-volume[83193]: DEBUG oslo_concurrency.processutils [None req-e597988e-45cf-4a3e-bd51-c4a823c1ced1 tempest-SnapshotsActionsTest-898706769 None] Running cmd (subprocess): sudo cinder-rootwrap /etc/cinder/rootwrap.conf truncate -s0 /opt/stack/data/cinder/mnt/73b455699a5540840fcd8a8ad60f52f6/volume-b3408813-b960-40bd-8324-cc10f71e64f9.info {{(pid=83193) execute /opt/stack/data/venv/lib/python3.10/site-packages/oslo_concurrency/processutils.py:440}}
Feb 25 14:02:29 devstack sudo[85210]: quobyte : PWD=/ ; USER=root ; COMMAND=/opt/stack/data/venv/bin/cinder-rootwrap /etc/cinder/rootwrap.conf truncate -s0 /opt/stack/data/cinder/mnt/73b455699a5540840fcd8a8ad60f52f6/volume-b3408813-b960-40bd-8324-cc10f71e64f9.info
Feb 25 14:02:29 devstack sudo[85210]: pam_unix(sudo:session): session opened for user root(uid=0) by (uid=1000)
Feb 25 14:02:29 devstack cinder-volume[83193]: DEBUG cinder.volume.manager [None req-e7ac57fa-81bb-4209-9764-92768ed75dad tempest-BackendsCapabilitiesAdminTestsJSON-1267516152 None] Obtained capabilities list: {'volume_backend_name': 'QuobyteHD', 'vendor_name': 'Open Source', 'driver_version': '1.1.14', 'storage_protocol': 'quobyte', 'total_capacity_gb': 1775.7555541992188, 'free_capacity_gb': 1775.7555541992188, 'reserved_percentage': 0, 'QoS_support': False, 'properties': {'thin_provisioning': {'title': 'Thin Provisioning', 'description': 'Sets thin provisioning.', 'type': 'boolean'}, 'compression': {'title': 'Compression', 'description': 'Enables compression.', 'type': 'boolean'}, 'qos': {'title': 'QoS', 'description': 'Enables QoS.', 'type': 'boolean'}, 'replication_enabled': {'title': 'Replication', 'description': 'Enables replication.', 'type': 'boolean'}}}. {{(pid=83193) get_capabilities /opt/stack/cinder/cinder/volume/manager.py:4830}}
Feb 25 14:02:30 devstack sudo[85210]: pam_unix(sudo:session): session closed for user root
Feb 25 14:02:30 devstack cinder-volume[83193]: DEBUG oslo_concurrency.processutils [None req-e597988e-45cf-4a3e-bd51-c4a823c1ced1 tempest-SnapshotsActionsTest-898706769 None] CMD "sudo cinder-rootwrap /etc/cinder/rootwrap.conf truncate -s0 /opt/stack/data/cinder/mnt/73b455699a5540840fcd8a8ad60f52f6/volume-b3408813-b960-40bd-8324-cc10f71e64f9.info" returned: 0 in 0.427s {{(pid=83193) execute /opt/stack/data/venv/lib/python3.10/site-packages/oslo_concurrency/processutils.py:468}}
Feb 25 14:02:30 devstack cinder-volume[83193]: WARNING cinder.volume.drivers.remotefs [None req-e597988e-45cf-4a3e-bd51-c4a823c1ced1 tempest-SnapshotsActionsTest-898706769 None] /opt/stack/data/cinder/mnt/73b455699a5540840fcd8a8ad60f52f6/volume-b3408813-b960-40bd-8324-cc10f71e64f9.info is being set with open permissions: ugo+rw
Feb 25 14:02:30 devstack cinder-volume[83193]: DEBUG oslo_concurrency.processutils [None req-e597988e-45cf-4a3e-bd51-c4a823c1ced1 tempest-SnapshotsActionsTest-898706769 None] Running cmd (subprocess): sudo cinder-rootwrap /etc/cinder/rootwrap.conf chmod ugo+rw /opt/stack/data/cinder/mnt/73b455699a5540840fcd8a8ad60f52f6/volume-b3408813-b960-40bd-8324-cc10f71e64f9.info {{(pid=83193) execute /opt/stack/data/venv/lib/python3.10/site-packages/oslo_concurrency/processutils.py:440}}
Feb 25 14:02:30 devstack sudo[85223]: quobyte : PWD=/ ; USER=root ; COMMAND=/opt/stack/data/venv/bin/cinder-rootwrap /etc/cinder/rootwrap.conf chmod ugo+rw /opt/stack/data/cinder/mnt/73b455699a5540840fcd8a8ad60f52f6/volume-b3408813-b960-40bd-8324-cc10f71e64f9.info
Feb 25 14:02:30 devstack sudo[85223]: pam_unix(sudo:session): session opened for user root(uid=0) by (uid=1000)
Feb 25 14:02:30 devstack cinder-volume[83193]: DEBUG cinder.volume.manager [None req-7b5f73ac-a364-4556-8bbb-294babe4afee tempest-BackendsCapabilitiesAdminTestsJSON-1267516152 None] Obtained capabilities list: {'volume_backend_name': 'QuobyteHD', 'vendor_name': 'Open Source', 'driver_version': '1.1.14', 'storage_protocol': 'quobyte', 'total_capacity_gb': 1775.7555541992188, 'free_capacity_gb': 1775.7555541992188, 'reserved_percentage': 0, 'QoS_support': False, 'properties': {'thin_provisioning': {'title': 'Thin Provisioning', 'description': 'Sets thin provisioning.', 'type': 'boolean'}, 'compression': {'title': 'Compression', 'description': 'Enables compression.', 'type': 'boolean'}, 'qos': {'title': 'QoS', 'description': 'Enables QoS.', 'type': 'boolean'}, 'replication_enabled': {'title': 'Replication', 'description': 'Enables replication.', 'type': 'boolean'}}}. {{(pid=83193) get_capabilities /opt/stack/cinder/cinder/volume/manager.py:4830}}
Feb 25 14:02:30 devstack sudo[85223]: pam_unix(sudo:session): session closed for user root
Feb 25 14:02:30 devstack cinder-volume[83193]: DEBUG oslo_concurrency.processutils [None req-e597988e-45cf-4a3e-bd51-c4a823c1ced1 tempest-SnapshotsActionsTest-898706769 None] CMD "sudo cinder-rootwrap /etc/cinder/rootwrap.conf chmod ugo+rw /opt/stack/data/cinder/mnt/73b455699a5540840fcd8a8ad60f52f6/volume-b3408813-b960-40bd-8324-cc10f71e64f9.info" returned: 0 in 0.434s {{(pid=83193) execute /opt/stack/data/venv/lib/python3.10/site-packages/oslo_concurrency/processutils.py:468}}
Feb 25 14:02:30 devstack cinder-volume[83193]: DEBUG oslo_concurrency.lockutils [None req-e597988e-45cf-4a3e-bd51-c4a823c1ced1 tempest-SnapshotsActionsTest-898706769 None] Lock "quobyte" "released" by "cinder.volume.drivers.quobyte.QuobyteDriver.create_snapshot" :: held 2.905s {{(pid=83193) inner /opt/stack/data/venv/lib/python3.10/site-packages/oslo_concurrency/lockutils.py:538}}
Feb 25 14:02:30 devstack cinder-volume[83193]: INFO cinder.volume.manager [None req-e597988e-45cf-4a3e-bd51-c4a823c1ced1 tempest-SnapshotsActionsTest-898706769 None] Create snapshot completed successfully
Feb 25 14:02:31 devstack cinder-volume[83193]: DEBUG oslo_concurrency.lockutils [None req-3c486e4f-c48f-44eb-8bff-5ea5b00e0c7c tempest-SnapshotsActionsTest-898706769 None] Acquiring lock "quobyte" by "cinder.volume.drivers.quobyte.QuobyteDriver.create_snapshot" {{(pid=83193) inner /opt/stack/data/venv/lib/python3.10/site-packages/oslo_concurrency/lockutils.py:506}}
Feb 25 14:02:31 devstack cinder-volume[83193]: DEBUG oslo_concurrency.lockutils [None req-3c486e4f-c48f-44eb-8bff-5ea5b00e0c7c tempest-SnapshotsActionsTest-898706769 None] Lock "quobyte" acquired by "cinder.volume.drivers.quobyte.QuobyteDriver.create_snapshot" :: waited 0.001s {{(pid=83193) inner /opt/stack/data/venv/lib/python3.10/site-packages/oslo_concurrency/lockutils.py:519}}
Feb 25 14:02:31 devstack cinder-volume[83193]: DEBUG cinder.volume.drivers.remotefs [None req-3c486e4f-c48f-44eb-8bff-5ea5b00e0c7c tempest-SnapshotsActionsTest-898706769 None] Creating offline snapshot 2eb4268d-8e0c-46af-a702-7f05258b9d5e of volume b3408813-b960-40bd-8324-cc10f71e64f9 {{(pid=83193) _create_snapshot /opt/stack/cinder/cinder/volume/drivers/remotefs.py:1815}}
Feb 25 14:02:31 devstack cinder-volume[83193]: DEBUG oslo.privsep.daemon [-] privsep: reply[706ae297-44eb-406f-81f1-d9bd12f15fd1]: (4, 'qcow2') {{(pid=84130) _call_back /opt/stack/data/venv/lib/python3.10/site-packages/oslo_privsep/daemon.py:573}}
Feb 25 14:02:31 devstack cinder-volume[83193]: DEBUG oslo_concurrency.processutils [None req-3c486e4f-c48f-44eb-8bff-5ea5b00e0c7c tempest-SnapshotsActionsTest-898706769 None] Running cmd (subprocess): /opt/stack/data/venv/bin/python3.10 -m oslo_concurrency.prlimit --as=1073741824 --cpu=60 -- sudo cinder-rootwrap /etc/cinder/rootwrap.conf env LC_ALL=C qemu-img info -f qcow2 --output=json --force-share /opt/stack/data/cinder/mnt/73b455699a5540840fcd8a8ad60f52f6/volume-b3408813-b960-40bd-8324-cc10f71e64f9.6d1dee24-2034-403a-8feb-5ce17a8d3a5b {{(pid=83193) execute /opt/stack/data/venv/lib/python3.10/site-packages/oslo_concurrency/processutils.py:440}}
Feb 25 14:02:31 devstack sudo[85241]: quobyte : PWD=/ ; USER=root ; COMMAND=/opt/stack/data/venv/bin/cinder-rootwrap /etc/cinder/rootwrap.conf env LC_ALL=C qemu-img info -f qcow2 --output=json --force-share /opt/stack/data/cinder/mnt/73b455699a5540840fcd8a8ad60f52f6/volume-b3408813-b960-40bd-8324-cc10f71e64f9.6d1dee24-2034-403a-8feb-5ce17a8d3a5b
Feb 25 14:02:31 devstack sudo[85241]: pam_unix(sudo:session): session opened for user root(uid=0) by (uid=1000)
Feb 25 14:02:32 devstack sudo[85241]: pam_unix(sudo:session): session closed for user root
Feb 25 14:02:32 devstack cinder-volume[83193]: DEBUG oslo_concurrency.processutils [None req-3c486e4f-c48f-44eb-8bff-5ea5b00e0c7c tempest-SnapshotsActionsTest-898706769 None] CMD "/opt/stack/data/venv/bin/python3.10 -m oslo_concurrency.prlimit --as=1073741824 --cpu=60 -- sudo cinder-rootwrap /etc/cinder/rootwrap.conf env LC_ALL=C qemu-img info -f qcow2 --output=json --force-share /opt/stack/data/cinder/mnt/73b455699a5540840fcd8a8ad60f52f6/volume-b3408813-b960-40bd-8324-cc10f71e64f9.6d1dee24-2034-403a-8feb-5ce17a8d3a5b" returned: 0 in 0.833s {{(pid=83193) execute /opt/stack/data/venv/lib/python3.10/site-packages/oslo_concurrency/processutils.py:468}}
Feb 25 14:02:32 devstack cinder-volume[83193]: DEBUG cinder.volume.drivers.remotefs [None req-3c486e4f-c48f-44eb-8bff-5ea5b00e0c7c tempest-SnapshotsActionsTest-898706769 None] Fetching qemu-img info with special backing_file_template: (/opt/stack/data/cinder/mnt/[0-9a-f]+/)?(volume-b3408813-b960-40bd-8324-cc10f71e64f9(.(tmp-snap-)?[0-9a-f-]+)?|volume_from_snapshot_cache/(tmp-snap-)?[0-9a-f-]+(.(child-|parent-)[0-9a-f-]+)?)$ {{(pid=83193) _qemu_img_info_base /opt/stack/cinder/cinder/volume/drivers/remotefs.py:896}}
Feb 25 14:02:32 devstack cinder-volume[83193]: DEBUG oslo_concurrency.processutils [None req-3c486e4f-c48f-44eb-8bff-5ea5b00e0c7c tempest-SnapshotsActionsTest-898706769 None] Running cmd (subprocess): sudo cinder-rootwrap /etc/cinder/rootwrap.conf qemu-img create -f qcow2 -o backing_file=/opt/stack/data/cinder/mnt/73b455699a5540840fcd8a8ad60f52f6/volume-b3408813-b960-40bd-8324-cc10f71e64f9.6d1dee24-2034-403a-8feb-5ce17a8d3a5b,backing_fmt=qcow2 /opt/stack/data/cinder/mnt/73b455699a5540840fcd8a8ad60f52f6/volume-b3408813-b960-40bd-8324-cc10f71e64f9.2eb4268d-8e0c-46af-a702-7f05258b9d5e 1G {{(pid=83193) execute /opt/stack/data/venv/lib/python3.10/site-packages/oslo_concurrency/processutils.py:440}}
Feb 25 14:02:32 devstack sudo[85248]: quobyte : PWD=/ ; USER=root ; COMMAND=/opt/stack/data/venv/bin/cinder-rootwrap /etc/cinder/rootwrap.conf qemu-img create -f qcow2 -o backing_file=/opt/stack/data/cinder/mnt/73b455699a5540840fcd8a8ad60f52f6/volume-b3408813-b960-40bd-8324-cc10f71e64f9.6d1dee24-2034-403a-8feb-5ce17a8d3a5b,backing_fmt=qcow2 /opt/stack/data/cinder/mnt/73b455699a5540840fcd8a8ad60f52f6/volume-b3408813-b960-40bd-8324-cc10f71e64f9.2eb4268d-8e0c-46af-a702-7f05258b9d5e 1G
Feb 25 14:02:32 devstack sudo[85248]: pam_unix(sudo:session): session opened for user root(uid=0) by (uid=1000)
Feb 25 14:02:33 devstack sudo[85248]: pam_unix(sudo:session): session closed for user root
Feb 25 14:02:33 devstack cinder-volume[83193]: DEBUG oslo_concurrency.processutils [None req-3c486e4f-c48f-44eb-8bff-5ea5b00e0c7c tempest-SnapshotsActionsTest-898706769 None] CMD "sudo cinder-rootwrap /etc/cinder/rootwrap.conf qemu-img create -f qcow2 -o backing_file=/opt/stack/data/cinder/mnt/73b455699a5540840fcd8a8ad60f52f6/volume-b3408813-b960-40bd-8324-cc10f71e64f9.6d1dee24-2034-403a-8feb-5ce17a8d3a5b,backing_fmt=qcow2 /opt/stack/data/cinder/mnt/73b455699a5540840fcd8a8ad60f52f6/volume-b3408813-b960-40bd-8324-cc10f71e64f9.2eb4268d-8e0c-46af-a702-7f05258b9d5e 1G" returned: 0 in 0.661s {{(pid=83193) execute /opt/stack/data/venv/lib/python3.10/site-packages/oslo_concurrency/processutils.py:468}}
Feb 25 14:02:33 devstack cinder-volume[83193]: DEBUG oslo_concurrency.processutils [None req-3c486e4f-c48f-44eb-8bff-5ea5b00e0c7c tempest-SnapshotsActionsTest-898706769 None] Running cmd (subprocess): sudo cinder-rootwrap /etc/cinder/rootwrap.conf qemu-img rebase -u -b volume-b3408813-b960-40bd-8324-cc10f71e64f9.6d1dee24-2034-403a-8feb-5ce17a8d3a5b -F qcow2 /opt/stack/data/cinder/mnt/73b455699a5540840fcd8a8ad60f52f6/volume-b3408813-b960-40bd-8324-cc10f71e64f9.2eb4268d-8e0c-46af-a702-7f05258b9d5e {{(pid=83193) execute /opt/stack/data/venv/lib/python3.10/site-packages/oslo_concurrency/processutils.py:440}}
Feb 25 14:02:33 devstack sudo[85253]: quobyte : PWD=/ ; USER=root ; COMMAND=/opt/stack/data/venv/bin/cinder-rootwrap /etc/cinder/rootwrap.conf qemu-img rebase -u -b volume-b3408813-b960-40bd-8324-cc10f71e64f9.6d1dee24-2034-403a-8feb-5ce17a8d3a5b -F qcow2 /opt/stack/data/cinder/mnt/73b455699a5540840fcd8a8ad60f52f6/volume-b3408813-b960-40bd-8324-cc10f71e64f9.2eb4268d-8e0c-46af-a702-7f05258b9d5e
Feb 25 14:02:33 devstack sudo[85253]: pam_unix(sudo:session): session opened for user root(uid=0) by (uid=1000)
Feb 25 14:02:33 devstack sudo[85253]: pam_unix(sudo:session): session closed for user root
Feb 25 14:02:33 devstack cinder-volume[83193]: DEBUG oslo_concurrency.processutils [None req-3c486e4f-c48f-44eb-8bff-5ea5b00e0c7c tempest-SnapshotsActionsTest-898706769 None] CMD "sudo cinder-rootwrap /etc/cinder/rootwrap.conf qemu-img rebase -u -b volume-b3408813-b960-40bd-8324-cc10f71e64f9.6d1dee24-2034-403a-8feb-5ce17a8d3a5b -F qcow2 /opt/stack/data/cinder/mnt/73b455699a5540840fcd8a8ad60f52f6/volume-b3408813-b960-40bd-8324-cc10f71e64f9.2eb4268d-8e0c-46af-a702-7f05258b9d5e" returned: 0 in 0.731s {{(pid=83193) execute /opt/stack/data/venv/lib/python3.10/site-packages/oslo_concurrency/processutils.py:468}}
Feb 25 14:02:33 devstack cinder-volume[83193]: WARNING cinder.volume.drivers.remotefs [None req-3c486e4f-c48f-44eb-8bff-5ea5b00e0c7c tempest-SnapshotsActionsTest-898706769 None] /opt/stack/data/cinder/mnt/73b455699a5540840fcd8a8ad60f52f6/volume-b3408813-b960-40bd-8324-cc10f71e64f9.2eb4268d-8e0c-46af-a702-7f05258b9d5e is being set with open permissions: ugo+rw
Feb 25 14:02:33 devstack cinder-volume[83193]: DEBUG oslo_concurrency.processutils [None req-3c486e4f-c48f-44eb-8bff-5ea5b00e0c7c tempest-SnapshotsActionsTest-898706769 None] Running cmd (subprocess): sudo cinder-rootwrap /etc/cinder/rootwrap.conf chmod ugo+rw /opt/stack/data/cinder/mnt/73b455699a5540840fcd8a8ad60f52f6/volume-b3408813-b960-40bd-8324-cc10f71e64f9.2eb4268d-8e0c-46af-a702-7f05258b9d5e {{(pid=83193) execute /opt/stack/data/venv/lib/python3.10/site-packages/oslo_concurrency/processutils.py:440}}
Feb 25 14:02:33 devstack sudo[85258]: quobyte : PWD=/ ; USER=root ; COMMAND=/opt/stack/data/venv/bin/cinder-rootwrap /etc/cinder/rootwrap.conf chmod ugo+rw /opt/stack/data/cinder/mnt/73b455699a5540840fcd8a8ad60f52f6/volume-b3408813-b960-40bd-8324-cc10f71e64f9.2eb4268d-8e0c-46af-a702-7f05258b9d5e
Feb 25 14:02:33 devstack sudo[85258]: pam_unix(sudo:session): session opened for user root(uid=0) by (uid=1000)
Feb 25 14:02:34 devstack sudo[85258]: pam_unix(sudo:session): session closed for user root
Feb 25 14:02:34 devstack cinder-volume[83193]: DEBUG oslo_concurrency.processutils [None req-3c486e4f-c48f-44eb-8bff-5ea5b00e0c7c tempest-SnapshotsActionsTest-898706769 None] CMD "sudo cinder-rootwrap /etc/cinder/rootwrap.conf chmod ugo+rw /opt/stack/data/cinder/mnt/73b455699a5540840fcd8a8ad60f52f6/volume-b3408813-b960-40bd-8324-cc10f71e64f9.2eb4268d-8e0c-46af-a702-7f05258b9d5e" returned: 0 in 0.595s {{(pid=83193) execute /opt/stack/data/venv/lib/python3.10/site-packages/oslo_concurrency/processutils.py:468}}
Feb 25 14:02:34 devstack cinder-volume[83193]: DEBUG oslo_concurrency.lockutils [None req-3c486e4f-c48f-44eb-8bff-5ea5b00e0c7c tempest-SnapshotsActionsTest-898706769 None] Lock "quobyte" "released" by "cinder.volume.drivers.quobyte.QuobyteDriver.create_snapshot" :: held 2.934s {{(pid=83193) inner /opt/stack/data/venv/lib/python3.10/site-packages/oslo_concurrency/lockutils.py:538}}
Feb 25 14:02:34 devstack cinder-volume[83193]: INFO cinder.volume.manager [None req-3c486e4f-c48f-44eb-8bff-5ea5b00e0c7c tempest-SnapshotsActionsTest-898706769 None] Create snapshot completed successfully
Feb 25 14:02:34 devstack cinder-volume[83193]: DEBUG cinder.coordination [None req-6bb55147-93a4-4318-a824-1dc61f3f93b3 tempest-SnapshotsActionsTest-265569744 None] Acquiring lock "cinder-2eb4268d-8e0c-46af-a702-7f05258b9d5e-delete_snapshot" by "delete_snapshot" {{(pid=83193) __acquire /opt/stack/cinder/cinder/coordination.py:138}}
Feb 25 14:02:34 devstack cinder-volume[83193]: DEBUG cinder.coordination [None req-6bb55147-93a4-4318-a824-1dc61f3f93b3 tempest-SnapshotsActionsTest-265569744 None] Lock "cinder-2eb4268d-8e0c-46af-a702-7f05258b9d5e-delete_snapshot" acquired by "delete_snapshot" :: waited 0.013s {{(pid=83193) __acquire /opt/stack/cinder/cinder/coordination.py:141}}
Feb 25 14:02:34 devstack cinder-volume[83193]: DEBUG cinder.coordination [None req-6bb55147-93a4-4318-a824-1dc61f3f93b3 tempest-SnapshotsActionsTest-265569744 None] Acquiring lock "cinder-quobyte-b3408813-b960-40bd-8324-cc10f71e64f9" by "delete_snapshot" {{(pid=83193) __acquire /opt/stack/cinder/cinder/coordination.py:138}}
Feb 25 14:02:34 devstack cinder-volume[83193]: DEBUG cinder.coordination [None req-6bb55147-93a4-4318-a824-1dc61f3f93b3 tempest-SnapshotsActionsTest-265569744 None] Lock "cinder-quobyte-b3408813-b960-40bd-8324-cc10f71e64f9" acquired by "delete_snapshot" :: waited 0.011s {{(pid=83193) __acquire /opt/stack/cinder/cinder/coordination.py:141}}
Feb 25 14:02:34 devstack cinder-volume[83193]: DEBUG cinder.coordination [None req-6bb55147-93a4-4318-a824-1dc61f3f93b3 tempest-SnapshotsActionsTest-265569744 None] Acquiring lock "cinder-quobyte-2eb4268d-8e0c-46af-a702-7f05258b9d5e" by "_delete_snapshot" {{(pid=83193) __acquire /opt/stack/cinder/cinder/coordination.py:138}}
Feb 25 14:02:34 devstack cinder-volume[83193]: DEBUG cinder.coordination [None req-6bb55147-93a4-4318-a824-1dc61f3f93b3 tempest-SnapshotsActionsTest-265569744 None] Lock "cinder-quobyte-2eb4268d-8e0c-46af-a702-7f05258b9d5e" acquired by "_delete_snapshot" :: waited 0.025s {{(pid=83193) __acquire /opt/stack/cinder/cinder/coordination.py:141}}
Feb 25 14:02:34 devstack cinder-volume[83193]: DEBUG cinder.volume.drivers.remotefs [None req-6bb55147-93a4-4318-a824-1dc61f3f93b3 tempest-SnapshotsActionsTest-265569744 None] Deleting offline snapshot 2eb4268d-8e0c-46af-a702-7f05258b9d5e of volume b3408813-b960-40bd-8324-cc10f71e64f9 {{(pid=83193) _delete_snapshot /opt/stack/cinder/cinder/volume/drivers/remotefs.py:1288}}
Feb 25 14:02:34 devstack cinder-volume[83193]: DEBUG cinder.volume.drivers.remotefs [None req-6bb55147-93a4-4318-a824-1dc61f3f93b3 tempest-SnapshotsActionsTest-265569744 None] snapshot_file for this snap is: volume-b3408813-b960-40bd-8324-cc10f71e64f9.2eb4268d-8e0c-46af-a702-7f05258b9d5e {{(pid=83193) _delete_snapshot /opt/stack/cinder/cinder/volume/drivers/remotefs.py:1317}}
Feb 25 14:02:34 devstack cinder-volume[83193]: DEBUG oslo.privsep.daemon [-] privsep: reply[455a5aea-b6bc-4039-a615-973267b4bb92]: (4, 'qcow2') {{(pid=84130) _call_back /opt/stack/data/venv/lib/python3.10/site-packages/oslo_privsep/daemon.py:573}}
Feb 25 14:02:34 devstack cinder-volume[83193]: DEBUG oslo_concurrency.processutils [None req-6bb55147-93a4-4318-a824-1dc61f3f93b3 tempest-SnapshotsActionsTest-265569744 None] Running cmd (subprocess): /opt/stack/data/venv/bin/python3.10 -m oslo_concurrency.prlimit --as=1073741824 --cpu=60 -- sudo cinder-rootwrap /etc/cinder/rootwrap.conf env LC_ALL=C qemu-img info -f qcow2 --output=json --force-share /opt/stack/data/cinder/mnt/73b455699a5540840fcd8a8ad60f52f6/volume-b3408813-b960-40bd-8324-cc10f71e64f9.2eb4268d-8e0c-46af-a702-7f05258b9d5e {{(pid=83193) execute /opt/stack/data/venv/lib/python3.10/site-packages/oslo_concurrency/processutils.py:440}}
Feb 25 14:02:35 devstack sudo[85263]: quobyte : PWD=/ ; USER=root ; COMMAND=/opt/stack/data/venv/bin/cinder-rootwrap /etc/cinder/rootwrap.conf env LC_ALL=C qemu-img info -f qcow2 --output=json --force-share /opt/stack/data/cinder/mnt/73b455699a5540840fcd8a8ad60f52f6/volume-b3408813-b960-40bd-8324-cc10f71e64f9.2eb4268d-8e0c-46af-a702-7f05258b9d5e
Feb 25 14:02:35 devstack sudo[85263]: pam_unix(sudo:session): session opened for user root(uid=0) by (uid=1000)
Feb 25 14:02:35 devstack sudo[85263]: pam_unix(sudo:session): session closed for user root
Feb 25 14:02:35 devstack cinder-volume[83193]: DEBUG oslo_concurrency.processutils [None req-6bb55147-93a4-4318-a824-1dc61f3f93b3 tempest-SnapshotsActionsTest-265569744 None] CMD "/opt/stack/data/venv/bin/python3.10 -m oslo_concurrency.prlimit --as=1073741824 --cpu=60 -- sudo cinder-rootwrap /etc/cinder/rootwrap.conf env LC_ALL=C qemu-img info -f qcow2 --output=json --force-share /opt/stack/data/cinder/mnt/73b455699a5540840fcd8a8ad60f52f6/volume-b3408813-b960-40bd-8324-cc10f71e64f9.2eb4268d-8e0c-46af-a702-7f05258b9d5e" returned: 0 in 0.694s {{(pid=83193) execute /opt/stack/data/venv/lib/python3.10/site-packages/oslo_concurrency/processutils.py:468}}
Feb 25 14:02:35 devstack cinder-volume[83193]: DEBUG cinder.volume.drivers.remotefs [None req-6bb55147-93a4-4318-a824-1dc61f3f93b3 tempest-SnapshotsActionsTest-265569744 None] Fetching qemu-img info with special backing_file_template: (/opt/stack/data/cinder/mnt/[0-9a-f]+/)?(volume-b3408813-b960-40bd-8324-cc10f71e64f9(.(tmp-snap-)?[0-9a-f-]+)?|volume_from_snapshot_cache/(tmp-snap-)?[0-9a-f-]+(.(child-|parent-)[0-9a-f-]+)?)$ {{(pid=83193) _qemu_img_info_base /opt/stack/cinder/cinder/volume/drivers/remotefs.py:896}}
Feb 25 14:02:35 devstack cinder-volume[83193]: DEBUG oslo.privsep.daemon [-] privsep: reply[e85b6bec-7fe9-40fc-a91d-51588b2e2a9b]: (4, 'qcow2') {{(pid=84130) _call_back /opt/stack/data/venv/lib/python3.10/site-packages/oslo_privsep/daemon.py:573}}
Feb 25 14:02:35 devstack cinder-volume[83193]: DEBUG oslo_concurrency.processutils [None req-6bb55147-93a4-4318-a824-1dc61f3f93b3 tempest-SnapshotsActionsTest-265569744 None] Running cmd (subprocess): /opt/stack/data/venv/bin/python3.10 -m oslo_concurrency.prlimit --as=1073741824 --cpu=60 -- sudo cinder-rootwrap /etc/cinder/rootwrap.conf env LC_ALL=C qemu-img info -f qcow2 --output=json --force-share /opt/stack/data/cinder/mnt/73b455699a5540840fcd8a8ad60f52f6/volume-b3408813-b960-40bd-8324-cc10f71e64f9.6d1dee24-2034-403a-8feb-5ce17a8d3a5b {{(pid=83193) execute /opt/stack/data/venv/lib/python3.10/site-packages/oslo_concurrency/processutils.py:440}}
Feb 25 14:02:35 devstack sudo[85271]: quobyte : PWD=/ ; USER=root ; COMMAND=/opt/stack/data/venv/bin/cinder-rootwrap /etc/cinder/rootwrap.conf env LC_ALL=C qemu-img info -f qcow2 --output=json --force-share /opt/stack/data/cinder/mnt/73b455699a5540840fcd8a8ad60f52f6/volume-b3408813-b960-40bd-8324-cc10f71e64f9.6d1dee24-2034-403a-8feb-5ce17a8d3a5b
Feb 25 14:02:35 devstack sudo[85271]: pam_unix(sudo:session): session opened for user root(uid=0) by (uid=1000)
Feb 25 14:02:36 devstack sudo[85271]: pam_unix(sudo:session): session closed for user root
Feb 25 14:02:36 devstack cinder-volume[83193]: DEBUG oslo_concurrency.processutils [None req-6bb55147-93a4-4318-a824-1dc61f3f93b3 tempest-SnapshotsActionsTest-265569744 None] CMD "/opt/stack/data/venv/bin/python3.10 -m oslo_concurrency.prlimit --as=1073741824 --cpu=60 -- sudo cinder-rootwrap /etc/cinder/rootwrap.conf env LC_ALL=C qemu-img info -f qcow2 --output=json --force-share /opt/stack/data/cinder/mnt/73b455699a5540840fcd8a8ad60f52f6/volume-b3408813-b960-40bd-8324-cc10f71e64f9.6d1dee24-2034-403a-8feb-5ce17a8d3a5b" returned: 0 in 0.759s {{(pid=83193) execute /opt/stack/data/venv/lib/python3.10/site-packages/oslo_concurrency/processutils.py:468}}
Feb 25 14:02:36 devstack cinder-volume[83193]: DEBUG cinder.volume.drivers.remotefs [None req-6bb55147-93a4-4318-a824-1dc61f3f93b3 tempest-SnapshotsActionsTest-265569744 None] Fetching qemu-img info with special backing_file_template: (/opt/stack/data/cinder/mnt/[0-9a-f]+/)?(volume-b3408813-b960-40bd-8324-cc10f71e64f9(.(tmp-snap-)?[0-9a-f-]+)?|volume_from_snapshot_cache/(tmp-snap-)?[0-9a-f-]+(.(child-|parent-)[0-9a-f-]+)?)$ {{(pid=83193) _qemu_img_info_base /opt/stack/cinder/cinder/volume/drivers/remotefs.py:896}}
Feb 25 14:02:36 devstack cinder-volume[83193]: DEBUG oslo_concurrency.processutils [None req-6bb55147-93a4-4318-a824-1dc61f3f93b3 tempest-SnapshotsActionsTest-265569744 None] Running cmd (subprocess): sudo cinder-rootwrap /etc/cinder/rootwrap.conf qemu-img commit -d /opt/stack/data/cinder/mnt/73b455699a5540840fcd8a8ad60f52f6/volume-b3408813-b960-40bd-8324-cc10f71e64f9.2eb4268d-8e0c-46af-a702-7f05258b9d5e {{(pid=83193) execute /opt/stack/data/venv/lib/python3.10/site-packages/oslo_concurrency/processutils.py:440}}
Feb 25 14:02:36 devstack sudo[85277]: quobyte : PWD=/ ; USER=root ; COMMAND=/opt/stack/data/venv/bin/cinder-rootwrap /etc/cinder/rootwrap.conf qemu-img commit -d /opt/stack/data/cinder/mnt/73b455699a5540840fcd8a8ad60f52f6/volume-b3408813-b960-40bd-8324-cc10f71e64f9.2eb4268d-8e0c-46af-a702-7f05258b9d5e
Feb 25 14:02:36 devstack sudo[85277]: pam_unix(sudo:session): session opened for user root(uid=0) by (uid=1000)
Feb 25 14:02:37 devstack sudo[85277]: pam_unix(sudo:session): session closed for user root
Feb 25 14:02:37 devstack cinder-volume[83193]: DEBUG oslo_concurrency.processutils [None req-6bb55147-93a4-4318-a824-1dc61f3f93b3 tempest-SnapshotsActionsTest-265569744 None] CMD "sudo cinder-rootwrap /etc/cinder/rootwrap.conf qemu-img commit -d /opt/stack/data/cinder/mnt/73b455699a5540840fcd8a8ad60f52f6/volume-b3408813-b960-40bd-8324-cc10f71e64f9.2eb4268d-8e0c-46af-a702-7f05258b9d5e" returned: 0 in 0.610s {{(pid=83193) execute /opt/stack/data/venv/lib/python3.10/site-packages/oslo_concurrency/processutils.py:468}}
Feb 25 14:02:37 devstack cinder-volume[83193]: DEBUG oslo_concurrency.processutils [None req-6bb55147-93a4-4318-a824-1dc61f3f93b3 tempest-SnapshotsActionsTest-265569744 None] Running cmd (subprocess): sudo cinder-rootwrap /etc/cinder/rootwrap.conf rm -f /opt/stack/data/cinder/mnt/73b455699a5540840fcd8a8ad60f52f6/volume-b3408813-b960-40bd-8324-cc10f71e64f9.2eb4268d-8e0c-46af-a702-7f05258b9d5e {{(pid=83193) execute /opt/stack/data/venv/lib/python3.10/site-packages/oslo_concurrency/processutils.py:440}}
Feb 25 14:02:37 devstack sudo[85282]: quobyte : PWD=/ ; USER=root ; COMMAND=/opt/stack/data/venv/bin/cinder-rootwrap /etc/cinder/rootwrap.conf rm -f /opt/stack/data/cinder/mnt/73b455699a5540840fcd8a8ad60f52f6/volume-b3408813-b960-40bd-8324-cc10f71e64f9.2eb4268d-8e0c-46af-a702-7f05258b9d5e
Feb 25 14:02:37 devstack sudo[85282]: pam_unix(sudo:session): session opened for user root(uid=0) by (uid=1000)
Feb 25 14:02:37 devstack sudo[85282]: pam_unix(sudo:session): session closed for user root
Feb 25 14:02:37 devstack cinder-volume[83193]: DEBUG oslo_concurrency.processutils [None req-6bb55147-93a4-4318-a824-1dc61f3f93b3 tempest-SnapshotsActionsTest-265569744 None] CMD "sudo cinder-rootwrap /etc/cinder/rootwrap.conf rm -f /opt/stack/data/cinder/mnt/73b455699a5540840fcd8a8ad60f52f6/volume-b3408813-b960-40bd-8324-cc10f71e64f9.2eb4268d-8e0c-46af-a702-7f05258b9d5e" returned: 0 in 0.721s {{(pid=83193) execute /opt/stack/data/venv/lib/python3.10/site-packages/oslo_concurrency/processutils.py:468}}
Feb 25 14:02:37 devstack cinder-volume[83193]: DEBUG cinder.coordination [None req-6bb55147-93a4-4318-a824-1dc61f3f93b3 tempest-SnapshotsActionsTest-265569744 None] Lock "cinder-quobyte-2eb4268d-8e0c-46af-a702-7f05258b9d5e" released by "_delete_snapshot" :: held 2.850s {{(pid=83193) __release /opt/stack/cinder/cinder/coordination.py:152}}
